May 18 14:38:11.965178 dv-cinder-787195-7-iscsi neutron-server[91493]: DEBUG neutron_lib.callbacks.manager [None req-a09b3b4a-9713-4194-b503-b9fb203b2eb4 admin admin] Notify callbacks ['neutron.plugins.ml2.plugin.Ml2Plugin._handle_segment_change-1549807', 'neutron.services.segments.plugin.NovaSegmentNotifier._notify_segment_deleted-6492094'] for segment, after_delete {{(pid=91493) _notify_loop /usr/local/lib/python3.8/dist-packages/neutron_lib/callbacks/manager.py:192}}
May 18 14:38:11.980511 dv-cinder-787195-7-iscsi neutron-server[91493]: Traceback (most recent call last):
May 18 14:38:11.980511 dv-cinder-787195-7-iscsi neutron-server[91493]: File "/usr/local/lib/python3.8/dist-packages/eventlet/hubs/hub.py", line 476, in fire_timers
May 18 14:38:11.980511 dv-cinder-787195-7-iscsi neutron-server[91493]: timer()
May 18 14:38:11.980511 dv-cinder-787195-7-iscsi neutron-server[91493]: File "/usr/local/lib/python3.8/dist-packages/eventlet/hubs/timer.py", line 59, in __call__
May 18 14:38:11.980511 dv-cinder-787195-7-iscsi neutron-server[91493]: cb(*args, **kw)
May 18 14:38:11.980511 dv-cinder-787195-7-iscsi neutron-server[91493]: File "/opt/stack/neutron/neutron/common/utils.py", line 905, in wrapper
May 18 14:38:11.980511 dv-cinder-787195-7-iscsi neutron-server[91493]: return func(*args, **kwargs)
May 18 14:38:11.980511 dv-cinder-787195-7-iscsi neutron-server[91493]: File "/opt/stack/neutron/neutron/notifiers/batch_notifier.py", line 58, in synced_send
May 18 14:38:11.980511 dv-cinder-787195-7-iscsi neutron-server[91493]: self._notify()
May 18 14:38:11.980511 dv-cinder-787195-7-iscsi neutron-server[91493]: File "/opt/stack/neutron/neutron/notifiers/batch_notifier.py", line 69, in _notify
May 18 14:38:11.980511 dv-cinder-787195-7-iscsi neutron-server[91493]: self.callback(batched_events)
May 18 14:38:11.980511 dv-cinder-787195-7-iscsi neutron-server[91493]: File "/opt/stack/neutron/neutron/services/segments/plugin.py", line 211, in _send_notifications
May 18 14:38:11.980511 dv-cinder-787195-7-iscsi neutron-server[91493]: event.method(event)
May 18 14:38:11.980511 dv-cinder-787195-7-iscsi neutron-server[91493]: File "/opt/stack/neutron/neutron/services/segments/plugin.py", line 379, in _delete_nova_inventory
May 18 14:38:11.980511 dv-cinder-787195-7-iscsi neutron-server[91493]: aggregate_id = self._get_aggregate_id(event.segment_id)
May 18 14:38:11.980511 dv-cinder-787195-7-iscsi neutron-server[91493]: File "/opt/stack/neutron/neutron/services/segments/plugin.py", line 366, in _get_aggregate_id
May 18 14:38:11.980511 dv-cinder-787195-7-iscsi neutron-server[91493]: aggregate_uuid = self.p_client.list_aggregates(
May 18 14:38:11.980511 dv-cinder-787195-7-iscsi neutron-server[91493]: File "/usr/local/lib/python3.8/dist-packages/neutron_lib/placement/client.py", line 57, in wrapper
May 18 14:38:11.980511 dv-cinder-787195-7-iscsi neutron-server[91493]: return f(self, *a, **k)
May 18 14:38:11.980511 dv-cinder-787195-7-iscsi neutron-server[91493]: File "/usr/local/lib/python3.8/dist-packages/neutron_lib/placement/client.py", line 553, in list_aggregates
May 18 14:38:11.980511 dv-cinder-787195-7-iscsi neutron-server[91493]: return self._get(url).json()
May 18 14:38:11.980511 dv-cinder-787195-7-iscsi neutron-server[91493]: File "/usr/local/lib/python3.8/dist-packages/neutron_lib/placement/client.py", line 189, in _get
May 18 14:38:11.980511 dv-cinder-787195-7-iscsi neutron-server[91493]: return self._client.get(url, endpoint_filter=self._ks_filter,
May 18 14:38:11.980511 dv-cinder-787195-7-iscsi neutron-server[91493]: File "/usr/local/lib/python3.8/dist-packages/keystoneauth1/session.py", line 1141, in get
May 18 14:38:11.980511 dv-cinder-787195-7-iscsi neutron-server[91493]: return self.request(url, 'GET', **kwargs)
May 18 14:38:11.980511 dv-cinder-787195-7-iscsi neutron-server[91493]: File "/usr/local/lib/python3.8/dist-packages/keystoneauth1/session.py", line 811, in request
May 18 14:38:11.980511 dv-cinder-787195-7-iscsi neutron-server[91493]: base_url = self.get_endpoint(auth, allow=allow,
May 18 14:38:11.980511 dv-cinder-787195-7-iscsi neutron-server[91493]: File "/usr/local/lib/python3.8/dist-packages/keystoneauth1/session.py", line 1241, in get_endpoint
May 18 14:38:11.980511 dv-cinder-787195-7-iscsi neutron-server[91493]: auth = self._auth_required(auth, 'determine endpoint URL')
May 18 14:38:11.980511 dv-cinder-787195-7-iscsi neutron-server[91493]: File "/usr/local/lib/python3.8/dist-packages/keystoneauth1/session.py", line 1181, in _auth_required
May 18 14:38:11.980511 dv-cinder-787195-7-iscsi neutron-server[91493]: raise exceptions.MissingAuthPlugin(msg_fmt % msg)
May 18 14:38:11.980511 dv-cinder-787195-7-iscsi neutron-server[91493]: keystoneauth1.exceptions.auth_plugins.MissingAuthPlugin: An auth plugin is required to determine endpoint URL
May 18 14:38:12.013077 dv-cinder-787195-7-iscsi neutron-server[91493]: INFO neutron.wsgi [req-b26cfb6c-5a65-42c7-b46d-a961be14bb09 req-f4249fd3-fa14-4161-8da2-1dfb857a1c97 tempest-DeleteServersTestJSON-1477239168 tempest-DeleteServersTestJSON-1477239168-project] 10.222.0.63 "GET /v2.0/security-groups?id=1458d541-84f4-49fe-9343-44946186438d&fields=id&fields=name HTTP/1.1" status: 200 len: 286 time: 0.2700758
May 18 14:38:12.045555 dv-cinder-787195-7-iscsi neutron-server[91494]: INFO neutron.wsgi [req-ac3c7f86-d990-420d-add3-03ba8d9ef246 req-6e8e596a-1af8-4cd7-8797-63256c3016a3 service neutron] 10.222.0.63 "GET /v2.0/networks/1874a60e-5d94-4551-b951-519bd99e148d?fields=provider%3Aphysical_network&fields=provider%3Anetwork_type HTTP/1.1" status: 200 len: 281 time: 0.1991298
May 18 14:38:12.086591 dv-cinder-787195-7-iscsi neutron-server[91493]: DEBUG neutron_lib.callbacks.manager [None req-d76a49e9-c6f9-4088-9092-51688a6442e5 admin admin] Notify callbacks [] for security_group, before_delete {{(pid=91493) _notify_loop /usr/local/lib/python3.8/dist-packages/neutron_lib/callbacks/manager.py:192}}
May 18 14:38:12.161308 dv-cinder-787195-7-iscsi neutron-server[91493]: DEBUG neutron_lib.callbacks.manager [None req-a09b3b4a-9713-4194-b503-b9fb203b2eb4 admin admin] Notify callbacks ['neutron.plugins.ml2.plugin.Ml2Plugin._network_delete_after_delete_handler-1558590', 'neutron.plugins.ml2.ovo_rpc._ObjectChangeHandler.handle_payload_event-1590147', 'neutron.api.rpc.agentnotifiers.dhcp_rpc_agent_api.DhcpAgentNotifyAPI._native_event_send_dhcp_notification_payload-1632167', 'neutron.services.l3_router.l3_router_plugin.DVRResourceOperationHandler.delete_fip_namespaces_for_ext_net-1695805'] for network, after_delete {{(pid=91493) _notify_loop /usr/local/lib/python3.8/dist-packages/neutron_lib/callbacks/manager.py:192}}
May 18 14:38:12.164314 dv-cinder-787195-7-iscsi neutron-server[91493]: DEBUG neutron_lib.callbacks.manager [None req-d76a49e9-c6f9-4088-9092-51688a6442e5 admin admin] Notify callbacks [] for security_group, precommit_delete {{(pid=91493) _notify_loop /usr/local/lib/python3.8/dist-packages/neutron_lib/callbacks/manager.py:192}}
May 18 14:38:12.175036 dv-cinder-787195-7-iscsi neutron-server[91493]: DEBUG neutron.plugins.ml2.db [req-52a8d1cf-2d46-4278-b84b-56826c2b97d4 req-b04d7529-0466-4c58-b430-4f38f791eaea service neutron] For port c8f940bc-215c-41af-ab51-4a8c73f6e0f1, host hv-cinder-78719, cleared binding levels {{(pid=91493) clear_binding_levels /opt/stack/neutron/neutron/plugins/ml2/db.py:88}}
May 18 14:38:12.185129 dv-cinder-787195-7-iscsi neutron-server[91493]: DEBUG neutron_lib.callbacks.manager [None req-cbdf8430-6417-48b3-9854-72bc02fd27ee tempest-AttachVolumeShelveTestJSON-649991641 tempest-AttachVolumeShelveTestJSON-649991641-project] Notify callbacks [] for port, precommit_create {{(pid=91493) _notify_loop /usr/local/lib/python3.8/dist-packages/neutron_lib/callbacks/manager.py:192}}
May 18 14:38:12.221209 dv-cinder-787195-7-iscsi neutron-server[91493]: DEBUG oslo_concurrency.lockutils [None req-5e77a5fe-397f-4ebc-a165-a44a29d0a8dd admin admin] Lock "event-dispatch" acquired by "neutron.plugins.ml2.ovo_rpc._ObjectChangeHandler.dispatch_events" :: waited 0.000s {{(pid=91493) inner /usr/local/lib/python3.8/dist-packages/oslo_concurrency/lockutils.py:355}}
May 18 14:38:12.235540 dv-cinder-787195-7-iscsi neutron-server[91493]: DEBUG neutron_lib.callbacks.manager [None req-a09b3b4a-9713-4194-b503-b9fb203b2eb4 admin admin] Notify callbacks ['neutron.api.rpc.agentnotifiers.dhcp_rpc_agent_api.DhcpAgentNotifyAPI._send_dhcp_notification-1632130'] for network, before_response {{(pid=91493) _notify_loop /usr/local/lib/python3.8/dist-packages/neutron_lib/callbacks/manager.py:192}}
May 18 14:38:12.247133 dv-cinder-787195-7-iscsi neutron-server[91493]: DEBUG neutron.plugins.ml2.db [req-52a8d1cf-2d46-4278-b84b-56826c2b97d4 req-b04d7529-0466-4c58-b430-4f38f791eaea service neutron] For port c8f940bc-215c-41af-ab51-4a8c73f6e0f1, host hv-cinder-78719, set binding levels [PortBindingLevel(driver='hyperv',host='hv-cinder-78719',level=0,port_id=c8f940bc-215c-41af-ab51-4a8c73f6e0f1,segment=NetworkSegment(9a975065-3741-466f-9412-449ed5fd85c8),segment_id=9a975065-3741-466f-9412-449ed5fd85c8)] {{(pid=91493) set_binding_levels /opt/stack/neutron/neutron/plugins/ml2/db.py:60}}
May 18 14:38:12.296762 dv-cinder-787195-7-iscsi neutron-server[91493]: DEBUG neutron.api.rpc.handlers.resources_rpc [None req-a09b3b4a-9713-4194-b503-b9fb203b2eb4 admin admin] Pushing event deleted for resources: {'Network': ['ID=a12b36e2-881e-4f9c-baef-b5be468a8031,revision_number=None']} {{(pid=91493) push /opt/stack/neutron/neutron/api/rpc/handlers/resources_rpc.py:237}}
May 18 14:38:12.297425 dv-cinder-787195-7-iscsi neutron-server[91494]: INFO neutron.wsgi [req-31d8f449-6328-473d-a1c4-761ec0e2772a req-e668d46b-3525-4955-bf33-9aa97ed52ae4 tempest-AttachVolumeTestJSON-965398442 tempest-AttachVolumeTestJSON-965398442-project] 10.222.0.63 "GET /v2.0/ports?device_id=d8e12716-71f8-495c-99f1-1853199967b1 HTTP/1.1" status: 200 len: 210 time: 0.0499008
May 18 14:38:12.308327 dv-cinder-787195-7-iscsi neutron-server[91493]: DEBUG neutron_lib.callbacks.manager [req-52a8d1cf-2d46-4278-b84b-56826c2b97d4 req-b04d7529-0466-4c58-b430-4f38f791eaea service neutron] Notify callbacks ['neutron.plugins.ml2.plugin.SecurityGroupServerNotifierRpcMixin.notify_sg_on_port_change-652171', 'neutron.plugins.ml2.ovo_rpc._ObjectChangeHandler.handle_event-109470', 'neutron.api.rpc.agentnotifiers.dhcp_rpc_agent_api.DhcpAgentNotifyAPI._native_event_send_dhcp_notification-1632144', 'neutron.db.l3_db.L3RpcNotifierMixin._notify_gateway_port_ip_changed-8779102940335', 'neutron.db.l3_dvrscheduler_db._notify_l3_agent_port_update-8779102524941', 'neutron.db.l3_hascheduler_db._notify_l3_agent_ha_port_update-8779102524986', 'neutron.services.segments.plugin.NovaSegmentNotifier._notify_port_updated-6492122'] for port, after_update {{(pid=91493) _notify_loop /usr/local/lib/python3.8/dist-packages/neutron_lib/callbacks/manager.py:192}}
May 18 14:38:12.312488 dv-cinder-787195-7-iscsi neutron-server[91493]: DEBUG oslo_concurrency.lockutils [None req-a09b3b4a-9713-4194-b503-b9fb203b2eb4 admin admin] Lock "event-dispatch" released by "neutron.plugins.ml2.ovo_rpc._ObjectChangeHandler.dispatch_events" :: held 0.091s {{(pid=91493) inner /usr/local/lib/python3.8/dist-packages/oslo_concurrency/lockutils.py:367}}
May 18 14:38:12.316325 dv-cinder-787195-7-iscsi neutron-server[91493]: INFO neutron.wsgi [None req-a09b3b4a-9713-4194-b503-b9fb203b2eb4 admin admin] 10.222.0.63 "DELETE /v2.0/networks/a12b36e2-881e-4f9c-baef-b5be468a8031 HTTP/1.1" status: 204 len: 168 time: 2.0171015
May 18 14:38:12.323683 dv-cinder-787195-7-iscsi neutron-server[91493]: DEBUG oslo_concurrency.lockutils [-] Lock "event-dispatch" acquired by "neutron.plugins.ml2.ovo_rpc._ObjectChangeHandler.dispatch_events" :: waited 0.000s {{(pid=91493) inner /usr/local/lib/python3.8/dist-packages/oslo_concurrency/lockutils.py:355}}
May 18 14:38:12.414120 dv-cinder-787195-7-iscsi neutron-server[91493]: DEBUG neutron.pecan_wsgi.hooks.policy_enforcement [req-52a8d1cf-2d46-4278-b84b-56826c2b97d4 req-b04d7529-0466-4c58-b430-4f38f791eaea service neutron] Attributes excluded by policy engine: ['standard_attr_id'] {{(pid=91493) _exclude_attributes_by_policy /opt/stack/neutron/neutron/pecan_wsgi/hooks/policy_enforcement.py:255}}
May 18 14:38:12.414120 dv-cinder-787195-7-iscsi neutron-server[91493]: DEBUG neutron_lib.callbacks.manager [req-52a8d1cf-2d46-4278-b84b-56826c2b97d4 req-b04d7529-0466-4c58-b430-4f38f791eaea service neutron] Notify callbacks ['neutron.notifiers.nova.Notifier._send_nova_notification-1986588', 'neutron.api.rpc.agentnotifiers.dhcp_rpc_agent_api.DhcpAgentNotifyAPI._send_dhcp_notification-1632130'] for port, before_response {{(pid=91493) _notify_loop /usr/local/lib/python3.8/dist-packages/neutron_lib/callbacks/manager.py:192}}
May 18 14:38:12.415038 dv-cinder-787195-7-iscsi neutron-server[91493]: INFO neutron.wsgi [req-52a8d1cf-2d46-4278-b84b-56826c2b97d4 req-b04d7529-0466-4c58-b430-4f38f791eaea service neutron] 10.222.0.70 "PUT /v2.0/ports/c8f940bc-215c-41af-ab51-4a8c73f6e0f1 HTTP/1.1" status: 200 len: 1093 time: 5.7183688
May 18 14:38:12.415499 dv-cinder-787195-7-iscsi neutron-server[91493]: DEBUG neutron.notifiers.nova [-] Sending events: [{'name': 'network-changed', 'server_uuid': 'da48b6e8-f538-4fb8-afcf-c887a966a832', 'tag': 'c8f940bc-215c-41af-ab51-4a8c73f6e0f1'}] {{(pid=91493) send_events /opt/stack/neutron/neutron/notifiers/nova.py:262}}
May 18 14:38:12.435970 dv-cinder-787195-7-iscsi neutron-server[91493]: DEBUG neutron_lib.callbacks.manager [None req-d76a49e9-c6f9-4088-9092-51688a6442e5 admin admin] Notify callbacks ['neutron.plugins.ml2.ovo_rpc._ObjectChangeHandler.handle_event-1602983'] for security_group, after_delete {{(pid=91493) _notify_loop /usr/local/lib/python3.8/dist-packages/neutron_lib/callbacks/manager.py:192}}
May 18 14:38:12.450343 dv-cinder-787195-7-iscsi neutron-server[91493]: DEBUG neutron.api.rpc.handlers.resources_rpc [None req-b04d7529-0466-4c58-b430-4f38f791eaea service neutron] Pushing event updated for resources: {'Port': ['ID=c8f940bc-215c-41af-ab51-4a8c73f6e0f1,revision_number=3']} {{(pid=91493) push /opt/stack/neutron/neutron/api/rpc/handlers/resources_rpc.py:237}}
May 18 14:38:12.453340 dv-cinder-787195-7-iscsi neutron-server[91493]: DEBUG neutron_lib.callbacks.manager [None req-cbdf8430-6417-48b3-9854-72bc02fd27ee tempest-AttachVolumeShelveTestJSON-649991641 tempest-AttachVolumeShelveTestJSON-649991641-project] Notify callbacks ['neutron.plugins.ml2.plugin.SecurityGroupServerNotifierRpcMixin.notify_sg_on_port_change-652171', 'neutron.plugins.ml2.ovo_rpc._ObjectChangeHandler.handle_event-109470', 'neutron.api.rpc.agentnotifiers.dhcp_rpc_agent_api.DhcpAgentNotifyAPI._native_event_send_dhcp_notification-1632144', 'neutron.db.l3_dvrscheduler_db._notify_l3_agent_new_port-8779102522615', 'neutron.services.segments.plugin.NovaSegmentNotifier._notify_port_created_or_deleted-6492099'] for port, after_create {{(pid=91493) _notify_loop /usr/local/lib/python3.8/dist-packages/neutron_lib/callbacks/manager.py:192}}
May 18 14:38:12.455119 dv-cinder-787195-7-iscsi neutron-server[91493]: DEBUG oslo_concurrency.lockutils [None req-b04d7529-0466-4c58-b430-4f38f791eaea service neutron] Lock "event-dispatch" released by "neutron.plugins.ml2.ovo_rpc._ObjectChangeHandler.dispatch_events" :: held 0.131s {{(pid=91493) inner /usr/local/lib/python3.8/dist-packages/oslo_concurrency/lockutils.py:367}}
May 18 14:38:12.455879 dv-cinder-787195-7-iscsi neutron-server[91493]: DEBUG oslo_concurrency.lockutils [-] Lock "event-dispatch" acquired by "neutron.plugins.ml2.ovo_rpc._ObjectChangeHandler.dispatch_events" :: waited 0.007s {{(pid=91493) inner /usr/local/lib/python3.8/dist-packages/oslo_concurrency/lockutils.py:355}}
May 18 14:38:12.473126 dv-cinder-787195-7-iscsi neutron-server[91494]: DEBUG neutron.wsgi [-] (91494) accepted ('10.222.0.63', 35346) {{(pid=91494) server /usr/local/lib/python3.8/dist-packages/eventlet/wsgi.py:992}}
May 18 14:38:12.480086 dv-cinder-787195-7-iscsi neutron-server[91493]: DEBUG neutron.api.rpc.handlers.resources_rpc [None req-d76a49e9-c6f9-4088-9092-51688a6442e5 admin admin] Pushing event deleted for resources: {'SecurityGroup': ['ID=6face4a1-8084-468f-92eb-1fca25cbd5cd,revision_number=None']} {{(pid=91493) push /opt/stack/neutron/neutron/api/rpc/handlers/resources_rpc.py:237}}
May 18 14:38:12.493625 dv-cinder-787195-7-iscsi neutron-server[91493]: DEBUG oslo_concurrency.lockutils [None req-d76a49e9-c6f9-4088-9092-51688a6442e5 admin admin] Lock "event-dispatch" released by "neutron.plugins.ml2.ovo_rpc._ObjectChangeHandler.dispatch_events" :: held 0.037s {{(pid=91493) inner /usr/local/lib/python3.8/dist-packages/oslo_concurrency/lockutils.py:367}}
May 18 14:38:12.494386 dv-cinder-787195-7-iscsi neutron-server[91493]: DEBUG neutron_lib.callbacks.manager [None req-d76a49e9-c6f9-4088-9092-51688a6442e5 admin admin] Notify callbacks [] for security_group, before_response {{(pid=91493) _notify_loop /usr/local/lib/python3.8/dist-packages/neutron_lib/callbacks/manager.py:192}}
May 18 14:38:12.498382 dv-cinder-787195-7-iscsi neutron-server[91493]: INFO neutron.wsgi [None req-d76a49e9-c6f9-4088-9092-51688a6442e5 admin admin] 10.222.0.63 "DELETE /v2.0/security-groups/6face4a1-8084-468f-92eb-1fca25cbd5cd HTTP/1.1" status: 204 len: 168 time: 0.8480077
May 18 14:38:12.499172 dv-cinder-787195-7-iscsi neutron-server[91493]: DEBUG oslo_concurrency.lockutils [-] Lock "event-dispatch" acquired by "neutron.plugins.ml2.ovo_rpc._ObjectChangeHandler.dispatch_events" :: waited 0.026s {{(pid=91493) inner /usr/local/lib/python3.8/dist-packages/oslo_concurrency/lockutils.py:355}}
May 18 14:38:12.545232 dv-cinder-787195-7-iscsi neutron-server[91493]: DEBUG neutron.scheduler.dhcp_agent_scheduler [None req-cbdf8430-6417-48b3-9854-72bc02fd27ee tempest-AttachVolumeShelveTestJSON-649991641 tempest-AttachVolumeShelveTestJSON-649991641-project] Network 76e8a963-00c3-4811-90aa-e68e9153fe93 is already hosted by enough agents. {{(pid=91493) _get_dhcp_agents_hosting_network /opt/stack/neutron/neutron/scheduler/dhcp_agent_scheduler.py:275}}
May 18 14:38:12.555094 dv-cinder-787195-7-iscsi neutron-server[91493]: DEBUG neutron.pecan_wsgi.hooks.policy_enforcement [req-84efd8f0-186c-4445-8368-def7dc931e72 req-ac3f3c41-03dd-4e4a-8aa9-89351f7c03a3 tempest-AttachVolumeNegativeTest-190597657 tempest-AttachVolumeNegativeTest-190597657-project] Attributes excluded by policy engine: ['standard_attr_id', 'binding:profile', 'binding:host_id', 'binding:vif_type', 'binding:vif_details'] {{(pid=91493) _exclude_attributes_by_policy /opt/stack/neutron/neutron/pecan_wsgi/hooks/policy_enforcement.py:255}}
May 18 14:38:12.556772 dv-cinder-787195-7-iscsi neutron-server[91493]: INFO neutron.wsgi [req-84efd8f0-186c-4445-8368-def7dc931e72 req-ac3f3c41-03dd-4e4a-8aa9-89351f7c03a3 tempest-AttachVolumeNegativeTest-190597657 tempest-AttachVolumeNegativeTest-190597657-project] 10.222.0.63 "GET /v2.0/ports?device_id=da48b6e8-f538-4fb8-afcf-c887a966a832 HTTP/1.1" status: 200 len: 943 time: 0.3439920
May 18 14:38:12.564745 dv-cinder-787195-7-iscsi neutron-server[91493]: DEBUG neutron.scheduler.base_scheduler [None req-cbdf8430-6417-48b3-9854-72bc02fd27ee tempest-AttachVolumeShelveTestJSON-649991641 tempest-AttachVolumeShelveTestJSON-649991641-project] Resources bound (agent type, host, resource id): {{(pid=91493) schedule /opt/stack/neutron/neutron/scheduler/base_scheduler.py:57}}
May 18 14:38:12.570109 dv-cinder-787195-7-iscsi neutron-server[91493]: DEBUG neutron.db.l3_dvrscheduler_db [None req-cbdf8430-6417-48b3-9854-72bc02fd27ee tempest-AttachVolumeShelveTestJSON-649991641 tempest-AttachVolumeShelveTestJSON-649991641-project] Received port after_create {{(pid=91493) _notify_l3_agent_new_port /opt/stack/neutron/neutron/db/l3_dvrscheduler_db.py:537}}
May 18 14:38:12.592582 dv-cinder-787195-7-iscsi neutron-server[91494]: DEBUG neutron.wsgi [-] (91494) accepted ('10.222.0.63', 35360) {{(pid=91494) server /usr/local/lib/python3.8/dist-packages/eventlet/wsgi.py:992}}
May 18 14:38:12.656111 dv-cinder-787195-7-iscsi neutron-server[91493]: DEBUG neutron.api.rpc.handlers.resources_rpc [None req-cbdf8430-6417-48b3-9854-72bc02fd27ee tempest-AttachVolumeShelveTestJSON-649991641 tempest-AttachVolumeShelveTestJSON-649991641-project] Pushing event updated for resources: {'Port': ['ID=61a919d1-b55d-4108-8797-1b0af8896d27,revision_number=1']} {{(pid=91493) push /opt/stack/neutron/neutron/api/rpc/handlers/resources_rpc.py:237}}
May 18 14:38:12.665436 dv-cinder-787195-7-iscsi neutron-server[91493]: DEBUG oslo_concurrency.lockutils [None req-cbdf8430-6417-48b3-9854-72bc02fd27ee tempest-AttachVolumeShelveTestJSON-649991641 tempest-AttachVolumeShelveTestJSON-649991641-project] Lock "event-dispatch" released by "neutron.plugins.ml2.ovo_rpc._ObjectChangeHandler.dispatch_events" :: held 0.166s {{(pid=91493) inner /usr/local/lib/python3.8/dist-packages/oslo_concurrency/lockutils.py:367}}
May 18 14:38:12.680329 dv-cinder-787195-7-iscsi neutron-server[91493]: INFO neutron.wsgi [req-84efd8f0-186c-4445-8368-def7dc931e72 req-6b447537-4b5e-4751-86af-9b72d884914b tempest-AttachVolumeNegativeTest-190597657 tempest-AttachVolumeNegativeTest-190597657-project] 10.222.0.63 "GET /v2.0/security-groups?id=de711c86-eae8-492f-a267-e7b765f4ed72&fields=id&fields=name HTTP/1.1" status: 200 len: 286 time: 0.1112671
May 18 14:38:12.749956 dv-cinder-787195-7-iscsi neutron-server[91494]: INFO neutron.wsgi [None req-3d90dc71-8750-453a-91c9-5ba0c80af16a admin admin] 10.222.0.63 "GET /v2.0/security-groups?tenant_id=db2d0b2e5f644e12bd9be2bd7df3accd&name=default HTTP/1.1" status: 200 len: 2975 time: 0.1558354
May 18 14:38:12.752327 dv-cinder-787195-7-iscsi neutron-server[91494]: DEBUG neutron.wsgi [-] (91494) accepted ('10.222.0.63', 35370) {{(pid=91494) server /usr/local/lib/python3.8/dist-packages/eventlet/wsgi.py:992}}
May 18 14:38:12.805928 dv-cinder-787195-7-iscsi neutron-server[91493]: DEBUG neutron_lib.callbacks.manager [None req-cbdf8430-6417-48b3-9854-72bc02fd27ee tempest-AttachVolumeShelveTestJSON-649991641 tempest-AttachVolumeShelveTestJSON-649991641-project] Notify callbacks [] for floatingip, precommit_create {{(pid=91493) _notify_loop /usr/local/lib/python3.8/dist-packages/neutron_lib/callbacks/manager.py:192}}
May 18 14:38:12.877159 dv-cinder-787195-7-iscsi neutron-server[91495]: DEBUG neutron.plugins.ml2.rpc [None req-6c8da2ae-60a4-403f-856b-4243aaa54961 None None] Device 744dd33c-c049-432b-92c1-c2ba9a2f70bf up at agent ovs-agent-dv-cinder-787195-7-iscsi {{(pid=91495) update_device_up /opt/stack/neutron/neutron/plugins/ml2/rpc.py:278}}
May 18 14:38:12.939040 dv-cinder-787195-7-iscsi neutron-server[91494]: DEBUG neutron_lib.callbacks.manager [None req-3e39f028-37cb-4a84-be9a-d9c2e8e991ce admin admin] Notify callbacks [] for security_group, before_delete {{(pid=91494) _notify_loop /usr/local/lib/python3.8/dist-packages/neutron_lib/callbacks/manager.py:192}}
May 18 14:38:13.024105 dv-cinder-787195-7-iscsi neutron-server[91493]: DEBUG neutron_lib.callbacks.manager [None req-cbdf8430-6417-48b3-9854-72bc02fd27ee tempest-AttachVolumeShelveTestJSON-649991641 tempest-AttachVolumeShelveTestJSON-649991641-project] Notify callbacks ['neutron.plugins.ml2.plugin.SecurityGroupDbMixin._ensure_default_security_group_handler_port-651376'] for port, before_update {{(pid=91493) _notify_loop /usr/local/lib/python3.8/dist-packages/neutron_lib/callbacks/manager.py:192}}
May 18 14:38:13.063812 dv-cinder-787195-7-iscsi neutron-server[91495]: DEBUG neutron.db.provisioning_blocks [None req-6c8da2ae-60a4-403f-856b-4243aaa54961 None None] Provisioning complete for port 744dd33c-c049-432b-92c1-c2ba9a2f70bf triggered by entity L2. {{(pid=91495) provisioning_complete /opt/stack/neutron/neutron/db/provisioning_blocks.py:139}}
May 18 14:38:13.064206 dv-cinder-787195-7-iscsi neutron-server[91495]: DEBUG neutron_lib.callbacks.manager [None req-6c8da2ae-60a4-403f-856b-4243aaa54961 None None] Notify callbacks ['neutron.plugins.ml2.plugin.Ml2Plugin._port_provisioned-1556654'] for port, provisioning_complete {{(pid=91495) _notify_loop /usr/local/lib/python3.8/dist-packages/neutron_lib/callbacks/manager.py:192}}
May 18 14:38:13.143532 dv-cinder-787195-7-iscsi neutron-server[91494]: DEBUG neutron_lib.callbacks.manager [None req-80ed44d9-1669-4aac-ad20-9de68eb09a90 admin admin] Notify callbacks [] for security_group, before_create {{(pid=91494) _notify_loop /usr/local/lib/python3.8/dist-packages/neutron_lib/callbacks/manager.py:192}}
May 18 14:38:13.162560 dv-cinder-787195-7-iscsi neutron-server[91494]: DEBUG neutron_lib.callbacks.manager [None req-3e39f028-37cb-4a84-be9a-d9c2e8e991ce admin admin] Notify callbacks [] for security_group, precommit_delete {{(pid=91494) _notify_loop /usr/local/lib/python3.8/dist-packages/neutron_lib/callbacks/manager.py:192}}
May 18 14:38:13.163641 dv-cinder-787195-7-iscsi neutron-server[91493]: DEBUG neutron.pecan_wsgi.hooks.policy_enforcement [req-52a8d1cf-2d46-4278-b84b-56826c2b97d4 req-8f0b6411-c534-441a-9e92-38e0acd670b0 service neutron] Attributes excluded by policy engine: ['standard_attr_id'] {{(pid=91493) _exclude_attributes_by_policy /opt/stack/neutron/neutron/pecan_wsgi/hooks/policy_enforcement.py:255}}
May 18 14:38:13.172252 dv-cinder-787195-7-iscsi neutron-server[91493]: INFO neutron.wsgi [req-52a8d1cf-2d46-4278-b84b-56826c2b97d4 req-8f0b6411-c534-441a-9e92-38e0acd670b0 service neutron] 10.222.0.70 "GET /v2.0/ports?tenant_id=4e8830eeff5641cf8b624864d3afc9c1&device_id=da48b6e8-f538-4fb8-afcf-c887a966a832 HTTP/1.1" status: 200 len: 1096 time: 0.2583539
May 18 14:38:13.231587 dv-cinder-787195-7-iscsi neutron-server[91494]: DEBUG neutron.db.quota.driver [None req-80ed44d9-1669-4aac-ad20-9de68eb09a90 admin admin] Resources subnetpool have unlimited quota limit. It is not required to calculate headroom {{(pid=91494) make_reservation /opt/stack/neutron/neutron/db/quota/driver.py:219}}
May 18 14:38:13.319946 dv-cinder-787195-7-iscsi neutron-server[91494]: DEBUG neutron.quota.resource [None req-80ed44d9-1669-4aac-ad20-9de68eb09a90 admin admin] Usage tracker for resource:security_group_rule and tenant:770f79026ff5486fbf70b275485fa9e8 is out of sync, need to count used quota {{(pid=91494) count_used /opt/stack/neutron/neutron/quota/resource.py:270}}
May 18 14:38:13.368199 dv-cinder-787195-7-iscsi neutron-server[91494]: INFO neutron.wsgi [req-98869b10-c70c-4237-ac95-6de4491cd652 req-55337ff4-2164-4896-a046-60633b23938a service neutron] 10.222.0.70 "GET /v2.0/networks/9d3d3854-6be4-4e5d-bfd7-f6c39abd209b?fields=provider%3Aphysical_network&fields=provider%3Anetwork_type HTTP/1.1" status: 200 len: 281 time: 0.5144734
May 18 14:38:13.369319 dv-cinder-787195-7-iscsi neutron-server[91494]: DEBUG neutron.quota.resource [None req-80ed44d9-1669-4aac-ad20-9de68eb09a90 admin admin] Quota usage for security_group_rule was recalculated. Used quota:0. {{(pid=91494) count_used /opt/stack/neutron/neutron/quota/resource.py:290}}
May 18 14:38:13.380429 dv-cinder-787195-7-iscsi neutron-server[91494]: DEBUG neutron.db.quota.driver [None req-80ed44d9-1669-4aac-ad20-9de68eb09a90 admin admin] Attempting to reserve 4 items for resource security_group_rule. Total usage: 0; quota limit: 100; headroom:100 {{(pid=91494) make_reservation /opt/stack/neutron/neutron/db/quota/driver.py:246}}
May 18 14:38:13.434219 dv-cinder-787195-7-iscsi neutron-server[91494]: DEBUG neutron_lib.callbacks.manager [None req-3e39f028-37cb-4a84-be9a-d9c2e8e991ce admin admin] Notify callbacks ['neutron.plugins.ml2.ovo_rpc._ObjectChangeHandler.handle_event-1602983'] for security_group, after_delete {{(pid=91494) _notify_loop /usr/local/lib/python3.8/dist-packages/neutron_lib/callbacks/manager.py:192}}
May 18 14:38:13.442774 dv-cinder-787195-7-iscsi neutron-server[91494]: DEBUG oslo_concurrency.lockutils [-] Lock "event-dispatch" acquired by "neutron.plugins.ml2.ovo_rpc._ObjectChangeHandler.dispatch_events" :: waited 0.000s {{(pid=91494) inner /usr/local/lib/python3.8/dist-packages/oslo_concurrency/lockutils.py:355}}
May 18 14:38:13.462745 dv-cinder-787195-7-iscsi neutron-server[91494]: DEBUG neutron.api.rpc.handlers.resources_rpc [None req-3e39f028-37cb-4a84-be9a-d9c2e8e991ce admin admin] Pushing event deleted for resources: {'SecurityGroup': ['ID=d18aedd0-2ec4-401a-9510-fcde572db83b,revision_number=None']} {{(pid=91494) push /opt/stack/neutron/neutron/api/rpc/handlers/resources_rpc.py:237}}
May 18 14:38:13.466853 dv-cinder-787195-7-iscsi neutron-server[91494]: DEBUG oslo_concurrency.lockutils [None req-3e39f028-37cb-4a84-be9a-d9c2e8e991ce admin admin] Lock "event-dispatch" released by "neutron.plugins.ml2.ovo_rpc._ObjectChangeHandler.dispatch_events" :: held 0.024s {{(pid=91494) inner /usr/local/lib/python3.8/dist-packages/oslo_concurrency/lockutils.py:367}}
May 18 14:38:13.487576 dv-cinder-787195-7-iscsi neutron-server[91494]: DEBUG neutron_lib.callbacks.manager [None req-3e39f028-37cb-4a84-be9a-d9c2e8e991ce admin admin] Notify callbacks [] for security_group, before_response {{(pid=91494) _notify_loop /usr/local/lib/python3.8/dist-packages/neutron_lib/callbacks/manager.py:192}}
May 18 14:38:13.491122 dv-cinder-787195-7-iscsi neutron-server[91494]: INFO neutron.wsgi [None req-3e39f028-37cb-4a84-be9a-d9c2e8e991ce admin admin] 10.222.0.63 "DELETE /v2.0/security-groups/d18aedd0-2ec4-401a-9510-fcde572db83b HTTP/1.1" status: 204 len: 168 time: 0.7353165
May 18 14:38:13.510398 dv-cinder-787195-7-iscsi neutron-server[91494]: DEBUG neutron.wsgi [-] (91494) accepted ('10.222.0.63', 35394) {{(pid=91494) server /usr/local/lib/python3.8/dist-packages/eventlet/wsgi.py:992}}
May 18 14:38:13.518246 dv-cinder-787195-7-iscsi neutron-server[91493]: INFO neutron.notifiers.nova [-] Nova event response: {'name': 'network-changed', 'server_uuid': 'da48b6e8-f538-4fb8-afcf-c887a966a832', 'tag': 'c8f940bc-215c-41af-ab51-4a8c73f6e0f1', 'status': 'completed', 'code': 200}
May 18 14:38:13.520118 dv-cinder-787195-7-iscsi neutron-server[91493]: INFO neutron.wsgi [req-52a8d1cf-2d46-4278-b84b-56826c2b97d4 req-e4b334be-2c47-45c7-8e79-0cc1f36ca19a service neutron] 10.222.0.70 "GET /v2.0/floatingips?fixed_ip_address=172.20.0.7&port_id=c8f940bc-215c-41af-ab51-4a8c73f6e0f1 HTTP/1.1" status: 200 len: 217 time: 0.3355925
May 18 14:38:13.549159 dv-cinder-787195-7-iscsi neutron-server[91494]: DEBUG neutron_lib.callbacks.manager [None req-41d1368d-0e5d-449b-8d47-11c912a16b1c admin admin] Notify callbacks [] for security_group, before_create {{(pid=91494) _notify_loop /usr/local/lib/python3.8/dist-packages/neutron_lib/callbacks/manager.py:192}}
May 18 14:38:13.579521 dv-cinder-787195-7-iscsi neutron-server[91494]: DEBUG neutron.db.quota.driver [None req-41d1368d-0e5d-449b-8d47-11c912a16b1c admin admin] Resources subnetpool have unlimited quota limit. It is not required to calculate headroom {{(pid=91494) make_reservation /opt/stack/neutron/neutron/db/quota/driver.py:219}}
May 18 14:38:13.587955 dv-cinder-787195-7-iscsi neutron-server[91494]: DEBUG neutron_lib.callbacks.manager [None req-80ed44d9-1669-4aac-ad20-9de68eb09a90 admin admin] Notify callbacks [] for security_group, precommit_create {{(pid=91494) _notify_loop /usr/local/lib/python3.8/dist-packages/neutron_lib/callbacks/manager.py:192}}
May 18 14:38:13.589187 dv-cinder-787195-7-iscsi neutron-server[91494]: DEBUG neutron.quota.resource [None req-41d1368d-0e5d-449b-8d47-11c912a16b1c admin admin] Usage tracker for resource:security_group_rule and tenant:8836eea0f18d4ae584344bf60addfa88 is out of sync, need to count used quota {{(pid=91494) count_used /opt/stack/neutron/neutron/quota/resource.py:270}}
May 18 14:38:13.592217 dv-cinder-787195-7-iscsi neutron-server[91494]: DEBUG neutron.quota.resource [None req-41d1368d-0e5d-449b-8d47-11c912a16b1c admin admin] Quota usage for security_group_rule was recalculated. Used quota:0. {{(pid=91494) count_used /opt/stack/neutron/neutron/quota/resource.py:290}}
May 18 14:38:13.600295 dv-cinder-787195-7-iscsi neutron-server[91494]: DEBUG neutron.db.quota.driver [None req-41d1368d-0e5d-449b-8d47-11c912a16b1c admin admin] Attempting to reserve 4 items for resource security_group_rule. Total usage: 0; quota limit: 100; headroom:100 {{(pid=91494) make_reservation /opt/stack/neutron/neutron/db/quota/driver.py:246}}
May 18 14:38:13.602207 dv-cinder-787195-7-iscsi neutron-server[91494]: DEBUG neutron_lib.callbacks.manager [None req-80ed44d9-1669-4aac-ad20-9de68eb09a90 admin admin] Notify callbacks ['neutron.plugins.ml2.ovo_rpc._ObjectChangeHandler.handle_event-1602983'] for security_group, after_create {{(pid=91494) _notify_loop /usr/local/lib/python3.8/dist-packages/neutron_lib/callbacks/manager.py:192}}
May 18 14:38:13.650057 dv-cinder-787195-7-iscsi neutron-server[91494]: DEBUG oslo_concurrency.lockutils [None req-98aab2df-5127-43cd-a769-76993b97c82a admin admin] Lock "event-dispatch" acquired by "neutron.plugins.ml2.ovo_rpc._ObjectChangeHandler.dispatch_events" :: waited 0.000s {{(pid=91494) inner /usr/local/lib/python3.8/dist-packages/oslo_concurrency/lockutils.py:355}}
May 18 14:38:13.689414 dv-cinder-787195-7-iscsi neutron-server[91494]: INFO neutron.wsgi [req-5c185b67-5192-4b82-b151-b689eb8a4632 req-df444930-271a-410f-a645-641d79ff474f tempest-AttachVolumeTestJSON-965398442 tempest-AttachVolumeTestJSON-965398442-project] 10.222.0.63 "GET /v2.0/ports?device_id=d8e12716-71f8-495c-99f1-1853199967b1 HTTP/1.1" status: 200 len: 210 time: 0.0851028
May 18 14:38:13.731177 dv-cinder-787195-7-iscsi neutron-server[91494]: INFO neutron.wsgi [None req-80ed44d9-1669-4aac-ad20-9de68eb09a90 admin admin] 10.222.0.63 "GET /v2.0/security-groups?tenant_id=770f79026ff5486fbf70b275485fa9e8&name=default HTTP/1.1" status: 200 len: 2979 time: 1.2568893
May 18 14:38:13.733262 dv-cinder-787195-7-iscsi neutron-server[91494]: DEBUG neutron.api.rpc.handlers.resources_rpc [None req-80ed44d9-1669-4aac-ad20-9de68eb09a90 admin admin] Pushing event updated for resources: {'SecurityGroup': ['ID=f883cdb8-254b-4f77-a421-9dd5576d07b2,revision_number=1']} {{(pid=91494) push /opt/stack/neutron/neutron/api/rpc/handlers/resources_rpc.py:237}}
May 18 14:38:13.737036 dv-cinder-787195-7-iscsi neutron-server[91494]: DEBUG neutron.wsgi [-] (91494) accepted ('10.222.0.63', 35402) {{(pid=91494) server /usr/local/lib/python3.8/dist-packages/eventlet/wsgi.py:992}}
May 18 14:38:13.739584 dv-cinder-787195-7-iscsi neutron-server[91494]: DEBUG oslo_concurrency.lockutils [None req-80ed44d9-1669-4aac-ad20-9de68eb09a90 admin admin] Lock "event-dispatch" released by "neutron.plugins.ml2.ovo_rpc._ObjectChangeHandler.dispatch_events" :: held 0.090s {{(pid=91494) inner /usr/local/lib/python3.8/dist-packages/oslo_concurrency/lockutils.py:367}}
May 18 14:38:13.758144 dv-cinder-787195-7-iscsi neutron-server[91493]: DEBUG neutron.pecan_wsgi.hooks.policy_enforcement [req-52a8d1cf-2d46-4278-b84b-56826c2b97d4 req-88cd147c-198f-4972-adb2-cc541f1b2e60 service neutron] Attributes excluded by policy engine: ['standard_attr_id', 'shared', 'segment_id'] {{(pid=91493) _exclude_attributes_by_policy /opt/stack/neutron/neutron/pecan_wsgi/hooks/policy_enforcement.py:255}}
May 18 14:38:13.760596 dv-cinder-787195-7-iscsi neutron-server[91493]: INFO neutron.wsgi [req-52a8d1cf-2d46-4278-b84b-56826c2b97d4 req-88cd147c-198f-4972-adb2-cc541f1b2e60 service neutron] 10.222.0.70 "GET /v2.0/subnets?id=8b5d8fa4-7f81-455e-b870-3c1a3ee4d7cd HTTP/1.1" status: 200 len: 855 time: 0.1251974
May 18 14:38:13.832662 dv-cinder-787195-7-iscsi neutron-server[91493]: DEBUG neutron.pecan_wsgi.hooks.policy_enforcement [req-9a559c5f-c1b3-42fc-840d-9661ae2a738d req-2424566a-c42b-4ac9-a500-e3ecb8669b9e tempest-DeleteServersTestJSON-1477239168 tempest-DeleteServersTestJSON-1477239168-project] Attributes excluded by policy engine: ['standard_attr_id', 'binding:profile', 'binding:host_id', 'binding:vif_type', 'binding:vif_details'] {{(pid=91493) _exclude_attributes_by_policy /opt/stack/neutron/neutron/pecan_wsgi/hooks/policy_enforcement.py:255}}
May 18 14:38:13.840056 dv-cinder-787195-7-iscsi neutron-server[91493]: INFO neutron.wsgi [req-9a559c5f-c1b3-42fc-840d-9661ae2a738d req-2424566a-c42b-4ac9-a500-e3ecb8669b9e tempest-DeleteServersTestJSON-1477239168 tempest-DeleteServersTestJSON-1477239168-project] 10.222.0.63 "GET /v2.0/ports?device_id=354524b8-1326-4162-b32e-51b66696b4a4 HTTP/1.1" status: 200 len: 944 time: 0.5431688
May 18 14:38:13.859638 dv-cinder-787195-7-iscsi neutron-server[91493]: INFO neutron.wsgi [req-52a8d1cf-2d46-4278-b84b-56826c2b97d4 req-684c721b-18a1-4bb1-bc23-08a4dcbf9412 service neutron] 10.222.0.70 "GET /v2.0/ports?network_id=ea1752f5-6319-4de1-a2c5-8a400af9ab5d&device_owner=network%3Adhcp HTTP/1.1" status: 200 len: 210 time: 0.0821290
May 18 14:38:13.939295 dv-cinder-787195-7-iscsi neutron-server[91493]: INFO neutron.wsgi [req-9a559c5f-c1b3-42fc-840d-9661ae2a738d req-234a95cb-4f8c-480b-8fab-3ebf7266feef tempest-DeleteServersTestJSON-1477239168 tempest-DeleteServersTestJSON-1477239168-project] 10.222.0.63 "GET /v2.0/security-groups?id=1458d541-84f4-49fe-9343-44946186438d&fields=id&fields=name HTTP/1.1" status: 200 len: 286 time: 0.0981479
May 18 14:38:13.943975 dv-cinder-787195-7-iscsi neutron-server[91493]: DEBUG neutron_lib.callbacks.manager [None req-cbdf8430-6417-48b3-9854-72bc02fd27ee tempest-AttachVolumeShelveTestJSON-649991641 tempest-AttachVolumeShelveTestJSON-649991641-project] Notify callbacks [] for port, precommit_update {{(pid=91493) _notify_loop /usr/local/lib/python3.8/dist-packages/neutron_lib/callbacks/manager.py:192}}
May 18 14:38:13.979721 dv-cinder-787195-7-iscsi neutron-server[91494]: DEBUG neutron_lib.callbacks.manager [None req-518c7444-3f42-4219-8565-b3b58f519c42 admin admin] Notify callbacks [] for security_group, before_delete {{(pid=91494) _notify_loop /usr/local/lib/python3.8/dist-packages/neutron_lib/callbacks/manager.py:192}}
May 18 14:38:13.988901 dv-cinder-787195-7-iscsi neutron-server[91494]: DEBUG neutron_lib.callbacks.manager [None req-41d1368d-0e5d-449b-8d47-11c912a16b1c admin admin] Notify callbacks [] for security_group, precommit_create {{(pid=91494) _notify_loop /usr/local/lib/python3.8/dist-packages/neutron_lib/callbacks/manager.py:192}}
May 18 14:38:14.010458 dv-cinder-787195-7-iscsi neutron-server[91493]: DEBUG neutron.wsgi [-] (91493) accepted ('10.222.0.63', 35406) {{(pid=91493) server /usr/local/lib/python3.8/dist-packages/eventlet/wsgi.py:992}}
May 18 14:38:14.017076 dv-cinder-787195-7-iscsi neutron-server[91493]: DEBUG neutron_lib.callbacks.manager [None req-cbdf8430-6417-48b3-9854-72bc02fd27ee tempest-AttachVolumeShelveTestJSON-649991641 tempest-AttachVolumeShelveTestJSON-649991641-project] Notify callbacks ['neutron.plugins.ml2.plugin.SecurityGroupServerNotifierRpcMixin.notify_sg_on_port_change-652171', 'neutron.plugins.ml2.ovo_rpc._ObjectChangeHandler.handle_event-109470', 'neutron.api.rpc.agentnotifiers.dhcp_rpc_agent_api.DhcpAgentNotifyAPI._native_event_send_dhcp_notification-1632144', 'neutron.db.l3_db.L3RpcNotifierMixin._notify_gateway_port_ip_changed-8779102940335', 'neutron.db.l3_dvrscheduler_db._notify_l3_agent_port_update-8779102524941', 'neutron.db.l3_hascheduler_db._notify_l3_agent_ha_port_update-8779102524986', 'neutron.services.segments.plugin.NovaSegmentNotifier._notify_port_updated-6492122'] for port, after_update {{(pid=91493) _notify_loop /usr/local/lib/python3.8/dist-packages/neutron_lib/callbacks/manager.py:192}}
May 18 14:38:14.046839 dv-cinder-787195-7-iscsi neutron-server[91493]: DEBUG oslo_concurrency.lockutils [None req-178a0ac3-3dc3-4166-a3e9-b091e681ba6a admin admin] Lock "event-dispatch" acquired by "neutron.plugins.ml2.ovo_rpc._ObjectChangeHandler.dispatch_events" :: waited 0.000s {{(pid=91493) inner /usr/local/lib/python3.8/dist-packages/oslo_concurrency/lockutils.py:355}}
May 18 14:38:14.049388 dv-cinder-787195-7-iscsi neutron-server[91494]: DEBUG neutron_lib.callbacks.manager [None req-41d1368d-0e5d-449b-8d47-11c912a16b1c admin admin] Notify callbacks ['neutron.plugins.ml2.ovo_rpc._ObjectChangeHandler.handle_event-1602983'] for security_group, after_create {{(pid=91494) _notify_loop /usr/local/lib/python3.8/dist-packages/neutron_lib/callbacks/manager.py:192}}
May 18 14:38:14.083185 dv-cinder-787195-7-iscsi neutron-server[91494]: DEBUG oslo_concurrency.lockutils [None req-d4530ce5-e5d1-41c0-b6c9-6faf8a072f18 admin admin] Lock "event-dispatch" acquired by "neutron.plugins.ml2.ovo_rpc._ObjectChangeHandler.dispatch_events" :: waited 0.000s {{(pid=91494) inner /usr/local/lib/python3.8/dist-packages/oslo_concurrency/lockutils.py:355}}
May 18 14:38:14.150323 dv-cinder-787195-7-iscsi neutron-server[91494]: DEBUG neutron_lib.callbacks.manager [None req-518c7444-3f42-4219-8565-b3b58f519c42 admin admin] Notify callbacks [] for security_group, precommit_delete {{(pid=91494) _notify_loop /usr/local/lib/python3.8/dist-packages/neutron_lib/callbacks/manager.py:192}}
May 18 14:38:14.204443 dv-cinder-787195-7-iscsi neutron-server[91493]: INFO neutron.wsgi [None req-35377dd3-ffb6-4a8e-8e76-e39b074099ed admin admin] 10.222.0.63 "GET /v2.0/security-groups?tenant_id=96fd6cac42e6496f82bdc78d094c0e1b&name=default HTTP/1.1" status: 200 len: 2975 time: 0.1926587
May 18 14:38:14.212048 dv-cinder-787195-7-iscsi neutron-server[91493]: INFO neutron.wsgi [req-52a8d1cf-2d46-4278-b84b-56826c2b97d4 req-e75eda71-3ba5-4d03-9e45-0a7ee1b85fd3 service neutron] 10.222.0.70 "GET /v2.0/networks/ea1752f5-6319-4de1-a2c5-8a400af9ab5d?fields=segments HTTP/1.1" status: 200 len: 212 time: 0.3449416
May 18 14:38:14.216330 dv-cinder-787195-7-iscsi neutron-server[91494]: INFO neutron.wsgi [None req-41d1368d-0e5d-449b-8d47-11c912a16b1c admin admin] 10.222.0.63 "GET /v2.0/security-groups?tenant_id=8836eea0f18d4ae584344bf60addfa88&name=default HTTP/1.1" status: 200 len: 2979 time: 0.7026632
May 18 14:38:14.216456 dv-cinder-787195-7-iscsi neutron-server[91493]: DEBUG neutron.wsgi [-] (91493) accepted ('10.222.0.63', 35412) {{(pid=91493) server /usr/local/lib/python3.8/dist-packages/eventlet/wsgi.py:992}}
May 18 14:38:14.216456 dv-cinder-787195-7-iscsi neutron-server[91493]: DEBUG neutron.api.rpc.handlers.resources_rpc [None req-cbdf8430-6417-48b3-9854-72bc02fd27ee tempest-AttachVolumeShelveTestJSON-649991641 tempest-AttachVolumeShelveTestJSON-649991641-project] Pushing event updated for resources: {'Port': ['ID=61a919d1-b55d-4108-8797-1b0af8896d27,revision_number=2']} {{(pid=91493) push /opt/stack/neutron/neutron/api/rpc/handlers/resources_rpc.py:237}}
May 18 14:38:14.219469 dv-cinder-787195-7-iscsi neutron-server[91493]: DEBUG neutron.wsgi [-] (91493) accepted ('10.222.0.63', 35414) {{(pid=91493) server /usr/local/lib/python3.8/dist-packages/eventlet/wsgi.py:992}}
May 18 14:38:14.222389 dv-cinder-787195-7-iscsi neutron-server[91493]: DEBUG oslo_concurrency.lockutils [None req-cbdf8430-6417-48b3-9854-72bc02fd27ee tempest-AttachVolumeShelveTestJSON-649991641 tempest-AttachVolumeShelveTestJSON-649991641-project] Lock "event-dispatch" released by "neutron.plugins.ml2.ovo_rpc._ObjectChangeHandler.dispatch_events" :: held 0.176s {{(pid=91493) inner /usr/local/lib/python3.8/dist-packages/oslo_concurrency/lockutils.py:367}}
May 18 14:38:14.234263 dv-cinder-787195-7-iscsi neutron-server[91494]: DEBUG neutron.api.rpc.handlers.resources_rpc [None req-41d1368d-0e5d-449b-8d47-11c912a16b1c admin admin] Pushing event updated for resources: {'SecurityGroup': ['ID=8f4a312d-06c2-463e-8f50-655c1f84cebb,revision_number=1']} {{(pid=91494) push /opt/stack/neutron/neutron/api/rpc/handlers/resources_rpc.py:237}}
May 18 14:38:14.247707 dv-cinder-787195-7-iscsi neutron-server[91494]: DEBUG oslo_concurrency.lockutils [None req-41d1368d-0e5d-449b-8d47-11c912a16b1c admin admin] Lock "event-dispatch" released by "neutron.plugins.ml2.ovo_rpc._ObjectChangeHandler.dispatch_events" :: held 0.165s {{(pid=91494) inner /usr/local/lib/python3.8/dist-packages/oslo_concurrency/lockutils.py:367}}
May 18 14:38:14.266588 dv-cinder-787195-7-iscsi neutron-server[91493]: DEBUG neutron_lib.callbacks.manager [None req-cbdf8430-6417-48b3-9854-72bc02fd27ee tempest-AttachVolumeShelveTestJSON-649991641 tempest-AttachVolumeShelveTestJSON-649991641-project] Notify callbacks ['neutron.services.l3_router.l3_router_plugin.DVRResourceOperationHandler._create_dvr_floating_gw_port-397511'] for floatingip, after_update {{(pid=91493) _notify_loop /usr/local/lib/python3.8/dist-packages/neutron_lib/callbacks/manager.py:192}}
May 18 14:38:14.287659 dv-cinder-787195-7-iscsi neutron-server[91494]: DEBUG neutron.pecan_wsgi.hooks.policy_enforcement [req-0996b4af-665e-43d6-b561-8308f151a199 req-01989ebf-fed1-4137-802c-933b6c6b26f3 tempest-AttachVolumeNegativeTest-190597657 tempest-AttachVolumeNegativeTest-190597657-project] Attributes excluded by policy engine: ['standard_attr_id', 'binding:profile', 'binding:host_id', 'binding:vif_type', 'binding:vif_details'] {{(pid=91494) _exclude_attributes_by_policy /opt/stack/neutron/neutron/pecan_wsgi/hooks/policy_enforcement.py:255}}
May 18 14:38:14.289195 dv-cinder-787195-7-iscsi neutron-server[91494]: INFO neutron.wsgi [req-0996b4af-665e-43d6-b561-8308f151a199 req-01989ebf-fed1-4137-802c-933b6c6b26f3 tempest-AttachVolumeNegativeTest-190597657 tempest-AttachVolumeNegativeTest-190597657-project] 10.222.0.63 "GET /v2.0/ports?device_id=da48b6e8-f538-4fb8-afcf-c887a966a832 HTTP/1.1" status: 200 len: 943 time: 0.3714886
May 18 14:38:14.297928 dv-cinder-787195-7-iscsi neutron-server[91494]: DEBUG neutron.pecan_wsgi.hooks.policy_enforcement [req-ac3c7f86-d990-420d-add3-03ba8d9ef246 req-ac305c9d-c6f8-4183-bf68-fe6729519623 tempest-AttachVolumeTestJSON-965398442 tempest-AttachVolumeTestJSON-965398442-project] Attributes excluded by policy engine: ['standard_attr_id', 'vlan_transparent', 'provider:network_type', 'provider:physical_network', 'provider:segmentation_id'] {{(pid=91494) _exclude_attributes_by_policy /opt/stack/neutron/neutron/pecan_wsgi/hooks/policy_enforcement.py:255}}
May 18 14:38:14.299313 dv-cinder-787195-7-iscsi neutron-server[91494]: INFO neutron.wsgi [req-ac3c7f86-d990-420d-add3-03ba8d9ef246 req-ac305c9d-c6f8-4183-bf68-fe6729519623 tempest-AttachVolumeTestJSON-965398442 tempest-AttachVolumeTestJSON-965398442-project] 10.222.0.70 "GET /v2.0/networks?id=1874a60e-5d94-4551-b951-519bd99e148d HTTP/1.1" status: 200 len: 810 time: 0.3125658
May 18 14:38:14.341756 dv-cinder-787195-7-iscsi neutron-server[91494]: DEBUG neutron_lib.callbacks.manager [None req-518c7444-3f42-4219-8565-b3b58f519c42 admin admin] Notify callbacks ['neutron.plugins.ml2.ovo_rpc._ObjectChangeHandler.handle_event-1602983'] for security_group, after_delete {{(pid=91494) _notify_loop /usr/local/lib/python3.8/dist-packages/neutron_lib/callbacks/manager.py:192}}
May 18 14:38:14.353582 dv-cinder-787195-7-iscsi neutron-server[91494]: DEBUG oslo_concurrency.lockutils [None req-78558198-a5f8-4d9e-8a10-a26709b8db93 admin admin] Lock "event-dispatch" acquired by "neutron.plugins.ml2.ovo_rpc._ObjectChangeHandler.dispatch_events" :: waited 0.000s {{(pid=91494) inner /usr/local/lib/python3.8/dist-packages/oslo_concurrency/lockutils.py:355}}
May 18 14:38:14.388312 dv-cinder-787195-7-iscsi neutron-server[91494]: DEBUG neutron.api.rpc.handlers.resources_rpc [None req-518c7444-3f42-4219-8565-b3b58f519c42 admin admin] Pushing event deleted for resources: {'SecurityGroup': ['ID=f883cdb8-254b-4f77-a421-9dd5576d07b2,revision_number=None']} {{(pid=91494) push /opt/stack/neutron/neutron/api/rpc/handlers/resources_rpc.py:237}}
May 18 14:38:14.395987 dv-cinder-787195-7-iscsi neutron-server[91494]: DEBUG oslo_concurrency.lockutils [None req-518c7444-3f42-4219-8565-b3b58f519c42 admin admin] Lock "event-dispatch" released by "neutron.plugins.ml2.ovo_rpc._ObjectChangeHandler.dispatch_events" :: held 0.042s {{(pid=91494) inner /usr/local/lib/python3.8/dist-packages/oslo_concurrency/lockutils.py:367}}
May 18 14:38:14.401642 dv-cinder-787195-7-iscsi neutron-server[91493]: DEBUG neutron_lib.callbacks.manager [None req-cbdf8430-6417-48b3-9854-72bc02fd27ee tempest-AttachVolumeShelveTestJSON-649991641 tempest-AttachVolumeShelveTestJSON-649991641-project] Notify callbacks ['neutron.notifiers.nova.Notifier._send_nova_notification-1986588'] for floatingip, before_response {{(pid=91493) _notify_loop /usr/local/lib/python3.8/dist-packages/neutron_lib/callbacks/manager.py:192}}
May 18 14:38:14.416798 dv-cinder-787195-7-iscsi neutron-server[91493]: INFO neutron.wsgi [None req-cbdf8430-6417-48b3-9854-72bc02fd27ee tempest-AttachVolumeShelveTestJSON-649991641 tempest-AttachVolumeShelveTestJSON-649991641-project] 10.222.0.63 "POST /v2.0/floatingips HTTP/1.1" status: 201 len: 692 time: 7.5087135
May 18 14:38:14.417025 dv-cinder-787195-7-iscsi neutron-server[91494]: INFO neutron.wsgi [req-0996b4af-665e-43d6-b561-8308f151a199 req-e613b1bc-ca11-4182-aa13-03b65af45907 tempest-AttachVolumeNegativeTest-190597657 tempest-AttachVolumeNegativeTest-190597657-project] 10.222.0.63 "GET /v2.0/security-groups?id=de711c86-eae8-492f-a267-e7b765f4ed72&fields=id&fields=name HTTP/1.1" status: 200 len: 286 time: 0.1041694
May 18 14:38:14.417025 dv-cinder-787195-7-iscsi neutron-server[91494]: INFO neutron.wsgi [req-ac3c7f86-d990-420d-add3-03ba8d9ef246 req-67f72088-e7b8-40aa-b281-9b35b5e62450 tempest-AttachVolumeTestJSON-965398442 tempest-AttachVolumeTestJSON-965398442-project] 10.222.0.70 "GET /v2.0/security-groups?fields=id&fields=name&tenant_id=78245cea0042459d8b09357775665d8b HTTP/1.1" status: 200 len: 379 time: 0.0985579
May 18 14:38:14.423582 dv-cinder-787195-7-iscsi neutron-server[91494]: DEBUG neutron_lib.callbacks.manager [None req-518c7444-3f42-4219-8565-b3b58f519c42 admin admin] Notify callbacks [] for security_group, before_response {{(pid=91494) _notify_loop /usr/local/lib/python3.8/dist-packages/neutron_lib/callbacks/manager.py:192}}
