May 18 14:38:20.967934 dv-cinder-787195-7-iscsi devstack@c-api.service[104731]: WARNING cinder.quota [None req-4c3a8b9c-65f4-4248-8d54-fc6f96a8f8d6 tempest-UserMessagesTest-1532671747 tempest-UserMessagesTest-1532671747-project] Deprecated: Default quota for resource: gigabytes_tempest-UserMessagesTest-volume-type-1534662209 is set by the default quota flag: quota_gigabytes_tempest-UserMessagesTest-volume-type-1534662209, it is now deprecated. Please use the default quota class for default quota.
May 18 14:38:21.014434 dv-cinder-787195-7-iscsi devstack@c-api.service[104732]: INFO cinder.volume.api [None req-d938e635-4e4d-4b8a-98e1-92da0cfb9ff3 tempest-GroupsTest-1869287194 tempest-GroupsTest-1869287194-project] Availability Zones retrieved successfully.
May 18 14:38:21.041055 dv-cinder-787195-7-iscsi devstack@c-api.service[104731]: DEBUG cinder.quota [None req-4c3a8b9c-65f4-4248-8d54-fc6f96a8f8d6 tempest-UserMessagesTest-1532671747 tempest-UserMessagesTest-1532671747-project] Created reservations ['cebcd156-b8d1-4878-991d-099f7b1d54cd', '13d78a33-ff3f-4df0-9787-51690a0297c6', '7a2fe26e-ac20-48c5-830c-43b6b290be85', '3b3b5309-0d60-4c5f-8447-dd53c5ec3e22'] {{(pid=104731) reserve /opt/stack/cinder/cinder/quota.py:755}}
May 18 14:38:21.043223 dv-cinder-787195-7-iscsi devstack@c-api.service[104731]: DEBUG cinder.volume.api [None req-4c3a8b9c-65f4-4248-8d54-fc6f96a8f8d6 tempest-UserMessagesTest-1532671747 tempest-UserMessagesTest-1532671747-project] Task 'cinder.volume.flows.api.create_volume.QuotaReserveTask;volume:create' (58ed87cb-b161-461c-aec7-4efa56eca6af) transitioned into state 'SUCCESS' from state 'RUNNING' with result '{'reservations': ['cebcd156-b8d1-4878-991d-099f7b1d54cd', '13d78a33-ff3f-4df0-9787-51690a0297c6', '7a2fe26e-ac20-48c5-830c-43b6b290be85', '3b3b5309-0d60-4c5f-8447-dd53c5ec3e22']}' {{(pid=104731) _task_receiver /usr/local/lib/python3.8/dist-packages/taskflow/listeners/logging.py:178}}
May 18 14:38:21.045453 dv-cinder-787195-7-iscsi devstack@c-api.service[104731]: DEBUG cinder.volume.api [None req-4c3a8b9c-65f4-4248-8d54-fc6f96a8f8d6 tempest-UserMessagesTest-1532671747 tempest-UserMessagesTest-1532671747-project] Task 'cinder.volume.flows.api.create_volume.EntryCreateTask;volume:create' (166ee81f-ac5e-486d-a4ef-8c8a224e08d5) transitioned into state 'RUNNING' from state 'PENDING' {{(pid=104731) _task_receiver /usr/local/lib/python3.8/dist-packages/taskflow/listeners/logging.py:190}}
May 18 14:38:21.056622 dv-cinder-787195-7-iscsi devstack@c-api.service[104732]: DEBUG cinder.quota [None req-d938e635-4e4d-4b8a-98e1-92da0cfb9ff3 tempest-GroupsTest-1869287194 tempest-GroupsTest-1869287194-project] Created reservations ['fc2b9195-2135-48a3-8c55-e86228ef759f'] {{(pid=104732) reserve /opt/stack/cinder/cinder/quota.py:755}}
May 18 14:38:21.122081 dv-cinder-787195-7-iscsi devstack@c-api.service[104732]: INFO cinder.api.openstack.wsgi [None req-d938e635-4e4d-4b8a-98e1-92da0cfb9ff3 tempest-GroupsTest-1869287194 tempest-GroupsTest-1869287194-project] http://10.222.0.63/volume/v3/00f0f4208a0749b4a0fe146d6121fef9/groups returned with HTTP 202
May 18 14:38:21.123286 dv-cinder-787195-7-iscsi devstack@c-api.service[104732]: [pid: 104732|app: 0|req: 67/138] 10.222.0.63 () {62 vars in 1274 bytes} [Tue May 18 14:38:20 2021] POST /volume/v3/00f0f4208a0749b4a0fe146d6121fef9/groups => generated 93 bytes in 201 msecs (HTTP/1.1 202) 7 headers in 291 bytes (1 switches on core 0)
May 18 14:38:21.127417 dv-cinder-787195-7-iscsi devstack@c-api.service[104731]: DEBUG cinder.volume.api [None req-4c3a8b9c-65f4-4248-8d54-fc6f96a8f8d6 tempest-UserMessagesTest-1532671747 tempest-UserMessagesTest-1532671747-project] Task 'cinder.volume.flows.api.create_volume.EntryCreateTask;volume:create' (166ee81f-ac5e-486d-a4ef-8c8a224e08d5) transitioned into state 'SUCCESS' from state 'RUNNING' with result '{'volume_id': 'cc610e34-fd71-4fa8-a156-b96ddcd58043', 'volume_properties': VolumeProperties(attach_status='detached',availability_zone='nova',cgsnapshot_id=None,consistencygroup_id=None,display_description=None,display_name='tempest-UserMessagesTest-Volume-819796434',encryption_key_id=None,group_id=None,group_type_id=,metadata={},multiattach=False,project_id='b0095cf375c64fabb5f96c8b3f66fa9e',qos_specs=None,replication_status=,reservations=['cebcd156-b8d1-4878-991d-099f7b1d54cd','13d78a33-ff3f-4df0-9787-51690a0297c6','7a2fe26e-ac20-48c5-830c-43b6b290be85','3b3b5309-0d60-4c5f-8447-dd53c5ec3e22'],size=1,snapshot_id=None,source_replicaid=,source_volid=None,status='creating',user_id='3bb6b13a76904b0fbdba15604b751a5a',volume_type_id=59ee7106-7c99-4bfa-b072-f5822ff10629), 'volume': Volume(_name_id=None,admin_metadata=,attach_status='detached',availability_zone='nova',bootable=False,cluster=,cluster_name=None,consistencygroup=,consistencygroup_id=None,created_at=2021-05-18T14:38:21Z,deleted=False,deleted_at=None,display_description=None,display_name='tempest-UserMessagesTest-Volume-819796434',ec2_id=None,encryption_key_id=None,glance_metadata=,group=,group_id=None,host=None,id=cc610e34-fd71-4fa8-a156-b96ddcd58043,launched_at=None,metadata={},migration_status=None,multiattach=False,previous_status=None,project_id='b0095cf375c64fabb5f96c8b3f66fa9e',provider_auth=None,provider_geometry=None,provider_id=None,provider_location=None,replication_driver_data=None,replication_extended_status=None,replication_status=None,scheduled_at=None,service_uuid=None,shared_targets=True,size=1,snapshot_id=None,snapshots=,source_volid=None,status='creating',terminated_at=None,updated_at=None,user_id='3bb6b13a76904b0fbdba15604b751a5a',volume_attachment=,volume_type=VolumeType(59ee7106-7c99-4bfa-b072-f5822ff10629),volume_type_id=59ee7106-7c99-4bfa-b072-f5822ff10629)}' {{(pid=104731) _task_receiver /usr/local/lib/python3.8/dist-packages/taskflow/listeners/logging.py:178}}
May 18 14:38:21.127757 dv-cinder-787195-7-iscsi devstack@c-api.service[104732]: INFO cinder.api.openstack.wsgi [None req-0326471e-a96c-4a48-b4a8-a51828b352f3 tempest-VolumeTypesExtraSpecsTest-1876073185 tempest-VolumeTypesExtraSpecsTest-1876073185-project-admin] DELETE http://10.222.0.63/volume/v3/3ea9ad4d4223408ebf774ceea351051b/types/c527f219-8d4f-437a-8368-17c0ef3aaa8a
May 18 14:38:21.128278 dv-cinder-787195-7-iscsi devstack@c-api.service[104732]: DEBUG cinder.api.openstack.wsgi [None req-0326471e-a96c-4a48-b4a8-a51828b352f3 tempest-VolumeTypesExtraSpecsTest-1876073185 tempest-VolumeTypesExtraSpecsTest-1876073185-project-admin] Empty body provided in request {{(pid=104732) get_body /opt/stack/cinder/cinder/api/openstack/wsgi.py:713}}
May 18 14:38:21.128513 dv-cinder-787195-7-iscsi devstack@c-api.service[104732]: /usr/local/lib/python3.8/dist-packages/webob/acceptparse.py:1047: DeprecationWarning: The behavior of AcceptValidHeader.best_match is currently being maintained for backward compatibility, but it will be deprecated in the future, as it does not conform to the RFC.
May 18 14:38:21.128513 dv-cinder-787195-7-iscsi devstack@c-api.service[104732]: warnings.warn(
May 18 14:38:21.128959 dv-cinder-787195-7-iscsi devstack@c-api.service[104732]: DEBUG cinder.api.openstack.wsgi [None req-0326471e-a96c-4a48-b4a8-a51828b352f3 tempest-VolumeTypesExtraSpecsTest-1876073185 tempest-VolumeTypesExtraSpecsTest-1876073185-project-admin] Calling method '_delete' {{(pid=104732) _process_stack /opt/stack/cinder/cinder/api/openstack/wsgi.py:866}}
May 18 14:38:21.129669 dv-cinder-787195-7-iscsi devstack@c-api.service[104732]: /usr/local/lib/python3.8/dist-packages/oslo_context/context.py:105: DeprecationWarning: Policy enforcement is depending on the value of is_admin. This key is deprecated. Please update your policy file to use the standard policy values.
May 18 14:38:21.129669 dv-cinder-787195-7-iscsi devstack@c-api.service[104732]: warnings.warn('Policy enforcement is depending on the value of '
May 18 14:38:21.130953 dv-cinder-787195-7-iscsi devstack@c-api.service[104731]: DEBUG cinder.volume.api [None req-4c3a8b9c-65f4-4248-8d54-fc6f96a8f8d6 tempest-UserMessagesTest-1532671747 tempest-UserMessagesTest-1532671747-project] Task 'cinder.volume.flows.api.create_volume.QuotaCommitTask;volume:create' (bb9228a7-08b2-4059-be4c-1b40a09ccaf6) transitioned into state 'RUNNING' from state 'PENDING' {{(pid=104731) _task_receiver /usr/local/lib/python3.8/dist-packages/taskflow/listeners/logging.py:190}}
May 18 14:38:21.195615 dv-cinder-787195-7-iscsi devstack@c-api.service[104731]: DEBUG cinder.volume.api [None req-4c3a8b9c-65f4-4248-8d54-fc6f96a8f8d6 tempest-UserMessagesTest-1532671747 tempest-UserMessagesTest-1532671747-project] Task 'cinder.volume.flows.api.create_volume.QuotaCommitTask;volume:create' (bb9228a7-08b2-4059-be4c-1b40a09ccaf6) transitioned into state 'SUCCESS' from state 'RUNNING' with result '{'volume_properties': VolumeProperties(attach_status='detached',availability_zone='nova',cgsnapshot_id=None,consistencygroup_id=None,display_description=None,display_name='tempest-UserMessagesTest-Volume-819796434',encryption_key_id=None,group_id=None,group_type_id=,metadata={},multiattach=False,project_id='b0095cf375c64fabb5f96c8b3f66fa9e',qos_specs=None,replication_status=,reservations=['cebcd156-b8d1-4878-991d-099f7b1d54cd','13d78a33-ff3f-4df0-9787-51690a0297c6','7a2fe26e-ac20-48c5-830c-43b6b290be85','3b3b5309-0d60-4c5f-8447-dd53c5ec3e22'],size=1,snapshot_id=None,source_replicaid=,source_volid=None,status='creating',user_id='3bb6b13a76904b0fbdba15604b751a5a',volume_type_id=59ee7106-7c99-4bfa-b072-f5822ff10629)}' {{(pid=104731) _task_receiver /usr/local/lib/python3.8/dist-packages/taskflow/listeners/logging.py:178}}
May 18 14:38:21.197601 dv-cinder-787195-7-iscsi devstack@c-api.service[104731]: DEBUG cinder.volume.api [None req-4c3a8b9c-65f4-4248-8d54-fc6f96a8f8d6 tempest-UserMessagesTest-1532671747 tempest-UserMessagesTest-1532671747-project] Task 'cinder.volume.flows.api.create_volume.VolumeCastTask;volume:create' (c452be88-aad3-4e2b-95f6-53ada35274a4) transitioned into state 'RUNNING' from state 'PENDING' {{(pid=104731) _task_receiver /usr/local/lib/python3.8/dist-packages/taskflow/listeners/logging.py:190}}
May 18 14:38:21.236611 dv-cinder-787195-7-iscsi devstack@c-api.service[104731]: DEBUG cinder.volume.api [None req-4c3a8b9c-65f4-4248-8d54-fc6f96a8f8d6 tempest-UserMessagesTest-1532671747 tempest-UserMessagesTest-1532671747-project] Task 'cinder.volume.flows.api.create_volume.VolumeCastTask;volume:create' (c452be88-aad3-4e2b-95f6-53ada35274a4) transitioned into state 'SUCCESS' from state 'RUNNING' with result 'None' {{(pid=104731) _task_receiver /usr/local/lib/python3.8/dist-packages/taskflow/listeners/logging.py:178}}
May 18 14:38:21.249023 dv-cinder-787195-7-iscsi devstack@c-api.service[104731]: DEBUG cinder.volume.api [None req-4c3a8b9c-65f4-4248-8d54-fc6f96a8f8d6 tempest-UserMessagesTest-1532671747 tempest-UserMessagesTest-1532671747-project] Flow 'volume_create_api' (9db399d1-b11d-439d-ae66-a8da986bbf49) transitioned into state 'SUCCESS' from state 'RUNNING' {{(pid=104731) _flow_receiver /usr/local/lib/python3.8/dist-packages/taskflow/listeners/logging.py:141}}
May 18 14:38:21.251506 dv-cinder-787195-7-iscsi devstack@c-api.service[104731]: INFO cinder.volume.api [None req-4c3a8b9c-65f4-4248-8d54-fc6f96a8f8d6 tempest-UserMessagesTest-1532671747 tempest-UserMessagesTest-1532671747-project] Create volume request issued successfully.
May 18 14:38:21.258473 dv-cinder-787195-7-iscsi devstack@c-api.service[104732]: INFO cinder.api.openstack.wsgi [None req-0326471e-a96c-4a48-b4a8-a51828b352f3 tempest-VolumeTypesExtraSpecsTest-1876073185 tempest-VolumeTypesExtraSpecsTest-1876073185-project-admin] http://10.222.0.63/volume/v3/3ea9ad4d4223408ebf774ceea351051b/types/c527f219-8d4f-437a-8368-17c0ef3aaa8a returned with HTTP 202
May 18 14:38:21.275174 dv-cinder-787195-7-iscsi devstack@c-api.service[104732]: [pid: 104732|app: 0|req: 68/139] 10.222.0.63 () {58 vars in 1322 bytes} [Tue May 18 14:38:21 2021] DELETE /volume/v3/3ea9ad4d4223408ebf774ceea351051b/types/c527f219-8d4f-437a-8368-17c0ef3aaa8a => generated 0 bytes in 139 msecs (HTTP/1.1 202) 6 headers in 233 bytes (1 switches on core 0)
May 18 14:38:21.290102 dv-cinder-787195-7-iscsi devstack@c-api.service[104732]: INFO cinder.api.openstack.wsgi [None req-cc5b5f6c-010d-45df-b780-9f23c8a2f47a tempest-GroupsTest-1869287194 tempest-GroupsTest-1869287194-project] GET http://10.222.0.63/volume/v3/00f0f4208a0749b4a0fe146d6121fef9/groups/2a2fe37f-f584-4456-9664-8ad3217cc56a
May 18 14:38:21.290824 dv-cinder-787195-7-iscsi devstack@c-api.service[104732]: DEBUG cinder.api.openstack.wsgi [None req-cc5b5f6c-010d-45df-b780-9f23c8a2f47a tempest-GroupsTest-1869287194 tempest-GroupsTest-1869287194-project] Empty body provided in request {{(pid=104732) get_body /opt/stack/cinder/cinder/api/openstack/wsgi.py:713}}
May 18 14:38:21.291606 dv-cinder-787195-7-iscsi devstack@c-api.service[104732]: DEBUG cinder.api.openstack.wsgi [None req-cc5b5f6c-010d-45df-b780-9f23c8a2f47a tempest-GroupsTest-1869287194 tempest-GroupsTest-1869287194-project] Calling method 'version_select' {{(pid=104732) _process_stack /opt/stack/cinder/cinder/api/openstack/wsgi.py:866}}
May 18 14:38:21.294885 dv-cinder-787195-7-iscsi devstack@c-api.service[104732]: DEBUG cinder.api.v3.groups [None req-cc5b5f6c-010d-45df-b780-9f23c8a2f47a tempest-GroupsTest-1869287194 tempest-GroupsTest-1869287194-project] show called for member 2a2fe37f-f584-4456-9664-8ad3217cc56a {{(pid=104732) show /opt/stack/cinder/cinder/api/v3/groups.py:58}}
May 18 14:38:21.308341 dv-cinder-787195-7-iscsi devstack@c-api.service[104732]: /usr/local/lib/python3.8/dist-packages/oslo_context/context.py:105: DeprecationWarning: Policy enforcement is depending on the value of is_admin. This key is deprecated. Please update your policy file to use the standard policy values.
May 18 14:38:21.308341 dv-cinder-787195-7-iscsi devstack@c-api.service[104732]: warnings.warn('Policy enforcement is depending on the value of '
May 18 14:38:21.316012 dv-cinder-787195-7-iscsi devstack@c-api.service[104731]: INFO cinder.api.openstack.wsgi [None req-4c3a8b9c-65f4-4248-8d54-fc6f96a8f8d6 tempest-UserMessagesTest-1532671747 tempest-UserMessagesTest-1532671747-project] http://10.222.0.63/volume/v3/b0095cf375c64fabb5f96c8b3f66fa9e/volumes returned with HTTP 202
May 18 14:38:21.317249 dv-cinder-787195-7-iscsi devstack@c-api.service[104731]: [pid: 104731|app: 0|req: 72/140] 10.222.0.63 () {62 vars in 1276 bytes} [Tue May 18 14:38:20 2021] POST /volume/v3/b0095cf375c64fabb5f96c8b3f66fa9e/volumes => generated 851 bytes in 591 msecs (HTTP/1.1 202) 7 headers in 291 bytes (1 switches on core 0)
May 18 14:38:21.323553 dv-cinder-787195-7-iscsi devstack@c-api.service[104731]: INFO cinder.api.openstack.wsgi [None req-b900e86d-a647-4731-a9dd-cafde1924644 tempest-VolumeTypesExtraSpecsTest-1876073185 tempest-VolumeTypesExtraSpecsTest-1876073185-project-admin] GET http://10.222.0.63/volume/v3/3ea9ad4d4223408ebf774ceea351051b/types/c527f219-8d4f-437a-8368-17c0ef3aaa8a
May 18 14:38:21.324216 dv-cinder-787195-7-iscsi devstack@c-api.service[104731]: DEBUG cinder.api.openstack.wsgi [None req-b900e86d-a647-4731-a9dd-cafde1924644 tempest-VolumeTypesExtraSpecsTest-1876073185 tempest-VolumeTypesExtraSpecsTest-1876073185-project-admin] Empty body provided in request {{(pid=104731) get_body /opt/stack/cinder/cinder/api/openstack/wsgi.py:713}}
May 18 14:38:21.324422 dv-cinder-787195-7-iscsi devstack@c-api.service[104731]: /usr/local/lib/python3.8/dist-packages/webob/acceptparse.py:1047: DeprecationWarning: The behavior of AcceptValidHeader.best_match is currently being maintained for backward compatibility, but it will be deprecated in the future, as it does not conform to the RFC.
May 18 14:38:21.324422 dv-cinder-787195-7-iscsi devstack@c-api.service[104731]: warnings.warn(
May 18 14:38:21.324736 dv-cinder-787195-7-iscsi devstack@c-api.service[104731]: DEBUG cinder.api.openstack.wsgi [None req-b900e86d-a647-4731-a9dd-cafde1924644 tempest-VolumeTypesExtraSpecsTest-1876073185 tempest-VolumeTypesExtraSpecsTest-1876073185-project-admin] Calling method 'show' {{(pid=104731) _process_stack /opt/stack/cinder/cinder/api/openstack/wsgi.py:866}}
May 18 14:38:21.351308 dv-cinder-787195-7-iscsi devstack@c-api.service[104732]: INFO cinder.api.openstack.wsgi [None req-cc5b5f6c-010d-45df-b780-9f23c8a2f47a tempest-GroupsTest-1869287194 tempest-GroupsTest-1869287194-project] http://10.222.0.63/volume/v3/00f0f4208a0749b4a0fe146d6121fef9/groups/2a2fe37f-f584-4456-9664-8ad3217cc56a returned with HTTP 200
May 18 14:38:21.357944 dv-cinder-787195-7-iscsi devstack@c-api.service[104731]: INFO cinder.api.openstack.wsgi [None req-b900e86d-a647-4731-a9dd-cafde1924644 tempest-VolumeTypesExtraSpecsTest-1876073185 tempest-VolumeTypesExtraSpecsTest-1876073185-project-admin] http://10.222.0.63/volume/v3/3ea9ad4d4223408ebf774ceea351051b/types/c527f219-8d4f-437a-8368-17c0ef3aaa8a returned with HTTP 404
May 18 14:38:21.358131 dv-cinder-787195-7-iscsi devstack@c-api.service[104732]: [pid: 104732|app: 0|req: 69/141] 10.222.0.63 () {60 vars in 1363 bytes} [Tue May 18 14:38:21 2021] GET /volume/v3/00f0f4208a0749b4a0fe146d6121fef9/groups/2a2fe37f-f584-4456-9664-8ad3217cc56a => generated 322 bytes in 77 msecs (HTTP/1.1 200) 7 headers in 286 bytes (1 switches on core 0)
May 18 14:38:21.358224 dv-cinder-787195-7-iscsi devstack@c-api.service[104731]: [pid: 104731|app: 0|req: 73/142] 10.222.0.63 () {58 vars in 1319 bytes} [Tue May 18 14:38:21 2021] GET /volume/v3/3ea9ad4d4223408ebf774ceea351051b/types/c527f219-8d4f-437a-8368-17c0ef3aaa8a => generated 114 bytes in 39 msecs (HTTP/1.1 404) 7 headers in 292 bytes (1 switches on core 0)
May 18 14:38:21.383629 dv-cinder-787195-7-iscsi devstack@c-api.service[104732]: INFO cinder.api.openstack.wsgi [None req-12a53ff0-2110-4553-b12c-45a158ab0ba9 tempest-UserMessagesTest-1532671747 tempest-UserMessagesTest-1532671747-project] GET http://10.222.0.63/volume/v3/b0095cf375c64fabb5f96c8b3f66fa9e/volumes/cc610e34-fd71-4fa8-a156-b96ddcd58043
May 18 14:38:21.384096 dv-cinder-787195-7-iscsi devstack@c-api.service[104732]: DEBUG cinder.api.openstack.wsgi [None req-12a53ff0-2110-4553-b12c-45a158ab0ba9 tempest-UserMessagesTest-1532671747 tempest-UserMessagesTest-1532671747-project] Empty body provided in request {{(pid=104732) get_body /opt/stack/cinder/cinder/api/openstack/wsgi.py:713}}
May 18 14:38:21.384277 dv-cinder-787195-7-iscsi devstack@c-api.service[104732]: /usr/local/lib/python3.8/dist-packages/webob/acceptparse.py:1047: DeprecationWarning: The behavior of AcceptValidHeader.best_match is currently being maintained for backward compatibility, but it will be deprecated in the future, as it does not conform to the RFC.
May 18 14:38:21.384277 dv-cinder-787195-7-iscsi devstack@c-api.service[104732]: warnings.warn(
May 18 14:38:21.384605 dv-cinder-787195-7-iscsi devstack@c-api.service[104732]: DEBUG cinder.api.openstack.wsgi [None req-12a53ff0-2110-4553-b12c-45a158ab0ba9 tempest-UserMessagesTest-1532671747 tempest-UserMessagesTest-1532671747-project] Calling method 'show' {{(pid=104732) _process_stack /opt/stack/cinder/cinder/api/openstack/wsgi.py:866}}
May 18 14:38:21.394374 dv-cinder-787195-7-iscsi devstack@c-api.service[104731]: INFO cinder.api.openstack.wsgi [None req-897393e8-25cb-4945-a8a6-898fd2bc9fe4 tempest-GroupsTest-1869287194 tempest-GroupsTest-1869287194-project] POST http://10.222.0.63/volume/v3/00f0f4208a0749b4a0fe146d6121fef9/volumes
May 18 14:38:21.397664 dv-cinder-787195-7-iscsi devstack@c-api.service[104731]: DEBUG cinder.api.openstack.wsgi [None req-897393e8-25cb-4945-a8a6-898fd2bc9fe4 tempest-GroupsTest-1869287194 tempest-GroupsTest-1869287194-project] Action: 'create', calling method: create, body: {"volume": {"name": "tempest-volume-528145197", "volume_type": "d5de6ebb-c473-472b-ad8f-19bf367d2109", "group_id": "d2c8b3d8-133e-4351-b22e-9d20259b553e", "size": 1}} {{(pid=104731) _process_stack /opt/stack/cinder/cinder/api/openstack/wsgi.py:864}}
May 18 14:38:21.398850 dv-cinder-787195-7-iscsi devstack@c-api.service[104731]: DEBUG cinder.api.v3.volumes [None req-897393e8-25cb-4945-a8a6-898fd2bc9fe4 tempest-GroupsTest-1869287194 tempest-GroupsTest-1869287194-project] Create volume request body: {'volume': {'name': 'tempest-volume-528145197', 'volume_type': 'd5de6ebb-c473-472b-ad8f-19bf367d2109', 'group_id': 'd2c8b3d8-133e-4351-b22e-9d20259b553e', 'size': 1}} {{(pid=104731) create /opt/stack/cinder/cinder/api/v3/volumes.py:289}}
May 18 14:38:21.431332 dv-cinder-787195-7-iscsi devstack@c-api.service[104731]: /usr/local/lib/python3.8/dist-packages/oslo_context/context.py:105: DeprecationWarning: Policy enforcement is depending on the value of is_admin. This key is deprecated. Please update your policy file to use the standard policy values.
May 18 14:38:21.431332 dv-cinder-787195-7-iscsi devstack@c-api.service[104731]: warnings.warn('Policy enforcement is depending on the value of '
May 18 14:38:21.432815 dv-cinder-787195-7-iscsi devstack@c-api.service[104731]: INFO cinder.api.v3.volumes [None req-897393e8-25cb-4945-a8a6-898fd2bc9fe4 tempest-GroupsTest-1869287194 tempest-GroupsTest-1869287194-project] Create volume of 1 GB
May 18 14:38:21.453638 dv-cinder-787195-7-iscsi devstack@c-api.service[104731]: INFO cinder.volume.api [None req-897393e8-25cb-4945-a8a6-898fd2bc9fe4 tempest-GroupsTest-1869287194 tempest-GroupsTest-1869287194-project] Availability Zones retrieved successfully.
May 18 14:38:21.474707 dv-cinder-787195-7-iscsi devstack@c-api.service[104731]: DEBUG cinder.volume.api [None req-897393e8-25cb-4945-a8a6-898fd2bc9fe4 tempest-GroupsTest-1869287194 tempest-GroupsTest-1869287194-project] Flow 'volume_create_api' (cbb9398f-1a42-429f-81a1-dd9d8f33f583) transitioned into state 'RUNNING' from state 'PENDING' {{(pid=104731) _flow_receiver /usr/local/lib/python3.8/dist-packages/taskflow/listeners/logging.py:141}}
May 18 14:38:21.478311 dv-cinder-787195-7-iscsi devstack@c-api.service[104731]: DEBUG cinder.volume.api [None req-897393e8-25cb-4945-a8a6-898fd2bc9fe4 tempest-GroupsTest-1869287194 tempest-GroupsTest-1869287194-project] Task 'cinder.volume.flows.api.create_volume.ExtractVolumeRequestTask;volume:create' (df0e3762-b4a0-4728-bc32-8ca656648504) transitioned into state 'RUNNING' from state 'PENDING' {{(pid=104731) _task_receiver /usr/local/lib/python3.8/dist-packages/taskflow/listeners/logging.py:190}}
May 18 14:38:21.480360 dv-cinder-787195-7-iscsi devstack@c-api.service[104731]: /usr/local/lib/python3.8/dist-packages/oslo_context/context.py:105: DeprecationWarning: Policy enforcement is depending on the value of is_admin. This key is deprecated. Please update your policy file to use the standard policy values.
May 18 14:38:21.480360 dv-cinder-787195-7-iscsi devstack@c-api.service[104731]: warnings.warn('Policy enforcement is depending on the value of '
May 18 14:38:21.481107 dv-cinder-787195-7-iscsi devstack@c-api.service[104731]: DEBUG cinder.volume.flows.api.create_volume [None req-897393e8-25cb-4945-a8a6-898fd2bc9fe4 tempest-GroupsTest-1869287194 tempest-GroupsTest-1869287194-project] Validating volume size '1' using validate_int {{(pid=104731) _extract_size /opt/stack/cinder/cinder/volume/flows/api/create_volume.py:225}}
May 18 14:38:21.499802 dv-cinder-787195-7-iscsi devstack@c-api.service[104732]: /usr/local/lib/python3.8/dist-packages/oslo_context/context.py:105: DeprecationWarning: Policy enforcement is depending on the value of is_admin. This key is deprecated. Please update your policy file to use the standard policy values.
May 18 14:38:21.499802 dv-cinder-787195-7-iscsi devstack@c-api.service[104732]: warnings.warn('Policy enforcement is depending on the value of '
May 18 14:38:21.523056 dv-cinder-787195-7-iscsi devstack@c-api.service[104732]: INFO cinder.volume.api [None req-12a53ff0-2110-4553-b12c-45a158ab0ba9 tempest-UserMessagesTest-1532671747 tempest-UserMessagesTest-1532671747-project] Volume info retrieved successfully.
May 18 14:38:21.540852 dv-cinder-787195-7-iscsi devstack@c-api.service[104731]: DEBUG cinder.volume.api [None req-897393e8-25cb-4945-a8a6-898fd2bc9fe4 tempest-GroupsTest-1869287194 tempest-GroupsTest-1869287194-project] Task 'cinder.volume.flows.api.create_volume.ExtractVolumeRequestTask;volume:create' (df0e3762-b4a0-4728-bc32-8ca656648504) transitioned into state 'SUCCESS' from state 'RUNNING' with result '{'size': 1, 'snapshot_id': None, 'source_volid': None, 'volume_type': VolumeType(created_at=2021-05-18T14:38:19Z,deleted=False,deleted_at=None,description=None,extra_specs={},id=d5de6ebb-c473-472b-ad8f-19bf367d2109,is_public=True,name='tempest-GroupsTest-volume-type-1738535589',projects=[],qos_specs=,qos_specs_id=None,updated_at=None), 'volume_type_id': 'd5de6ebb-c473-472b-ad8f-19bf367d2109', 'encryption_key_id': None, 'qos_specs': None, 'consistencygroup_id': None, 'cgsnapshot_id': None, 'group_id': 'd2c8b3d8-133e-4351-b22e-9d20259b553e', 'replication_status': 'disabled', 'refresh_az': False, 'backup_id': None, 'multiattach': False, 'availability_zones': ['nova']}' {{(pid=104731) _task_receiver /usr/local/lib/python3.8/dist-packages/taskflow/listeners/logging.py:178}}
May 18 14:38:21.543872 dv-cinder-787195-7-iscsi devstack@c-api.service[104731]: DEBUG cinder.volume.api [None req-897393e8-25cb-4945-a8a6-898fd2bc9fe4 tempest-GroupsTest-1869287194 tempest-GroupsTest-1869287194-project] Task 'cinder.volume.flows.api.create_volume.QuotaReserveTask;volume:create' (d38089e9-4903-4516-a005-15b32a471465) transitioned into state 'RUNNING' from state 'PENDING' {{(pid=104731) _task_receiver /usr/local/lib/python3.8/dist-packages/taskflow/listeners/logging.py:190}}
May 18 14:38:21.568651 dv-cinder-787195-7-iscsi devstack@c-api.service[104732]: INFO cinder.api.openstack.wsgi [None req-12a53ff0-2110-4553-b12c-45a158ab0ba9 tempest-UserMessagesTest-1532671747 tempest-UserMessagesTest-1532671747-project] http://10.222.0.63/volume/v3/b0095cf375c64fabb5f96c8b3f66fa9e/volumes/cc610e34-fd71-4fa8-a156-b96ddcd58043 returned with HTTP 200
May 18 14:38:21.579547 dv-cinder-787195-7-iscsi devstack@c-api.service[104732]: [pid: 104732|app: 0|req: 70/143] 10.222.0.63 () {60 vars in 1365 bytes} [Tue May 18 14:38:21 2021] GET /volume/v3/b0095cf375c64fabb5f96c8b3f66fa9e/volumes/cc610e34-fd71-4fa8-a156-b96ddcd58043 => generated 940 bytes in 218 msecs (HTTP/1.1 200) 7 headers in 285 bytes (1 switches on core 0)
May 18 14:38:21.583812 dv-cinder-787195-7-iscsi devstack@c-api.service[104732]: INFO cinder.api.openstack.wsgi [None req-58f49c76-4e12-4e69-a11a-48f10754f7b7 tempest-UserMessagesTest-1532671747 tempest-UserMessagesTest-1532671747-project] GET http://10.222.0.63/volume/v3/b0095cf375c64fabb5f96c8b3f66fa9e/messages
May 18 14:38:21.584660 dv-cinder-787195-7-iscsi devstack@c-api.service[104732]: DEBUG cinder.api.openstack.wsgi [None req-58f49c76-4e12-4e69-a11a-48f10754f7b7 tempest-UserMessagesTest-1532671747 tempest-UserMessagesTest-1532671747-project] Empty body provided in request {{(pid=104732) get_body /opt/stack/cinder/cinder/api/openstack/wsgi.py:713}}
May 18 14:38:21.584660 dv-cinder-787195-7-iscsi devstack@c-api.service[104732]: /usr/local/lib/python3.8/dist-packages/webob/acceptparse.py:1047: DeprecationWarning: The behavior of AcceptValidHeader.best_match is currently being maintained for backward compatibility, but it will be deprecated in the future, as it does not conform to the RFC.
May 18 14:38:21.584660 dv-cinder-787195-7-iscsi devstack@c-api.service[104732]: warnings.warn(
May 18 14:38:21.584900 dv-cinder-787195-7-iscsi devstack@c-api.service[104732]: DEBUG cinder.api.openstack.wsgi [None req-58f49c76-4e12-4e69-a11a-48f10754f7b7 tempest-UserMessagesTest-1532671747 tempest-UserMessagesTest-1532671747-project] Calling method 'version_select' {{(pid=104732) _process_stack /opt/stack/cinder/cinder/api/openstack/wsgi.py:866}}
May 18 14:38:21.601954 dv-cinder-787195-7-iscsi devstack@c-api.service[104732]: INFO cinder.api.openstack.wsgi [None req-58f49c76-4e12-4e69-a11a-48f10754f7b7 tempest-UserMessagesTest-1532671747 tempest-UserMessagesTest-1532671747-project] http://10.222.0.63/volume/v3/b0095cf375c64fabb5f96c8b3f66fa9e/messages returned with HTTP 200
May 18 14:38:21.601954 dv-cinder-787195-7-iscsi devstack@c-api.service[104732]: [pid: 104732|app: 0|req: 71/144] 10.222.0.63 () {60 vars in 1257 bytes} [Tue May 18 14:38:21 2021] GET /volume/v3/b0095cf375c64fabb5f96c8b3f66fa9e/messages => generated 736 bytes in 22 msecs (HTTP/1.1 200) 7 headers in 285 bytes (2 switches on core 0)
May 18 14:38:21.612891 dv-cinder-787195-7-iscsi devstack@c-api.service[104732]: INFO cinder.api.openstack.wsgi [None req-d213d6a5-03dc-47e5-ba61-7aa67c266c08 tempest-UserMessagesTest-1532671747 tempest-UserMessagesTest-1532671747-project] GET http://10.222.0.63/volume/v3/b0095cf375c64fabb5f96c8b3f66fa9e/messages/835251b2-bd43-4604-913b-368fdd89a0de
May 18 14:38:21.613370 dv-cinder-787195-7-iscsi devstack@c-api.service[104732]: DEBUG cinder.api.openstack.wsgi [None req-d213d6a5-03dc-47e5-ba61-7aa67c266c08 tempest-UserMessagesTest-1532671747 tempest-UserMessagesTest-1532671747-project] Empty body provided in request {{(pid=104732) get_body /opt/stack/cinder/cinder/api/openstack/wsgi.py:713}}
May 18 14:38:21.613869 dv-cinder-787195-7-iscsi devstack@c-api.service[104732]: DEBUG cinder.api.openstack.wsgi [None req-d213d6a5-03dc-47e5-ba61-7aa67c266c08 tempest-UserMessagesTest-1532671747 tempest-UserMessagesTest-1532671747-project] Calling method 'version_select' {{(pid=104732) _process_stack /opt/stack/cinder/cinder/api/openstack/wsgi.py:866}}
May 18 14:38:21.621527 dv-cinder-787195-7-iscsi devstack@c-api.service[104732]: INFO cinder.api.openstack.wsgi [None req-d213d6a5-03dc-47e5-ba61-7aa67c266c08 tempest-UserMessagesTest-1532671747 tempest-UserMessagesTest-1532671747-project] http://10.222.0.63/volume/v3/b0095cf375c64fabb5f96c8b3f66fa9e/messages/835251b2-bd43-4604-913b-368fdd89a0de returned with HTTP 200
May 18 14:38:21.622274 dv-cinder-787195-7-iscsi devstack@c-api.service[104731]: WARNING cinder.quota [None req-897393e8-25cb-4945-a8a6-898fd2bc9fe4 tempest-GroupsTest-1869287194 tempest-GroupsTest-1869287194-project] Deprecated: Default quota for resource: volumes_tempest-GroupsTest-volume-type-1738535589 is set by the default quota flag: quota_volumes_tempest-GroupsTest-volume-type-1738535589, it is now deprecated. Please use the default quota class for default quota.
May 18 14:38:21.623287 dv-cinder-787195-7-iscsi devstack@c-api.service[104731]: WARNING cinder.quota [None req-897393e8-25cb-4945-a8a6-898fd2bc9fe4 tempest-GroupsTest-1869287194 tempest-GroupsTest-1869287194-project] Deprecated: Default quota for resource: gigabytes_tempest-GroupsTest-volume-type-1738535589 is set by the default quota flag: quota_gigabytes_tempest-GroupsTest-volume-type-1738535589, it is now deprecated. Please use the default quota class for default quota.
May 18 14:38:21.627841 dv-cinder-787195-7-iscsi devstack@c-api.service[104732]: [pid: 104732|app: 0|req: 72/145] 10.222.0.63 () {60 vars in 1368 bytes} [Tue May 18 14:38:21 2021] GET /volume/v3/b0095cf375c64fabb5f96c8b3f66fa9e/messages/835251b2-bd43-4604-913b-368fdd89a0de => generated 733 bytes in 20 msecs (HTTP/1.1 200) 7 headers in 285 bytes (1 switches on core 0)
May 18 14:38:21.631631 dv-cinder-787195-7-iscsi devstack@c-api.service[104732]: INFO cinder.api.openstack.wsgi [None req-75563c6d-144e-4507-89e7-bb8602050f9d tempest-UserMessagesTest-1532671747 tempest-UserMessagesTest-1532671747-project] GET http://10.222.0.63/volume/v3/b0095cf375c64fabb5f96c8b3f66fa9e/messages
May 18 14:38:21.632137 dv-cinder-787195-7-iscsi devstack@c-api.service[104732]: DEBUG cinder.api.openstack.wsgi [None req-75563c6d-144e-4507-89e7-bb8602050f9d tempest-UserMessagesTest-1532671747 tempest-UserMessagesTest-1532671747-project] Empty body provided in request {{(pid=104732) get_body /opt/stack/cinder/cinder/api/openstack/wsgi.py:713}}
May 18 14:38:21.632557 dv-cinder-787195-7-iscsi devstack@c-api.service[104732]: DEBUG cinder.api.openstack.wsgi [None req-75563c6d-144e-4507-89e7-bb8602050f9d tempest-UserMessagesTest-1532671747 tempest-UserMessagesTest-1532671747-project] Calling method 'version_select' {{(pid=104732) _process_stack /opt/stack/cinder/cinder/api/openstack/wsgi.py:866}}
May 18 14:38:21.640320 dv-cinder-787195-7-iscsi devstack@c-api.service[104732]: INFO cinder.api.openstack.wsgi [None req-75563c6d-144e-4507-89e7-bb8602050f9d tempest-UserMessagesTest-1532671747 tempest-UserMessagesTest-1532671747-project] http://10.222.0.63/volume/v3/b0095cf375c64fabb5f96c8b3f66fa9e/messages returned with HTTP 200
May 18 14:38:21.647220 dv-cinder-787195-7-iscsi devstack@c-api.service[104732]: [pid: 104732|app: 0|req: 73/146] 10.222.0.63 () {60 vars in 1257 bytes} [Tue May 18 14:38:21 2021] GET /volume/v3/b0095cf375c64fabb5f96c8b3f66fa9e/messages => generated 736 bytes in 19 msecs (HTTP/1.1 200) 7 headers in 285 bytes (1 switches on core 0)
May 18 14:38:21.652173 dv-cinder-787195-7-iscsi devstack@c-api.service[104732]: INFO cinder.api.openstack.wsgi [None req-8cd4388d-d160-464e-926d-584d97e9dc52 tempest-UserMessagesTest-1532671747 tempest-UserMessagesTest-1532671747-project] DELETE http://10.222.0.63/volume/v3/b0095cf375c64fabb5f96c8b3f66fa9e/messages/835251b2-bd43-4604-913b-368fdd89a0de
May 18 14:38:21.652698 dv-cinder-787195-7-iscsi devstack@c-api.service[104732]: DEBUG cinder.api.openstack.wsgi [None req-8cd4388d-d160-464e-926d-584d97e9dc52 tempest-UserMessagesTest-1532671747 tempest-UserMessagesTest-1532671747-project] Empty body provided in request {{(pid=104732) get_body /opt/stack/cinder/cinder/api/openstack/wsgi.py:713}}
May 18 14:38:21.653128 dv-cinder-787195-7-iscsi devstack@c-api.service[104732]: DEBUG cinder.api.openstack.wsgi [None req-8cd4388d-d160-464e-926d-584d97e9dc52 tempest-UserMessagesTest-1532671747 tempest-UserMessagesTest-1532671747-project] Calling method 'version_select' {{(pid=104732) _process_stack /opt/stack/cinder/cinder/api/openstack/wsgi.py:866}}
May 18 14:38:21.672116 dv-cinder-787195-7-iscsi devstack@c-api.service[104732]: INFO cinder.api.openstack.wsgi [None req-8cd4388d-d160-464e-926d-584d97e9dc52 tempest-UserMessagesTest-1532671747 tempest-UserMessagesTest-1532671747-project] http://10.222.0.63/volume/v3/b0095cf375c64fabb5f96c8b3f66fa9e/messages/835251b2-bd43-4604-913b-368fdd89a0de returned with HTTP 204
May 18 14:38:21.672968 dv-cinder-787195-7-iscsi devstack@c-api.service[104732]: [pid: 104732|app: 0|req: 74/147] 10.222.0.63 () {60 vars in 1371 bytes} [Tue May 18 14:38:21 2021] DELETE /volume/v3/b0095cf375c64fabb5f96c8b3f66fa9e/messages/835251b2-bd43-4604-913b-368fdd89a0de => generated 0 bytes in 25 msecs (HTTP/1.1 204) 6 headers in 235 bytes (1 switches on core 0)
May 18 14:38:21.682232 dv-cinder-787195-7-iscsi devstack@c-api.service[104732]: INFO cinder.api.openstack.wsgi [None req-cdba49b9-c3e2-4ef5-87c3-ebb76b1168d8 tempest-UserMessagesTest-1532671747 tempest-UserMessagesTest-1532671747-project] DELETE http://10.222.0.63/volume/v3/b0095cf375c64fabb5f96c8b3f66fa9e/volumes/cc610e34-fd71-4fa8-a156-b96ddcd58043
May 18 14:38:21.683692 dv-cinder-787195-7-iscsi devstack@c-api.service[104732]: DEBUG cinder.api.openstack.wsgi [None req-cdba49b9-c3e2-4ef5-87c3-ebb76b1168d8 tempest-UserMessagesTest-1532671747 tempest-UserMessagesTest-1532671747-project] Empty body provided in request {{(pid=104732) get_body /opt/stack/cinder/cinder/api/openstack/wsgi.py:713}}
May 18 14:38:21.683692 dv-cinder-787195-7-iscsi devstack@c-api.service[104732]: DEBUG cinder.api.openstack.wsgi [None req-cdba49b9-c3e2-4ef5-87c3-ebb76b1168d8 tempest-UserMessagesTest-1532671747 tempest-UserMessagesTest-1532671747-project] Calling method 'delete' {{(pid=104732) _process_stack /opt/stack/cinder/cinder/api/openstack/wsgi.py:866}}
May 18 14:38:21.683692 dv-cinder-787195-7-iscsi devstack@c-api.service[104732]: INFO cinder.api.v3.volumes [None req-cdba49b9-c3e2-4ef5-87c3-ebb76b1168d8 tempest-UserMessagesTest-1532671747 tempest-UserMessagesTest-1532671747-project] Delete volume with id: cc610e34-fd71-4fa8-a156-b96ddcd58043
May 18 14:38:21.702673 dv-cinder-787195-7-iscsi devstack@c-api.service[104731]: DEBUG cinder.quota [None req-897393e8-25cb-4945-a8a6-898fd2bc9fe4 tempest-GroupsTest-1869287194 tempest-GroupsTest-1869287194-project] Created reservations ['52b4a203-afe6-490f-b308-5a1bdbcaa934', '7f1e6189-2c9d-44ec-9889-8ccbda63efe0', 'b45f572e-7b21-4a65-876e-44c8291597dd', 'd40ab607-a6b7-42c9-b9a6-5c86d9638048'] {{(pid=104731) reserve /opt/stack/cinder/cinder/quota.py:755}}
May 18 14:38:21.704807 dv-cinder-787195-7-iscsi devstack@c-api.service[104731]: DEBUG cinder.volume.api [None req-897393e8-25cb-4945-a8a6-898fd2bc9fe4 tempest-GroupsTest-1869287194 tempest-GroupsTest-1869287194-project] Task 'cinder.volume.flows.api.create_volume.QuotaReserveTask;volume:create' (d38089e9-4903-4516-a005-15b32a471465) transitioned into state 'SUCCESS' from state 'RUNNING' with result '{'reservations': ['52b4a203-afe6-490f-b308-5a1bdbcaa934', '7f1e6189-2c9d-44ec-9889-8ccbda63efe0', 'b45f572e-7b21-4a65-876e-44c8291597dd', 'd40ab607-a6b7-42c9-b9a6-5c86d9638048']}' {{(pid=104731) _task_receiver /usr/local/lib/python3.8/dist-packages/taskflow/listeners/logging.py:178}}
May 18 14:38:21.707514 dv-cinder-787195-7-iscsi devstack@c-api.service[104731]: DEBUG cinder.volume.api [None req-897393e8-25cb-4945-a8a6-898fd2bc9fe4 tempest-GroupsTest-1869287194 tempest-GroupsTest-1869287194-project] Task 'cinder.volume.flows.api.create_volume.EntryCreateTask;volume:create' (72bbbc80-9417-45c9-ab91-7cce472bfc9e) transitioned into state 'RUNNING' from state 'PENDING' {{(pid=104731) _task_receiver /usr/local/lib/python3.8/dist-packages/taskflow/listeners/logging.py:190}}
May 18 14:38:21.756509 dv-cinder-787195-7-iscsi devstack@c-api.service[104732]: /usr/local/lib/python3.8/dist-packages/oslo_context/context.py:105: DeprecationWarning: Policy enforcement is depending on the value of is_admin. This key is deprecated. Please update your policy file to use the standard policy values.
May 18 14:38:21.756509 dv-cinder-787195-7-iscsi devstack@c-api.service[104732]: warnings.warn('Policy enforcement is depending on the value of '
May 18 14:38:21.757682 dv-cinder-787195-7-iscsi devstack@c-api.service[104732]: INFO cinder.volume.api [None req-cdba49b9-c3e2-4ef5-87c3-ebb76b1168d8 tempest-UserMessagesTest-1532671747 tempest-UserMessagesTest-1532671747-project] Volume info retrieved successfully.
May 18 14:38:21.760297 dv-cinder-787195-7-iscsi devstack@c-api.service[104732]: DEBUG cinder.volume.api [None req-cdba49b9-c3e2-4ef5-87c3-ebb76b1168d8 tempest-UserMessagesTest-1532671747 tempest-UserMessagesTest-1532671747-project] Decrease volume quotas only if status is not error_managing. {{(pid=104732) delete /opt/stack/cinder/cinder/volume/api.py:406}}
May 18 14:38:21.787211 dv-cinder-787195-7-iscsi devstack@c-api.service[104731]: DEBUG cinder.volume.api [None req-897393e8-25cb-4945-a8a6-898fd2bc9fe4 tempest-GroupsTest-1869287194 tempest-GroupsTest-1869287194-project] Task 'cinder.volume.flows.api.create_volume.EntryCreateTask;volume:create' (72bbbc80-9417-45c9-ab91-7cce472bfc9e) transitioned into state 'SUCCESS' from state 'RUNNING' with result '{'volume_id': 'd00c4fd5-3368-4f04-afec-c1cc26a0550f', 'volume_properties': VolumeProperties(attach_status='detached',availability_zone='nova',cgsnapshot_id=None,consistencygroup_id=None,display_description=None,display_name='tempest-volume-528145197',encryption_key_id=None,group_id=d2c8b3d8-133e-4351-b22e-9d20259b553e,group_type_id=,metadata={},multiattach=False,project_id='00f0f4208a0749b4a0fe146d6121fef9',qos_specs=None,replication_status=,reservations=['52b4a203-afe6-490f-b308-5a1bdbcaa934','7f1e6189-2c9d-44ec-9889-8ccbda63efe0','b45f572e-7b21-4a65-876e-44c8291597dd','d40ab607-a6b7-42c9-b9a6-5c86d9638048'],size=1,snapshot_id=None,source_replicaid=,source_volid=None,status='creating',user_id='f93c4bf850724af29c19a43b01c13760',volume_type_id=d5de6ebb-c473-472b-ad8f-19bf367d2109), 'volume': Volume(_name_id=None,admin_metadata=,attach_status='detached',availability_zone='nova',bootable=False,cluster=,cluster_name=None,consistencygroup=,consistencygroup_id=None,created_at=2021-05-18T14:38:21Z,deleted=False,deleted_at=None,display_description=None,display_name='tempest-volume-528145197',ec2_id=None,encryption_key_id=None,glance_metadata=,group=,group_id=d2c8b3d8-133e-4351-b22e-9d20259b553e,host=None,id=d00c4fd5-3368-4f04-afec-c1cc26a0550f,launched_at=None,metadata={},migration_status=None,multiattach=False,previous_status=None,project_id='00f0f4208a0749b4a0fe146d6121fef9',provider_auth=None,provider_geometry=None,provider_id=None,provider_location=None,replication_driver_data=None,replication_extended_status=None,replication_status=None,scheduled_at=None,service_uuid=None,shared_targets=True,size=1,snapshot_id=None,snapshots=,source_volid=None,status='creating',terminated_at=None,updated_at=None,user_id='f93c4bf850724af29c19a43b01c13760',volume_attachment=,volume_type=VolumeType(d5de6ebb-c473-472b-ad8f-19bf367d2109),volume_type_id=d5de6ebb-c473-472b-ad8f-19bf367d2109)}' {{(pid=104731) _task_receiver /usr/local/lib/python3.8/dist-packages/taskflow/listeners/logging.py:178}}
May 18 14:38:21.790229 dv-cinder-787195-7-iscsi devstack@c-api.service[104731]: DEBUG cinder.volume.api [None req-897393e8-25cb-4945-a8a6-898fd2bc9fe4 tempest-GroupsTest-1869287194 tempest-GroupsTest-1869287194-project] Task 'cinder.volume.flows.api.create_volume.QuotaCommitTask;volume:create' (a1ba98d7-59bb-4951-aacb-a988b9f49d78) transitioned into state 'RUNNING' from state 'PENDING' {{(pid=104731) _task_receiver /usr/local/lib/python3.8/dist-packages/taskflow/listeners/logging.py:190}}
May 18 14:38:21.792538 dv-cinder-787195-7-iscsi devstack@c-api.service[104732]: WARNING cinder.quota [None req-cdba49b9-c3e2-4ef5-87c3-ebb76b1168d8 tempest-UserMessagesTest-1532671747 tempest-UserMessagesTest-1532671747-project] Deprecated: Default quota for resource: volumes_tempest-UserMessagesTest-volume-type-1534662209 is set by the default quota flag: quota_volumes_tempest-UserMessagesTest-volume-type-1534662209, it is now deprecated. Please use the default quota class for default quota.
May 18 14:38:21.793465 dv-cinder-787195-7-iscsi devstack@c-api.service[104732]: WARNING cinder.quota [None req-cdba49b9-c3e2-4ef5-87c3-ebb76b1168d8 tempest-UserMessagesTest-1532671747 tempest-UserMessagesTest-1532671747-project] Deprecated: Default quota for resource: gigabytes_tempest-UserMessagesTest-volume-type-1534662209 is set by the default quota flag: quota_gigabytes_tempest-UserMessagesTest-volume-type-1534662209, it is now deprecated. Please use the default quota class for default quota.
May 18 14:38:21.810529 dv-cinder-787195-7-iscsi devstack@c-api.service[104732]: DEBUG cinder.quota [None req-cdba49b9-c3e2-4ef5-87c3-ebb76b1168d8 tempest-UserMessagesTest-1532671747 tempest-UserMessagesTest-1532671747-project] Created reservations ['e2c4b2ad-512e-4249-b51e-42db07fe3f52', 'e700f579-ff47-45ba-9918-b27f218dca2c', '28217174-cbfc-4690-98ee-340f19f4ecca', 'd2a434b5-cfac-4752-b51a-08fe4f73a3ca'] {{(pid=104732) reserve /opt/stack/cinder/cinder/quota.py:755}}
May 18 14:38:21.840172 dv-cinder-787195-7-iscsi devstack@c-api.service[104731]: DEBUG cinder.volume.api [None req-897393e8-25cb-4945-a8a6-898fd2bc9fe4 tempest-GroupsTest-1869287194 tempest-GroupsTest-1869287194-project] Task 'cinder.volume.flows.api.create_volume.QuotaCommitTask;volume:create' (a1ba98d7-59bb-4951-aacb-a988b9f49d78) transitioned into state 'SUCCESS' from state 'RUNNING' with result '{'volume_properties': VolumeProperties(attach_status='detached',availability_zone='nova',cgsnapshot_id=None,consistencygroup_id=None,display_description=None,display_name='tempest-volume-528145197',encryption_key_id=None,group_id=d2c8b3d8-133e-4351-b22e-9d20259b553e,group_type_id=,metadata={},multiattach=False,project_id='00f0f4208a0749b4a0fe146d6121fef9',qos_specs=None,replication_status=,reservations=['52b4a203-afe6-490f-b308-5a1bdbcaa934','7f1e6189-2c9d-44ec-9889-8ccbda63efe0','b45f572e-7b21-4a65-876e-44c8291597dd','d40ab607-a6b7-42c9-b9a6-5c86d9638048'],size=1,snapshot_id=None,source_replicaid=,source_volid=None,status='creating',user_id='f93c4bf850724af29c19a43b01c13760',volume_type_id=d5de6ebb-c473-472b-ad8f-19bf367d2109)}' {{(pid=104731) _task_receiver /usr/local/lib/python3.8/dist-packages/taskflow/listeners/logging.py:178}}
May 18 14:38:21.845359 dv-cinder-787195-7-iscsi devstack@c-api.service[104731]: DEBUG cinder.volume.api [None req-897393e8-25cb-4945-a8a6-898fd2bc9fe4 tempest-GroupsTest-1869287194 tempest-GroupsTest-1869287194-project] Task 'cinder.volume.flows.api.create_volume.VolumeCastTask;volume:create' (dc995bfb-8213-4d37-b11d-92883a571473) transitioned into state 'RUNNING' from state 'PENDING' {{(pid=104731) _task_receiver /usr/local/lib/python3.8/dist-packages/taskflow/listeners/logging.py:190}}
May 18 14:38:21.901948 dv-cinder-787195-7-iscsi devstack@c-api.service[104731]: DEBUG cinder.volume.api [None req-897393e8-25cb-4945-a8a6-898fd2bc9fe4 tempest-GroupsTest-1869287194 tempest-GroupsTest-1869287194-project] Task 'cinder.volume.flows.api.create_volume.VolumeCastTask;volume:create' (dc995bfb-8213-4d37-b11d-92883a571473) transitioned into state 'SUCCESS' from state 'RUNNING' with result 'None' {{(pid=104731) _task_receiver /usr/local/lib/python3.8/dist-packages/taskflow/listeners/logging.py:178}}
May 18 14:38:21.911823 dv-cinder-787195-7-iscsi devstack@c-api.service[104732]: INFO cinder.volume.api [None req-cdba49b9-c3e2-4ef5-87c3-ebb76b1168d8 tempest-UserMessagesTest-1532671747 tempest-UserMessagesTest-1532671747-project] Delete volume request issued successfully.
May 18 14:38:21.912191 dv-cinder-787195-7-iscsi devstack@c-api.service[104732]: INFO cinder.api.openstack.wsgi [None req-cdba49b9-c3e2-4ef5-87c3-ebb76b1168d8 tempest-UserMessagesTest-1532671747 tempest-UserMessagesTest-1532671747-project] http://10.222.0.63/volume/v3/b0095cf375c64fabb5f96c8b3f66fa9e/volumes/cc610e34-fd71-4fa8-a156-b96ddcd58043 returned with HTTP 202
May 18 14:38:21.913083 dv-cinder-787195-7-iscsi devstack@c-api.service[104732]: [pid: 104732|app: 0|req: 75/148] 10.222.0.63 () {58 vars in 1328 bytes} [Tue May 18 14:38:21 2021] DELETE /volume/v3/b0095cf375c64fabb5f96c8b3f66fa9e/volumes/cc610e34-fd71-4fa8-a156-b96ddcd58043 => generated 0 bytes in 234 msecs (HTTP/1.1 202) 6 headers in 233 bytes (2 switches on core 0)
May 18 14:38:21.913726 dv-cinder-787195-7-iscsi devstack@c-api.service[104731]: DEBUG cinder.volume.api [None req-897393e8-25cb-4945-a8a6-898fd2bc9fe4 tempest-GroupsTest-1869287194 tempest-GroupsTest-1869287194-project] Flow 'volume_create_api' (cbb9398f-1a42-429f-81a1-dd9d8f33f583) transitioned into state 'SUCCESS' from state 'RUNNING' {{(pid=104731) _flow_receiver /usr/local/lib/python3.8/dist-packages/taskflow/listeners/logging.py:141}}
May 18 14:38:21.918727 dv-cinder-787195-7-iscsi devstack@c-api.service[104732]: INFO cinder.api.openstack.wsgi [None req-b7987306-7f82-4a59-98ae-bbed06ba91b5 tempest-GroupSnapshotsTest-782827930 tempest-GroupSnapshotsTest-782827930-project] GET http://10.222.0.63/volume/v3/86490aa763ab4d52863e9138014837fd/volumes/ad494608-98fe-47bb-954c-a7a8d5feacae
May 18 14:38:21.919590 dv-cinder-787195-7-iscsi devstack@c-api.service[104732]: DEBUG cinder.api.openstack.wsgi [None req-b7987306-7f82-4a59-98ae-bbed06ba91b5 tempest-GroupSnapshotsTest-782827930 tempest-GroupSnapshotsTest-782827930-project] Empty body provided in request {{(pid=104732) get_body /opt/stack/cinder/cinder/api/openstack/wsgi.py:713}}
May 18 14:38:21.919904 dv-cinder-787195-7-iscsi devstack@c-api.service[104732]: /usr/local/lib/python3.8/dist-packages/webob/acceptparse.py:1047: DeprecationWarning: The behavior of AcceptValidHeader.best_match is currently being maintained for backward compatibility, but it will be deprecated in the future, as it does not conform to the RFC.
May 18 14:38:21.919904 dv-cinder-787195-7-iscsi devstack@c-api.service[104732]: warnings.warn(
May 18 14:38:21.920578 dv-cinder-787195-7-iscsi devstack@c-api.service[104732]: DEBUG cinder.api.openstack.wsgi [None req-b7987306-7f82-4a59-98ae-bbed06ba91b5 tempest-GroupSnapshotsTest-782827930 tempest-GroupSnapshotsTest-782827930-project] Calling method 'show' {{(pid=104732) _process_stack /opt/stack/cinder/cinder/api/openstack/wsgi.py:866}}
May 18 14:38:21.934808 dv-cinder-787195-7-iscsi devstack@c-api.service[104731]: INFO cinder.volume.api [None req-897393e8-25cb-4945-a8a6-898fd2bc9fe4 tempest-GroupsTest-1869287194 tempest-GroupsTest-1869287194-project] Create volume request issued successfully.
May 18 14:38:21.987324 dv-cinder-787195-7-iscsi devstack@c-api.service[104731]: WARNING stevedore.named [None req-897393e8-25cb-4945-a8a6-898fd2bc9fe4 tempest-GroupsTest-1869287194 tempest-GroupsTest-1869287194-project] Could not load cinder.keymgr.conf_key_mgr.ConfKeyManager
May 18 14:38:21.992571 dv-cinder-787195-7-iscsi devstack@c-api.service[104731]: WARNING castellan.key_manager [None req-897393e8-25cb-4945-a8a6-898fd2bc9fe4 tempest-GroupsTest-1869287194 tempest-GroupsTest-1869287194-project] Deprecation Warning : cinder.keymgr.conf_key_mgr.ConfKeyManager is not a stevedore based driver, trying to load it as a class: stevedore.exception.NoMatches: No 'castellan.drivers' driver found, looking for 'cinder.keymgr.conf_key_mgr.ConfKeyManager'
May 18 14:38:22.014612 dv-cinder-787195-7-iscsi devstack@c-api.service[104731]: DEBUG oslo_db.sqlalchemy.engines [None req-897393e8-25cb-4945-a8a6-898fd2bc9fe4 tempest-GroupsTest-1869287194 tempest-GroupsTest-1869287194-project] MySQL server mode set to STRICT_TRANS_TABLES,STRICT_ALL_TABLES,NO_ZERO_IN_DATE,NO_ZERO_DATE,ERROR_FOR_DIVISION_BY_ZERO,TRADITIONAL,NO_ENGINE_SUBSTITUTION {{(pid=104731) _check_effective_sql_mode /usr/local/lib/python3.8/dist-packages/oslo_db/sqlalchemy/engines.py:314}}
