Apr 30 16:06:06.396388 dv-cinder-787195-6-smb devstack@c-api.service[80778]: INFO cinder.api.openstack.wsgi [req-0da52125-1141-4640-af92-7b496113d905 req-da1a35c6-bed1-4287-9019-67f886825e3c tempest-AttachVolumeNegativeTest-1304385114 tempest-AttachVolumeNegativeTest-1304385114-project] http://10.222.0.67/volume/v3/00ffd47a0b304e5cab764aa3194c9f1e/volumes/bfe65e0a-f556-4a97-90c1-bcfe81ce6fbc/action returned with HTTP 202
Apr 30 16:06:06.397309 dv-cinder-787195-6-smb devstack@c-api.service[80778]: [pid: 80778|app: 0|req: 177/351] 10.222.0.67 () {64 vars in 1653 bytes} [Fri Apr 30 16:06:06 2021] POST /volume/v3/00ffd47a0b304e5cab764aa3194c9f1e/volumes/bfe65e0a-f556-4a97-90c1-bcfe81ce6fbc/action => generated 0 bytes in 84 msecs (HTTP/1.1 202) 7 headers in 289 bytes (1 switches on core 0)
Apr 30 16:06:06.422765 dv-cinder-787195-6-smb devstack@c-api.service[80779]: INFO cinder.api.openstack.wsgi [None req-c7af7e4a-d1de-4aa7-8caf-5702b466a7d5 tempest-AttachVolumeNegativeTest-1304385114 tempest-AttachVolumeNegativeTest-1304385114-project] GET http://10.222.0.67/volume/v3/00ffd47a0b304e5cab764aa3194c9f1e/volumes/bfe65e0a-f556-4a97-90c1-bcfe81ce6fbc
Apr 30 16:06:06.423357 dv-cinder-787195-6-smb devstack@c-api.service[80779]: DEBUG cinder.api.openstack.wsgi [None req-c7af7e4a-d1de-4aa7-8caf-5702b466a7d5 tempest-AttachVolumeNegativeTest-1304385114 tempest-AttachVolumeNegativeTest-1304385114-project] Empty body provided in request {{(pid=80779) get_body /opt/stack/cinder/cinder/api/openstack/wsgi.py:713}}
Apr 30 16:06:06.423630 dv-cinder-787195-6-smb devstack@c-api.service[80779]: /usr/local/lib/python3.8/dist-packages/webob/acceptparse.py:1047: DeprecationWarning: The behavior of AcceptValidHeader.best_match is currently being maintained for backward compatibility, but it will be deprecated in the future, as it does not conform to the RFC.
Apr 30 16:06:06.423630 dv-cinder-787195-6-smb devstack@c-api.service[80779]: warnings.warn(
Apr 30 16:06:06.424119 dv-cinder-787195-6-smb devstack@c-api.service[80779]: DEBUG cinder.api.openstack.wsgi [None req-c7af7e4a-d1de-4aa7-8caf-5702b466a7d5 tempest-AttachVolumeNegativeTest-1304385114 tempest-AttachVolumeNegativeTest-1304385114-project] Calling method 'show' {{(pid=80779) _process_stack /opt/stack/cinder/cinder/api/openstack/wsgi.py:866}}
Apr 30 16:06:06.488946 dv-cinder-787195-6-smb devstack@c-api.service[80779]: /usr/local/lib/python3.8/dist-packages/oslo_context/context.py:105: DeprecationWarning: Policy enforcement is depending on the value of is_admin. This key is deprecated. Please update your policy file to use the standard policy values.
Apr 30 16:06:06.488946 dv-cinder-787195-6-smb devstack@c-api.service[80779]: warnings.warn('Policy enforcement is depending on the value of '
Apr 30 16:06:06.498471 dv-cinder-787195-6-smb devstack@c-api.service[80779]: INFO cinder.volume.api [None req-c7af7e4a-d1de-4aa7-8caf-5702b466a7d5 tempest-AttachVolumeNegativeTest-1304385114 tempest-AttachVolumeNegativeTest-1304385114-project] Volume info retrieved successfully.
Apr 30 16:06:06.511282 dv-cinder-787195-6-smb devstack@c-api.service[80778]: INFO cinder.api.openstack.wsgi [req-0da52125-1141-4640-af92-7b496113d905 req-da1a35c6-bed1-4287-9019-67f886825e3c tempest-AttachVolumeNegativeTest-1304385114 tempest-AttachVolumeNegativeTest-1304385114-project] GET http://10.222.0.67/volume//
Apr 30 16:06:06.511710 dv-cinder-787195-6-smb devstack@c-api.service[80778]: DEBUG cinder.api.openstack.wsgi [req-0da52125-1141-4640-af92-7b496113d905 req-da1a35c6-bed1-4287-9019-67f886825e3c tempest-AttachVolumeNegativeTest-1304385114 tempest-AttachVolumeNegativeTest-1304385114-project] Empty body provided in request {{(pid=80778) get_body /opt/stack/cinder/cinder/api/openstack/wsgi.py:713}}
Apr 30 16:06:06.511904 dv-cinder-787195-6-smb devstack@c-api.service[80778]: /usr/local/lib/python3.8/dist-packages/webob/acceptparse.py:1047: DeprecationWarning: The behavior of AcceptValidHeader.best_match is currently being maintained for backward compatibility, but it will be deprecated in the future, as it does not conform to the RFC.
Apr 30 16:06:06.511904 dv-cinder-787195-6-smb devstack@c-api.service[80778]: warnings.warn(
Apr 30 16:06:06.512240 dv-cinder-787195-6-smb devstack@c-api.service[80778]: DEBUG cinder.api.openstack.wsgi [req-0da52125-1141-4640-af92-7b496113d905 req-da1a35c6-bed1-4287-9019-67f886825e3c tempest-AttachVolumeNegativeTest-1304385114 tempest-AttachVolumeNegativeTest-1304385114-project] Calling method 'all' {{(pid=80778) _process_stack /opt/stack/cinder/cinder/api/openstack/wsgi.py:866}}
Apr 30 16:06:06.513534 dv-cinder-787195-6-smb devstack@c-api.service[80778]: INFO cinder.api.openstack.wsgi [req-0da52125-1141-4640-af92-7b496113d905 req-da1a35c6-bed1-4287-9019-67f886825e3c tempest-AttachVolumeNegativeTest-1304385114 tempest-AttachVolumeNegativeTest-1304385114-project] http://10.222.0.67/volume// returned with HTTP 300
Apr 30 16:06:06.515096 dv-cinder-787195-6-smb devstack@c-api.service[80778]: [pid: 80778|app: 0|req: 178/352] 10.222.0.65 () {56 vars in 1099 bytes} [Fri Apr 30 16:06:06 2021] GET /volume/ => generated 754 bytes in 4 msecs (HTTP/1.1 300) 5 headers in 169 bytes (2 switches on core 0)
Apr 30 16:06:06.521634 dv-cinder-787195-6-smb devstack@c-api.service[80779]: /usr/local/lib/python3.8/dist-packages/oslo_context/context.py:105: DeprecationWarning: Policy enforcement is depending on the value of is_admin. This key is deprecated. Please update your policy file to use the standard policy values.
Apr 30 16:06:06.521634 dv-cinder-787195-6-smb devstack@c-api.service[80779]: warnings.warn('Policy enforcement is depending on the value of '
Apr 30 16:06:06.531968 dv-cinder-787195-6-smb devstack@c-api.service[80779]: INFO cinder.api.openstack.wsgi [None req-c7af7e4a-d1de-4aa7-8caf-5702b466a7d5 tempest-AttachVolumeNegativeTest-1304385114 tempest-AttachVolumeNegativeTest-1304385114-project] http://10.222.0.67/volume/v3/00ffd47a0b304e5cab764aa3194c9f1e/volumes/bfe65e0a-f556-4a97-90c1-bcfe81ce6fbc returned with HTTP 200
Apr 30 16:06:06.533322 dv-cinder-787195-6-smb devstack@c-api.service[80779]: [pid: 80779|app: 0|req: 175/353] 10.222.0.67 () {58 vars in 1325 bytes} [Fri Apr 30 16:06:06 2021] GET /volume/v3/00ffd47a0b304e5cab764aa3194c9f1e/volumes/bfe65e0a-f556-4a97-90c1-bcfe81ce6fbc => generated 1211 bytes in 115 msecs (HTTP/1.1 200) 7 headers in 286 bytes (1 switches on core 0)
Apr 30 16:06:06.542021 dv-cinder-787195-6-smb devstack@c-api.service[80778]: INFO cinder.api.openstack.wsgi [req-0da52125-1141-4640-af92-7b496113d905 req-9833f5d7-7e77-4d4b-88c0-0da4f539bcce tempest-AttachVolumeNegativeTest-1304385114 tempest-AttachVolumeNegativeTest-1304385114-project] GET http://10.222.0.67/volume/v3/00ffd47a0b304e5cab764aa3194c9f1e/volumes/bfe65e0a-f556-4a97-90c1-bcfe81ce6fbc
Apr 30 16:06:06.542021 dv-cinder-787195-6-smb devstack@c-api.service[80778]: DEBUG cinder.api.openstack.wsgi [req-0da52125-1141-4640-af92-7b496113d905 req-9833f5d7-7e77-4d4b-88c0-0da4f539bcce tempest-AttachVolumeNegativeTest-1304385114 tempest-AttachVolumeNegativeTest-1304385114-project] Empty body provided in request {{(pid=80778) get_body /opt/stack/cinder/cinder/api/openstack/wsgi.py:713}}
Apr 30 16:06:06.542021 dv-cinder-787195-6-smb devstack@c-api.service[80778]: DEBUG cinder.api.openstack.wsgi [req-0da52125-1141-4640-af92-7b496113d905 req-9833f5d7-7e77-4d4b-88c0-0da4f539bcce tempest-AttachVolumeNegativeTest-1304385114 tempest-AttachVolumeNegativeTest-1304385114-project] Calling method 'show' {{(pid=80778) _process_stack /opt/stack/cinder/cinder/api/openstack/wsgi.py:866}}
Apr 30 16:06:06.623923 dv-cinder-787195-6-smb devstack@c-api.service[80778]: /usr/local/lib/python3.8/dist-packages/oslo_context/context.py:105: DeprecationWarning: Policy enforcement is depending on the value of is_admin. This key is deprecated. Please update your policy file to use the standard policy values.
Apr 30 16:06:06.623923 dv-cinder-787195-6-smb devstack@c-api.service[80778]: warnings.warn('Policy enforcement is depending on the value of '
Apr 30 16:06:06.632410 dv-cinder-787195-6-smb devstack@c-api.service[80778]: INFO cinder.volume.api [req-0da52125-1141-4640-af92-7b496113d905 req-9833f5d7-7e77-4d4b-88c0-0da4f539bcce tempest-AttachVolumeNegativeTest-1304385114 tempest-AttachVolumeNegativeTest-1304385114-project] Volume info retrieved successfully.
Apr 30 16:06:06.657601 dv-cinder-787195-6-smb devstack@c-api.service[80778]: /usr/local/lib/python3.8/dist-packages/oslo_context/context.py:105: DeprecationWarning: Policy enforcement is depending on the value of is_admin. This key is deprecated. Please update your policy file to use the standard policy values.
Apr 30 16:06:06.657601 dv-cinder-787195-6-smb devstack@c-api.service[80778]: warnings.warn('Policy enforcement is depending on the value of '
Apr 30 16:06:06.666827 dv-cinder-787195-6-smb devstack@c-api.service[80778]: INFO cinder.api.openstack.wsgi [req-0da52125-1141-4640-af92-7b496113d905 req-9833f5d7-7e77-4d4b-88c0-0da4f539bcce tempest-AttachVolumeNegativeTest-1304385114 tempest-AttachVolumeNegativeTest-1304385114-project] http://10.222.0.67/volume/v3/00ffd47a0b304e5cab764aa3194c9f1e/volumes/bfe65e0a-f556-4a97-90c1-bcfe81ce6fbc returned with HTTP 200
Apr 30 16:06:06.668164 dv-cinder-787195-6-smb devstack@c-api.service[80778]: [pid: 80778|app: 0|req: 179/354] 10.222.0.65 () {60 vars in 1413 bytes} [Fri Apr 30 16:06:06 2021] GET /volume/v3/00ffd47a0b304e5cab764aa3194c9f1e/volumes/bfe65e0a-f556-4a97-90c1-bcfe81ce6fbc => generated 1310 bytes in 131 msecs (HTTP/1.1 200) 7 headers in 287 bytes (2 switches on core 0)
Apr 30 16:06:07.315335 dv-cinder-787195-6-smb devstack@c-api.service[80779]: INFO cinder.api.openstack.wsgi [req-0da52125-1141-4640-af92-7b496113d905 req-ebc7bee7-1a61-493d-a544-3965c8d7f6ae tempest-AttachVolumeNegativeTest-1304385114 tempest-AttachVolumeNegativeTest-1304385114-project] DELETE http://10.222.0.67/volume/v3/00ffd47a0b304e5cab764aa3194c9f1e/attachments/416c4dd3-4e79-4a3d-902c-229fea97e149
Apr 30 16:06:07.315995 dv-cinder-787195-6-smb devstack@c-api.service[80779]: DEBUG cinder.api.openstack.wsgi [req-0da52125-1141-4640-af92-7b496113d905 req-ebc7bee7-1a61-493d-a544-3965c8d7f6ae tempest-AttachVolumeNegativeTest-1304385114 tempest-AttachVolumeNegativeTest-1304385114-project] Empty body provided in request {{(pid=80779) get_body /opt/stack/cinder/cinder/api/openstack/wsgi.py:713}}
Apr 30 16:06:07.315995 dv-cinder-787195-6-smb devstack@c-api.service[80779]: /usr/local/lib/python3.8/dist-packages/webob/acceptparse.py:1047: DeprecationWarning: The behavior of AcceptValidHeader.best_match is currently being maintained for backward compatibility, but it will be deprecated in the future, as it does not conform to the RFC.
Apr 30 16:06:07.315995 dv-cinder-787195-6-smb devstack@c-api.service[80779]: warnings.warn(
Apr 30 16:06:07.316264 dv-cinder-787195-6-smb devstack@c-api.service[80779]: DEBUG cinder.api.openstack.wsgi [req-0da52125-1141-4640-af92-7b496113d905 req-ebc7bee7-1a61-493d-a544-3965c8d7f6ae tempest-AttachVolumeNegativeTest-1304385114 tempest-AttachVolumeNegativeTest-1304385114-project] Calling method 'version_select' {{(pid=80779) _process_stack /opt/stack/cinder/cinder/api/openstack/wsgi.py:866}}
Apr 30 16:06:07.358817 dv-cinder-787195-6-smb devstack@c-api.service[80779]: /usr/local/lib/python3.8/dist-packages/oslo_context/context.py:105: DeprecationWarning: Policy enforcement is depending on the value of is_admin. This key is deprecated. Please update your policy file to use the standard policy values.
Apr 30 16:06:07.358817 dv-cinder-787195-6-smb devstack@c-api.service[80779]: warnings.warn('Policy enforcement is depending on the value of '
Apr 30 16:06:07.395025 dv-cinder-787195-6-smb devstack@c-api.service[80778]: INFO cinder.api.openstack.wsgi [None req-c78c7b54-1638-4957-8d1d-4dd0818ab373 tempest-VolumeTypesTest-448507935 tempest-VolumeTypesTest-448507935-project] GET http://10.222.0.67/volume/v3/d676eca964af4404a0a86a33d02c4b4b/volumes/c95b1eab-eb01-4038-a896-50d8574c6675
Apr 30 16:06:07.395709 dv-cinder-787195-6-smb devstack@c-api.service[80778]: DEBUG cinder.api.openstack.wsgi [None req-c78c7b54-1638-4957-8d1d-4dd0818ab373 tempest-VolumeTypesTest-448507935 tempest-VolumeTypesTest-448507935-project] Empty body provided in request {{(pid=80778) get_body /opt/stack/cinder/cinder/api/openstack/wsgi.py:713}}
Apr 30 16:06:07.395912 dv-cinder-787195-6-smb devstack@c-api.service[80778]: /usr/local/lib/python3.8/dist-packages/webob/acceptparse.py:1047: DeprecationWarning: The behavior of AcceptValidHeader.best_match is currently being maintained for backward compatibility, but it will be deprecated in the future, as it does not conform to the RFC.
Apr 30 16:06:07.395912 dv-cinder-787195-6-smb devstack@c-api.service[80778]: warnings.warn(
Apr 30 16:06:07.396214 dv-cinder-787195-6-smb devstack@c-api.service[80778]: DEBUG cinder.api.openstack.wsgi [None req-c78c7b54-1638-4957-8d1d-4dd0818ab373 tempest-VolumeTypesTest-448507935 tempest-VolumeTypesTest-448507935-project] Calling method 'show' {{(pid=80778) _process_stack /opt/stack/cinder/cinder/api/openstack/wsgi.py:866}}
Apr 30 16:06:07.470810 dv-cinder-787195-6-smb devstack@c-api.service[80778]: /usr/local/lib/python3.8/dist-packages/oslo_context/context.py:105: DeprecationWarning: Policy enforcement is depending on the value of is_admin. This key is deprecated. Please update your policy file to use the standard policy values.
Apr 30 16:06:07.470810 dv-cinder-787195-6-smb devstack@c-api.service[80778]: warnings.warn('Policy enforcement is depending on the value of '
Apr 30 16:06:07.486166 dv-cinder-787195-6-smb devstack@c-api.service[80778]: INFO cinder.volume.api [None req-c78c7b54-1638-4957-8d1d-4dd0818ab373 tempest-VolumeTypesTest-448507935 tempest-VolumeTypesTest-448507935-project] Volume info retrieved successfully.
Apr 30 16:06:07.514941 dv-cinder-787195-6-smb devstack@c-api.service[80778]: INFO cinder.api.openstack.wsgi [None req-c78c7b54-1638-4957-8d1d-4dd0818ab373 tempest-VolumeTypesTest-448507935 tempest-VolumeTypesTest-448507935-project] http://10.222.0.67/volume/v3/d676eca964af4404a0a86a33d02c4b4b/volumes/c95b1eab-eb01-4038-a896-50d8574c6675 returned with HTTP 200
Apr 30 16:06:07.516070 dv-cinder-787195-6-smb devstack@c-api.service[80778]: [pid: 80778|app: 0|req: 180/355] 10.222.0.67 () {58 vars in 1325 bytes} [Fri Apr 30 16:06:07 2021] GET /volume/v3/d676eca964af4404a0a86a33d02c4b4b/volumes/c95b1eab-eb01-4038-a896-50d8574c6675 => generated 942 bytes in 125 msecs (HTTP/1.1 200) 7 headers in 285 bytes (1 switches on core 0)
Apr 30 16:06:07.531964 dv-cinder-787195-6-smb devstack@c-api.service[80778]: INFO cinder.api.openstack.wsgi [None req-6e814e5a-5d00-48c3-bde0-9891db0510ad tempest-VolumeTypesTest-448507935 tempest-VolumeTypesTest-448507935-project] GET http://10.222.0.67/volume/v3/d676eca964af4404a0a86a33d02c4b4b/volumes/c95b1eab-eb01-4038-a896-50d8574c6675
Apr 30 16:06:07.533029 dv-cinder-787195-6-smb devstack@c-api.service[80778]: DEBUG cinder.api.openstack.wsgi [None req-6e814e5a-5d00-48c3-bde0-9891db0510ad tempest-VolumeTypesTest-448507935 tempest-VolumeTypesTest-448507935-project] Empty body provided in request {{(pid=80778) get_body /opt/stack/cinder/cinder/api/openstack/wsgi.py:713}}
Apr 30 16:06:07.533553 dv-cinder-787195-6-smb devstack@c-api.service[80778]: /usr/local/lib/python3.8/dist-packages/webob/acceptparse.py:1047: DeprecationWarning: The behavior of AcceptValidHeader.best_match is currently being maintained for backward compatibility, but it will be deprecated in the future, as it does not conform to the RFC.
Apr 30 16:06:07.533553 dv-cinder-787195-6-smb devstack@c-api.service[80778]: warnings.warn(
Apr 30 16:06:07.533984 dv-cinder-787195-6-smb devstack@c-api.service[80778]: DEBUG cinder.api.openstack.wsgi [None req-6e814e5a-5d00-48c3-bde0-9891db0510ad tempest-VolumeTypesTest-448507935 tempest-VolumeTypesTest-448507935-project] Calling method 'show' {{(pid=80778) _process_stack /opt/stack/cinder/cinder/api/openstack/wsgi.py:866}}
Apr 30 16:06:07.584683 dv-cinder-787195-6-smb devstack@c-api.service[80778]: /usr/local/lib/python3.8/dist-packages/oslo_context/context.py:105: DeprecationWarning: Policy enforcement is depending on the value of is_admin. This key is deprecated. Please update your policy file to use the standard policy values.
Apr 30 16:06:07.584683 dv-cinder-787195-6-smb devstack@c-api.service[80778]: warnings.warn('Policy enforcement is depending on the value of '
Apr 30 16:06:07.594219 dv-cinder-787195-6-smb devstack@c-api.service[80778]: INFO cinder.volume.api [None req-6e814e5a-5d00-48c3-bde0-9891db0510ad tempest-VolumeTypesTest-448507935 tempest-VolumeTypesTest-448507935-project] Volume info retrieved successfully.
Apr 30 16:06:07.608602 dv-cinder-787195-6-smb devstack@c-api.service[80779]: DEBUG cinder.volume.api [req-0da52125-1141-4640-af92-7b496113d905 req-ebc7bee7-1a61-493d-a544-3965c8d7f6ae tempest-AttachVolumeNegativeTest-1304385114 tempest-AttachVolumeNegativeTest-1304385114-project] Remaining volume attachments: VolumeAttachmentList(objects=[]) {{(pid=80779) attachment_delete /opt/stack/cinder/cinder/volume/api.py:2273}}
Apr 30 16:06:07.609223 dv-cinder-787195-6-smb devstack@c-api.service[80779]: DEBUG cinder.volume.api [req-0da52125-1141-4640-af92-7b496113d905 req-ebc7bee7-1a61-493d-a544-3965c8d7f6ae tempest-AttachVolumeNegativeTest-1304385114 tempest-AttachVolumeNegativeTest-1304385114-project] Pending status list for volume during attachment-delete: [] {{(pid=80779) attachment_delete /opt/stack/cinder/cinder/volume/api.py:2285}}
Apr 30 16:06:07.618573 dv-cinder-787195-6-smb devstack@c-api.service[80779]: INFO cinder.api.openstack.wsgi [req-0da52125-1141-4640-af92-7b496113d905 req-ebc7bee7-1a61-493d-a544-3965c8d7f6ae tempest-AttachVolumeNegativeTest-1304385114 tempest-AttachVolumeNegativeTest-1304385114-project] http://10.222.0.67/volume/v3/00ffd47a0b304e5cab764aa3194c9f1e/attachments/416c4dd3-4e79-4a3d-902c-229fea97e149 returned with HTTP 200
Apr 30 16:06:07.620940 dv-cinder-787195-6-smb devstack@c-api.service[80779]: [pid: 80779|app: 0|req: 176/356] 10.222.0.65 () {62 vars in 1447 bytes} [Fri Apr 30 16:06:07 2021] DELETE /volume/v3/00ffd47a0b304e5cab764aa3194c9f1e/attachments/416c4dd3-4e79-4a3d-902c-229fea97e149 => generated 19 bytes in 309 msecs (HTTP/1.1 200) 7 headers in 285 bytes (1 switches on core 0)
Apr 30 16:06:07.629369 dv-cinder-787195-6-smb devstack@c-api.service[80778]: INFO cinder.api.openstack.wsgi [None req-6e814e5a-5d00-48c3-bde0-9891db0510ad tempest-VolumeTypesTest-448507935 tempest-VolumeTypesTest-448507935-project] http://10.222.0.67/volume/v3/d676eca964af4404a0a86a33d02c4b4b/volumes/c95b1eab-eb01-4038-a896-50d8574c6675 returned with HTTP 200
Apr 30 16:06:07.632289 dv-cinder-787195-6-smb devstack@c-api.service[80779]: INFO cinder.api.openstack.wsgi [None req-b527fea3-e063-4a75-99e5-512f5b2ad920 tempest-AttachVolumeNegativeTest-1304385114 tempest-AttachVolumeNegativeTest-1304385114-project] GET http://10.222.0.67/volume/v3/00ffd47a0b304e5cab764aa3194c9f1e/volumes/bfe65e0a-f556-4a97-90c1-bcfe81ce6fbc
Apr 30 16:06:07.632808 dv-cinder-787195-6-smb devstack@c-api.service[80779]: DEBUG cinder.api.openstack.wsgi [None req-b527fea3-e063-4a75-99e5-512f5b2ad920 tempest-AttachVolumeNegativeTest-1304385114 tempest-AttachVolumeNegativeTest-1304385114-project] Empty body provided in request {{(pid=80779) get_body /opt/stack/cinder/cinder/api/openstack/wsgi.py:713}}
Apr 30 16:06:07.632988 dv-cinder-787195-6-smb devstack@c-api.service[80779]: /usr/local/lib/python3.8/dist-packages/webob/acceptparse.py:1047: DeprecationWarning: The behavior of AcceptValidHeader.best_match is currently being maintained for backward compatibility, but it will be deprecated in the future, as it does not conform to the RFC.
Apr 30 16:06:07.632988 dv-cinder-787195-6-smb devstack@c-api.service[80779]: warnings.warn(
Apr 30 16:06:07.633316 dv-cinder-787195-6-smb devstack@c-api.service[80779]: DEBUG cinder.api.openstack.wsgi [None req-b527fea3-e063-4a75-99e5-512f5b2ad920 tempest-AttachVolumeNegativeTest-1304385114 tempest-AttachVolumeNegativeTest-1304385114-project] Calling method 'show' {{(pid=80779) _process_stack /opt/stack/cinder/cinder/api/openstack/wsgi.py:866}}
Apr 30 16:06:07.633693 dv-cinder-787195-6-smb devstack@c-api.service[80778]: [pid: 80778|app: 0|req: 181/357] 10.222.0.67 () {58 vars in 1325 bytes} [Fri Apr 30 16:06:07 2021] GET /volume/v3/d676eca964af4404a0a86a33d02c4b4b/volumes/c95b1eab-eb01-4038-a896-50d8574c6675 => generated 942 bytes in 106 msecs (HTTP/1.1 200) 7 headers in 285 bytes (2 switches on core 0)
Apr 30 16:06:07.645926 dv-cinder-787195-6-smb devstack@c-api.service[80778]: INFO cinder.api.openstack.wsgi [None req-fa543d08-c9dd-4681-8d9e-dcbe5e1ad073 tempest-VolumeTypesTest-242575279 tempest-VolumeTypesTest-242575279-project-admin] POST http://10.222.0.67/volume/v3/f94e74f4250943d1b3a401193583f99f/types
Apr 30 16:06:07.646544 dv-cinder-787195-6-smb devstack@c-api.service[80778]: /usr/local/lib/python3.8/dist-packages/webob/acceptparse.py:1047: DeprecationWarning: The behavior of AcceptValidHeader.best_match is currently being maintained for backward compatibility, but it will be deprecated in the future, as it does not conform to the RFC.
Apr 30 16:06:07.646544 dv-cinder-787195-6-smb devstack@c-api.service[80778]: warnings.warn(
Apr 30 16:06:07.647198 dv-cinder-787195-6-smb devstack@c-api.service[80778]: DEBUG cinder.api.openstack.wsgi [None req-fa543d08-c9dd-4681-8d9e-dcbe5e1ad073 tempest-VolumeTypesTest-242575279 tempest-VolumeTypesTest-242575279-project-admin] Action: 'create', calling method: _create, body: {"volume_type": {"name": "tempest-VolumeTypesTest-volume-type-1557496257", "description": "tempest-volume-type-description-75347792", "extra_specs": {"storage_protocol": "smbfs", "vendor_name": "Open Source"}, "os-volume-type-access:is_public": true}} {{(pid=80778) _process_stack /opt/stack/cinder/cinder/api/openstack/wsgi.py:864}}
Apr 30 16:06:07.726485 dv-cinder-787195-6-smb devstack@c-api.service[80778]: INFO cinder.api.openstack.wsgi [None req-fa543d08-c9dd-4681-8d9e-dcbe5e1ad073 tempest-VolumeTypesTest-242575279 tempest-VolumeTypesTest-242575279-project-admin] http://10.222.0.67/volume/v3/f94e74f4250943d1b3a401193583f99f/types returned with HTTP 200
Apr 30 16:06:07.728433 dv-cinder-787195-6-smb devstack@c-api.service[80779]: /usr/local/lib/python3.8/dist-packages/oslo_context/context.py:105: DeprecationWarning: Policy enforcement is depending on the value of is_admin. This key is deprecated. Please update your policy file to use the standard policy values.
Apr 30 16:06:07.728433 dv-cinder-787195-6-smb devstack@c-api.service[80779]: warnings.warn('Policy enforcement is depending on the value of '
Apr 30 16:06:07.729673 dv-cinder-787195-6-smb devstack@c-api.service[80778]: [pid: 80778|app: 0|req: 182/358] 10.222.0.67 () {60 vars in 1230 bytes} [Fri Apr 30 16:06:07 2021] POST /volume/v3/f94e74f4250943d1b3a401193583f99f/types => generated 316 bytes in 87 msecs (HTTP/1.1 200) 7 headers in 285 bytes (1 switches on core 0)
Apr 30 16:06:07.736646 dv-cinder-787195-6-smb devstack@c-api.service[80779]: INFO cinder.volume.api [None req-b527fea3-e063-4a75-99e5-512f5b2ad920 tempest-AttachVolumeNegativeTest-1304385114 tempest-AttachVolumeNegativeTest-1304385114-project] Volume info retrieved successfully.
Apr 30 16:06:07.739266 dv-cinder-787195-6-smb devstack@c-api.service[80778]: INFO cinder.api.openstack.wsgi [None req-7f66125b-fb8d-4517-ba7a-c351f1e69164 tempest-VolumeTypesTest-242575279 tempest-VolumeTypesTest-242575279-project-admin] GET http://10.222.0.67/volume/v3/f94e74f4250943d1b3a401193583f99f/types/53f131c1-b7aa-4106-905e-4d8f604a5886
Apr 30 16:06:07.741508 dv-cinder-787195-6-smb devstack@c-api.service[80778]: DEBUG cinder.api.openstack.wsgi [None req-7f66125b-fb8d-4517-ba7a-c351f1e69164 tempest-VolumeTypesTest-242575279 tempest-VolumeTypesTest-242575279-project-admin] Empty body provided in request {{(pid=80778) get_body /opt/stack/cinder/cinder/api/openstack/wsgi.py:713}}
Apr 30 16:06:07.742283 dv-cinder-787195-6-smb devstack@c-api.service[80778]: DEBUG cinder.api.openstack.wsgi [None req-7f66125b-fb8d-4517-ba7a-c351f1e69164 tempest-VolumeTypesTest-242575279 tempest-VolumeTypesTest-242575279-project-admin] Calling method 'show' {{(pid=80778) _process_stack /opt/stack/cinder/cinder/api/openstack/wsgi.py:866}}
Apr 30 16:06:07.765910 dv-cinder-787195-6-smb devstack@c-api.service[80779]: INFO cinder.api.openstack.wsgi [None req-b527fea3-e063-4a75-99e5-512f5b2ad920 tempest-AttachVolumeNegativeTest-1304385114 tempest-AttachVolumeNegativeTest-1304385114-project] http://10.222.0.67/volume/v3/00ffd47a0b304e5cab764aa3194c9f1e/volumes/bfe65e0a-f556-4a97-90c1-bcfe81ce6fbc returned with HTTP 200
Apr 30 16:06:07.768128 dv-cinder-787195-6-smb devstack@c-api.service[80778]: INFO cinder.api.openstack.wsgi [None req-7f66125b-fb8d-4517-ba7a-c351f1e69164 tempest-VolumeTypesTest-242575279 tempest-VolumeTypesTest-242575279-project-admin] http://10.222.0.67/volume/v3/f94e74f4250943d1b3a401193583f99f/types/53f131c1-b7aa-4106-905e-4d8f604a5886 returned with HTTP 200
Apr 30 16:06:07.775626 dv-cinder-787195-6-smb devstack@c-api.service[80778]: [pid: 80778|app: 0|req: 183/359] 10.222.0.67 () {58 vars in 1319 bytes} [Fri Apr 30 16:06:07 2021] GET /volume/v3/f94e74f4250943d1b3a401193583f99f/types/53f131c1-b7aa-4106-905e-4d8f604a5886 => generated 338 bytes in 42 msecs (HTTP/1.1 200) 7 headers in 285 bytes (1 switches on core 0)
Apr 30 16:06:07.777186 dv-cinder-787195-6-smb devstack@c-api.service[80779]: [pid: 80779|app: 0|req: 177/360] 10.222.0.67 () {58 vars in 1325 bytes} [Fri Apr 30 16:06:07 2021] GET /volume/v3/00ffd47a0b304e5cab764aa3194c9f1e/volumes/bfe65e0a-f556-4a97-90c1-bcfe81ce6fbc => generated 916 bytes in 156 msecs (HTTP/1.1 200) 7 headers in 285 bytes (1 switches on core 0)
Apr 30 16:06:07.793282 dv-cinder-787195-6-smb devstack@c-api.service[80778]: INFO cinder.api.openstack.wsgi [None req-8cf62b1c-8c57-49b3-aee4-a3174b8e223b tempest-VolumeTypesTest-242575279 tempest-VolumeTypesTest-242575279-project-admin] POST http://10.222.0.67/volume/v3/f94e74f4250943d1b3a401193583f99f/types
Apr 30 16:06:07.795157 dv-cinder-787195-6-smb devstack@c-api.service[80778]: DEBUG cinder.api.openstack.wsgi [None req-8cf62b1c-8c57-49b3-aee4-a3174b8e223b tempest-VolumeTypesTest-242575279 tempest-VolumeTypesTest-242575279-project-admin] Action: 'create', calling method: _create, body: {"volume_type": {"name": "tempest-VolumeTypesTest-volume-type-836935726"}} {{(pid=80778) _process_stack /opt/stack/cinder/cinder/api/openstack/wsgi.py:864}}
Apr 30 16:06:07.848942 dv-cinder-787195-6-smb devstack@c-api.service[80778]: INFO cinder.api.openstack.wsgi [None req-8cf62b1c-8c57-49b3-aee4-a3174b8e223b tempest-VolumeTypesTest-242575279 tempest-VolumeTypesTest-242575279-project-admin] http://10.222.0.67/volume/v3/f94e74f4250943d1b3a401193583f99f/types returned with HTTP 200
Apr 30 16:06:07.852813 dv-cinder-787195-6-smb devstack@c-api.service[80778]: [pid: 80778|app: 0|req: 184/361] 10.222.0.67 () {60 vars in 1229 bytes} [Fri Apr 30 16:06:07 2021] POST /volume/v3/f94e74f4250943d1b3a401193583f99f/types => generated 220 bytes in 74 msecs (HTTP/1.1 200) 7 headers in 285 bytes (1 switches on core 0)
Apr 30 16:06:07.860565 dv-cinder-787195-6-smb devstack@c-api.service[80779]: INFO cinder.api.openstack.wsgi [None req-d629b9ee-b971-4540-b4b2-d8b72b2fb6b1 tempest-VolumeTypesTest-242575279 tempest-VolumeTypesTest-242575279-project-admin] POST http://10.222.0.67/volume/v3/f94e74f4250943d1b3a401193583f99f/types/f5ed9090-32b7-4f97-b25e-5cdd4097696a/encryption
Apr 30 16:06:07.860978 dv-cinder-787195-6-smb devstack@c-api.service[80779]: /usr/local/lib/python3.8/dist-packages/webob/acceptparse.py:1047: DeprecationWarning: The behavior of AcceptValidHeader.best_match is currently being maintained for backward compatibility, but it will be deprecated in the future, as it does not conform to the RFC.
Apr 30 16:06:07.860978 dv-cinder-787195-6-smb devstack@c-api.service[80779]: warnings.warn(
Apr 30 16:06:07.861340 dv-cinder-787195-6-smb devstack@c-api.service[80779]: DEBUG cinder.api.openstack.wsgi [None req-d629b9ee-b971-4540-b4b2-d8b72b2fb6b1 tempest-VolumeTypesTest-242575279 tempest-VolumeTypesTest-242575279-project-admin] Action: 'create', calling method: create, body: {"encryption": {"provider": "LuksEncryptor", "control_location": "front-end"}} {{(pid=80779) _process_stack /opt/stack/cinder/cinder/api/openstack/wsgi.py:864}}
Apr 30 16:06:07.908516 dv-cinder-787195-6-smb devstack@c-api.service[80779]: INFO cinder.api.openstack.wsgi [None req-d629b9ee-b971-4540-b4b2-d8b72b2fb6b1 tempest-VolumeTypesTest-242575279 tempest-VolumeTypesTest-242575279-project-admin] http://10.222.0.67/volume/v3/f94e74f4250943d1b3a401193583f99f/types/f5ed9090-32b7-4f97-b25e-5cdd4097696a/encryption returned with HTTP 200
Apr 30 16:06:07.909553 dv-cinder-787195-6-smb devstack@c-api.service[80779]: [pid: 80779|app: 0|req: 178/362] 10.222.0.67 () {60 vars in 1373 bytes} [Fri Apr 30 16:06:07 2021] POST /volume/v3/f94e74f4250943d1b3a401193583f99f/types/f5ed9090-32b7-4f97-b25e-5cdd4097696a/encryption => generated 193 bytes in 54 msecs (HTTP/1.1 200) 7 headers in 285 bytes (1 switches on core 0)
Apr 30 16:06:07.920690 dv-cinder-787195-6-smb devstack@c-api.service[80778]: INFO cinder.api.openstack.wsgi [None req-ec61be3b-a893-4362-a587-00190aef7617 tempest-VolumeTypesTest-242575279 tempest-VolumeTypesTest-242575279-project-admin] GET http://10.222.0.67/volume/v3/f94e74f4250943d1b3a401193583f99f/types/f5ed9090-32b7-4f97-b25e-5cdd4097696a/encryption
Apr 30 16:06:07.921139 dv-cinder-787195-6-smb devstack@c-api.service[80778]: DEBUG cinder.api.openstack.wsgi [None req-ec61be3b-a893-4362-a587-00190aef7617 tempest-VolumeTypesTest-242575279 tempest-VolumeTypesTest-242575279-project-admin] Empty body provided in request {{(pid=80778) get_body /opt/stack/cinder/cinder/api/openstack/wsgi.py:713}}
Apr 30 16:06:07.921564 dv-cinder-787195-6-smb devstack@c-api.service[80778]: DEBUG cinder.api.openstack.wsgi [None req-ec61be3b-a893-4362-a587-00190aef7617 tempest-VolumeTypesTest-242575279 tempest-VolumeTypesTest-242575279-project-admin] Calling method 'index' {{(pid=80778) _process_stack /opt/stack/cinder/cinder/api/openstack/wsgi.py:866}}
Apr 30 16:06:07.940895 dv-cinder-787195-6-smb devstack@c-api.service[80778]: INFO cinder.api.openstack.wsgi [None req-ec61be3b-a893-4362-a587-00190aef7617 tempest-VolumeTypesTest-242575279 tempest-VolumeTypesTest-242575279-project-admin] http://10.222.0.67/volume/v3/f94e74f4250943d1b3a401193583f99f/types/f5ed9090-32b7-4f97-b25e-5cdd4097696a/encryption returned with HTTP 200
Apr 30 16:06:07.941695 dv-cinder-787195-6-smb devstack@c-api.service[80778]: [pid: 80778|app: 0|req: 185/363] 10.222.0.67 () {58 vars in 1352 bytes} [Fri Apr 30 16:06:07 2021] GET /volume/v3/f94e74f4250943d1b3a401193583f99f/types/f5ed9090-32b7-4f97-b25e-5cdd4097696a/encryption => generated 313 bytes in 27 msecs (HTTP/1.1 200) 7 headers in 285 bytes (2 switches on core 0)
Apr 30 16:06:07.952137 dv-cinder-787195-6-smb devstack@c-api.service[80779]: INFO cinder.api.openstack.wsgi [None req-fecf6044-7542-41a3-8cd2-58db6583170c tempest-VolumeTypesTest-242575279 tempest-VolumeTypesTest-242575279-project-admin] PUT http://10.222.0.67/volume/v3/f94e74f4250943d1b3a401193583f99f/types/f5ed9090-32b7-4f97-b25e-5cdd4097696a/encryption/provider
Apr 30 16:06:07.952858 dv-cinder-787195-6-smb devstack@c-api.service[80779]: DEBUG cinder.api.openstack.wsgi [None req-fecf6044-7542-41a3-8cd2-58db6583170c tempest-VolumeTypesTest-242575279 tempest-VolumeTypesTest-242575279-project-admin] Action: 'update', calling method: update, body: {"encryption": {"key_size": 128, "provider": "SomeProvider", "cipher": "aes-xts-plain64", "control_location": "back-end"}} {{(pid=80779) _process_stack /opt/stack/cinder/cinder/api/openstack/wsgi.py:864}}
Apr 30 16:06:07.998702 dv-cinder-787195-6-smb devstack@c-api.service[80779]: INFO cinder.api.openstack.wsgi [None req-fecf6044-7542-41a3-8cd2-58db6583170c tempest-VolumeTypesTest-242575279 tempest-VolumeTypesTest-242575279-project-admin] http://10.222.0.67/volume/v3/f94e74f4250943d1b3a401193583f99f/types/f5ed9090-32b7-4f97-b25e-5cdd4097696a/encryption/provider returned with HTTP 200
Apr 30 16:06:07.999568 dv-cinder-787195-6-smb devstack@c-api.service[80779]: [pid: 80779|app: 0|req: 179/364] 10.222.0.67 () {60 vars in 1400 bytes} [Fri Apr 30 16:06:07 2021] PUT /volume/v3/f94e74f4250943d1b3a401193583f99f/types/f5ed9090-32b7-4f97-b25e-5cdd4097696a/encryption/provider => generated 122 bytes in 52 msecs (HTTP/1.1 200) 7 headers in 285 bytes (1 switches on core 0)
Apr 30 16:06:08.011448 dv-cinder-787195-6-smb devstack@c-api.service[80778]: INFO cinder.api.openstack.wsgi [None req-608fdde8-b684-49d6-9bf6-bba715e6e9e6 tempest-VolumeTypesTest-242575279 tempest-VolumeTypesTest-242575279-project-admin] GET http://10.222.0.67/volume/v3/f94e74f4250943d1b3a401193583f99f/types/f5ed9090-32b7-4f97-b25e-5cdd4097696a/encryption
Apr 30 16:06:08.012428 dv-cinder-787195-6-smb devstack@c-api.service[80778]: DEBUG cinder.api.openstack.wsgi [None req-608fdde8-b684-49d6-9bf6-bba715e6e9e6 tempest-VolumeTypesTest-242575279 tempest-VolumeTypesTest-242575279-project-admin] Empty body provided in request {{(pid=80778) get_body /opt/stack/cinder/cinder/api/openstack/wsgi.py:713}}
Apr 30 16:06:08.014558 dv-cinder-787195-6-smb devstack@c-api.service[80778]: DEBUG cinder.api.openstack.wsgi [None req-608fdde8-b684-49d6-9bf6-bba715e6e9e6 tempest-VolumeTypesTest-242575279 tempest-VolumeTypesTest-242575279-project-admin] Calling method 'index' {{(pid=80778) _process_stack /opt/stack/cinder/cinder/api/openstack/wsgi.py:866}}
Apr 30 16:06:08.052414 dv-cinder-787195-6-smb devstack@c-api.service[80778]: INFO cinder.api.openstack.wsgi [None req-608fdde8-b684-49d6-9bf6-bba715e6e9e6 tempest-VolumeTypesTest-242575279 tempest-VolumeTypesTest-242575279-project-admin] http://10.222.0.67/volume/v3/f94e74f4250943d1b3a401193583f99f/types/f5ed9090-32b7-4f97-b25e-5cdd4097696a/encryption returned with HTTP 200
Apr 30 16:06:08.058635 dv-cinder-787195-6-smb devstack@c-api.service[80778]: [pid: 80778|app: 0|req: 186/365] 10.222.0.67 () {58 vars in 1352 bytes} [Fri Apr 30 16:06:08 2021] GET /volume/v3/f94e74f4250943d1b3a401193583f99f/types/f5ed9090-32b7-4f97-b25e-5cdd4097696a/encryption => generated 347 bytes in 54 msecs (HTTP/1.1 200) 7 headers in 285 bytes (1 switches on core 0)
Apr 30 16:06:08.071073 dv-cinder-787195-6-smb devstack@c-api.service[80779]: INFO cinder.api.openstack.wsgi [None req-ecde2935-bddb-4cff-9c14-d33ce803891f tempest-VolumeTypesTest-242575279 tempest-VolumeTypesTest-242575279-project-admin] GET http://10.222.0.67/volume/v3/f94e74f4250943d1b3a401193583f99f/types/f5ed9090-32b7-4f97-b25e-5cdd4097696a/encryption/cipher
Apr 30 16:06:08.072406 dv-cinder-787195-6-smb devstack@c-api.service[80779]: DEBUG cinder.api.openstack.wsgi [None req-ecde2935-bddb-4cff-9c14-d33ce803891f tempest-VolumeTypesTest-242575279 tempest-VolumeTypesTest-242575279-project-admin] Empty body provided in request {{(pid=80779) get_body /opt/stack/cinder/cinder/api/openstack/wsgi.py:713}}
Apr 30 16:06:08.073073 dv-cinder-787195-6-smb devstack@c-api.service[80779]: DEBUG cinder.api.openstack.wsgi [None req-ecde2935-bddb-4cff-9c14-d33ce803891f tempest-VolumeTypesTest-242575279 tempest-VolumeTypesTest-242575279-project-admin] Calling method 'show' {{(pid=80779) _process_stack /opt/stack/cinder/cinder/api/openstack/wsgi.py:866}}
Apr 30 16:06:08.102509 dv-cinder-787195-6-smb devstack@c-api.service[80779]: INFO cinder.api.openstack.wsgi [None req-ecde2935-bddb-4cff-9c14-d33ce803891f tempest-VolumeTypesTest-242575279 tempest-VolumeTypesTest-242575279-project-admin] http://10.222.0.67/volume/v3/f94e74f4250943d1b3a401193583f99f/types/f5ed9090-32b7-4f97-b25e-5cdd4097696a/encryption/cipher returned with HTTP 200
Apr 30 16:06:08.106999 dv-cinder-787195-6-smb devstack@c-api.service[80779]: [pid: 80779|app: 0|req: 180/366] 10.222.0.67 () {58 vars in 1373 bytes} [Fri Apr 30 16:06:08 2021] GET /volume/v3/f94e74f4250943d1b3a401193583f99f/types/f5ed9090-32b7-4f97-b25e-5cdd4097696a/encryption/cipher => generated 29 bytes in 40 msecs (HTTP/1.1 200) 7 headers in 284 bytes (2 switches on core 0)
Apr 30 16:06:08.113366 dv-cinder-787195-6-smb devstack@c-api.service[80778]: INFO cinder.api.openstack.wsgi [None req-35e4862b-d6ff-4e6c-8d3e-7c81bf566682 tempest-VolumeTypesTest-242575279 tempest-VolumeTypesTest-242575279-project-admin] DELETE http://10.222.0.67/volume/v3/f94e74f4250943d1b3a401193583f99f/types/f5ed9090-32b7-4f97-b25e-5cdd4097696a/encryption/provider
Apr 30 16:06:08.114040 dv-cinder-787195-6-smb devstack@c-api.service[80778]: DEBUG cinder.api.openstack.wsgi [None req-35e4862b-d6ff-4e6c-8d3e-7c81bf566682 tempest-VolumeTypesTest-242575279 tempest-VolumeTypesTest-242575279-project-admin] Empty body provided in request {{(pid=80778) get_body /opt/stack/cinder/cinder/api/openstack/wsgi.py:713}}
Apr 30 16:06:08.114652 dv-cinder-787195-6-smb devstack@c-api.service[80778]: DEBUG cinder.api.openstack.wsgi [None req-35e4862b-d6ff-4e6c-8d3e-7c81bf566682 tempest-VolumeTypesTest-242575279 tempest-VolumeTypesTest-242575279-project-admin] Calling method 'delete' {{(pid=80778) _process_stack /opt/stack/cinder/cinder/api/openstack/wsgi.py:866}}
Apr 30 16:06:08.157396 dv-cinder-787195-6-smb devstack@c-api.service[80778]: INFO cinder.api.openstack.wsgi [None req-35e4862b-d6ff-4e6c-8d3e-7c81bf566682 tempest-VolumeTypesTest-242575279 tempest-VolumeTypesTest-242575279-project-admin] http://10.222.0.67/volume/v3/f94e74f4250943d1b3a401193583f99f/types/f5ed9090-32b7-4f97-b25e-5cdd4097696a/encryption/provider returned with HTTP 202
Apr 30 16:06:08.161930 dv-cinder-787195-6-smb devstack@c-api.service[80778]: [pid: 80778|app: 0|req: 187/367] 10.222.0.67 () {58 vars in 1382 bytes} [Fri Apr 30 16:06:08 2021] DELETE /volume/v3/f94e74f4250943d1b3a401193583f99f/types/f5ed9090-32b7-4f97-b25e-5cdd4097696a/encryption/provider => generated 0 bytes in 54 msecs (HTTP/1.1 202) 6 headers in 233 bytes (1 switches on core 0)
Apr 30 16:06:08.167408 dv-cinder-787195-6-smb devstack@c-api.service[80779]: INFO cinder.api.openstack.wsgi [None req-b429c829-2883-4f1f-a2f4-8780df7906c7 tempest-VolumeTypesTest-242575279 tempest-VolumeTypesTest-242575279-project-admin] GET http://10.222.0.67/volume/v3/f94e74f4250943d1b3a401193583f99f/types/f5ed9090-32b7-4f97-b25e-5cdd4097696a/encryption
Apr 30 16:06:08.167875 dv-cinder-787195-6-smb devstack@c-api.service[80779]: DEBUG cinder.api.openstack.wsgi [None req-b429c829-2883-4f1f-a2f4-8780df7906c7 tempest-VolumeTypesTest-242575279 tempest-VolumeTypesTest-242575279-project-admin] Empty body provided in request {{(pid=80779) get_body /opt/stack/cinder/cinder/api/openstack/wsgi.py:713}}
Apr 30 16:06:08.168307 dv-cinder-787195-6-smb devstack@c-api.service[80779]: DEBUG cinder.api.openstack.wsgi [None req-b429c829-2883-4f1f-a2f4-8780df7906c7 tempest-VolumeTypesTest-242575279 tempest-VolumeTypesTest-242575279-project-admin] Calling method 'index' {{(pid=80779) _process_stack /opt/stack/cinder/cinder/api/openstack/wsgi.py:866}}
Apr 30 16:06:08.186283 dv-cinder-787195-6-smb devstack@c-api.service[80779]: INFO cinder.api.openstack.wsgi [None req-b429c829-2883-4f1f-a2f4-8780df7906c7 tempest-VolumeTypesTest-242575279 tempest-VolumeTypesTest-242575279-project-admin] http://10.222.0.67/volume/v3/f94e74f4250943d1b3a401193583f99f/types/f5ed9090-32b7-4f97-b25e-5cdd4097696a/encryption returned with HTTP 200
Apr 30 16:06:08.187545 dv-cinder-787195-6-smb devstack@c-api.service[80779]: [pid: 80779|app: 0|req: 181/368] 10.222.0.67 () {58 vars in 1352 bytes} [Fri Apr 30 16:06:08 2021] GET /volume/v3/f94e74f4250943d1b3a401193583f99f/types/f5ed9090-32b7-4f97-b25e-5cdd4097696a/encryption => generated 2 bytes in 25 msecs (HTTP/1.1 200) 7 headers in 283 bytes (1 switches on core 0)
Apr 30 16:06:08.199336 dv-cinder-787195-6-smb devstack@c-api.service[80778]: INFO cinder.api.openstack.wsgi [None req-26ddda45-3f14-4700-870b-9166be400f6d tempest-VolumeTypesTest-242575279 tempest-VolumeTypesTest-242575279-project-admin] GET http://10.222.0.67/volume/v3/f94e74f4250943d1b3a401193583f99f/types/f5ed9090-32b7-4f97-b25e-5cdd4097696a/encryption
Apr 30 16:06:08.200326 dv-cinder-787195-6-smb devstack@c-api.service[80778]: DEBUG cinder.api.openstack.wsgi [None req-26ddda45-3f14-4700-870b-9166be400f6d tempest-VolumeTypesTest-242575279 tempest-VolumeTypesTest-242575279-project-admin] Empty body provided in request {{(pid=80778) get_body /opt/stack/cinder/cinder/api/openstack/wsgi.py:713}}
Apr 30 16:06:08.200326 dv-cinder-787195-6-smb devstack@c-api.service[80778]: DEBUG cinder.api.openstack.wsgi [None req-26ddda45-3f14-4700-870b-9166be400f6d tempest-VolumeTypesTest-242575279 tempest-VolumeTypesTest-242575279-project-admin] Calling method 'index' {{(pid=80778) _process_stack /opt/stack/cinder/cinder/api/openstack/wsgi.py:866}}
Apr 30 16:06:08.219790 dv-cinder-787195-6-smb devstack@c-api.service[80778]: INFO cinder.api.openstack.wsgi [None req-26ddda45-3f14-4700-870b-9166be400f6d tempest-VolumeTypesTest-242575279 tempest-VolumeTypesTest-242575279-project-admin] http://10.222.0.67/volume/v3/f94e74f4250943d1b3a401193583f99f/types/f5ed9090-32b7-4f97-b25e-5cdd4097696a/encryption returned with HTTP 200
Apr 30 16:06:08.226839 dv-cinder-787195-6-smb devstack@c-api.service[80778]: [pid: 80778|app: 0|req: 188/369] 10.222.0.67 () {58 vars in 1352 bytes} [Fri Apr 30 16:06:08 2021] GET /volume/v3/f94e74f4250943d1b3a401193583f99f/types/f5ed9090-32b7-4f97-b25e-5cdd4097696a/encryption => generated 2 bytes in 34 msecs (HTTP/1.1 200) 7 headers in 283 bytes (1 switches on core 0)
Apr 30 16:06:08.231244 dv-cinder-787195-6-smb devstack@c-api.service[80779]: INFO cinder.api.openstack.wsgi [None req-6de970c8-7384-493b-bbc3-0ff9f2edc3bb tempest-VolumeTypesTest-242575279 tempest-VolumeTypesTest-242575279-project-admin] GET http://10.222.0.67/volume/v3/f94e74f4250943d1b3a401193583f99f/types
Apr 30 16:06:08.231955 dv-cinder-787195-6-smb devstack@c-api.service[80779]: DEBUG cinder.api.openstack.wsgi [None req-6de970c8-7384-493b-bbc3-0ff9f2edc3bb tempest-VolumeTypesTest-242575279 tempest-VolumeTypesTest-242575279-project-admin] Empty body provided in request {{(pid=80779) get_body /opt/stack/cinder/cinder/api/openstack/wsgi.py:713}}
Apr 30 16:06:08.233071 dv-cinder-787195-6-smb devstack@c-api.service[80779]: DEBUG cinder.api.openstack.wsgi [None req-6de970c8-7384-493b-bbc3-0ff9f2edc3bb tempest-VolumeTypesTest-242575279 tempest-VolumeTypesTest-242575279-project-admin] Calling method 'index' {{(pid=80779) _process_stack /opt/stack/cinder/cinder/api/openstack/wsgi.py:866}}
Apr 30 16:06:08.308065 dv-cinder-787195-6-smb devstack@c-api.service[80779]: INFO cinder.api.openstack.wsgi [None req-6de970c8-7384-493b-bbc3-0ff9f2edc3bb tempest-VolumeTypesTest-242575279 tempest-VolumeTypesTest-242575279-project-admin] http://10.222.0.67/volume/v3/f94e74f4250943d1b3a401193583f99f/types returned with HTTP 200
Apr 30 16:06:08.309473 dv-cinder-787195-6-smb devstack@c-api.service[80779]: [pid: 80779|app: 0|req: 182/370] 10.222.0.67 () {58 vars in 1208 bytes} [Fri Apr 30 16:06:08 2021] GET /volume/v3/f94e74f4250943d1b3a401193583f99f/types => generated 1576 bytes in 82 msecs (HTTP/1.1 200) 7 headers in 286 bytes (2 switches on core 0)
Apr 30 16:06:08.322951 dv-cinder-787195-6-smb devstack@c-api.service[80778]: INFO cinder.api.openstack.wsgi [None req-25d1dcde-f181-4aa8-a71f-91819487a16d tempest-VolumeTypesTest-242575279 tempest-VolumeTypesTest-242575279-project-admin] POST http://10.222.0.67/volume/v3/f94e74f4250943d1b3a401193583f99f/types
Apr 30 16:06:08.323767 dv-cinder-787195-6-smb devstack@c-api.service[80778]: DEBUG cinder.api.openstack.wsgi [None req-25d1dcde-f181-4aa8-a71f-91819487a16d tempest-VolumeTypesTest-242575279 tempest-VolumeTypesTest-242575279-project-admin] Action: 'create', calling method: _create, body: {"volume_type": {"name": "tempest-VolumeTypesTest-volume-type-164359202"}} {{(pid=80778) _process_stack /opt/stack/cinder/cinder/api/openstack/wsgi.py:864}}
Apr 30 16:06:08.390551 dv-cinder-787195-6-smb devstack@c-api.service[80778]: INFO cinder.api.openstack.wsgi [None req-25d1dcde-f181-4aa8-a71f-91819487a16d tempest-VolumeTypesTest-242575279 tempest-VolumeTypesTest-242575279-project-admin] http://10.222.0.67/volume/v3/f94e74f4250943d1b3a401193583f99f/types returned with HTTP 200
Apr 30 16:06:08.394996 dv-cinder-787195-6-smb devstack@c-api.service[80778]: [pid: 80778|app: 0|req: 189/371] 10.222.0.67 () {60 vars in 1229 bytes} [Fri Apr 30 16:06:08 2021] POST /volume/v3/f94e74f4250943d1b3a401193583f99f/types => generated 220 bytes in 76 msecs (HTTP/1.1 200) 7 headers in 285 bytes (1 switches on core 0)
Apr 30 16:06:08.404619 dv-cinder-787195-6-smb devstack@c-api.service[80778]: INFO cinder.api.openstack.wsgi [None req-744981e5-572c-442e-8891-6a8690e5ae02 tempest-VolumeTypesTest-242575279 tempest-VolumeTypesTest-242575279-project-admin] PUT http://10.222.0.67/volume/v3/f94e74f4250943d1b3a401193583f99f/types/7da73561-2c48-486a-88ee-0019d35aa96c
Apr 30 16:06:08.405908 dv-cinder-787195-6-smb devstack@c-api.service[80778]: DEBUG cinder.api.openstack.wsgi [None req-744981e5-572c-442e-8891-6a8690e5ae02 tempest-VolumeTypesTest-242575279 tempest-VolumeTypesTest-242575279-project-admin] Action: 'update', calling method: _update, body: {"volume_type": {"name": "tempest-volume-type-622088390", "description": "tempest-volume-type-description-138449732", "is_public": false}} {{(pid=80778) _process_stack /opt/stack/cinder/cinder/api/openstack/wsgi.py:864}}
Apr 30 16:06:08.548152 dv-cinder-787195-6-smb devstack@c-api.service[80778]: INFO cinder.api.openstack.wsgi [None req-744981e5-572c-442e-8891-6a8690e5ae02 tempest-VolumeTypesTest-242575279 tempest-VolumeTypesTest-242575279-project-admin] http://10.222.0.67/volume/v3/f94e74f4250943d1b3a401193583f99f/types/7da73561-2c48-486a-88ee-0019d35aa96c returned with HTTP 200
Apr 30 16:06:08.567578 dv-cinder-787195-6-smb devstack@c-api.service[80778]: [pid: 80778|app: 0|req: 190/372] 10.222.0.67 () {60 vars in 1340 bytes} [Fri Apr 30 16:06:08 2021] PUT /volume/v3/f94e74f4250943d1b3a401193583f99f/types/7da73561-2c48-486a-88ee-0019d35aa96c => generated 203 bytes in 164 msecs (HTTP/1.1 200) 7 headers in 285 bytes (1 switches on core 0)
Apr 30 16:06:08.573312 dv-cinder-787195-6-smb devstack@c-api.service[80778]: INFO cinder.api.openstack.wsgi [None req-a551a604-16d3-47fb-a205-882f796e3de1 tempest-VolumeTypesTest-242575279 tempest-VolumeTypesTest-242575279-project-admin] GET http://10.222.0.67/volume/v3/f94e74f4250943d1b3a401193583f99f/types/7da73561-2c48-486a-88ee-0019d35aa96c
Apr 30 16:06:08.574193 dv-cinder-787195-6-smb devstack@c-api.service[80778]: DEBUG cinder.api.openstack.wsgi [None req-a551a604-16d3-47fb-a205-882f796e3de1 tempest-VolumeTypesTest-242575279 tempest-VolumeTypesTest-242575279-project-admin] Empty body provided in request {{(pid=80778) get_body /opt/stack/cinder/cinder/api/openstack/wsgi.py:713}}
Apr 30 16:06:08.574827 dv-cinder-787195-6-smb devstack@c-api.service[80778]: DEBUG cinder.api.openstack.wsgi [None req-a551a604-16d3-47fb-a205-882f796e3de1 tempest-VolumeTypesTest-242575279 tempest-VolumeTypesTest-242575279-project-admin] Calling method 'show' {{(pid=80778) _process_stack /opt/stack/cinder/cinder/api/openstack/wsgi.py:866}}
Apr 30 16:06:08.604509 dv-cinder-787195-6-smb devstack@c-api.service[80778]: INFO cinder.api.openstack.wsgi [None req-a551a604-16d3-47fb-a205-882f796e3de1 tempest-VolumeTypesTest-242575279 tempest-VolumeTypesTest-242575279-project-admin] http://10.222.0.67/volume/v3/f94e74f4250943d1b3a401193583f99f/types/7da73561-2c48-486a-88ee-0019d35aa96c returned with HTTP 200
Apr 30 16:06:08.605922 dv-cinder-787195-6-smb devstack@c-api.service[80778]: [pid: 80778|app: 0|req: 191/373] 10.222.0.67 () {58 vars in 1319 bytes} [Fri Apr 30 16:06:08 2021] GET /volume/v3/f94e74f4250943d1b3a401193583f99f/types/7da73561-2c48-486a-88ee-0019d35aa96c => generated 267 bytes in 37 msecs (HTTP/1.1 200) 7 headers in 285 bytes (1 switches on core 0)
Apr 30 16:06:08.620976 dv-cinder-787195-6-smb devstack@c-api.service[80778]: INFO cinder.api.openstack.wsgi [None req-2af77e17-b097-4fcb-aebb-91dec8846d6f tempest-VolumeTypesTest-242575279 tempest-VolumeTypesTest-242575279-project-admin] DELETE http://10.222.0.67/volume/v3/f94e74f4250943d1b3a401193583f99f/types/7da73561-2c48-486a-88ee-0019d35aa96c
Apr 30 16:06:08.621405 dv-cinder-787195-6-smb devstack@c-api.service[80778]: DEBUG cinder.api.openstack.wsgi [None req-2af77e17-b097-4fcb-aebb-91dec8846d6f tempest-VolumeTypesTest-242575279 tempest-VolumeTypesTest-242575279-project-admin] Empty body provided in request {{(pid=80778) get_body /opt/stack/cinder/cinder/api/openstack/wsgi.py:713}}
Apr 30 16:06:08.623121 dv-cinder-787195-6-smb devstack@c-api.service[80778]: DEBUG cinder.api.openstack.wsgi [None req-2af77e17-b097-4fcb-aebb-91dec8846d6f tempest-VolumeTypesTest-242575279 tempest-VolumeTypesTest-242575279-project-admin] Calling method '_delete' {{(pid=80778) _process_stack /opt/stack/cinder/cinder/api/openstack/wsgi.py:866}}
Apr 30 16:06:08.698814 dv-cinder-787195-6-smb devstack@c-api.service[80779]: INFO cinder.api.openstack.wsgi [None req-b3887039-1fbf-4c03-a2d4-6f83ba9a5ffa tempest-SnapshotsActionsTest-342163401 tempest-SnapshotsActionsTest-342163401-project] POST http://10.222.0.67/volume/v3/2c96954fe77b49b7ac952a876cd7ded9/volumes
