Apr 30 16:01:06.209967 dv-cinder-787195-6-iscsi devstack@c-api.service[80760]: DEBUG cinder.api.openstack.wsgi [None req-b1b3641a-1f31-4cc4-8e93-966d8b52c63a tempest-VolumeTypesAccessTest-1589746596 tempest-VolumeTypesAccessTest-1589746596-project] Empty body provided in request {{(pid=80760) get_body /opt/stack/cinder/cinder/api/openstack/wsgi.py:713}}
Apr 30 16:01:06.210396 dv-cinder-787195-6-iscsi devstack@c-api.service[80760]: DEBUG cinder.api.openstack.wsgi [None req-b1b3641a-1f31-4cc4-8e93-966d8b52c63a tempest-VolumeTypesAccessTest-1589746596 tempest-VolumeTypesAccessTest-1589746596-project] Calling method 'show' {{(pid=80760) _process_stack /opt/stack/cinder/cinder/api/openstack/wsgi.py:866}}
Apr 30 16:01:06.256310 dv-cinder-787195-6-iscsi devstack@c-api.service[80759]: DEBUG cinder.quota [None req-4a1e4279-8599-41bb-9a33-3f4d5624c26e tempest-VolumesTransfersTest-615228618 tempest-VolumesTransfersTest-615228618-project] Created reservations ['06b81a4e-ea28-4a51-83a4-b566ef524260', '60a8782e-c77c-40b1-8a58-bed1d2aa0d06', 'db9c156d-4447-4c32-b790-17ee4e19ff98', '97dc2407-afbf-4d00-b0ef-6504e1a1281d'] {{(pid=80759) reserve /opt/stack/cinder/cinder/quota.py:755}}
Apr 30 16:01:06.259118 dv-cinder-787195-6-iscsi devstack@c-api.service[80759]: DEBUG cinder.volume.api [None req-4a1e4279-8599-41bb-9a33-3f4d5624c26e tempest-VolumesTransfersTest-615228618 tempest-VolumesTransfersTest-615228618-project] Task 'cinder.volume.flows.api.create_volume.QuotaReserveTask;volume:create' (0527307b-bccc-4d3e-89db-c2a593555dab) transitioned into state 'SUCCESS' from state 'RUNNING' with result '{'reservations': ['06b81a4e-ea28-4a51-83a4-b566ef524260', '60a8782e-c77c-40b1-8a58-bed1d2aa0d06', 'db9c156d-4447-4c32-b790-17ee4e19ff98', '97dc2407-afbf-4d00-b0ef-6504e1a1281d']}' {{(pid=80759) _task_receiver /usr/local/lib/python3.8/dist-packages/taskflow/listeners/logging.py:178}}
Apr 30 16:01:06.261440 dv-cinder-787195-6-iscsi devstack@c-api.service[80759]: DEBUG cinder.volume.api [None req-4a1e4279-8599-41bb-9a33-3f4d5624c26e tempest-VolumesTransfersTest-615228618 tempest-VolumesTransfersTest-615228618-project] Task 'cinder.volume.flows.api.create_volume.EntryCreateTask;volume:create' (0732a575-7e2f-4077-a0b3-ba0739a70156) transitioned into state 'RUNNING' from state 'PENDING' {{(pid=80759) _task_receiver /usr/local/lib/python3.8/dist-packages/taskflow/listeners/logging.py:190}}
Apr 30 16:01:06.268282 dv-cinder-787195-6-iscsi devstack@c-api.service[80760]: INFO cinder.api.openstack.wsgi [None req-b1b3641a-1f31-4cc4-8e93-966d8b52c63a tempest-VolumeTypesAccessTest-1589746596 tempest-VolumeTypesAccessTest-1589746596-project] http://10.222.0.72/volume/v3/abd3cfba2ae24c8e97dfb527e6f90102/volumes/6e3f7ffb-5080-42d0-abe5-86398124b893 returned with HTTP 404
Apr 30 16:01:06.269355 dv-cinder-787195-6-iscsi devstack@c-api.service[80760]: [pid: 80760|app: 0|req: 138/252] 10.222.0.72 () {58 vars in 1325 bytes} [Fri Apr 30 16:01:06 2021] GET /volume/v3/abd3cfba2ae24c8e97dfb527e6f90102/volumes/6e3f7ffb-5080-42d0-abe5-86398124b893 => generated 109 bytes in 64 msecs (HTTP/1.1 404) 7 headers in 292 bytes (1 switches on core 0)
Apr 30 16:01:06.273874 dv-cinder-787195-6-iscsi devstack@c-api.service[80760]: INFO cinder.api.openstack.wsgi [None req-69d38612-e0f0-4aa6-ba3e-58c377b6928f tempest-VolumeTypesTest-2132324795 tempest-VolumeTypesTest-2132324795-project-admin] PUT http://10.222.0.72/volume/v3/6b8139b1ffac4d1f84cb5959e8f945e0/types/726bcafe-9981-4149-ac2f-3331bc4825a5
Apr 30 16:01:06.274614 dv-cinder-787195-6-iscsi devstack@c-api.service[80760]: DEBUG cinder.api.openstack.wsgi [None req-69d38612-e0f0-4aa6-ba3e-58c377b6928f tempest-VolumeTypesTest-2132324795 tempest-VolumeTypesTest-2132324795-project-admin] Action: 'update', calling method: _update, body: {"volume_type": {"name": "tempest-volume-type-971124738", "description": "tempest-volume-type-description-2105237074", "is_public": false}} {{(pid=80760) _process_stack /opt/stack/cinder/cinder/api/openstack/wsgi.py:864}}
Apr 30 16:01:06.334965 dv-cinder-787195-6-iscsi devstack@c-api.service[80759]: DEBUG cinder.volume.api [None req-4a1e4279-8599-41bb-9a33-3f4d5624c26e tempest-VolumesTransfersTest-615228618 tempest-VolumesTransfersTest-615228618-project] Task 'cinder.volume.flows.api.create_volume.EntryCreateTask;volume:create' (0732a575-7e2f-4077-a0b3-ba0739a70156) transitioned into state 'SUCCESS' from state 'RUNNING' with result '{'volume_id': '6e582764-b539-4f2b-8125-b3b90332f0c3', 'volume_properties': VolumeProperties(attach_status='detached',availability_zone='nova',cgsnapshot_id=None,consistencygroup_id=None,display_description=None,display_name='tempest-VolumesTransfersTest-Volume-1342560576',encryption_key_id=None,group_id=None,group_type_id=,metadata={},multiattach=False,project_id='f20e673e563949bbbc30e79c782d388f',qos_specs=None,replication_status=,reservations=['06b81a4e-ea28-4a51-83a4-b566ef524260','60a8782e-c77c-40b1-8a58-bed1d2aa0d06','db9c156d-4447-4c32-b790-17ee4e19ff98','97dc2407-afbf-4d00-b0ef-6504e1a1281d'],size=1,snapshot_id=None,source_replicaid=,source_volid=None,status='creating',user_id='5ad61f0d493a4e189823408f7fc04aaf',volume_type_id=b7d69b75-979c-410d-b59e-7cac17ab712f), 'volume': Volume(_name_id=None,admin_metadata=,attach_status='detached',availability_zone='nova',bootable=False,cluster=,cluster_name=None,consistencygroup=,consistencygroup_id=None,created_at=2021-04-30T16:01:06Z,deleted=False,deleted_at=None,display_description=None,display_name='tempest-VolumesTransfersTest-Volume-1342560576',ec2_id=None,encryption_key_id=None,glance_metadata=,group=,group_id=None,host=None,id=6e582764-b539-4f2b-8125-b3b90332f0c3,launched_at=None,metadata={},migration_status=None,multiattach=False,previous_status=None,project_id='f20e673e563949bbbc30e79c782d388f',provider_auth=None,provider_geometry=None,provider_id=None,provider_location=None,replication_driver_data=None,replication_extended_status=None,replication_status=None,scheduled_at=None,service_uuid=None,shared_targets=True,size=1,snapshot_id=None,snapshots=,source_volid=None,status='creating',terminated_at=None,updated_at=None,user_id='5ad61f0d493a4e189823408f7fc04aaf',volume_attachment=,volume_type=VolumeType(b7d69b75-979c-410d-b59e-7cac17ab712f),volume_type_id=b7d69b75-979c-410d-b59e-7cac17ab712f)}' {{(pid=80759) _task_receiver /usr/local/lib/python3.8/dist-packages/taskflow/listeners/logging.py:178}}
Apr 30 16:01:06.337200 dv-cinder-787195-6-iscsi devstack@c-api.service[80759]: DEBUG cinder.volume.api [None req-4a1e4279-8599-41bb-9a33-3f4d5624c26e tempest-VolumesTransfersTest-615228618 tempest-VolumesTransfersTest-615228618-project] Task 'cinder.volume.flows.api.create_volume.QuotaCommitTask;volume:create' (e48a3262-faab-4940-887e-3a7facdd0ac9) transitioned into state 'RUNNING' from state 'PENDING' {{(pid=80759) _task_receiver /usr/local/lib/python3.8/dist-packages/taskflow/listeners/logging.py:190}}
Apr 30 16:01:06.369322 dv-cinder-787195-6-iscsi devstack@c-api.service[80759]: DEBUG cinder.volume.api [None req-4a1e4279-8599-41bb-9a33-3f4d5624c26e tempest-VolumesTransfersTest-615228618 tempest-VolumesTransfersTest-615228618-project] Task 'cinder.volume.flows.api.create_volume.QuotaCommitTask;volume:create' (e48a3262-faab-4940-887e-3a7facdd0ac9) transitioned into state 'SUCCESS' from state 'RUNNING' with result '{'volume_properties': VolumeProperties(attach_status='detached',availability_zone='nova',cgsnapshot_id=None,consistencygroup_id=None,display_description=None,display_name='tempest-VolumesTransfersTest-Volume-1342560576',encryption_key_id=None,group_id=None,group_type_id=,metadata={},multiattach=False,project_id='f20e673e563949bbbc30e79c782d388f',qos_specs=None,replication_status=,reservations=['06b81a4e-ea28-4a51-83a4-b566ef524260','60a8782e-c77c-40b1-8a58-bed1d2aa0d06','db9c156d-4447-4c32-b790-17ee4e19ff98','97dc2407-afbf-4d00-b0ef-6504e1a1281d'],size=1,snapshot_id=None,source_replicaid=,source_volid=None,status='creating',user_id='5ad61f0d493a4e189823408f7fc04aaf',volume_type_id=b7d69b75-979c-410d-b59e-7cac17ab712f)}' {{(pid=80759) _task_receiver /usr/local/lib/python3.8/dist-packages/taskflow/listeners/logging.py:178}}
Apr 30 16:01:06.371163 dv-cinder-787195-6-iscsi devstack@c-api.service[80759]: DEBUG cinder.volume.api [None req-4a1e4279-8599-41bb-9a33-3f4d5624c26e tempest-VolumesTransfersTest-615228618 tempest-VolumesTransfersTest-615228618-project] Task 'cinder.volume.flows.api.create_volume.VolumeCastTask;volume:create' (ed3950f6-f329-4e35-8ec9-8a68fdf4d76c) transitioned into state 'RUNNING' from state 'PENDING' {{(pid=80759) _task_receiver /usr/local/lib/python3.8/dist-packages/taskflow/listeners/logging.py:190}}
Apr 30 16:01:06.388322 dv-cinder-787195-6-iscsi devstack@c-api.service[80760]: INFO cinder.api.openstack.wsgi [None req-69d38612-e0f0-4aa6-ba3e-58c377b6928f tempest-VolumeTypesTest-2132324795 tempest-VolumeTypesTest-2132324795-project-admin] http://10.222.0.72/volume/v3/6b8139b1ffac4d1f84cb5959e8f945e0/types/726bcafe-9981-4149-ac2f-3331bc4825a5 returned with HTTP 200
Apr 30 16:01:06.394806 dv-cinder-787195-6-iscsi devstack@c-api.service[80759]: DEBUG cinder.volume.api [None req-4a1e4279-8599-41bb-9a33-3f4d5624c26e tempest-VolumesTransfersTest-615228618 tempest-VolumesTransfersTest-615228618-project] Task 'cinder.volume.flows.api.create_volume.VolumeCastTask;volume:create' (ed3950f6-f329-4e35-8ec9-8a68fdf4d76c) transitioned into state 'SUCCESS' from state 'RUNNING' with result 'None' {{(pid=80759) _task_receiver /usr/local/lib/python3.8/dist-packages/taskflow/listeners/logging.py:178}}
Apr 30 16:01:06.394806 dv-cinder-787195-6-iscsi devstack@c-api.service[80759]: DEBUG cinder.volume.api [None req-4a1e4279-8599-41bb-9a33-3f4d5624c26e tempest-VolumesTransfersTest-615228618 tempest-VolumesTransfersTest-615228618-project] Flow 'volume_create_api' (f1a5141c-4d9b-461c-ac6a-cad15350bc85) transitioned into state 'SUCCESS' from state 'RUNNING' {{(pid=80759) _flow_receiver /usr/local/lib/python3.8/dist-packages/taskflow/listeners/logging.py:141}}
Apr 30 16:01:06.394806 dv-cinder-787195-6-iscsi devstack@c-api.service[80759]: INFO cinder.volume.api [None req-4a1e4279-8599-41bb-9a33-3f4d5624c26e tempest-VolumesTransfersTest-615228618 tempest-VolumesTransfersTest-615228618-project] Create volume request issued successfully.
Apr 30 16:01:06.395778 dv-cinder-787195-6-iscsi devstack@c-api.service[80760]: [pid: 80760|app: 0|req: 139/253] 10.222.0.72 () {60 vars in 1340 bytes} [Fri Apr 30 16:01:06 2021] PUT /volume/v3/6b8139b1ffac4d1f84cb5959e8f945e0/types/726bcafe-9981-4149-ac2f-3331bc4825a5 => generated 204 bytes in 126 msecs (HTTP/1.1 200) 7 headers in 285 bytes (1 switches on core 0)
Apr 30 16:01:06.400391 dv-cinder-787195-6-iscsi devstack@c-api.service[80760]: INFO cinder.api.openstack.wsgi [None req-9d6f9006-fc03-49d8-80bd-880321687eb7 tempest-VolumeTypesAccessTest-1660432009 tempest-VolumeTypesAccessTest-1660432009-project-admin] DELETE http://10.222.0.72/volume/v3/cbb573d0a34d4f129b9955f2de6f5717/types/16cb73fd-1bf1-486d-a4e9-1bde4418052f
Apr 30 16:01:06.401041 dv-cinder-787195-6-iscsi devstack@c-api.service[80760]: DEBUG cinder.api.openstack.wsgi [None req-9d6f9006-fc03-49d8-80bd-880321687eb7 tempest-VolumeTypesAccessTest-1660432009 tempest-VolumeTypesAccessTest-1660432009-project-admin] Empty body provided in request {{(pid=80760) get_body /opt/stack/cinder/cinder/api/openstack/wsgi.py:713}}
Apr 30 16:01:06.401657 dv-cinder-787195-6-iscsi devstack@c-api.service[80760]: DEBUG cinder.api.openstack.wsgi [None req-9d6f9006-fc03-49d8-80bd-880321687eb7 tempest-VolumeTypesAccessTest-1660432009 tempest-VolumeTypesAccessTest-1660432009-project-admin] Calling method '_delete' {{(pid=80760) _process_stack /opt/stack/cinder/cinder/api/openstack/wsgi.py:866}}
Apr 30 16:01:06.411027 dv-cinder-787195-6-iscsi devstack@c-api.service[80759]: INFO cinder.api.openstack.wsgi [None req-4a1e4279-8599-41bb-9a33-3f4d5624c26e tempest-VolumesTransfersTest-615228618 tempest-VolumesTransfersTest-615228618-project] http://10.222.0.72/volume/v3/f20e673e563949bbbc30e79c782d388f/volumes returned with HTTP 202
Apr 30 16:01:06.420555 dv-cinder-787195-6-iscsi devstack@c-api.service[80759]: [pid: 80759|app: 0|req: 115/254] 10.222.0.72 () {60 vars in 1235 bytes} [Fri Apr 30 16:01:05 2021] POST /volume/v3/f20e673e563949bbbc30e79c782d388f/volumes => generated 820 bytes in 732 msecs (HTTP/1.1 202) 7 headers in 291 bytes (2 switches on core 0)
Apr 30 16:01:06.427785 dv-cinder-787195-6-iscsi devstack@c-api.service[80759]: INFO cinder.api.openstack.wsgi [req-86c58787-3e3b-4b9b-95b9-20bc1bd50deb req-b8ff4847-0820-4ff1-8226-d6297aaecbc6 tempest-AttachVolumeNegativeTest-2002608823 tempest-AttachVolumeNegativeTest-2002608823-project] POST http://10.222.0.72/volume/v3/e47c1439b6884dea85fdc5c04cdf9341/attachments/29aed337-cd02-420f-946e-b79a5cfa5a31/action
Apr 30 16:01:06.428469 dv-cinder-787195-6-iscsi devstack@c-api.service[80759]: /usr/local/lib/python3.8/dist-packages/webob/acceptparse.py:1047: DeprecationWarning: The behavior of AcceptValidHeader.best_match is currently being maintained for backward compatibility, but it will be deprecated in the future, as it does not conform to the RFC.
Apr 30 16:01:06.428469 dv-cinder-787195-6-iscsi devstack@c-api.service[80759]: warnings.warn(
Apr 30 16:01:06.429529 dv-cinder-787195-6-iscsi devstack@c-api.service[80759]: DEBUG cinder.api.openstack.wsgi [req-86c58787-3e3b-4b9b-95b9-20bc1bd50deb req-b8ff4847-0820-4ff1-8226-d6297aaecbc6 tempest-AttachVolumeNegativeTest-2002608823 tempest-AttachVolumeNegativeTest-2002608823-project] Action body: b'{"os-complete": null}' {{(pid=80759) get_method /opt/stack/cinder/cinder/api/openstack/wsgi.py:981}}
Apr 30 16:01:06.430076 dv-cinder-787195-6-iscsi devstack@c-api.service[80759]: DEBUG cinder.api.openstack.wsgi [req-86c58787-3e3b-4b9b-95b9-20bc1bd50deb req-b8ff4847-0820-4ff1-8226-d6297aaecbc6 tempest-AttachVolumeNegativeTest-2002608823 tempest-AttachVolumeNegativeTest-2002608823-project] Action: 'action', calling method: version_select, body: {"os-complete": null} {{(pid=80759) _process_stack /opt/stack/cinder/cinder/api/openstack/wsgi.py:864}}
Apr 30 16:01:06.505397 dv-cinder-787195-6-iscsi devstack@c-api.service[80760]: INFO cinder.api.openstack.wsgi [None req-9d6f9006-fc03-49d8-80bd-880321687eb7 tempest-VolumeTypesAccessTest-1660432009 tempest-VolumeTypesAccessTest-1660432009-project-admin] http://10.222.0.72/volume/v3/cbb573d0a34d4f129b9955f2de6f5717/types/16cb73fd-1bf1-486d-a4e9-1bde4418052f returned with HTTP 202
Apr 30 16:01:06.514723 dv-cinder-787195-6-iscsi devstack@c-api.service[80760]: [pid: 80760|app: 0|req: 140/255] 10.222.0.72 () {58 vars in 1322 bytes} [Fri Apr 30 16:01:06 2021] DELETE /volume/v3/cbb573d0a34d4f129b9955f2de6f5717/types/16cb73fd-1bf1-486d-a4e9-1bde4418052f => generated 0 bytes in 118 msecs (HTTP/1.1 202) 6 headers in 233 bytes (1 switches on core 0)
Apr 30 16:01:06.519327 dv-cinder-787195-6-iscsi devstack@c-api.service[80759]: /usr/local/lib/python3.8/dist-packages/oslo_context/context.py:105: DeprecationWarning: Policy enforcement is depending on the value of is_admin. This key is deprecated. Please update your policy file to use the standard policy values.
Apr 30 16:01:06.519327 dv-cinder-787195-6-iscsi devstack@c-api.service[80759]: warnings.warn('Policy enforcement is depending on the value of '
Apr 30 16:01:06.522324 dv-cinder-787195-6-iscsi devstack@c-api.service[80760]: INFO cinder.api.openstack.wsgi [None req-3e694906-d063-49ab-aa74-b4822d7536b6 tempest-VolumeTypesTest-2132324795 tempest-VolumeTypesTest-2132324795-project-admin] GET http://10.222.0.72/volume/v3/6b8139b1ffac4d1f84cb5959e8f945e0/types/726bcafe-9981-4149-ac2f-3331bc4825a5
Apr 30 16:01:06.523162 dv-cinder-787195-6-iscsi devstack@c-api.service[80760]: DEBUG cinder.api.openstack.wsgi [None req-3e694906-d063-49ab-aa74-b4822d7536b6 tempest-VolumeTypesTest-2132324795 tempest-VolumeTypesTest-2132324795-project-admin] Empty body provided in request {{(pid=80760) get_body /opt/stack/cinder/cinder/api/openstack/wsgi.py:713}}
Apr 30 16:01:06.523608 dv-cinder-787195-6-iscsi devstack@c-api.service[80760]: DEBUG cinder.api.openstack.wsgi [None req-3e694906-d063-49ab-aa74-b4822d7536b6 tempest-VolumeTypesTest-2132324795 tempest-VolumeTypesTest-2132324795-project-admin] Calling method 'show' {{(pid=80760) _process_stack /opt/stack/cinder/cinder/api/openstack/wsgi.py:866}}
Apr 30 16:01:06.539861 dv-cinder-787195-6-iscsi devstack@c-api.service[80759]: INFO cinder.api.openstack.wsgi [req-86c58787-3e3b-4b9b-95b9-20bc1bd50deb req-b8ff4847-0820-4ff1-8226-d6297aaecbc6 tempest-AttachVolumeNegativeTest-2002608823 tempest-AttachVolumeNegativeTest-2002608823-project] http://10.222.0.72/volume/v3/e47c1439b6884dea85fdc5c04cdf9341/attachments/29aed337-cd02-420f-946e-b79a5cfa5a31/action returned with HTTP 204
Apr 30 16:01:06.541999 dv-cinder-787195-6-iscsi devstack@c-api.service[80759]: [pid: 80759|app: 0|req: 116/256] 10.222.0.42 () {64 vars in 1499 bytes} [Fri Apr 30 16:01:06 2021] POST /volume/v3/e47c1439b6884dea85fdc5c04cdf9341/attachments/29aed337-cd02-420f-946e-b79a5cfa5a31/action => generated 0 bytes in 129 msecs (HTTP/1.1 204) 7 headers in 292 bytes (1 switches on core 0)
Apr 30 16:01:06.542356 dv-cinder-787195-6-iscsi devstack@c-api.service[80760]: INFO cinder.api.openstack.wsgi [None req-3e694906-d063-49ab-aa74-b4822d7536b6 tempest-VolumeTypesTest-2132324795 tempest-VolumeTypesTest-2132324795-project-admin] http://10.222.0.72/volume/v3/6b8139b1ffac4d1f84cb5959e8f945e0/types/726bcafe-9981-4149-ac2f-3331bc4825a5 returned with HTTP 200
Apr 30 16:01:06.545612 dv-cinder-787195-6-iscsi devstack@c-api.service[80760]: [pid: 80760|app: 0|req: 141/257] 10.222.0.72 () {58 vars in 1319 bytes} [Fri Apr 30 16:01:06 2021] GET /volume/v3/6b8139b1ffac4d1f84cb5959e8f945e0/types/726bcafe-9981-4149-ac2f-3331bc4825a5 => generated 268 bytes in 30 msecs (HTTP/1.1 200) 7 headers in 285 bytes (1 switches on core 0)
Apr 30 16:01:06.549269 dv-cinder-787195-6-iscsi devstack@c-api.service[80759]: INFO cinder.api.openstack.wsgi [None req-4a82ed3e-67d5-4059-b613-d52f450dec21 tempest-VolumesTransfersTest-615228618 tempest-VolumesTransfersTest-615228618-project] GET http://10.222.0.72/volume/v3/f20e673e563949bbbc30e79c782d388f/volumes/6e582764-b539-4f2b-8125-b3b90332f0c3
Apr 30 16:01:06.550676 dv-cinder-787195-6-iscsi devstack@c-api.service[80759]: DEBUG cinder.api.openstack.wsgi [None req-4a82ed3e-67d5-4059-b613-d52f450dec21 tempest-VolumesTransfersTest-615228618 tempest-VolumesTransfersTest-615228618-project] Empty body provided in request {{(pid=80759) get_body /opt/stack/cinder/cinder/api/openstack/wsgi.py:713}}
Apr 30 16:01:06.550676 dv-cinder-787195-6-iscsi devstack@c-api.service[80759]: /usr/local/lib/python3.8/dist-packages/webob/acceptparse.py:1047: DeprecationWarning: The behavior of AcceptValidHeader.best_match is currently being maintained for backward compatibility, but it will be deprecated in the future, as it does not conform to the RFC.
Apr 30 16:01:06.550676 dv-cinder-787195-6-iscsi devstack@c-api.service[80759]: warnings.warn(
Apr 30 16:01:06.550895 dv-cinder-787195-6-iscsi devstack@c-api.service[80759]: DEBUG cinder.api.openstack.wsgi [None req-4a82ed3e-67d5-4059-b613-d52f450dec21 tempest-VolumesTransfersTest-615228618 tempest-VolumesTransfersTest-615228618-project] Calling method 'show' {{(pid=80759) _process_stack /opt/stack/cinder/cinder/api/openstack/wsgi.py:866}}
Apr 30 16:01:06.553919 dv-cinder-787195-6-iscsi devstack@c-api.service[80760]: INFO cinder.api.openstack.wsgi [None req-dbeabb3d-84b5-44df-bbc7-1249d67c4345 tempest-AttachVolumeNegativeTest-2002608823 tempest-AttachVolumeNegativeTest-2002608823-project] GET http://10.222.0.72/volume/v3/e47c1439b6884dea85fdc5c04cdf9341/volumes/6df07c0a-6e1d-41b4-91b8-65e7839950cd
Apr 30 16:01:06.554628 dv-cinder-787195-6-iscsi devstack@c-api.service[80760]: DEBUG cinder.api.openstack.wsgi [None req-dbeabb3d-84b5-44df-bbc7-1249d67c4345 tempest-AttachVolumeNegativeTest-2002608823 tempest-AttachVolumeNegativeTest-2002608823-project] Empty body provided in request {{(pid=80760) get_body /opt/stack/cinder/cinder/api/openstack/wsgi.py:713}}
Apr 30 16:01:06.567367 dv-cinder-787195-6-iscsi devstack@c-api.service[80760]: DEBUG cinder.api.openstack.wsgi [None req-dbeabb3d-84b5-44df-bbc7-1249d67c4345 tempest-AttachVolumeNegativeTest-2002608823 tempest-AttachVolumeNegativeTest-2002608823-project] Calling method 'show' {{(pid=80760) _process_stack /opt/stack/cinder/cinder/api/openstack/wsgi.py:866}}
Apr 30 16:01:06.613725 dv-cinder-787195-6-iscsi devstack@c-api.service[80759]: /usr/local/lib/python3.8/dist-packages/oslo_context/context.py:105: DeprecationWarning: Policy enforcement is depending on the value of is_admin. This key is deprecated. Please update your policy file to use the standard policy values.
Apr 30 16:01:06.613725 dv-cinder-787195-6-iscsi devstack@c-api.service[80759]: warnings.warn('Policy enforcement is depending on the value of '
Apr 30 16:01:06.622711 dv-cinder-787195-6-iscsi devstack@c-api.service[80759]: INFO cinder.volume.api [None req-4a82ed3e-67d5-4059-b613-d52f450dec21 tempest-VolumesTransfersTest-615228618 tempest-VolumesTransfersTest-615228618-project] Volume info retrieved successfully.
Apr 30 16:01:06.632402 dv-cinder-787195-6-iscsi devstack@c-api.service[80760]: /usr/local/lib/python3.8/dist-packages/oslo_context/context.py:105: DeprecationWarning: Policy enforcement is depending on the value of is_admin. This key is deprecated. Please update your policy file to use the standard policy values.
Apr 30 16:01:06.632402 dv-cinder-787195-6-iscsi devstack@c-api.service[80760]: warnings.warn('Policy enforcement is depending on the value of '
Apr 30 16:01:06.650206 dv-cinder-787195-6-iscsi devstack@c-api.service[80760]: INFO cinder.volume.api [None req-dbeabb3d-84b5-44df-bbc7-1249d67c4345 tempest-AttachVolumeNegativeTest-2002608823 tempest-AttachVolumeNegativeTest-2002608823-project] Volume info retrieved successfully.
Apr 30 16:01:06.675197 dv-cinder-787195-6-iscsi devstack@c-api.service[80760]: /usr/local/lib/python3.8/dist-packages/oslo_context/context.py:105: DeprecationWarning: Policy enforcement is depending on the value of is_admin. This key is deprecated. Please update your policy file to use the standard policy values.
Apr 30 16:01:06.675197 dv-cinder-787195-6-iscsi devstack@c-api.service[80760]: warnings.warn('Policy enforcement is depending on the value of '
Apr 30 16:01:06.683105 dv-cinder-787195-6-iscsi devstack@c-api.service[80759]: INFO cinder.api.openstack.wsgi [None req-4a82ed3e-67d5-4059-b613-d52f450dec21 tempest-VolumesTransfersTest-615228618 tempest-VolumesTransfersTest-615228618-project] http://10.222.0.72/volume/v3/f20e673e563949bbbc30e79c782d388f/volumes/6e582764-b539-4f2b-8125-b3b90332f0c3 returned with HTTP 200
Apr 30 16:01:06.684000 dv-cinder-787195-6-iscsi devstack@c-api.service[80759]: [pid: 80759|app: 0|req: 117/258] 10.222.0.72 () {58 vars in 1325 bytes} [Fri Apr 30 16:01:06 2021] GET /volume/v3/f20e673e563949bbbc30e79c782d388f/volumes/6e582764-b539-4f2b-8125-b3b90332f0c3 => generated 912 bytes in 141 msecs (HTTP/1.1 200) 7 headers in 285 bytes (1 switches on core 0)
Apr 30 16:01:06.686008 dv-cinder-787195-6-iscsi devstack@c-api.service[80760]: INFO cinder.api.openstack.wsgi [None req-dbeabb3d-84b5-44df-bbc7-1249d67c4345 tempest-AttachVolumeNegativeTest-2002608823 tempest-AttachVolumeNegativeTest-2002608823-project] http://10.222.0.72/volume/v3/e47c1439b6884dea85fdc5c04cdf9341/volumes/6df07c0a-6e1d-41b4-91b8-65e7839950cd returned with HTTP 200
Apr 30 16:01:06.692802 dv-cinder-787195-6-iscsi devstack@c-api.service[80760]: [pid: 80760|app: 0|req: 142/259] 10.222.0.72 () {58 vars in 1325 bytes} [Fri Apr 30 16:01:06 2021] GET /volume/v3/e47c1439b6884dea85fdc5c04cdf9341/volumes/6df07c0a-6e1d-41b4-91b8-65e7839950cd => generated 1208 bytes in 146 msecs (HTTP/1.1 200) 7 headers in 286 bytes (1 switches on core 0)
Apr 30 16:01:06.703135 dv-cinder-787195-6-iscsi devstack@c-api.service[80759]: INFO cinder.api.openstack.wsgi [None req-4ab18731-6496-4bdd-b1e4-02a66b09a44d tempest-VolumeTypesAccessTest-1660432009 tempest-VolumeTypesAccessTest-1660432009-project-admin] GET http://10.222.0.72/volume/v3/cbb573d0a34d4f129b9955f2de6f5717/types/16cb73fd-1bf1-486d-a4e9-1bde4418052f
Apr 30 16:01:06.704212 dv-cinder-787195-6-iscsi devstack@c-api.service[80759]: DEBUG cinder.api.openstack.wsgi [None req-4ab18731-6496-4bdd-b1e4-02a66b09a44d tempest-VolumeTypesAccessTest-1660432009 tempest-VolumeTypesAccessTest-1660432009-project-admin] Empty body provided in request {{(pid=80759) get_body /opt/stack/cinder/cinder/api/openstack/wsgi.py:713}}
Apr 30 16:01:06.704406 dv-cinder-787195-6-iscsi devstack@c-api.service[80759]: /usr/local/lib/python3.8/dist-packages/webob/acceptparse.py:1047: DeprecationWarning: The behavior of AcceptValidHeader.best_match is currently being maintained for backward compatibility, but it will be deprecated in the future, as it does not conform to the RFC.
Apr 30 16:01:06.704406 dv-cinder-787195-6-iscsi devstack@c-api.service[80759]: warnings.warn(
Apr 30 16:01:06.704789 dv-cinder-787195-6-iscsi devstack@c-api.service[80759]: DEBUG cinder.api.openstack.wsgi [None req-4ab18731-6496-4bdd-b1e4-02a66b09a44d tempest-VolumeTypesAccessTest-1660432009 tempest-VolumeTypesAccessTest-1660432009-project-admin] Calling method 'show' {{(pid=80759) _process_stack /opt/stack/cinder/cinder/api/openstack/wsgi.py:866}}
Apr 30 16:01:06.712574 dv-cinder-787195-6-iscsi devstack@c-api.service[80760]: INFO cinder.api.openstack.wsgi [None req-cba95470-7765-45eb-b6ee-05080d6fba24 tempest-VolumeTypesTest-2132324795 tempest-VolumeTypesTest-2132324795-project-admin] DELETE http://10.222.0.72/volume/v3/6b8139b1ffac4d1f84cb5959e8f945e0/types/726bcafe-9981-4149-ac2f-3331bc4825a5
Apr 30 16:01:06.713030 dv-cinder-787195-6-iscsi devstack@c-api.service[80760]: DEBUG cinder.api.openstack.wsgi [None req-cba95470-7765-45eb-b6ee-05080d6fba24 tempest-VolumeTypesTest-2132324795 tempest-VolumeTypesTest-2132324795-project-admin] Empty body provided in request {{(pid=80760) get_body /opt/stack/cinder/cinder/api/openstack/wsgi.py:713}}
Apr 30 16:01:06.713206 dv-cinder-787195-6-iscsi devstack@c-api.service[80760]: /usr/local/lib/python3.8/dist-packages/webob/acceptparse.py:1047: DeprecationWarning: The behavior of AcceptValidHeader.best_match is currently being maintained for backward compatibility, but it will be deprecated in the future, as it does not conform to the RFC.
Apr 30 16:01:06.713206 dv-cinder-787195-6-iscsi devstack@c-api.service[80760]: warnings.warn(
Apr 30 16:01:06.713563 dv-cinder-787195-6-iscsi devstack@c-api.service[80760]: DEBUG cinder.api.openstack.wsgi [None req-cba95470-7765-45eb-b6ee-05080d6fba24 tempest-VolumeTypesTest-2132324795 tempest-VolumeTypesTest-2132324795-project-admin] Calling method '_delete' {{(pid=80760) _process_stack /opt/stack/cinder/cinder/api/openstack/wsgi.py:866}}
Apr 30 16:01:06.726557 dv-cinder-787195-6-iscsi devstack@c-api.service[80759]: INFO cinder.api.openstack.wsgi [None req-4ab18731-6496-4bdd-b1e4-02a66b09a44d tempest-VolumeTypesAccessTest-1660432009 tempest-VolumeTypesAccessTest-1660432009-project-admin] http://10.222.0.72/volume/v3/cbb573d0a34d4f129b9955f2de6f5717/types/16cb73fd-1bf1-486d-a4e9-1bde4418052f returned with HTTP 404
Apr 30 16:01:06.730454 dv-cinder-787195-6-iscsi devstack@c-api.service[80759]: [pid: 80759|app: 0|req: 118/260] 10.222.0.72 () {58 vars in 1319 bytes} [Fri Apr 30 16:01:06 2021] GET /volume/v3/cbb573d0a34d4f129b9955f2de6f5717/types/16cb73fd-1bf1-486d-a4e9-1bde4418052f => generated 114 bytes in 43 msecs (HTTP/1.1 404) 7 headers in 292 bytes (1 switches on core 0)
Apr 30 16:01:06.734460 dv-cinder-787195-6-iscsi devstack@c-api.service[80759]: INFO cinder.api.openstack.wsgi [req-74ddb947-e018-4fe9-8437-f251af32df99 req-6ee3f5fd-6e68-4eab-9d09-fa4221837e3f tempest-DeleteServersTestJSON-451229355 tempest-DeleteServersTestJSON-451229355-project] PUT http://10.222.0.72/volume/v3/b8bd34bbc49e457ab486a499bb5ceebf/attachments/d109cc84-0cab-4462-aca7-33f61525fcfe
Apr 30 16:01:06.735283 dv-cinder-787195-6-iscsi devstack@c-api.service[80759]: DEBUG cinder.api.openstack.wsgi [req-74ddb947-e018-4fe9-8437-f251af32df99 req-6ee3f5fd-6e68-4eab-9d09-fa4221837e3f tempest-DeleteServersTestJSON-451229355 tempest-DeleteServersTestJSON-451229355-project] Action: 'update', calling method: version_select, body: {"attachment": {"connector": {"platform": "AMD64", "os_type": "win32", "ip": "10.222.0.42", "host": "hv-cinder-78719", "multipath": false, "initiator": "iqn.1991-05.com.microsoft:hv-cinder-78719", "mountpoint": "/dev/sdb"}}} {{(pid=80759) _process_stack /opt/stack/cinder/cinder/api/openstack/wsgi.py:864}}
Apr 30 16:01:06.796242 dv-cinder-787195-6-iscsi devstack@c-api.service[80759]: /usr/local/lib/python3.8/dist-packages/tenacity/__init__.py:333: DeprecationWarning: "retry" function must accept single "retry_state" parameter, please update tooz._retry.retry..
Apr 30 16:01:06.796242 dv-cinder-787195-6-iscsi devstack@c-api.service[80759]: return self(f, *args, **kw)
Apr 30 16:01:06.796971 dv-cinder-787195-6-iscsi devstack@c-api.service[80759]: DEBUG cinder.coordination [req-74ddb947-e018-4fe9-8437-f251af32df99 req-6ee3f5fd-6e68-4eab-9d09-fa4221837e3f tempest-DeleteServersTestJSON-451229355 tempest-DeleteServersTestJSON-451229355-project] Lock "b'cinder-attachment_update-b59b0296-a32a-4fa8-9af9-e5c53b5c1def-hv-cinder-78719'" acquired by "attachment_update" :: waited 0.016s {{(pid=80759) _synchronized /opt/stack/cinder/cinder/coordination.py:146}}
Apr 30 16:01:06.801276 dv-cinder-787195-6-iscsi devstack@c-api.service[80759]: /usr/local/lib/python3.8/dist-packages/oslo_context/context.py:105: DeprecationWarning: Policy enforcement is depending on the value of is_admin. This key is deprecated. Please update your policy file to use the standard policy values.
Apr 30 16:01:06.801276 dv-cinder-787195-6-iscsi devstack@c-api.service[80759]: warnings.warn('Policy enforcement is depending on the value of '
Apr 30 16:01:06.839035 dv-cinder-787195-6-iscsi devstack@c-api.service[80760]: INFO cinder.api.openstack.wsgi [None req-cba95470-7765-45eb-b6ee-05080d6fba24 tempest-VolumeTypesTest-2132324795 tempest-VolumeTypesTest-2132324795-project-admin] http://10.222.0.72/volume/v3/6b8139b1ffac4d1f84cb5959e8f945e0/types/726bcafe-9981-4149-ac2f-3331bc4825a5 returned with HTTP 202
Apr 30 16:01:06.842476 dv-cinder-787195-6-iscsi devstack@c-api.service[80760]: [pid: 80760|app: 0|req: 143/261] 10.222.0.72 () {58 vars in 1322 bytes} [Fri Apr 30 16:01:06 2021] DELETE /volume/v3/6b8139b1ffac4d1f84cb5959e8f945e0/types/726bcafe-9981-4149-ac2f-3331bc4825a5 => generated 0 bytes in 150 msecs (HTTP/1.1 202) 6 headers in 233 bytes (1 switches on core 0)
Apr 30 16:01:06.852213 dv-cinder-787195-6-iscsi devstack@c-api.service[80760]: INFO cinder.api.openstack.wsgi [None req-d458ccf6-29a2-4ef0-9a50-91f70f2ab733 tempest-VolumeTypesTest-2132324795 tempest-VolumeTypesTest-2132324795-project-admin] GET http://10.222.0.72/volume/v3/6b8139b1ffac4d1f84cb5959e8f945e0/types/726bcafe-9981-4149-ac2f-3331bc4825a5
Apr 30 16:01:06.853592 dv-cinder-787195-6-iscsi devstack@c-api.service[80760]: DEBUG cinder.api.openstack.wsgi [None req-d458ccf6-29a2-4ef0-9a50-91f70f2ab733 tempest-VolumeTypesTest-2132324795 tempest-VolumeTypesTest-2132324795-project-admin] Empty body provided in request {{(pid=80760) get_body /opt/stack/cinder/cinder/api/openstack/wsgi.py:713}}
Apr 30 16:01:06.855799 dv-cinder-787195-6-iscsi devstack@c-api.service[80760]: DEBUG cinder.api.openstack.wsgi [None req-d458ccf6-29a2-4ef0-9a50-91f70f2ab733 tempest-VolumeTypesTest-2132324795 tempest-VolumeTypesTest-2132324795-project-admin] Calling method 'show' {{(pid=80760) _process_stack /opt/stack/cinder/cinder/api/openstack/wsgi.py:866}}
Apr 30 16:01:06.882157 dv-cinder-787195-6-iscsi devstack@c-api.service[80760]: INFO cinder.api.openstack.wsgi [None req-d458ccf6-29a2-4ef0-9a50-91f70f2ab733 tempest-VolumeTypesTest-2132324795 tempest-VolumeTypesTest-2132324795-project-admin] http://10.222.0.72/volume/v3/6b8139b1ffac4d1f84cb5959e8f945e0/types/726bcafe-9981-4149-ac2f-3331bc4825a5 returned with HTTP 404
Apr 30 16:01:06.886060 dv-cinder-787195-6-iscsi devstack@c-api.service[80760]: [pid: 80760|app: 0|req: 144/262] 10.222.0.72 () {58 vars in 1319 bytes} [Fri Apr 30 16:01:06 2021] GET /volume/v3/6b8139b1ffac4d1f84cb5959e8f945e0/types/726bcafe-9981-4149-ac2f-3331bc4825a5 => generated 114 bytes in 39 msecs (HTTP/1.1 404) 7 headers in 292 bytes (1 switches on core 0)
Apr 30 16:01:06.899931 dv-cinder-787195-6-iscsi devstack@c-api.service[80760]: INFO cinder.api.openstack.wsgi [None req-f39ea392-207c-4836-bbeb-2931922dbfcf tempest-VolumeTypesTest-2132324795 tempest-VolumeTypesTest-2132324795-project-admin] DELETE http://10.222.0.72/volume/v3/6b8139b1ffac4d1f84cb5959e8f945e0/types/d8509462-3468-48c1-897b-131e30410a1f
Apr 30 16:01:06.905075 dv-cinder-787195-6-iscsi devstack@c-api.service[80760]: DEBUG cinder.api.openstack.wsgi [None req-f39ea392-207c-4836-bbeb-2931922dbfcf tempest-VolumeTypesTest-2132324795 tempest-VolumeTypesTest-2132324795-project-admin] Empty body provided in request {{(pid=80760) get_body /opt/stack/cinder/cinder/api/openstack/wsgi.py:713}}
Apr 30 16:01:06.905866 dv-cinder-787195-6-iscsi devstack@c-api.service[80760]: DEBUG cinder.api.openstack.wsgi [None req-f39ea392-207c-4836-bbeb-2931922dbfcf tempest-VolumeTypesTest-2132324795 tempest-VolumeTypesTest-2132324795-project-admin] Calling method '_delete' {{(pid=80760) _process_stack /opt/stack/cinder/cinder/api/openstack/wsgi.py:866}}
Apr 30 16:01:07.008975 dv-cinder-787195-6-iscsi devstack@c-api.service[80760]: INFO cinder.api.openstack.wsgi [None req-f39ea392-207c-4836-bbeb-2931922dbfcf tempest-VolumeTypesTest-2132324795 tempest-VolumeTypesTest-2132324795-project-admin] http://10.222.0.72/volume/v3/6b8139b1ffac4d1f84cb5959e8f945e0/types/d8509462-3468-48c1-897b-131e30410a1f returned with HTTP 202
Apr 30 16:01:07.013549 dv-cinder-787195-6-iscsi devstack@c-api.service[80760]: [pid: 80760|app: 0|req: 145/263] 10.222.0.72 () {58 vars in 1322 bytes} [Fri Apr 30 16:01:06 2021] DELETE /volume/v3/6b8139b1ffac4d1f84cb5959e8f945e0/types/d8509462-3468-48c1-897b-131e30410a1f => generated 0 bytes in 125 msecs (HTTP/1.1 202) 6 headers in 233 bytes (1 switches on core 0)
Apr 30 16:01:07.019483 dv-cinder-787195-6-iscsi devstack@c-api.service[80760]: INFO cinder.api.openstack.wsgi [None req-bcea392f-abd6-48d0-8545-9f6738687ae2 tempest-VolumeTypesTest-2132324795 tempest-VolumeTypesTest-2132324795-project-admin] GET http://10.222.0.72/volume/v3/6b8139b1ffac4d1f84cb5959e8f945e0/types/d8509462-3468-48c1-897b-131e30410a1f
Apr 30 16:01:07.020175 dv-cinder-787195-6-iscsi devstack@c-api.service[80760]: DEBUG cinder.api.openstack.wsgi [None req-bcea392f-abd6-48d0-8545-9f6738687ae2 tempest-VolumeTypesTest-2132324795 tempest-VolumeTypesTest-2132324795-project-admin] Empty body provided in request {{(pid=80760) get_body /opt/stack/cinder/cinder/api/openstack/wsgi.py:713}}
Apr 30 16:01:07.020791 dv-cinder-787195-6-iscsi devstack@c-api.service[80760]: DEBUG cinder.api.openstack.wsgi [None req-bcea392f-abd6-48d0-8545-9f6738687ae2 tempest-VolumeTypesTest-2132324795 tempest-VolumeTypesTest-2132324795-project-admin] Calling method 'show' {{(pid=80760) _process_stack /opt/stack/cinder/cinder/api/openstack/wsgi.py:866}}
Apr 30 16:01:07.035850 dv-cinder-787195-6-iscsi devstack@c-api.service[80760]: INFO cinder.api.openstack.wsgi [None req-bcea392f-abd6-48d0-8545-9f6738687ae2 tempest-VolumeTypesTest-2132324795 tempest-VolumeTypesTest-2132324795-project-admin] http://10.222.0.72/volume/v3/6b8139b1ffac4d1f84cb5959e8f945e0/types/d8509462-3468-48c1-897b-131e30410a1f returned with HTTP 404
Apr 30 16:01:07.037044 dv-cinder-787195-6-iscsi devstack@c-api.service[80760]: [pid: 80760|app: 0|req: 146/264] 10.222.0.72 () {58 vars in 1319 bytes} [Fri Apr 30 16:01:07 2021] GET /volume/v3/6b8139b1ffac4d1f84cb5959e8f945e0/types/d8509462-3468-48c1-897b-131e30410a1f => generated 114 bytes in 23 msecs (HTTP/1.1 404) 7 headers in 292 bytes (1 switches on core 0)
Apr 30 16:01:07.044754 dv-cinder-787195-6-iscsi devstack@c-api.service[80760]: INFO cinder.api.openstack.wsgi [None req-897d9c08-d9f2-4a77-9de3-2cee442da1e9 tempest-VolumeTypesTest-2132324795 tempest-VolumeTypesTest-2132324795-project-admin] DELETE http://10.222.0.72/volume/v3/6b8139b1ffac4d1f84cb5959e8f945e0/types/9ca45b76-0615-4dcb-8b8f-0cab4cc378b9
Apr 30 16:01:07.045369 dv-cinder-787195-6-iscsi devstack@c-api.service[80760]: DEBUG cinder.api.openstack.wsgi [None req-897d9c08-d9f2-4a77-9de3-2cee442da1e9 tempest-VolumeTypesTest-2132324795 tempest-VolumeTypesTest-2132324795-project-admin] Empty body provided in request {{(pid=80760) get_body /opt/stack/cinder/cinder/api/openstack/wsgi.py:713}}
Apr 30 16:01:07.046083 dv-cinder-787195-6-iscsi devstack@c-api.service[80760]: DEBUG cinder.api.openstack.wsgi [None req-897d9c08-d9f2-4a77-9de3-2cee442da1e9 tempest-VolumeTypesTest-2132324795 tempest-VolumeTypesTest-2132324795-project-admin] Calling method '_delete' {{(pid=80760) _process_stack /opt/stack/cinder/cinder/api/openstack/wsgi.py:866}}
Apr 30 16:01:07.161493 dv-cinder-787195-6-iscsi devstack@c-api.service[80760]: INFO cinder.api.openstack.wsgi [None req-897d9c08-d9f2-4a77-9de3-2cee442da1e9 tempest-VolumeTypesTest-2132324795 tempest-VolumeTypesTest-2132324795-project-admin] http://10.222.0.72/volume/v3/6b8139b1ffac4d1f84cb5959e8f945e0/types/9ca45b76-0615-4dcb-8b8f-0cab4cc378b9 returned with HTTP 202
Apr 30 16:01:07.167147 dv-cinder-787195-6-iscsi devstack@c-api.service[80760]: [pid: 80760|app: 0|req: 147/265] 10.222.0.72 () {58 vars in 1322 bytes} [Fri Apr 30 16:01:07 2021] DELETE /volume/v3/6b8139b1ffac4d1f84cb5959e8f945e0/types/9ca45b76-0615-4dcb-8b8f-0cab4cc378b9 => generated 0 bytes in 126 msecs (HTTP/1.1 202) 6 headers in 233 bytes (1 switches on core 0)
Apr 30 16:01:07.171080 dv-cinder-787195-6-iscsi devstack@c-api.service[80760]: INFO cinder.api.openstack.wsgi [None req-c7a5bd49-3b84-4b30-b702-192fdd43e189 tempest-DeleteServersTestJSON-451229355 tempest-DeleteServersTestJSON-451229355-project] GET http://10.222.0.72/volume/v3/b8bd34bbc49e457ab486a499bb5ceebf/volumes/b59b0296-a32a-4fa8-9af9-e5c53b5c1def
Apr 30 16:01:07.176220 dv-cinder-787195-6-iscsi devstack@c-api.service[80760]: DEBUG cinder.api.openstack.wsgi [None req-c7a5bd49-3b84-4b30-b702-192fdd43e189 tempest-DeleteServersTestJSON-451229355 tempest-DeleteServersTestJSON-451229355-project] Empty body provided in request {{(pid=80760) get_body /opt/stack/cinder/cinder/api/openstack/wsgi.py:713}}
Apr 30 16:01:07.177034 dv-cinder-787195-6-iscsi devstack@c-api.service[80760]: DEBUG cinder.api.openstack.wsgi [None req-c7a5bd49-3b84-4b30-b702-192fdd43e189 tempest-DeleteServersTestJSON-451229355 tempest-DeleteServersTestJSON-451229355-project] Calling method 'show' {{(pid=80760) _process_stack /opt/stack/cinder/cinder/api/openstack/wsgi.py:866}}
Apr 30 16:01:07.253600 dv-cinder-787195-6-iscsi devstack@c-api.service[80760]: /usr/local/lib/python3.8/dist-packages/oslo_context/context.py:105: DeprecationWarning: Policy enforcement is depending on the value of is_admin. This key is deprecated. Please update your policy file to use the standard policy values.
Apr 30 16:01:07.253600 dv-cinder-787195-6-iscsi devstack@c-api.service[80760]: warnings.warn('Policy enforcement is depending on the value of '
Apr 30 16:01:07.271297 dv-cinder-787195-6-iscsi devstack@c-api.service[80760]: INFO cinder.volume.api [None req-c7a5bd49-3b84-4b30-b702-192fdd43e189 tempest-DeleteServersTestJSON-451229355 tempest-DeleteServersTestJSON-451229355-project] Volume info retrieved successfully.
Apr 30 16:01:07.283260 dv-cinder-787195-6-iscsi devstack@c-api.service[80760]: /usr/local/lib/python3.8/dist-packages/oslo_context/context.py:105: DeprecationWarning: Policy enforcement is depending on the value of is_admin. This key is deprecated. Please update your policy file to use the standard policy values.
Apr 30 16:01:07.283260 dv-cinder-787195-6-iscsi devstack@c-api.service[80760]: warnings.warn('Policy enforcement is depending on the value of '
Apr 30 16:01:07.291575 dv-cinder-787195-6-iscsi devstack@c-api.service[80760]: INFO cinder.api.openstack.wsgi [None req-c7a5bd49-3b84-4b30-b702-192fdd43e189 tempest-DeleteServersTestJSON-451229355 tempest-DeleteServersTestJSON-451229355-project] http://10.222.0.72/volume/v3/b8bd34bbc49e457ab486a499bb5ceebf/volumes/b59b0296-a32a-4fa8-9af9-e5c53b5c1def returned with HTTP 200
Apr 30 16:01:07.301494 dv-cinder-787195-6-iscsi devstack@c-api.service[80760]: [pid: 80760|app: 0|req: 148/266] 10.222.0.72 () {58 vars in 1325 bytes} [Fri Apr 30 16:01:07 2021] GET /volume/v3/b8bd34bbc49e457ab486a499bb5ceebf/volumes/b59b0296-a32a-4fa8-9af9-e5c53b5c1def => generated 913 bytes in 133 msecs (HTTP/1.1 200) 7 headers in 285 bytes (1 switches on core 0)
Apr 30 16:01:07.306565 dv-cinder-787195-6-iscsi devstack@c-api.service[80760]: INFO cinder.api.openstack.wsgi [None req-048aa1a4-87da-48ca-a29a-a21510e332c5 tempest-VolumeTypesTest-2132324795 tempest-VolumeTypesTest-2132324795-project-admin] GET http://10.222.0.72/volume/v3/6b8139b1ffac4d1f84cb5959e8f945e0/types/9ca45b76-0615-4dcb-8b8f-0cab4cc378b9
Apr 30 16:01:07.307570 dv-cinder-787195-6-iscsi devstack@c-api.service[80760]: DEBUG cinder.api.openstack.wsgi [None req-048aa1a4-87da-48ca-a29a-a21510e332c5 tempest-VolumeTypesTest-2132324795 tempest-VolumeTypesTest-2132324795-project-admin] Empty body provided in request {{(pid=80760) get_body /opt/stack/cinder/cinder/api/openstack/wsgi.py:713}}
Apr 30 16:01:07.307752 dv-cinder-787195-6-iscsi devstack@c-api.service[80760]: /usr/local/lib/python3.8/dist-packages/webob/acceptparse.py:1047: DeprecationWarning: The behavior of AcceptValidHeader.best_match is currently being maintained for backward compatibility, but it will be deprecated in the future, as it does not conform to the RFC.
Apr 30 16:01:07.307752 dv-cinder-787195-6-iscsi devstack@c-api.service[80760]: warnings.warn(
Apr 30 16:01:07.308322 dv-cinder-787195-6-iscsi devstack@c-api.service[80760]: DEBUG cinder.api.openstack.wsgi [None req-048aa1a4-87da-48ca-a29a-a21510e332c5 tempest-VolumeTypesTest-2132324795 tempest-VolumeTypesTest-2132324795-project-admin] Calling method 'show' {{(pid=80760) _process_stack /opt/stack/cinder/cinder/api/openstack/wsgi.py:866}}
Apr 30 16:01:07.327359 dv-cinder-787195-6-iscsi devstack@c-api.service[80760]: INFO cinder.api.openstack.wsgi [None req-048aa1a4-87da-48ca-a29a-a21510e332c5 tempest-VolumeTypesTest-2132324795 tempest-VolumeTypesTest-2132324795-project-admin] http://10.222.0.72/volume/v3/6b8139b1ffac4d1f84cb5959e8f945e0/types/9ca45b76-0615-4dcb-8b8f-0cab4cc378b9 returned with HTTP 404
Apr 30 16:01:07.332016 dv-cinder-787195-6-iscsi devstack@c-api.service[80760]: [pid: 80760|app: 0|req: 149/267] 10.222.0.72 () {58 vars in 1319 bytes} [Fri Apr 30 16:01:07 2021] GET /volume/v3/6b8139b1ffac4d1f84cb5959e8f945e0/types/9ca45b76-0615-4dcb-8b8f-0cab4cc378b9 => generated 114 bytes in 30 msecs (HTTP/1.1 404) 7 headers in 292 bytes (1 switches on core 0)
Apr 30 16:01:07.335857 dv-cinder-787195-6-iscsi devstack@c-api.service[80760]: INFO cinder.api.openstack.wsgi [None req-74baaaa5-c3d5-4127-8f65-72a77e3bfb96 tempest-VolumeTypesTest-1047792623 tempest-VolumeTypesTest-1047792623-project] DELETE http://10.222.0.72/volume/v3/51b797c3386245d6846f4b040a0b3b57/volumes/a2ec7063-4815-4c97-a183-45692aaf190c
Apr 30 16:01:07.336383 dv-cinder-787195-6-iscsi devstack@c-api.service[80760]: DEBUG cinder.api.openstack.wsgi [None req-74baaaa5-c3d5-4127-8f65-72a77e3bfb96 tempest-VolumeTypesTest-1047792623 tempest-VolumeTypesTest-1047792623-project] Empty body provided in request {{(pid=80760) get_body /opt/stack/cinder/cinder/api/openstack/wsgi.py:713}}
Apr 30 16:01:07.336817 dv-cinder-787195-6-iscsi devstack@c-api.service[80760]: DEBUG cinder.api.openstack.wsgi [None req-74baaaa5-c3d5-4127-8f65-72a77e3bfb96 tempest-VolumeTypesTest-1047792623 tempest-VolumeTypesTest-1047792623-project] Calling method 'delete' {{(pid=80760) _process_stack /opt/stack/cinder/cinder/api/openstack/wsgi.py:866}}
Apr 30 16:01:07.337231 dv-cinder-787195-6-iscsi devstack@c-api.service[80760]: INFO cinder.api.v3.volumes [None req-74baaaa5-c3d5-4127-8f65-72a77e3bfb96 tempest-VolumeTypesTest-1047792623 tempest-VolumeTypesTest-1047792623-project] Delete volume with id: a2ec7063-4815-4c97-a183-45692aaf190c
Apr 30 16:01:07.358443 dv-cinder-787195-6-iscsi devstack@c-api.service[80759]: DEBUG cinder.coordination [req-74ddb947-e018-4fe9-8437-f251af32df99 req-6ee3f5fd-6e68-4eab-9d09-fa4221837e3f tempest-DeleteServersTestJSON-451229355 tempest-DeleteServersTestJSON-451229355-project] Lock "b'cinder-attachment_update-b59b0296-a32a-4fa8-9af9-e5c53b5c1def-hv-cinder-78719'" released by "attachment_update" :: held 0.562s {{(pid=80759) _synchronized /opt/stack/cinder/cinder/coordination.py:158}}
Apr 30 16:01:07.359069 dv-cinder-787195-6-iscsi devstack@c-api.service[80759]: INFO cinder.api.openstack.wsgi [req-74ddb947-e018-4fe9-8437-f251af32df99 req-6ee3f5fd-6e68-4eab-9d09-fa4221837e3f tempest-DeleteServersTestJSON-451229355 tempest-DeleteServersTestJSON-451229355-project] http://10.222.0.72/volume/v3/b8bd34bbc49e457ab486a499bb5ceebf/attachments/d109cc84-0cab-4462-aca7-33f61525fcfe returned with HTTP 200
Apr 30 16:01:07.360528 dv-cinder-787195-6-iscsi devstack@c-api.service[80759]: [pid: 80759|app: 0|req: 119/268] 10.222.0.42 () {64 vars in 1478 bytes} [Fri Apr 30 16:01:06 2021] PUT /volume/v3/b8bd34bbc49e457ab486a499bb5ceebf/attachments/d109cc84-0cab-4462-aca7-33f61525fcfe => generated 747 bytes in 632 msecs (HTTP/1.1 200) 7 headers in 286 bytes (1 switches on core 0)
Apr 30 16:01:07.403536 dv-cinder-787195-6-iscsi devstack@c-api.service[80760]: /usr/local/lib/python3.8/dist-packages/oslo_context/context.py:105: DeprecationWarning: Policy enforcement is depending on the value of is_admin. This key is deprecated. Please update your policy file to use the standard policy values.
Apr 30 16:01:07.403536 dv-cinder-787195-6-iscsi devstack@c-api.service[80760]: warnings.warn('Policy enforcement is depending on the value of '
Apr 30 16:01:07.405962 dv-cinder-787195-6-iscsi devstack@c-api.service[80760]: INFO cinder.volume.api [None req-74baaaa5-c3d5-4127-8f65-72a77e3bfb96 tempest-VolumeTypesTest-1047792623 tempest-VolumeTypesTest-1047792623-project] Volume info retrieved successfully.
Apr 30 16:01:07.460614 dv-cinder-787195-6-iscsi devstack@c-api.service[80760]: INFO cinder.volume.api [None req-74baaaa5-c3d5-4127-8f65-72a77e3bfb96 tempest-VolumeTypesTest-1047792623 tempest-VolumeTypesTest-1047792623-project] Delete volume request issued successfully.
Apr 30 16:01:07.461732 dv-cinder-787195-6-iscsi devstack@c-api.service[80760]: INFO cinder.api.openstack.wsgi [None req-74baaaa5-c3d5-4127-8f65-72a77e3bfb96 tempest-VolumeTypesTest-1047792623 tempest-VolumeTypesTest-1047792623-project] http://10.222.0.72/volume/v3/51b797c3386245d6846f4b040a0b3b57/volumes/a2ec7063-4815-4c97-a183-45692aaf190c returned with HTTP 202
Apr 30 16:01:07.463072 dv-cinder-787195-6-iscsi devstack@c-api.service[80760]: [pid: 80760|app: 0|req: 150/269] 10.222.0.72 () {58 vars in 1328 bytes} [Fri Apr 30 16:01:07 2021] DELETE /volume/v3/51b797c3386245d6846f4b040a0b3b57/volumes/a2ec7063-4815-4c97-a183-45692aaf190c => generated 0 bytes in 130 msecs (HTTP/1.1 202) 6 headers in 233 bytes (1 switches on core 0)
Apr 30 16:01:07.471433 dv-cinder-787195-6-iscsi devstack@c-api.service[80759]: INFO cinder.api.openstack.wsgi [None req-6529e4c3-359f-4f3f-be0c-d58d1276286c tempest-VolumeTypesTest-1047792623 tempest-VolumeTypesTest-1047792623-project] GET http://10.222.0.72/volume/v3/51b797c3386245d6846f4b040a0b3b57/volumes/a2ec7063-4815-4c97-a183-45692aaf190c
Apr 30 16:01:07.472471 dv-cinder-787195-6-iscsi devstack@c-api.service[80759]: DEBUG cinder.api.openstack.wsgi [None req-6529e4c3-359f-4f3f-be0c-d58d1276286c tempest-VolumeTypesTest-1047792623 tempest-VolumeTypesTest-1047792623-project] Empty body provided in request {{(pid=80759) get_body /opt/stack/cinder/cinder/api/openstack/wsgi.py:713}}
Apr 30 16:01:07.472864 dv-cinder-787195-6-iscsi devstack@c-api.service[80759]: /usr/local/lib/python3.8/dist-packages/webob/acceptparse.py:1047: DeprecationWarning: The behavior of AcceptValidHeader.best_match is currently being maintained for backward compatibility, but it will be deprecated in the future, as it does not conform to the RFC.
Apr 30 16:01:07.472864 dv-cinder-787195-6-iscsi devstack@c-api.service[80759]: warnings.warn(
Apr 30 16:01:07.473201 dv-cinder-787195-6-iscsi devstack@c-api.service[80759]: DEBUG cinder.api.openstack.wsgi [None req-6529e4c3-359f-4f3f-be0c-d58d1276286c tempest-VolumeTypesTest-1047792623 tempest-VolumeTypesTest-1047792623-project] Calling method 'show' {{(pid=80759) _process_stack /opt/stack/cinder/cinder/api/openstack/wsgi.py:866}}
Apr 30 16:01:07.523442 dv-cinder-787195-6-iscsi devstack@c-api.service[80759]: /usr/local/lib/python3.8/dist-packages/oslo_context/context.py:105: DeprecationWarning: Policy enforcement is depending on the value of is_admin. This key is deprecated. Please update your policy file to use the standard policy values.
Apr 30 16:01:07.523442 dv-cinder-787195-6-iscsi devstack@c-api.service[80759]: warnings.warn('Policy enforcement is depending on the value of '
Apr 30 16:01:07.532751 dv-cinder-787195-6-iscsi devstack@c-api.service[80759]: INFO cinder.volume.api [None req-6529e4c3-359f-4f3f-be0c-d58d1276286c tempest-VolumeTypesTest-1047792623 tempest-VolumeTypesTest-1047792623-project] Volume info retrieved successfully.
