Apr 30 13:16:41.624828 dv-cinder-787195-5-iscsi devstack@n-api.service[87930]: DEBUG oslo_concurrency.lockutils [None req-ca557e9c-4d48-4374-b78b-3cc5183f4463 tempest-AttachVolumeTestJSON-1577637551 tempest-AttachVolumeTestJSON-1577637551-project] Lock "0bfc7eda-d6f1-4557-ac97-d74d1c48bb36" released by "nova.context.set_target_cell..get_or_set_cached_cell_and_set_connections" :: held 0.001s {{(pid=87930) inner /usr/local/lib/python3.8/dist-packages/oslo_concurrency/lockutils.py:367}}
Apr 30 13:16:41.625633 dv-cinder-787195-5-iscsi devstack@n-api.service[87930]: DEBUG oslo_concurrency.lockutils [None req-ca557e9c-4d48-4374-b78b-3cc5183f4463 tempest-AttachVolumeTestJSON-1577637551 tempest-AttachVolumeTestJSON-1577637551-project] Lock "0bfc7eda-d6f1-4557-ac97-d74d1c48bb36" acquired by "nova.context.set_target_cell..get_or_set_cached_cell_and_set_connections" :: waited 0.000s {{(pid=87930) inner /usr/local/lib/python3.8/dist-packages/oslo_concurrency/lockutils.py:355}}
Apr 30 13:16:41.626079 dv-cinder-787195-5-iscsi devstack@n-api.service[87930]: DEBUG oslo_concurrency.lockutils [None req-ca557e9c-4d48-4374-b78b-3cc5183f4463 tempest-AttachVolumeTestJSON-1577637551 tempest-AttachVolumeTestJSON-1577637551-project] Lock "0bfc7eda-d6f1-4557-ac97-d74d1c48bb36" released by "nova.context.set_target_cell..get_or_set_cached_cell_and_set_connections" :: held 0.000s {{(pid=87930) inner /usr/local/lib/python3.8/dist-packages/oslo_concurrency/lockutils.py:367}}
Apr 30 13:16:41.770036 dv-cinder-787195-5-iscsi devstack@n-api.service[87930]: INFO nova.api.openstack.requestlog [None req-ca557e9c-4d48-4374-b78b-3cc5183f4463 tempest-AttachVolumeTestJSON-1577637551 tempest-AttachVolumeTestJSON-1577637551-project] 10.222.0.15 "POST /compute/v2.1/servers/cf9cb13f-3b11-40fd-96fd-47cb713065f2/action" status: 200 len: 14 microversion: 2.1 time: 0.162295
Apr 30 13:16:41.771690 dv-cinder-787195-5-iscsi devstack@n-api.service[87930]: [pid: 87930|app: 0|req: 101/187] 10.222.0.15 () {60 vars in 1278 bytes} [Fri Apr 30 13:16:41 2021] POST /compute/v2.1/servers/cf9cb13f-3b11-40fd-96fd-47cb713065f2/action => generated 14 bytes in 165 msecs (HTTP/1.1 200) 9 headers in 356 bytes (1 switches on core 0)
Apr 30 13:16:41.945503 dv-cinder-787195-5-iscsi devstack@n-api.service[87931]: DEBUG nova.api.openstack.wsgi [None req-2044429f-e607-492a-b4a9-71476ab17ab9 tempest-AttachVolumeShelveTestJSON-1063206213 tempest-AttachVolumeShelveTestJSON-1063206213-project] Calling method '>' {{(pid=87931) _process_stack /opt/stack/nova/nova/api/openstack/wsgi.py:513}}
Apr 30 13:16:41.946245 dv-cinder-787195-5-iscsi devstack@n-api.service[87931]: DEBUG nova.compute.api [None req-2044429f-e607-492a-b4a9-71476ab17ab9 tempest-AttachVolumeShelveTestJSON-1063206213 tempest-AttachVolumeShelveTestJSON-1063206213-project] [instance: 69b813b3-49ee-4620-9ac6-452ce26da263] Fetching instance by UUID {{(pid=87931) get /opt/stack/nova/nova/compute/api.py:2815}}
Apr 30 13:16:41.953653 dv-cinder-787195-5-iscsi devstack@n-api.service[87931]: DEBUG oslo_concurrency.lockutils [None req-2044429f-e607-492a-b4a9-71476ab17ab9 tempest-AttachVolumeShelveTestJSON-1063206213 tempest-AttachVolumeShelveTestJSON-1063206213-project] Lock "0bfc7eda-d6f1-4557-ac97-d74d1c48bb36" acquired by "nova.context.set_target_cell..get_or_set_cached_cell_and_set_connections" :: waited 0.000s {{(pid=87931) inner /usr/local/lib/python3.8/dist-packages/oslo_concurrency/lockutils.py:355}}
Apr 30 13:16:41.954125 dv-cinder-787195-5-iscsi devstack@n-api.service[87931]: DEBUG oslo_concurrency.lockutils [None req-2044429f-e607-492a-b4a9-71476ab17ab9 tempest-AttachVolumeShelveTestJSON-1063206213 tempest-AttachVolumeShelveTestJSON-1063206213-project] Lock "0bfc7eda-d6f1-4557-ac97-d74d1c48bb36" released by "nova.context.set_target_cell..get_or_set_cached_cell_and_set_connections" :: held 0.001s {{(pid=87931) inner /usr/local/lib/python3.8/dist-packages/oslo_concurrency/lockutils.py:367}}
Apr 30 13:16:41.955020 dv-cinder-787195-5-iscsi devstack@n-api.service[87931]: DEBUG oslo_concurrency.lockutils [None req-2044429f-e607-492a-b4a9-71476ab17ab9 tempest-AttachVolumeShelveTestJSON-1063206213 tempest-AttachVolumeShelveTestJSON-1063206213-project] Lock "0bfc7eda-d6f1-4557-ac97-d74d1c48bb36" acquired by "nova.context.set_target_cell..get_or_set_cached_cell_and_set_connections" :: waited 0.000s {{(pid=87931) inner /usr/local/lib/python3.8/dist-packages/oslo_concurrency/lockutils.py:355}}
Apr 30 13:16:41.955489 dv-cinder-787195-5-iscsi devstack@n-api.service[87931]: DEBUG oslo_concurrency.lockutils [None req-2044429f-e607-492a-b4a9-71476ab17ab9 tempest-AttachVolumeShelveTestJSON-1063206213 tempest-AttachVolumeShelveTestJSON-1063206213-project] Lock "0bfc7eda-d6f1-4557-ac97-d74d1c48bb36" released by "nova.context.set_target_cell..get_or_set_cached_cell_and_set_connections" :: held 0.001s {{(pid=87931) inner /usr/local/lib/python3.8/dist-packages/oslo_concurrency/lockutils.py:367}}
Apr 30 13:16:42.150359 dv-cinder-787195-5-iscsi devstack@n-api.service[87931]: DEBUG nova.policy [None req-2044429f-e607-492a-b4a9-71476ab17ab9 tempest-AttachVolumeShelveTestJSON-1063206213 tempest-AttachVolumeShelveTestJSON-1063206213-project] Policy check for os_compute_api:os-extended-server-attributes failed with credentials {'is_admin': False, 'user_id': 'f2921041a44c4a77bea4a098ee796892', 'user_domain_id': 'default', 'system_scope': None, 'domain_id': None, 'project_id': '7edbf53013084aef8c7b2d047cc26d9f', 'project_domain_id': 'default', 'roles': ['reader', 'member'], 'is_admin_project': True, 'service_user_id': None, 'service_user_domain_id': None, 'service_project_id': None, 'service_project_domain_id': None, 'service_roles': []} {{(pid=87931) authorize /opt/stack/nova/nova/policy.py:199}}
Apr 30 13:16:42.159262 dv-cinder-787195-5-iscsi devstack@n-api.service[87931]: DEBUG nova.policy [None req-2044429f-e607-492a-b4a9-71476ab17ab9 tempest-AttachVolumeShelveTestJSON-1063206213 tempest-AttachVolumeShelveTestJSON-1063206213-project] Policy check for os_compute_api:servers:show:host_status failed with credentials {'is_admin': False, 'user_id': 'f2921041a44c4a77bea4a098ee796892', 'user_domain_id': 'default', 'system_scope': None, 'domain_id': None, 'project_id': '7edbf53013084aef8c7b2d047cc26d9f', 'project_domain_id': 'default', 'roles': ['reader', 'member'], 'is_admin_project': True, 'service_user_id': None, 'service_user_domain_id': None, 'service_project_id': None, 'service_project_domain_id': None, 'service_roles': []} {{(pid=87931) authorize /opt/stack/nova/nova/policy.py:199}}
Apr 30 13:16:42.160782 dv-cinder-787195-5-iscsi devstack@n-api.service[87931]: DEBUG nova.policy [None req-2044429f-e607-492a-b4a9-71476ab17ab9 tempest-AttachVolumeShelveTestJSON-1063206213 tempest-AttachVolumeShelveTestJSON-1063206213-project] Policy check for os_compute_api:servers:show:host_status:unknown-only failed with credentials {'is_admin': False, 'user_id': 'f2921041a44c4a77bea4a098ee796892', 'user_domain_id': 'default', 'system_scope': None, 'domain_id': None, 'project_id': '7edbf53013084aef8c7b2d047cc26d9f', 'project_domain_id': 'default', 'roles': ['reader', 'member'], 'is_admin_project': True, 'service_user_id': None, 'service_user_domain_id': None, 'service_project_id': None, 'service_project_domain_id': None, 'service_roles': []} {{(pid=87931) authorize /opt/stack/nova/nova/policy.py:199}}
Apr 30 13:16:42.161919 dv-cinder-787195-5-iscsi devstack@n-api.service[87931]: INFO nova.api.openstack.requestlog [None req-2044429f-e607-492a-b4a9-71476ab17ab9 tempest-AttachVolumeShelveTestJSON-1063206213 tempest-AttachVolumeShelveTestJSON-1063206213-project] 10.222.0.15 "GET /compute/v2.1/servers/69b813b3-49ee-4620-9ac6-452ce26da263" status: 200 len: 1597 microversion: 2.20 time: 0.220868
Apr 30 13:16:42.162518 dv-cinder-787195-5-iscsi devstack@n-api.service[87931]: [pid: 87931|app: 0|req: 87/188] 10.222.0.15 () {60 vars in 1277 bytes} [Fri Apr 30 13:16:41 2021] GET /compute/v2.1/servers/69b813b3-49ee-4620-9ac6-452ce26da263 => generated 1597 bytes in 222 msecs (HTTP/1.1 200) 9 headers in 360 bytes (1 switches on core 0)
Apr 30 13:16:42.181756 dv-cinder-787195-5-iscsi devstack@n-api.service[87930]: DEBUG nova.api.openstack.wsgi [None req-d23e6bce-2262-4092-a48b-f7f14963954f tempest-AttachVolumeShelveTestJSON-1063206213 tempest-AttachVolumeShelveTestJSON-1063206213-project] Calling method '>' {{(pid=87930) _process_stack /opt/stack/nova/nova/api/openstack/wsgi.py:513}}
Apr 30 13:16:42.182272 dv-cinder-787195-5-iscsi devstack@n-api.service[87930]: DEBUG nova.compute.api [None req-d23e6bce-2262-4092-a48b-f7f14963954f tempest-AttachVolumeShelveTestJSON-1063206213 tempest-AttachVolumeShelveTestJSON-1063206213-project] [instance: 69b813b3-49ee-4620-9ac6-452ce26da263] Fetching instance by UUID {{(pid=87930) get /opt/stack/nova/nova/compute/api.py:2815}}
Apr 30 13:16:42.190093 dv-cinder-787195-5-iscsi devstack@n-api.service[87930]: DEBUG oslo_concurrency.lockutils [None req-d23e6bce-2262-4092-a48b-f7f14963954f tempest-AttachVolumeShelveTestJSON-1063206213 tempest-AttachVolumeShelveTestJSON-1063206213-project] Lock "0bfc7eda-d6f1-4557-ac97-d74d1c48bb36" acquired by "nova.context.set_target_cell..get_or_set_cached_cell_and_set_connections" :: waited 0.000s {{(pid=87930) inner /usr/local/lib/python3.8/dist-packages/oslo_concurrency/lockutils.py:355}}
Apr 30 13:16:42.190656 dv-cinder-787195-5-iscsi devstack@n-api.service[87930]: DEBUG oslo_concurrency.lockutils [None req-d23e6bce-2262-4092-a48b-f7f14963954f tempest-AttachVolumeShelveTestJSON-1063206213 tempest-AttachVolumeShelveTestJSON-1063206213-project] Lock "0bfc7eda-d6f1-4557-ac97-d74d1c48bb36" released by "nova.context.set_target_cell..get_or_set_cached_cell_and_set_connections" :: held 0.001s {{(pid=87930) inner /usr/local/lib/python3.8/dist-packages/oslo_concurrency/lockutils.py:367}}
Apr 30 13:16:42.191435 dv-cinder-787195-5-iscsi devstack@n-api.service[87930]: DEBUG oslo_concurrency.lockutils [None req-d23e6bce-2262-4092-a48b-f7f14963954f tempest-AttachVolumeShelveTestJSON-1063206213 tempest-AttachVolumeShelveTestJSON-1063206213-project] Lock "0bfc7eda-d6f1-4557-ac97-d74d1c48bb36" acquired by "nova.context.set_target_cell..get_or_set_cached_cell_and_set_connections" :: waited 0.000s {{(pid=87930) inner /usr/local/lib/python3.8/dist-packages/oslo_concurrency/lockutils.py:355}}
Apr 30 13:16:42.191902 dv-cinder-787195-5-iscsi devstack@n-api.service[87930]: DEBUG oslo_concurrency.lockutils [None req-d23e6bce-2262-4092-a48b-f7f14963954f tempest-AttachVolumeShelveTestJSON-1063206213 tempest-AttachVolumeShelveTestJSON-1063206213-project] Lock "0bfc7eda-d6f1-4557-ac97-d74d1c48bb36" released by "nova.context.set_target_cell..get_or_set_cached_cell_and_set_connections" :: held 0.000s {{(pid=87930) inner /usr/local/lib/python3.8/dist-packages/oslo_concurrency/lockutils.py:367}}
Apr 30 13:16:42.235767 dv-cinder-787195-5-iscsi devstack@n-api.service[87931]: DEBUG nova.api.openstack.wsgi [None req-2a3c8740-a51e-4ed2-9fb6-e477f9af9547 tempest-ServerRescueNegativeTestJSON-1906359125 tempest-ServerRescueNegativeTestJSON-1906359125-project] Calling method '>' {{(pid=87931) _process_stack /opt/stack/nova/nova/api/openstack/wsgi.py:513}}
Apr 30 13:16:42.236527 dv-cinder-787195-5-iscsi devstack@n-api.service[87931]: DEBUG nova.compute.api [None req-2a3c8740-a51e-4ed2-9fb6-e477f9af9547 tempest-ServerRescueNegativeTestJSON-1906359125 tempest-ServerRescueNegativeTestJSON-1906359125-project] [instance: d52adbdd-49f8-42c7-8ee8-4ab0434462b0] Fetching instance by UUID {{(pid=87931) get /opt/stack/nova/nova/compute/api.py:2815}}
Apr 30 13:16:42.244653 dv-cinder-787195-5-iscsi devstack@n-api.service[87931]: DEBUG oslo_concurrency.lockutils [None req-2a3c8740-a51e-4ed2-9fb6-e477f9af9547 tempest-ServerRescueNegativeTestJSON-1906359125 tempest-ServerRescueNegativeTestJSON-1906359125-project] Lock "0bfc7eda-d6f1-4557-ac97-d74d1c48bb36" acquired by "nova.context.set_target_cell..get_or_set_cached_cell_and_set_connections" :: waited 0.000s {{(pid=87931) inner /usr/local/lib/python3.8/dist-packages/oslo_concurrency/lockutils.py:355}}
Apr 30 13:16:42.245118 dv-cinder-787195-5-iscsi devstack@n-api.service[87931]: DEBUG oslo_concurrency.lockutils [None req-2a3c8740-a51e-4ed2-9fb6-e477f9af9547 tempest-ServerRescueNegativeTestJSON-1906359125 tempest-ServerRescueNegativeTestJSON-1906359125-project] Lock "0bfc7eda-d6f1-4557-ac97-d74d1c48bb36" released by "nova.context.set_target_cell..get_or_set_cached_cell_and_set_connections" :: held 0.001s {{(pid=87931) inner /usr/local/lib/python3.8/dist-packages/oslo_concurrency/lockutils.py:367}}
Apr 30 13:16:42.245944 dv-cinder-787195-5-iscsi devstack@n-api.service[87931]: DEBUG oslo_concurrency.lockutils [None req-2a3c8740-a51e-4ed2-9fb6-e477f9af9547 tempest-ServerRescueNegativeTestJSON-1906359125 tempest-ServerRescueNegativeTestJSON-1906359125-project] Lock "0bfc7eda-d6f1-4557-ac97-d74d1c48bb36" acquired by "nova.context.set_target_cell..get_or_set_cached_cell_and_set_connections" :: waited 0.000s {{(pid=87931) inner /usr/local/lib/python3.8/dist-packages/oslo_concurrency/lockutils.py:355}}
Apr 30 13:16:42.246537 dv-cinder-787195-5-iscsi devstack@n-api.service[87931]: DEBUG oslo_concurrency.lockutils [None req-2a3c8740-a51e-4ed2-9fb6-e477f9af9547 tempest-ServerRescueNegativeTestJSON-1906359125 tempest-ServerRescueNegativeTestJSON-1906359125-project] Lock "0bfc7eda-d6f1-4557-ac97-d74d1c48bb36" released by "nova.context.set_target_cell..get_or_set_cached_cell_and_set_connections" :: held 0.000s {{(pid=87931) inner /usr/local/lib/python3.8/dist-packages/oslo_concurrency/lockutils.py:367}}
Apr 30 13:16:42.388053 dv-cinder-787195-5-iscsi devstack@n-api.service[87930]: INFO nova.api.openstack.requestlog [None req-d23e6bce-2262-4092-a48b-f7f14963954f tempest-AttachVolumeShelveTestJSON-1063206213 tempest-AttachVolumeShelveTestJSON-1063206213-project] 10.222.0.15 "GET /compute/v2.1/servers/69b813b3-49ee-4620-9ac6-452ce26da263/os-interface" status: 200 len: 284 microversion: 2.20 time: 0.211228
Apr 30 13:16:42.388658 dv-cinder-787195-5-iscsi devstack@n-api.service[87930]: [pid: 87930|app: 0|req: 102/189] 10.222.0.15 () {60 vars in 1316 bytes} [Fri Apr 30 13:16:42 2021] GET /compute/v2.1/servers/69b813b3-49ee-4620-9ac6-452ce26da263/os-interface => generated 284 bytes in 213 msecs (HTTP/1.1 200) 9 headers in 359 bytes (1 switches on core 0)
Apr 30 13:16:42.483368 dv-cinder-787195-5-iscsi devstack@n-api.service[87931]: DEBUG nova.policy [None req-2a3c8740-a51e-4ed2-9fb6-e477f9af9547 tempest-ServerRescueNegativeTestJSON-1906359125 tempest-ServerRescueNegativeTestJSON-1906359125-project] Policy check for os_compute_api:os-extended-server-attributes failed with credentials {'is_admin': False, 'user_id': 'e189376ae00947b4b52b214d31c81286', 'user_domain_id': 'default', 'system_scope': None, 'domain_id': None, 'project_id': '2e929e0b08a2424d88e50ddd4873774a', 'project_domain_id': 'default', 'roles': ['reader', 'member'], 'is_admin_project': True, 'service_user_id': None, 'service_user_domain_id': None, 'service_project_id': None, 'service_project_domain_id': None, 'service_roles': []} {{(pid=87931) authorize /opt/stack/nova/nova/policy.py:199}}
Apr 30 13:16:42.495973 dv-cinder-787195-5-iscsi devstack@n-api.service[87931]: INFO nova.api.openstack.requestlog [None req-2a3c8740-a51e-4ed2-9fb6-e477f9af9547 tempest-ServerRescueNegativeTestJSON-1906359125 tempest-ServerRescueNegativeTestJSON-1906359125-project] 10.222.0.15 "GET /compute/v2.1/servers/d52adbdd-49f8-42c7-8ee8-4ab0434462b0" status: 200 len: 1523 microversion: 2.1 time: 0.263795
Apr 30 13:16:42.496972 dv-cinder-787195-5-iscsi devstack@n-api.service[87931]: [pid: 87931|app: 0|req: 88/190] 10.222.0.15 () {58 vars in 1236 bytes} [Fri Apr 30 13:16:42 2021] GET /compute/v2.1/servers/d52adbdd-49f8-42c7-8ee8-4ab0434462b0 => generated 1523 bytes in 265 msecs (HTTP/1.1 200) 9 headers in 358 bytes (2 switches on core 0)
Apr 30 13:16:42.782998 dv-cinder-787195-5-iscsi devstack@n-api.service[87930]: DEBUG nova.api.openstack.wsgi [None req-9b0f3221-f0bc-45ef-80f8-855fac4564e3 tempest-AttachVolumeTestJSON-1577637551 tempest-AttachVolumeTestJSON-1577637551-project] Action: 'action', calling method: >, body: {"os-getConsoleOutput": {}} {{(pid=87930) _process_stack /opt/stack/nova/nova/api/openstack/wsgi.py:511}}
Apr 30 13:16:42.786998 dv-cinder-787195-5-iscsi devstack@n-api.service[87930]: DEBUG nova.compute.api [None req-9b0f3221-f0bc-45ef-80f8-855fac4564e3 tempest-AttachVolumeTestJSON-1577637551 tempest-AttachVolumeTestJSON-1577637551-project] [instance: cf9cb13f-3b11-40fd-96fd-47cb713065f2] Fetching instance by UUID {{(pid=87930) get /opt/stack/nova/nova/compute/api.py:2815}}
Apr 30 13:16:42.797776 dv-cinder-787195-5-iscsi devstack@n-api.service[87930]: DEBUG oslo_concurrency.lockutils [None req-9b0f3221-f0bc-45ef-80f8-855fac4564e3 tempest-AttachVolumeTestJSON-1577637551 tempest-AttachVolumeTestJSON-1577637551-project] Lock "0bfc7eda-d6f1-4557-ac97-d74d1c48bb36" acquired by "nova.context.set_target_cell..get_or_set_cached_cell_and_set_connections" :: waited 0.000s {{(pid=87930) inner /usr/local/lib/python3.8/dist-packages/oslo_concurrency/lockutils.py:355}}
Apr 30 13:16:42.799551 dv-cinder-787195-5-iscsi devstack@n-api.service[87930]: DEBUG oslo_concurrency.lockutils [None req-9b0f3221-f0bc-45ef-80f8-855fac4564e3 tempest-AttachVolumeTestJSON-1577637551 tempest-AttachVolumeTestJSON-1577637551-project] Lock "0bfc7eda-d6f1-4557-ac97-d74d1c48bb36" released by "nova.context.set_target_cell..get_or_set_cached_cell_and_set_connections" :: held 0.002s {{(pid=87930) inner /usr/local/lib/python3.8/dist-packages/oslo_concurrency/lockutils.py:367}}
Apr 30 13:16:42.800608 dv-cinder-787195-5-iscsi devstack@n-api.service[87930]: DEBUG oslo_concurrency.lockutils [None req-9b0f3221-f0bc-45ef-80f8-855fac4564e3 tempest-AttachVolumeTestJSON-1577637551 tempest-AttachVolumeTestJSON-1577637551-project] Lock "0bfc7eda-d6f1-4557-ac97-d74d1c48bb36" acquired by "nova.context.set_target_cell..get_or_set_cached_cell_and_set_connections" :: waited 0.000s {{(pid=87930) inner /usr/local/lib/python3.8/dist-packages/oslo_concurrency/lockutils.py:355}}
Apr 30 13:16:42.801642 dv-cinder-787195-5-iscsi devstack@n-api.service[87930]: DEBUG oslo_concurrency.lockutils [None req-9b0f3221-f0bc-45ef-80f8-855fac4564e3 tempest-AttachVolumeTestJSON-1577637551 tempest-AttachVolumeTestJSON-1577637551-project] Lock "0bfc7eda-d6f1-4557-ac97-d74d1c48bb36" released by "nova.context.set_target_cell..get_or_set_cached_cell_and_set_connections" :: held 0.001s {{(pid=87930) inner /usr/local/lib/python3.8/dist-packages/oslo_concurrency/lockutils.py:367}}
Apr 30 13:16:42.954031 dv-cinder-787195-5-iscsi devstack@n-api.service[87930]: INFO nova.api.openstack.requestlog [None req-9b0f3221-f0bc-45ef-80f8-855fac4564e3 tempest-AttachVolumeTestJSON-1577637551 tempest-AttachVolumeTestJSON-1577637551-project] 10.222.0.15 "POST /compute/v2.1/servers/cf9cb13f-3b11-40fd-96fd-47cb713065f2/action" status: 200 len: 14 microversion: 2.1 time: 0.175806
Apr 30 13:16:42.955429 dv-cinder-787195-5-iscsi devstack@n-api.service[87930]: [pid: 87930|app: 0|req: 103/191] 10.222.0.15 () {60 vars in 1278 bytes} [Fri Apr 30 13:16:42 2021] POST /compute/v2.1/servers/cf9cb13f-3b11-40fd-96fd-47cb713065f2/action => generated 14 bytes in 179 msecs (HTTP/1.1 200) 9 headers in 356 bytes (1 switches on core 0)
Apr 30 13:16:43.513039 dv-cinder-787195-5-iscsi devstack@n-api.service[87931]: DEBUG nova.api.openstack.wsgi [None req-feb1c22c-16ee-41f6-8386-88dd4a971bff tempest-ServerRescueNegativeTestJSON-1906359125 tempest-ServerRescueNegativeTestJSON-1906359125-project] Calling method '>' {{(pid=87931) _process_stack /opt/stack/nova/nova/api/openstack/wsgi.py:513}}
Apr 30 13:16:43.513601 dv-cinder-787195-5-iscsi devstack@n-api.service[87931]: DEBUG nova.compute.api [None req-feb1c22c-16ee-41f6-8386-88dd4a971bff tempest-ServerRescueNegativeTestJSON-1906359125 tempest-ServerRescueNegativeTestJSON-1906359125-project] [instance: d52adbdd-49f8-42c7-8ee8-4ab0434462b0] Fetching instance by UUID {{(pid=87931) get /opt/stack/nova/nova/compute/api.py:2815}}
Apr 30 13:16:43.520965 dv-cinder-787195-5-iscsi devstack@n-api.service[87931]: DEBUG oslo_concurrency.lockutils [None req-feb1c22c-16ee-41f6-8386-88dd4a971bff tempest-ServerRescueNegativeTestJSON-1906359125 tempest-ServerRescueNegativeTestJSON-1906359125-project] Lock "0bfc7eda-d6f1-4557-ac97-d74d1c48bb36" acquired by "nova.context.set_target_cell..get_or_set_cached_cell_and_set_connections" :: waited 0.000s {{(pid=87931) inner /usr/local/lib/python3.8/dist-packages/oslo_concurrency/lockutils.py:355}}
Apr 30 13:16:43.521415 dv-cinder-787195-5-iscsi devstack@n-api.service[87931]: DEBUG oslo_concurrency.lockutils [None req-feb1c22c-16ee-41f6-8386-88dd4a971bff tempest-ServerRescueNegativeTestJSON-1906359125 tempest-ServerRescueNegativeTestJSON-1906359125-project] Lock "0bfc7eda-d6f1-4557-ac97-d74d1c48bb36" released by "nova.context.set_target_cell..get_or_set_cached_cell_and_set_connections" :: held 0.001s {{(pid=87931) inner /usr/local/lib/python3.8/dist-packages/oslo_concurrency/lockutils.py:367}}
Apr 30 13:16:43.522797 dv-cinder-787195-5-iscsi devstack@n-api.service[87931]: DEBUG oslo_concurrency.lockutils [None req-feb1c22c-16ee-41f6-8386-88dd4a971bff tempest-ServerRescueNegativeTestJSON-1906359125 tempest-ServerRescueNegativeTestJSON-1906359125-project] Lock "0bfc7eda-d6f1-4557-ac97-d74d1c48bb36" acquired by "nova.context.set_target_cell..get_or_set_cached_cell_and_set_connections" :: waited 0.000s {{(pid=87931) inner /usr/local/lib/python3.8/dist-packages/oslo_concurrency/lockutils.py:355}}
Apr 30 13:16:43.523248 dv-cinder-787195-5-iscsi devstack@n-api.service[87931]: DEBUG oslo_concurrency.lockutils [None req-feb1c22c-16ee-41f6-8386-88dd4a971bff tempest-ServerRescueNegativeTestJSON-1906359125 tempest-ServerRescueNegativeTestJSON-1906359125-project] Lock "0bfc7eda-d6f1-4557-ac97-d74d1c48bb36" released by "nova.context.set_target_cell..get_or_set_cached_cell_and_set_connections" :: held 0.001s {{(pid=87931) inner /usr/local/lib/python3.8/dist-packages/oslo_concurrency/lockutils.py:367}}
Apr 30 13:16:43.696657 dv-cinder-787195-5-iscsi devstack@n-api.service[87930]: DEBUG nova.api.openstack.wsgi [None req-22ae1c6b-d276-4abe-9038-fe9e3da5c54c tempest-DeleteServersTestJSON-1059095067 tempest-DeleteServersTestJSON-1059095067-project] Calling method '>' {{(pid=87930) _process_stack /opt/stack/nova/nova/api/openstack/wsgi.py:513}}
Apr 30 13:16:43.697262 dv-cinder-787195-5-iscsi devstack@n-api.service[87930]: DEBUG nova.compute.api [None req-22ae1c6b-d276-4abe-9038-fe9e3da5c54c tempest-DeleteServersTestJSON-1059095067 tempest-DeleteServersTestJSON-1059095067-project] [instance: 63e4d605-3c9d-4fd5-a0f2-f7dc6175ea59] Fetching instance by UUID {{(pid=87930) get /opt/stack/nova/nova/compute/api.py:2815}}
Apr 30 13:16:43.716448 dv-cinder-787195-5-iscsi devstack@n-api.service[87930]: DEBUG oslo_concurrency.lockutils [None req-22ae1c6b-d276-4abe-9038-fe9e3da5c54c tempest-DeleteServersTestJSON-1059095067 tempest-DeleteServersTestJSON-1059095067-project] Lock "0bfc7eda-d6f1-4557-ac97-d74d1c48bb36" acquired by "nova.context.set_target_cell..get_or_set_cached_cell_and_set_connections" :: waited 0.000s {{(pid=87930) inner /usr/local/lib/python3.8/dist-packages/oslo_concurrency/lockutils.py:355}}
Apr 30 13:16:43.716912 dv-cinder-787195-5-iscsi devstack@n-api.service[87930]: DEBUG oslo_concurrency.lockutils [None req-22ae1c6b-d276-4abe-9038-fe9e3da5c54c tempest-DeleteServersTestJSON-1059095067 tempest-DeleteServersTestJSON-1059095067-project] Lock "0bfc7eda-d6f1-4557-ac97-d74d1c48bb36" released by "nova.context.set_target_cell..get_or_set_cached_cell_and_set_connections" :: held 0.001s {{(pid=87930) inner /usr/local/lib/python3.8/dist-packages/oslo_concurrency/lockutils.py:367}}
Apr 30 13:16:43.717763 dv-cinder-787195-5-iscsi devstack@n-api.service[87930]: DEBUG oslo_concurrency.lockutils [None req-22ae1c6b-d276-4abe-9038-fe9e3da5c54c tempest-DeleteServersTestJSON-1059095067 tempest-DeleteServersTestJSON-1059095067-project] Lock "0bfc7eda-d6f1-4557-ac97-d74d1c48bb36" acquired by "nova.context.set_target_cell..get_or_set_cached_cell_and_set_connections" :: waited 0.000s {{(pid=87930) inner /usr/local/lib/python3.8/dist-packages/oslo_concurrency/lockutils.py:355}}
Apr 30 13:16:43.718472 dv-cinder-787195-5-iscsi devstack@n-api.service[87930]: DEBUG oslo_concurrency.lockutils [None req-22ae1c6b-d276-4abe-9038-fe9e3da5c54c tempest-DeleteServersTestJSON-1059095067 tempest-DeleteServersTestJSON-1059095067-project] Lock "0bfc7eda-d6f1-4557-ac97-d74d1c48bb36" released by "nova.context.set_target_cell..get_or_set_cached_cell_and_set_connections" :: held 0.001s {{(pid=87930) inner /usr/local/lib/python3.8/dist-packages/oslo_concurrency/lockutils.py:367}}
Apr 30 13:16:43.762919 dv-cinder-787195-5-iscsi devstack@n-api.service[87931]: DEBUG nova.policy [None req-feb1c22c-16ee-41f6-8386-88dd4a971bff tempest-ServerRescueNegativeTestJSON-1906359125 tempest-ServerRescueNegativeTestJSON-1906359125-project] Policy check for os_compute_api:os-extended-server-attributes failed with credentials {'is_admin': False, 'user_id': 'e189376ae00947b4b52b214d31c81286', 'user_domain_id': 'default', 'system_scope': None, 'domain_id': None, 'project_id': '2e929e0b08a2424d88e50ddd4873774a', 'project_domain_id': 'default', 'roles': ['reader', 'member'], 'is_admin_project': True, 'service_user_id': None, 'service_user_domain_id': None, 'service_project_id': None, 'service_project_domain_id': None, 'service_roles': []} {{(pid=87931) authorize /opt/stack/nova/nova/policy.py:199}}
Apr 30 13:16:43.773010 dv-cinder-787195-5-iscsi devstack@n-api.service[87931]: INFO nova.api.openstack.requestlog [None req-feb1c22c-16ee-41f6-8386-88dd4a971bff tempest-ServerRescueNegativeTestJSON-1906359125 tempest-ServerRescueNegativeTestJSON-1906359125-project] 10.222.0.15 "GET /compute/v2.1/servers/d52adbdd-49f8-42c7-8ee8-4ab0434462b0" status: 200 len: 1523 microversion: 2.1 time: 0.263191
Apr 30 13:16:43.774601 dv-cinder-787195-5-iscsi devstack@n-api.service[87931]: [pid: 87931|app: 0|req: 89/192] 10.222.0.15 () {58 vars in 1236 bytes} [Fri Apr 30 13:16:43 2021] GET /compute/v2.1/servers/d52adbdd-49f8-42c7-8ee8-4ab0434462b0 => generated 1523 bytes in 266 msecs (HTTP/1.1 200) 9 headers in 358 bytes (1 switches on core 0)
Apr 30 13:16:43.818281 dv-cinder-787195-5-iscsi devstack@n-api.service[87930]: DEBUG nova.compute.api [None req-22ae1c6b-d276-4abe-9038-fe9e3da5c54c tempest-DeleteServersTestJSON-1059095067 tempest-DeleteServersTestJSON-1059095067-project] [instance: 63e4d605-3c9d-4fd5-a0f2-f7dc6175ea59] Going to try to terminate instance {{(pid=87930) delete /opt/stack/nova/nova/compute/api.py:2564}}
Apr 30 13:16:43.939096 dv-cinder-787195-5-iscsi devstack@n-api.service[87930]: INFO nova.api.openstack.requestlog [None req-22ae1c6b-d276-4abe-9038-fe9e3da5c54c tempest-DeleteServersTestJSON-1059095067 tempest-DeleteServersTestJSON-1059095067-project] 10.222.0.15 "DELETE /compute/v2.1/servers/63e4d605-3c9d-4fd5-a0f2-f7dc6175ea59" status: 204 len: 0 microversion: 2.1 time: 0.247754
Apr 30 13:16:43.940094 dv-cinder-787195-5-iscsi devstack@n-api.service[87930]: [pid: 87930|app: 0|req: 104/193] 10.222.0.15 () {58 vars in 1239 bytes} [Fri Apr 30 13:16:43 2021] DELETE /compute/v2.1/servers/63e4d605-3c9d-4fd5-a0f2-f7dc6175ea59 => generated 0 bytes in 250 msecs (HTTP/1.1 204) 9 headers in 363 bytes (1 switches on core 0)
Apr 30 13:16:43.949120 dv-cinder-787195-5-iscsi devstack@n-api.service[87931]: DEBUG nova.api.openstack.wsgi [None req-fe549467-4e11-4393-abb6-744199b81634 tempest-DeleteServersTestJSON-1059095067 tempest-DeleteServersTestJSON-1059095067-project] Calling method '>' {{(pid=87931) _process_stack /opt/stack/nova/nova/api/openstack/wsgi.py:513}}
Apr 30 13:16:43.949746 dv-cinder-787195-5-iscsi devstack@n-api.service[87931]: DEBUG nova.compute.api [None req-fe549467-4e11-4393-abb6-744199b81634 tempest-DeleteServersTestJSON-1059095067 tempest-DeleteServersTestJSON-1059095067-project] [instance: 63e4d605-3c9d-4fd5-a0f2-f7dc6175ea59] Fetching instance by UUID {{(pid=87931) get /opt/stack/nova/nova/compute/api.py:2815}}
Apr 30 13:16:43.957496 dv-cinder-787195-5-iscsi devstack@n-api.service[87931]: DEBUG oslo_concurrency.lockutils [None req-fe549467-4e11-4393-abb6-744199b81634 tempest-DeleteServersTestJSON-1059095067 tempest-DeleteServersTestJSON-1059095067-project] Lock "0bfc7eda-d6f1-4557-ac97-d74d1c48bb36" acquired by "nova.context.set_target_cell..get_or_set_cached_cell_and_set_connections" :: waited 0.000s {{(pid=87931) inner /usr/local/lib/python3.8/dist-packages/oslo_concurrency/lockutils.py:355}}
Apr 30 13:16:43.957991 dv-cinder-787195-5-iscsi devstack@n-api.service[87931]: DEBUG oslo_concurrency.lockutils [None req-fe549467-4e11-4393-abb6-744199b81634 tempest-DeleteServersTestJSON-1059095067 tempest-DeleteServersTestJSON-1059095067-project] Lock "0bfc7eda-d6f1-4557-ac97-d74d1c48bb36" released by "nova.context.set_target_cell..get_or_set_cached_cell_and_set_connections" :: held 0.001s {{(pid=87931) inner /usr/local/lib/python3.8/dist-packages/oslo_concurrency/lockutils.py:367}}
Apr 30 13:16:43.958945 dv-cinder-787195-5-iscsi devstack@n-api.service[87931]: DEBUG oslo_concurrency.lockutils [None req-fe549467-4e11-4393-abb6-744199b81634 tempest-DeleteServersTestJSON-1059095067 tempest-DeleteServersTestJSON-1059095067-project] Lock "0bfc7eda-d6f1-4557-ac97-d74d1c48bb36" acquired by "nova.context.set_target_cell..get_or_set_cached_cell_and_set_connections" :: waited 0.000s {{(pid=87931) inner /usr/local/lib/python3.8/dist-packages/oslo_concurrency/lockutils.py:355}}
Apr 30 13:16:43.960654 dv-cinder-787195-5-iscsi devstack@n-api.service[87931]: DEBUG oslo_concurrency.lockutils [None req-fe549467-4e11-4393-abb6-744199b81634 tempest-DeleteServersTestJSON-1059095067 tempest-DeleteServersTestJSON-1059095067-project] Lock "0bfc7eda-d6f1-4557-ac97-d74d1c48bb36" released by "nova.context.set_target_cell..get_or_set_cached_cell_and_set_connections" :: held 0.000s {{(pid=87931) inner /usr/local/lib/python3.8/dist-packages/oslo_concurrency/lockutils.py:367}}
Apr 30 13:16:43.966385 dv-cinder-787195-5-iscsi devstack@n-api.service[87930]: DEBUG nova.api.openstack.wsgi [None req-c12c3ea1-49aa-4a66-9508-a79901a5b61d tempest-AttachVolumeTestJSON-1577637551 tempest-AttachVolumeTestJSON-1577637551-project] Action: 'action', calling method: >, body: {"os-getConsoleOutput": {}} {{(pid=87930) _process_stack /opt/stack/nova/nova/api/openstack/wsgi.py:511}}
Apr 30 13:16:43.967404 dv-cinder-787195-5-iscsi devstack@n-api.service[87930]: DEBUG nova.compute.api [None req-c12c3ea1-49aa-4a66-9508-a79901a5b61d tempest-AttachVolumeTestJSON-1577637551 tempest-AttachVolumeTestJSON-1577637551-project] [instance: cf9cb13f-3b11-40fd-96fd-47cb713065f2] Fetching instance by UUID {{(pid=87930) get /opt/stack/nova/nova/compute/api.py:2815}}
Apr 30 13:16:43.975215 dv-cinder-787195-5-iscsi devstack@n-api.service[87930]: DEBUG oslo_concurrency.lockutils [None req-c12c3ea1-49aa-4a66-9508-a79901a5b61d tempest-AttachVolumeTestJSON-1577637551 tempest-AttachVolumeTestJSON-1577637551-project] Lock "0bfc7eda-d6f1-4557-ac97-d74d1c48bb36" acquired by "nova.context.set_target_cell..get_or_set_cached_cell_and_set_connections" :: waited 0.000s {{(pid=87930) inner /usr/local/lib/python3.8/dist-packages/oslo_concurrency/lockutils.py:355}}
Apr 30 13:16:43.975714 dv-cinder-787195-5-iscsi devstack@n-api.service[87930]: DEBUG oslo_concurrency.lockutils [None req-c12c3ea1-49aa-4a66-9508-a79901a5b61d tempest-AttachVolumeTestJSON-1577637551 tempest-AttachVolumeTestJSON-1577637551-project] Lock "0bfc7eda-d6f1-4557-ac97-d74d1c48bb36" released by "nova.context.set_target_cell..get_or_set_cached_cell_and_set_connections" :: held 0.001s {{(pid=87930) inner /usr/local/lib/python3.8/dist-packages/oslo_concurrency/lockutils.py:367}}
Apr 30 13:16:43.976553 dv-cinder-787195-5-iscsi devstack@n-api.service[87930]: DEBUG oslo_concurrency.lockutils [None req-c12c3ea1-49aa-4a66-9508-a79901a5b61d tempest-AttachVolumeTestJSON-1577637551 tempest-AttachVolumeTestJSON-1577637551-project] Lock "0bfc7eda-d6f1-4557-ac97-d74d1c48bb36" acquired by "nova.context.set_target_cell..get_or_set_cached_cell_and_set_connections" :: waited 0.000s {{(pid=87930) inner /usr/local/lib/python3.8/dist-packages/oslo_concurrency/lockutils.py:355}}
Apr 30 13:16:43.977002 dv-cinder-787195-5-iscsi devstack@n-api.service[87930]: DEBUG oslo_concurrency.lockutils [None req-c12c3ea1-49aa-4a66-9508-a79901a5b61d tempest-AttachVolumeTestJSON-1577637551 tempest-AttachVolumeTestJSON-1577637551-project] Lock "0bfc7eda-d6f1-4557-ac97-d74d1c48bb36" released by "nova.context.set_target_cell..get_or_set_cached_cell_and_set_connections" :: held 0.000s {{(pid=87930) inner /usr/local/lib/python3.8/dist-packages/oslo_concurrency/lockutils.py:367}}
Apr 30 13:16:44.102292 dv-cinder-787195-5-iscsi devstack@n-api.service[87930]: INFO nova.api.openstack.requestlog [None req-c12c3ea1-49aa-4a66-9508-a79901a5b61d tempest-AttachVolumeTestJSON-1577637551 tempest-AttachVolumeTestJSON-1577637551-project] 10.222.0.15 "POST /compute/v2.1/servers/cf9cb13f-3b11-40fd-96fd-47cb713065f2/action" status: 200 len: 14 microversion: 2.1 time: 0.139722
Apr 30 13:16:44.105885 dv-cinder-787195-5-iscsi devstack@n-api.service[87930]: [pid: 87930|app: 0|req: 105/194] 10.222.0.15 () {60 vars in 1278 bytes} [Fri Apr 30 13:16:43 2021] POST /compute/v2.1/servers/cf9cb13f-3b11-40fd-96fd-47cb713065f2/action => generated 14 bytes in 142 msecs (HTTP/1.1 200) 9 headers in 356 bytes (2 switches on core 0)
Apr 30 13:16:44.168204 dv-cinder-787195-5-iscsi devstack@n-api.service[87931]: DEBUG nova.policy [None req-fe549467-4e11-4393-abb6-744199b81634 tempest-DeleteServersTestJSON-1059095067 tempest-DeleteServersTestJSON-1059095067-project] Policy check for os_compute_api:os-extended-server-attributes failed with credentials {'is_admin': False, 'user_id': '7cb72f3198814a98976f9926ea58855e', 'user_domain_id': 'default', 'system_scope': None, 'domain_id': None, 'project_id': 'd4524f6f69c1491aaa7811a4d30eaa1a', 'project_domain_id': 'default', 'roles': ['reader', 'member'], 'is_admin_project': True, 'service_user_id': None, 'service_user_domain_id': None, 'service_project_id': None, 'service_project_domain_id': None, 'service_roles': []} {{(pid=87931) authorize /opt/stack/nova/nova/policy.py:199}}
Apr 30 13:16:44.185535 dv-cinder-787195-5-iscsi devstack@n-api.service[87931]: INFO nova.api.openstack.requestlog [None req-fe549467-4e11-4393-abb6-744199b81634 tempest-DeleteServersTestJSON-1059095067 tempest-DeleteServersTestJSON-1059095067-project] 10.222.0.15 "GET /compute/v2.1/servers/63e4d605-3c9d-4fd5-a0f2-f7dc6175ea59" status: 200 len: 1554 microversion: 2.1 time: 0.240384
Apr 30 13:16:44.186660 dv-cinder-787195-5-iscsi devstack@n-api.service[87931]: [pid: 87931|app: 0|req: 90/195] 10.222.0.15 () {58 vars in 1236 bytes} [Fri Apr 30 13:16:43 2021] GET /compute/v2.1/servers/63e4d605-3c9d-4fd5-a0f2-f7dc6175ea59 => generated 1554 bytes in 242 msecs (HTTP/1.1 200) 9 headers in 358 bytes (1 switches on core 0)
Apr 30 13:16:44.240876 dv-cinder-787195-5-iscsi devstack@n-api.service[87931]: DEBUG nova.api.openstack.wsgi [req-592e158e-94b3-487d-b65c-c83c60a27c3d req-dab6a3ff-dec1-4a0f-b40c-b0364b8ec91a service nova] Action: 'create', calling method: >, body: {"events": [{"name": "network-changed", "server_uuid": "69b813b3-49ee-4620-9ac6-452ce26da263", "tag": "78ebd45d-b42e-4354-814e-03b1d1cf2450"}]} {{(pid=87931) _process_stack /opt/stack/nova/nova/api/openstack/wsgi.py:511}}
Apr 30 13:16:44.243031 dv-cinder-787195-5-iscsi devstack@n-api.service[87931]: /usr/local/lib/python3.8/dist-packages/oslo_policy/policy.py:1054: UserWarning: Policy os_compute_api:os-server-external-events:create failed scope check. The token used to make the request was project scoped but the policy requires ['system'] scope. This behavior may change in the future where using the intended scope is required
Apr 30 13:16:44.243031 dv-cinder-787195-5-iscsi devstack@n-api.service[87931]: warnings.warn(msg)
Apr 30 13:16:44.244094 dv-cinder-787195-5-iscsi devstack@n-api.service[87930]: DEBUG nova.api.openstack.wsgi [None req-92cabe46-de65-4bef-9a78-a7ef6e163485 tempest-AttachVolumeShelveTestJSON-1063206213 tempest-AttachVolumeShelveTestJSON-1063206213-project] Action: 'action', calling method: >, body: {"os-getConsoleOutput": {}} {{(pid=87930) _process_stack /opt/stack/nova/nova/api/openstack/wsgi.py:511}}
Apr 30 13:16:44.245109 dv-cinder-787195-5-iscsi devstack@n-api.service[87930]: DEBUG nova.compute.api [None req-92cabe46-de65-4bef-9a78-a7ef6e163485 tempest-AttachVolumeShelveTestJSON-1063206213 tempest-AttachVolumeShelveTestJSON-1063206213-project] [instance: 69b813b3-49ee-4620-9ac6-452ce26da263] Fetching instance by UUID {{(pid=87930) get /opt/stack/nova/nova/compute/api.py:2815}}
Apr 30 13:16:44.252068 dv-cinder-787195-5-iscsi devstack@n-api.service[87931]: DEBUG oslo_concurrency.lockutils [req-592e158e-94b3-487d-b65c-c83c60a27c3d req-dab6a3ff-dec1-4a0f-b40c-b0364b8ec91a service nova] Lock "0bfc7eda-d6f1-4557-ac97-d74d1c48bb36" acquired by "nova.context.set_target_cell..get_or_set_cached_cell_and_set_connections" :: waited 0.000s {{(pid=87931) inner /usr/local/lib/python3.8/dist-packages/oslo_concurrency/lockutils.py:355}}
Apr 30 13:16:44.252561 dv-cinder-787195-5-iscsi devstack@n-api.service[87931]: DEBUG oslo_concurrency.lockutils [req-592e158e-94b3-487d-b65c-c83c60a27c3d req-dab6a3ff-dec1-4a0f-b40c-b0364b8ec91a service nova] Lock "0bfc7eda-d6f1-4557-ac97-d74d1c48bb36" released by "nova.context.set_target_cell..get_or_set_cached_cell_and_set_connections" :: held 0.001s {{(pid=87931) inner /usr/local/lib/python3.8/dist-packages/oslo_concurrency/lockutils.py:367}}
Apr 30 13:16:44.254870 dv-cinder-787195-5-iscsi devstack@n-api.service[87930]: DEBUG oslo_concurrency.lockutils [None req-92cabe46-de65-4bef-9a78-a7ef6e163485 tempest-AttachVolumeShelveTestJSON-1063206213 tempest-AttachVolumeShelveTestJSON-1063206213-project] Lock "0bfc7eda-d6f1-4557-ac97-d74d1c48bb36" acquired by "nova.context.set_target_cell..get_or_set_cached_cell_and_set_connections" :: waited 0.000s {{(pid=87930) inner /usr/local/lib/python3.8/dist-packages/oslo_concurrency/lockutils.py:355}}
Apr 30 13:16:44.255316 dv-cinder-787195-5-iscsi devstack@n-api.service[87930]: DEBUG oslo_concurrency.lockutils [None req-92cabe46-de65-4bef-9a78-a7ef6e163485 tempest-AttachVolumeShelveTestJSON-1063206213 tempest-AttachVolumeShelveTestJSON-1063206213-project] Lock "0bfc7eda-d6f1-4557-ac97-d74d1c48bb36" released by "nova.context.set_target_cell..get_or_set_cached_cell_and_set_connections" :: held 0.001s {{(pid=87930) inner /usr/local/lib/python3.8/dist-packages/oslo_concurrency/lockutils.py:367}}
Apr 30 13:16:44.256259 dv-cinder-787195-5-iscsi devstack@n-api.service[87930]: DEBUG oslo_concurrency.lockutils [None req-92cabe46-de65-4bef-9a78-a7ef6e163485 tempest-AttachVolumeShelveTestJSON-1063206213 tempest-AttachVolumeShelveTestJSON-1063206213-project] Lock "0bfc7eda-d6f1-4557-ac97-d74d1c48bb36" acquired by "nova.context.set_target_cell..get_or_set_cached_cell_and_set_connections" :: waited 0.000s {{(pid=87930) inner /usr/local/lib/python3.8/dist-packages/oslo_concurrency/lockutils.py:355}}
Apr 30 13:16:44.257427 dv-cinder-787195-5-iscsi devstack@n-api.service[87930]: DEBUG oslo_concurrency.lockutils [None req-92cabe46-de65-4bef-9a78-a7ef6e163485 tempest-AttachVolumeShelveTestJSON-1063206213 tempest-AttachVolumeShelveTestJSON-1063206213-project] Lock "0bfc7eda-d6f1-4557-ac97-d74d1c48bb36" released by "nova.context.set_target_cell..get_or_set_cached_cell_and_set_connections" :: held 0.001s {{(pid=87930) inner /usr/local/lib/python3.8/dist-packages/oslo_concurrency/lockutils.py:367}}
Apr 30 13:16:44.272237 dv-cinder-787195-5-iscsi devstack@n-api.service[87931]: INFO nova.api.openstack.compute.server_external_events [req-592e158e-94b3-487d-b65c-c83c60a27c3d req-dab6a3ff-dec1-4a0f-b40c-b0364b8ec91a service nova] Creating event network-changed:78ebd45d-b42e-4354-814e-03b1d1cf2450 for instance 69b813b3-49ee-4620-9ac6-452ce26da263 on hv-cinder-78719
Apr 30 13:16:44.277581 dv-cinder-787195-5-iscsi devstack@n-api.service[87931]: INFO nova.api.openstack.requestlog [req-592e158e-94b3-487d-b65c-c83c60a27c3d req-dab6a3ff-dec1-4a0f-b40c-b0364b8ec91a service nova] 10.222.0.15 "POST /compute/v2.1/os-server-external-events" status: 200 len: 179 microversion: 2.1 time: 0.040404
Apr 30 13:16:44.278708 dv-cinder-787195-5-iscsi devstack@n-api.service[87931]: [pid: 87931|app: 0|req: 91/196] 10.222.0.15 () {64 vars in 1318 bytes} [Fri Apr 30 13:16:44 2021] POST /compute/v2.1/os-server-external-events => generated 179 bytes in 42 msecs (HTTP/1.1 200) 9 headers in 357 bytes (1 switches on core 0)
Apr 30 13:16:44.396296 dv-cinder-787195-5-iscsi devstack@n-api.service[87930]: INFO nova.api.openstack.requestlog [None req-92cabe46-de65-4bef-9a78-a7ef6e163485 tempest-AttachVolumeShelveTestJSON-1063206213 tempest-AttachVolumeShelveTestJSON-1063206213-project] 10.222.0.15 "POST /compute/v2.1/servers/69b813b3-49ee-4620-9ac6-452ce26da263/action" status: 200 len: 14 microversion: 2.20 time: 0.160577
Apr 30 13:16:44.402391 dv-cinder-787195-5-iscsi devstack@n-api.service[87930]: [pid: 87930|app: 0|req: 106/197] 10.222.0.15 () {62 vars in 1319 bytes} [Fri Apr 30 13:16:44 2021] POST /compute/v2.1/servers/69b813b3-49ee-4620-9ac6-452ce26da263/action => generated 14 bytes in 163 msecs (HTTP/1.1 200) 9 headers in 358 bytes (1 switches on core 0)
Apr 30 13:16:44.795814 dv-cinder-787195-5-iscsi devstack@n-api.service[87931]: DEBUG nova.api.openstack.wsgi [None req-d4601807-ed8c-47b0-81e8-185c526ac5ca tempest-ServerRescueNegativeTestJSON-1906359125 tempest-ServerRescueNegativeTestJSON-1906359125-project] Calling method '>' {{(pid=87931) _process_stack /opt/stack/nova/nova/api/openstack/wsgi.py:513}}
Apr 30 13:16:44.797286 dv-cinder-787195-5-iscsi devstack@n-api.service[87931]: DEBUG nova.compute.api [None req-d4601807-ed8c-47b0-81e8-185c526ac5ca tempest-ServerRescueNegativeTestJSON-1906359125 tempest-ServerRescueNegativeTestJSON-1906359125-project] [instance: d52adbdd-49f8-42c7-8ee8-4ab0434462b0] Fetching instance by UUID {{(pid=87931) get /opt/stack/nova/nova/compute/api.py:2815}}
Apr 30 13:16:44.816601 dv-cinder-787195-5-iscsi devstack@n-api.service[87931]: DEBUG oslo_concurrency.lockutils [None req-d4601807-ed8c-47b0-81e8-185c526ac5ca tempest-ServerRescueNegativeTestJSON-1906359125 tempest-ServerRescueNegativeTestJSON-1906359125-project] Lock "0bfc7eda-d6f1-4557-ac97-d74d1c48bb36" acquired by "nova.context.set_target_cell..get_or_set_cached_cell_and_set_connections" :: waited 0.000s {{(pid=87931) inner /usr/local/lib/python3.8/dist-packages/oslo_concurrency/lockutils.py:355}}
Apr 30 13:16:44.823093 dv-cinder-787195-5-iscsi devstack@n-api.service[87931]: DEBUG oslo_concurrency.lockutils [None req-d4601807-ed8c-47b0-81e8-185c526ac5ca tempest-ServerRescueNegativeTestJSON-1906359125 tempest-ServerRescueNegativeTestJSON-1906359125-project] Lock "0bfc7eda-d6f1-4557-ac97-d74d1c48bb36" released by "nova.context.set_target_cell..get_or_set_cached_cell_and_set_connections" :: held 0.003s {{(pid=87931) inner /usr/local/lib/python3.8/dist-packages/oslo_concurrency/lockutils.py:367}}
Apr 30 13:16:44.823981 dv-cinder-787195-5-iscsi devstack@n-api.service[87931]: DEBUG oslo_concurrency.lockutils [None req-d4601807-ed8c-47b0-81e8-185c526ac5ca tempest-ServerRescueNegativeTestJSON-1906359125 tempest-ServerRescueNegativeTestJSON-1906359125-project] Lock "0bfc7eda-d6f1-4557-ac97-d74d1c48bb36" acquired by "nova.context.set_target_cell..get_or_set_cached_cell_and_set_connections" :: waited 0.000s {{(pid=87931) inner /usr/local/lib/python3.8/dist-packages/oslo_concurrency/lockutils.py:355}}
Apr 30 13:16:44.824443 dv-cinder-787195-5-iscsi devstack@n-api.service[87931]: DEBUG oslo_concurrency.lockutils [None req-d4601807-ed8c-47b0-81e8-185c526ac5ca tempest-ServerRescueNegativeTestJSON-1906359125 tempest-ServerRescueNegativeTestJSON-1906359125-project] Lock "0bfc7eda-d6f1-4557-ac97-d74d1c48bb36" released by "nova.context.set_target_cell..get_or_set_cached_cell_and_set_connections" :: held 0.000s {{(pid=87931) inner /usr/local/lib/python3.8/dist-packages/oslo_concurrency/lockutils.py:367}}
Apr 30 13:16:45.115919 dv-cinder-787195-5-iscsi devstack@n-api.service[87930]: DEBUG nova.api.openstack.wsgi [None req-1d2ce4bc-ec40-48c1-a73c-c2064a50daee tempest-AttachVolumeTestJSON-1577637551 tempest-AttachVolumeTestJSON-1577637551-project] Action: 'action', calling method: >, body: {"os-getConsoleOutput": {}} {{(pid=87930) _process_stack /opt/stack/nova/nova/api/openstack/wsgi.py:511}}
Apr 30 13:16:45.117574 dv-cinder-787195-5-iscsi devstack@n-api.service[87930]: DEBUG nova.compute.api [None req-1d2ce4bc-ec40-48c1-a73c-c2064a50daee tempest-AttachVolumeTestJSON-1577637551 tempest-AttachVolumeTestJSON-1577637551-project] [instance: cf9cb13f-3b11-40fd-96fd-47cb713065f2] Fetching instance by UUID {{(pid=87930) get /opt/stack/nova/nova/compute/api.py:2815}}
Apr 30 13:16:45.128172 dv-cinder-787195-5-iscsi devstack@n-api.service[87930]: DEBUG oslo_concurrency.lockutils [None req-1d2ce4bc-ec40-48c1-a73c-c2064a50daee tempest-AttachVolumeTestJSON-1577637551 tempest-AttachVolumeTestJSON-1577637551-project] Lock "0bfc7eda-d6f1-4557-ac97-d74d1c48bb36" acquired by "nova.context.set_target_cell..get_or_set_cached_cell_and_set_connections" :: waited 0.000s {{(pid=87930) inner /usr/local/lib/python3.8/dist-packages/oslo_concurrency/lockutils.py:355}}
Apr 30 13:16:45.129362 dv-cinder-787195-5-iscsi devstack@n-api.service[87930]: DEBUG oslo_concurrency.lockutils [None req-1d2ce4bc-ec40-48c1-a73c-c2064a50daee tempest-AttachVolumeTestJSON-1577637551 tempest-AttachVolumeTestJSON-1577637551-project] Lock "0bfc7eda-d6f1-4557-ac97-d74d1c48bb36" released by "nova.context.set_target_cell..get_or_set_cached_cell_and_set_connections" :: held 0.002s {{(pid=87930) inner /usr/local/lib/python3.8/dist-packages/oslo_concurrency/lockutils.py:367}}
Apr 30 13:16:45.130445 dv-cinder-787195-5-iscsi devstack@n-api.service[87930]: DEBUG oslo_concurrency.lockutils [None req-1d2ce4bc-ec40-48c1-a73c-c2064a50daee tempest-AttachVolumeTestJSON-1577637551 tempest-AttachVolumeTestJSON-1577637551-project] Lock "0bfc7eda-d6f1-4557-ac97-d74d1c48bb36" acquired by "nova.context.set_target_cell..get_or_set_cached_cell_and_set_connections" :: waited 0.000s {{(pid=87930) inner /usr/local/lib/python3.8/dist-packages/oslo_concurrency/lockutils.py:355}}
Apr 30 13:16:45.131091 dv-cinder-787195-5-iscsi devstack@n-api.service[87930]: DEBUG oslo_concurrency.lockutils [None req-1d2ce4bc-ec40-48c1-a73c-c2064a50daee tempest-AttachVolumeTestJSON-1577637551 tempest-AttachVolumeTestJSON-1577637551-project] Lock "0bfc7eda-d6f1-4557-ac97-d74d1c48bb36" released by "nova.context.set_target_cell..get_or_set_cached_cell_and_set_connections" :: held 0.001s {{(pid=87930) inner /usr/local/lib/python3.8/dist-packages/oslo_concurrency/lockutils.py:367}}
Apr 30 13:16:45.154075 dv-cinder-787195-5-iscsi devstack@n-api.service[87931]: DEBUG nova.policy [None req-d4601807-ed8c-47b0-81e8-185c526ac5ca tempest-ServerRescueNegativeTestJSON-1906359125 tempest-ServerRescueNegativeTestJSON-1906359125-project] Policy check for os_compute_api:os-extended-server-attributes failed with credentials {'is_admin': False, 'user_id': 'e189376ae00947b4b52b214d31c81286', 'user_domain_id': 'default', 'system_scope': None, 'domain_id': None, 'project_id': '2e929e0b08a2424d88e50ddd4873774a', 'project_domain_id': 'default', 'roles': ['reader', 'member'], 'is_admin_project': True, 'service_user_id': None, 'service_user_domain_id': None, 'service_project_id': None, 'service_project_domain_id': None, 'service_roles': []} {{(pid=87931) authorize /opt/stack/nova/nova/policy.py:199}}
Apr 30 13:16:45.178177 dv-cinder-787195-5-iscsi devstack@n-api.service[87931]: INFO nova.api.openstack.requestlog [None req-d4601807-ed8c-47b0-81e8-185c526ac5ca tempest-ServerRescueNegativeTestJSON-1906359125 tempest-ServerRescueNegativeTestJSON-1906359125-project] 10.222.0.15 "GET /compute/v2.1/servers/d52adbdd-49f8-42c7-8ee8-4ab0434462b0" status: 200 len: 1523 microversion: 2.1 time: 0.387914
Apr 30 13:16:45.195186 dv-cinder-787195-5-iscsi devstack@n-api.service[87931]: [pid: 87931|app: 0|req: 92/198] 10.222.0.15 () {58 vars in 1236 bytes} [Fri Apr 30 13:16:44 2021] GET /compute/v2.1/servers/d52adbdd-49f8-42c7-8ee8-4ab0434462b0 => generated 1523 bytes in 406 msecs (HTTP/1.1 200) 9 headers in 358 bytes (1 switches on core 0)
Apr 30 13:16:45.202387 dv-cinder-787195-5-iscsi devstack@n-api.service[87931]: DEBUG nova.api.openstack.wsgi [None req-ddfb37bd-b9ce-49d0-bbcb-8a19d43e3573 tempest-DeleteServersTestJSON-1059095067 tempest-DeleteServersTestJSON-1059095067-project] Calling method '>' {{(pid=87931) _process_stack /opt/stack/nova/nova/api/openstack/wsgi.py:513}}
Apr 30 13:16:45.202923 dv-cinder-787195-5-iscsi devstack@n-api.service[87931]: DEBUG nova.compute.api [None req-ddfb37bd-b9ce-49d0-bbcb-8a19d43e3573 tempest-DeleteServersTestJSON-1059095067 tempest-DeleteServersTestJSON-1059095067-project] [instance: 63e4d605-3c9d-4fd5-a0f2-f7dc6175ea59] Fetching instance by UUID {{(pid=87931) get /opt/stack/nova/nova/compute/api.py:2815}}
Apr 30 13:16:45.232511 dv-cinder-787195-5-iscsi devstack@n-api.service[87931]: DEBUG oslo_concurrency.lockutils [None req-ddfb37bd-b9ce-49d0-bbcb-8a19d43e3573 tempest-DeleteServersTestJSON-1059095067 tempest-DeleteServersTestJSON-1059095067-project] Lock "0bfc7eda-d6f1-4557-ac97-d74d1c48bb36" acquired by "nova.context.set_target_cell..get_or_set_cached_cell_and_set_connections" :: waited 0.000s {{(pid=87931) inner /usr/local/lib/python3.8/dist-packages/oslo_concurrency/lockutils.py:355}}
