Aug 11 14:08:51.845269 dv-cinder-787115-4-iscsi neutron-server[93835]: INFO neutron.wsgi [req-a74183c9-f69a-411d-bb5c-27f3ae57d258 req-ee6fb5ed-9ab5-468f-a971-615058a4b1ff tempest-ServerRescueNegativeTestJSON-432556535 tempest-ServerRescueNegativeTestJSON-432556535-project] 10.222.0.77 "GET /v2.0/ports?device_id=84635815-2a3f-4d35-8732-62e86b5a4211 HTTP/1.1" status: 200 len: 946 time: 0.1258452
Aug 11 14:08:51.865765 dv-cinder-787115-4-iscsi neutron-server[93836]: DEBUG neutron.api.rpc.handlers.l3_rpc [None req-41aff028-a4e9-416a-bfe5-eae6869f2e3b None None] Sync routers for ids ['f17da1ad-77c0-4854-bbb1-89f67428afdd'] in dv-cinder-787115-4-iscsi {{(pid=93836) sync_routers /opt/stack/neutron/neutron/api/rpc/handlers/l3_rpc.py:125}}
Aug 11 14:08:51.880481 dv-cinder-787115-4-iscsi neutron-server[93835]: DEBUG neutron_lib.callbacks.manager [None req-94a5f777-0da6-4a29-8e7e-d215e2819404 admin admin] Notify callbacks ['neutron.plugins.ml2.plugin.Ml2Plugin._handle_segment_change-720638'] for segment, precommit_create {{(pid=93835) _notify_loop /usr/local/lib/python3.8/dist-packages/neutron_lib/callbacks/manager.py:192}}
Aug 11 14:08:51.881252 dv-cinder-787115-4-iscsi neutron-server[93835]: INFO neutron.db.segments_db [None req-94a5f777-0da6-4a29-8e7e-d215e2819404 admin admin] Added segment d5ddb572-c4ab-4e73-b471-0b45f2f2c935 of type vlan for network 5ffde902-2c1c-46a7-9382-9ad89ca0f142
Aug 11 14:08:51.923880 dv-cinder-787115-4-iscsi neutron-server[93836]: DEBUG neutron.db.l3_dvrscheduler_db [None req-41aff028-a4e9-416a-bfe5-eae6869f2e3b None None] Routers {'f17da1ad-77c0-4854-bbb1-89f67428afdd'} bound to L3 agent in host dv-cinder-787115-4-iscsi {{(pid=93836) _get_router_ids_for_agent /opt/stack/neutron/neutron/db/l3_dvrscheduler_db.py:420}}
Aug 11 14:08:51.937269 dv-cinder-787115-4-iscsi neutron-server[93836]: DEBUG neutron.db.l3_hamode_db [None req-41aff028-a4e9-416a-bfe5-eae6869f2e3b None None] neutron.services.l3_router.l3_router_plugin.L3RouterPlugin method get_ha_sync_data_for_host called with arguments (, 'dv-cinder-787115-4-iscsi', Agent(admin_state_up=True,agent_type='L3 agent',availability_zone='nova',binary='neutron-l3-agent',configurations={"agent_mode": "legacy", "ex_gw_ports": 3, "extensions": [], "floating_ips": 1, "handle_internal_only_routers": true, "interface_driver": "openvswitch", "interfaces": 3, "log_agent_heartbeats": false, "routers": 3},created_at=2021-08-11T13:59:44Z,description=,heartbeat_timestamp=2021-08-11T14:08:45Z,host='dv-cinder-787115-4-iscsi',id=3659e8f7-4288-4b14-bcfb-b1b17cb5aa8d,load=0,resource_versions=,resources_synced=,started_at=2021-08-11T13:59:44Z,topic='l3_agent')) {'router_ids': ['f17da1ad-77c0-4854-bbb1-89f67428afdd'], 'active': True} {{(pid=93836) wrapper /usr/local/lib/python3.8/dist-packages/oslo_log/helpers.py:65}}
Aug 11 14:08:51.996313 dv-cinder-787115-4-iscsi neutron-server[93835]: INFO neutron.wsgi [req-a74183c9-f69a-411d-bb5c-27f3ae57d258 req-c864ae36-c3f4-448f-b949-223c89af12c1 tempest-ServerRescueNegativeTestJSON-432556535 tempest-ServerRescueNegativeTestJSON-432556535-project] 10.222.0.77 "GET /v2.0/security-groups?id=35f354aa-a652-405e-8c6c-e06bdb1b9c8f&fields=id&fields=name HTTP/1.1" status: 200 len: 286 time: 0.1433487
Aug 11 14:08:52.016579 dv-cinder-787115-4-iscsi neutron-server[93835]: DEBUG neutron_lib.callbacks.manager [None req-94a5f777-0da6-4a29-8e7e-d215e2819404 admin admin] Notify callbacks ['neutron.services.auto_allocate.db._ensure_external_network_default_value_callback-8750799707221'] for network, precommit_create {{(pid=93835) _notify_loop /usr/local/lib/python3.8/dist-packages/neutron_lib/callbacks/manager.py:192}}
Aug 11 14:08:52.088221 dv-cinder-787115-4-iscsi neutron-server[93835]: DEBUG neutron_lib.callbacks.manager [None req-94a5f777-0da6-4a29-8e7e-d215e2819404 admin admin] Notify callbacks ['neutron.plugins.ml2.ovo_rpc._ObjectChangeHandler.handle_event-1650942', 'neutron.api.rpc.agentnotifiers.dhcp_rpc_agent_api.DhcpAgentNotifyAPI._native_event_send_dhcp_notification-1556224'] for network, after_create {{(pid=93835) _notify_loop /usr/local/lib/python3.8/dist-packages/neutron_lib/callbacks/manager.py:192}}
Aug 11 14:08:52.089199 dv-cinder-787115-4-iscsi neutron-server[93835]: DEBUG neutron.pecan_wsgi.hooks.policy_enforcement [None req-94a5f777-0da6-4a29-8e7e-d215e2819404 admin admin] Attributes excluded by policy engine: ['standard_attr_id', 'vlan_transparent'] {{(pid=93835) _exclude_attributes_by_policy /opt/stack/neutron/neutron/pecan_wsgi/hooks/policy_enforcement.py:255}}
Aug 11 14:08:52.090037 dv-cinder-787115-4-iscsi neutron-server[93835]: DEBUG neutron_lib.callbacks.manager [None req-94a5f777-0da6-4a29-8e7e-d215e2819404 admin admin] Notify callbacks ['neutron.api.rpc.agentnotifiers.dhcp_rpc_agent_api.DhcpAgentNotifyAPI._send_dhcp_notification-1556254'] for network, before_response {{(pid=93835) _notify_loop /usr/local/lib/python3.8/dist-packages/neutron_lib/callbacks/manager.py:192}}
Aug 11 14:08:52.199036 dv-cinder-787115-4-iscsi neutron-server[93834]: INFO neutron.wsgi [req-4a193759-e64a-4834-a68b-a5d9e8da8859 req-e446006b-0b3b-46e8-b1f5-3158d07fd655 service neutron] 10.222.0.74 "GET /v2.0/networks/96b38384-6cf8-4dc2-b6aa-cd0cec2fd070?fields=provider%3Aphysical_network&fields=provider%3Anetwork_type HTTP/1.1" status: 200 len: 281 time: 0.4022286
Aug 11 14:08:52.205330 dv-cinder-787115-4-iscsi neutron-server[93836]: DEBUG neutron.db.provisioning_blocks [None req-460fec8a-04f7-4495-834c-1e8c1b8c6786 None None] Provisioning complete for port b2eac067-43ff-4df1-b82a-efd5514872f4 triggered by entity DHCP. {{(pid=93836) provisioning_complete /opt/stack/neutron/neutron/db/provisioning_blocks.py:139}}
Aug 11 14:08:52.205995 dv-cinder-787115-4-iscsi neutron-server[93836]: DEBUG neutron_lib.callbacks.manager [None req-460fec8a-04f7-4495-834c-1e8c1b8c6786 None None] Notify callbacks ['neutron.plugins.ml2.plugin.Ml2Plugin._port_provisioned-748196'] for port, provisioning_complete {{(pid=93836) _notify_loop /usr/local/lib/python3.8/dist-packages/neutron_lib/callbacks/manager.py:192}}
Aug 11 14:08:52.285758 dv-cinder-787115-4-iscsi neutron-server[93836]: DEBUG neutron.db.l3_dvr_db [None req-41aff028-a4e9-416a-bfe5-eae6869f2e3b None None] Set router f17da1ad-77c0-4854-bbb1-89f67428afdd gateway port host: dv-cinder-787115-4-iscsi {{(pid=93836) _build_routers_list /opt/stack/neutron/neutron/db/l3_dvr_db.py:906}}
Aug 11 14:08:52.764214 dv-cinder-787115-4-iscsi neutron-server[93836]: DEBUG neutron.plugins.ml2.rpc [None req-23dab56e-01a4-40cd-925d-0ea61e41bdec None None] Device 9114a11c-ef39-4167-b4a7-cdcfa9c124b3 up at agent ovs-agent-dv-cinder-787115-4-iscsi {{(pid=93836) update_device_up /opt/stack/neutron/neutron/plugins/ml2/rpc.py:296}}
Aug 11 14:08:52.824338 dv-cinder-787115-4-iscsi neutron-server[93835]: INFO neutron.wsgi [None req-94a5f777-0da6-4a29-8e7e-d215e2819404 admin admin] 10.222.0.77 "POST /v2.0/networks HTTP/1.1" status: 201 len: 882 time: 1.3732843
Aug 11 14:08:52.826924 dv-cinder-787115-4-iscsi neutron-server[93834]: DEBUG neutron.wsgi [-] (93834) accepted ('10.222.0.77', 51966) {{(pid=93834) server /usr/local/lib/python3.8/dist-packages/eventlet/wsgi.py:982}}
Aug 11 14:08:52.833949 dv-cinder-787115-4-iscsi neutron-server[93834]: DEBUG neutron.api.v2.base [None req-6299a119-803f-4de0-a170-16106052e812 admin admin] Request body: {'subnet': {'network_id': '5ffde902-2c1c-46a7-9382-9ad89ca0f142', 'cidr': '172.20.0.0/28', 'name': 'tempest-TestShelveInstance-1727892158-subnet', 'tenant_id': '401e0b473cc84c2bad0883215a7fb728', 'ip_version': 4}} {{(pid=93834) prepare_request_body /opt/stack/neutron/neutron/api/v2/base.py:729}}
Aug 11 14:08:52.849498 dv-cinder-787115-4-iscsi neutron-server[93835]: DEBUG neutron.api.rpc.handlers.resources_rpc [None req-94a5f777-0da6-4a29-8e7e-d215e2819404 admin admin] Pushing event updated for resources: {'Network': ['ID=5ffde902-2c1c-46a7-9382-9ad89ca0f142,revision_number=1']} {{(pid=93835) push /opt/stack/neutron/neutron/api/rpc/handlers/resources_rpc.py:237}}
Aug 11 14:08:52.881972 dv-cinder-787115-4-iscsi neutron-server[93836]: DEBUG neutron.plugins.ml2.rpc [None req-23dab56e-01a4-40cd-925d-0ea61e41bdec None None] Network 5ffde902-2c1c-46a7-9382-9ad89ca0f142 details requested by agent ovs-agent-dv-cinder-787115-4-iscsi with host dv-cinder-787115-4-iscsi {{(pid=93836) get_network_details /opt/stack/neutron/neutron/plugins/ml2/rpc.py:248}}
Aug 11 14:08:52.899514 dv-cinder-787115-4-iscsi neutron-server[93836]: DEBUG neutron.db.provisioning_blocks [None req-460fec8a-04f7-4495-834c-1e8c1b8c6786 None None] Provisioning for port 87365152-79a1-4688-81c6-bc2ccfbe3aba completed by entity DHCP. {{(pid=93836) provisioning_complete /opt/stack/neutron/neutron/db/provisioning_blocks.py:133}}
Aug 11 14:08:52.933100 dv-cinder-787115-4-iscsi neutron-server[93834]: DEBUG neutron.pecan_wsgi.hooks.quota_enforcement [None req-6299a119-803f-4de0-a170-16106052e812 admin admin] Made reservation on behalf of 401e0b473cc84c2bad0883215a7fb728 for: {'subnet': 1} {{(pid=93834) before /opt/stack/neutron/neutron/pecan_wsgi/hooks/quota_enforcement.py:53}}
Aug 11 14:08:52.936995 dv-cinder-787115-4-iscsi neutron-server[93834]: DEBUG neutron_lib.callbacks.manager [None req-6299a119-803f-4de0-a170-16106052e812 admin admin] Notify callbacks ['neutron.services.segments.plugin.SegmentHostRoutes.host_routes_before_create-8244081'] for subnet, before_create {{(pid=93834) _notify_loop /usr/local/lib/python3.8/dist-packages/neutron_lib/callbacks/manager.py:192}}
Aug 11 14:08:52.968630 dv-cinder-787115-4-iscsi neutron-server[93836]: DEBUG neutron.db.provisioning_blocks [None req-460fec8a-04f7-4495-834c-1e8c1b8c6786 None None] Provisioning complete for port 87365152-79a1-4688-81c6-bc2ccfbe3aba triggered by entity DHCP. {{(pid=93836) provisioning_complete /opt/stack/neutron/neutron/db/provisioning_blocks.py:139}}
Aug 11 14:08:52.969012 dv-cinder-787115-4-iscsi neutron-server[93836]: DEBUG neutron_lib.callbacks.manager [None req-460fec8a-04f7-4495-834c-1e8c1b8c6786 None None] Notify callbacks ['neutron.plugins.ml2.plugin.Ml2Plugin._port_provisioned-748196'] for port, provisioning_complete {{(pid=93836) _notify_loop /usr/local/lib/python3.8/dist-packages/neutron_lib/callbacks/manager.py:192}}
Aug 11 14:08:53.071424 dv-cinder-787115-4-iscsi neutron-server[93836]: DEBUG neutron.plugins.ml2.plugin [None req-460fec8a-04f7-4495-834c-1e8c1b8c6786 None None] Port 87365152-79a1-4688-81c6-bc2ccfbe3aba cannot update to ACTIVE because it is not bound. {{(pid=93836) _port_provisioned /opt/stack/neutron/neutron/plugins/ml2/plugin.py:337}}
Aug 11 14:08:53.098546 dv-cinder-787115-4-iscsi neutron-server[93836]: DEBUG neutron.db.provisioning_blocks [None req-23dab56e-01a4-40cd-925d-0ea61e41bdec None None] Provisioning complete for port 9114a11c-ef39-4167-b4a7-cdcfa9c124b3 triggered by entity L2. {{(pid=93836) provisioning_complete /opt/stack/neutron/neutron/db/provisioning_blocks.py:139}}
Aug 11 14:08:53.099200 dv-cinder-787115-4-iscsi neutron-server[93836]: DEBUG neutron_lib.callbacks.manager [None req-23dab56e-01a4-40cd-925d-0ea61e41bdec None None] Notify callbacks ['neutron.plugins.ml2.plugin.Ml2Plugin._port_provisioned-748196'] for port, provisioning_complete {{(pid=93836) _notify_loop /usr/local/lib/python3.8/dist-packages/neutron_lib/callbacks/manager.py:192}}
Aug 11 14:08:53.152831 dv-cinder-787115-4-iscsi neutron-server[93836]: DEBUG neutron.db.l3_hamode_db [None req-41aff028-a4e9-416a-bfe5-eae6869f2e3b None None] neutron.services.l3_router.l3_router_plugin.L3RouterPlugin method _process_sync_ha_data called with arguments (, [{'id': 'f17da1ad-77c0-4854-bbb1-89f67428afdd', 'name': 'tempest-TestVolumeBootPattern-2033160632-router', 'tenant_id': 'e6a1852d2b7c427bba7c946882a2cc7a', 'admin_state_up': True, 'status': 'ACTIVE', 'external_gateway_info': {'network_id': '943f1fd0-4ca6-42d2-9faf-711f010a4b2b', 'external_fixed_ips': [{'subnet_id': 'af20410c-9cc2-4742-b5ac-dea6d0815325', 'ip_address': '172.27.1.239'}], 'enable_snat': True}, 'gw_port_id': 'edf2e866-bb7e-4aca-9b8a-b7936b9bede2', 'description': '', 'availability_zones': ['nova'], 'distributed': False, 'ha': False, 'ha_vr_id': 0, 'availability_zone_hints': [], 'routes': [], 'flavor_id': None, 'tags': [], 'created_at': '2021-08-11T14:08:48Z', 'updated_at': '2021-08-11T14:08:49Z', 'revision_number': 3, 'project_id': 'e6a1852d2b7c427bba7c946882a2cc7a', 'gw_port': {'id': 'edf2e866-bb7e-4aca-9b8a-b7936b9bede2', 'name': '', 'network_id': '943f1fd0-4ca6-42d2-9faf-711f010a4b2b', 'tenant_id': '', 'mac_address': 'fa:16:3e:95:ea:c8', 'admin_state_up': True, 'status': 'DOWN', 'device_id': 'f17da1ad-77c0-4854-bbb1-89f67428afdd', 'device_owner': 'network:router_gateway', 'standard_attr_id': 353, 'fixed_ips': [{'subnet_id': 'af20410c-9cc2-4742-b5ac-dea6d0815325', 'ip_address': '172.27.1.239', 'prefixlen': 24}], 'allowed_address_pairs': [], 'extra_dhcp_opts': [], 'security_groups': [], 'description': '', 'binding:vnic_type': 'normal', 'binding:profile': {}, 'binding:host_id': '', 'binding:vif_type': 'unbound', 'binding:vif_details': {}, 'port_security_enabled': False, 'tags': [], 'created_at': '2021-08-11T14:08:48Z', 'updated_at': '2021-08-11T14:08:49Z', 'revision_number': 1, 'project_id': '', 'subnets': [{'id': 'af20410c-9cc2-4742-b5ac-dea6d0815325', 'cidr': '172.27.1.0/24', 'gateway_ip': '172.27.1.1', 'dns_nameservers': [], 'ipv6_ra_mode': None, 'subnetpool_id': None}], 'extra_subnets': [], 'address_scopes': {4: None, 6: None}, 'mtu': 1500}, 'enable_snat': True, 'gw_port_host': 'dv-cinder-787115-4-iscsi'}], 'dv-cinder-787115-4-iscsi', False) {} {{(pid=93836) wrapper /usr/local/lib/python3.8/dist-packages/oslo_log/helpers.py:65}}
Aug 11 14:08:53.158306 dv-cinder-787115-4-iscsi neutron-server[93836]: DEBUG neutron.api.rpc.handlers.dhcp_rpc [None req-5efa31f7-652a-48f2-8847-9c265e67d11a None None] Network ac7328ef-9431-48eb-9279-fea00c2e4b3d requested from dv-cinder-787115-4-iscsi {{(pid=93836) get_network_info /opt/stack/neutron/neutron/api/rpc/handlers/dhcp_rpc.py:218}}
Aug 11 14:08:53.168764 dv-cinder-787115-4-iscsi neutron-server[93834]: DEBUG neutron_lib.callbacks.manager [None req-21dd82b7-6d94-4e17-8926-f7d335a0dddc admin admin] Notify callbacks ['neutron.plugins.ml2.plugin.SecurityGroupDbMixin._ensure_default_security_group_handler-687084'] for port, before_create {{(pid=93834) _notify_loop /usr/local/lib/python3.8/dist-packages/neutron_lib/callbacks/manager.py:192}}
Aug 11 14:08:53.191991 dv-cinder-787115-4-iscsi neutron-server[93835]: DEBUG neutron.pecan_wsgi.hooks.policy_enforcement [req-56c15273-fc70-4295-a9e3-cf4fad2760b0 req-508803ba-0660-4735-a97f-9511f5f352cc tempest-ServerRescueNegativeTestJSON-432556535 tempest-ServerRescueNegativeTestJSON-432556535-project] Attributes excluded by policy engine: ['standard_attr_id', 'binding:profile', 'binding:host_id', 'binding:vif_type', 'binding:vif_details'] {{(pid=93835) _exclude_attributes_by_policy /opt/stack/neutron/neutron/pecan_wsgi/hooks/policy_enforcement.py:255}}
Aug 11 14:08:53.195450 dv-cinder-787115-4-iscsi neutron-server[93835]: INFO neutron.wsgi [req-56c15273-fc70-4295-a9e3-cf4fad2760b0 req-508803ba-0660-4735-a97f-9511f5f352cc tempest-ServerRescueNegativeTestJSON-432556535 tempest-ServerRescueNegativeTestJSON-432556535-project] 10.222.0.77 "GET /v2.0/ports?device_id=84635815-2a3f-4d35-8732-62e86b5a4211 HTTP/1.1" status: 200 len: 946 time: 0.0788178
Aug 11 14:08:53.257088 dv-cinder-787115-4-iscsi neutron-server[93835]: INFO neutron.wsgi [req-56c15273-fc70-4295-a9e3-cf4fad2760b0 req-148d9722-dbd8-4dfa-af32-129ca93b7f73 tempest-ServerRescueNegativeTestJSON-432556535 tempest-ServerRescueNegativeTestJSON-432556535-project] 10.222.0.77 "GET /v2.0/security-groups?id=35f354aa-a652-405e-8c6c-e06bdb1b9c8f&fields=id&fields=name HTTP/1.1" status: 200 len: 286 time: 0.0536823
Aug 11 14:08:53.391989 dv-cinder-787115-4-iscsi neutron-server[93836]: DEBUG neutron.api.rpc.handlers.l3_rpc [None req-41aff028-a4e9-416a-bfe5-eae6869f2e3b None None] Checking router: f17da1ad-77c0-4854-bbb1-89f67428afdd for host: dv-cinder-787115-4-iscsi {{(pid=93836) _ensure_host_set_on_ports /opt/stack/neutron/neutron/api/rpc/handlers/l3_rpc.py:155}}
Aug 11 14:08:53.392998 dv-cinder-787115-4-iscsi neutron-server[93836]: DEBUG neutron.api.rpc.handlers.l3_rpc [None req-41aff028-a4e9-416a-bfe5-eae6869f2e3b None None] Updating router f17da1ad-77c0-4854-bbb1-89f67428afdd port edf2e866-bb7e-4aca-9b8a-b7936b9bede2 binding host dv-cinder-787115-4-iscsi {{(pid=93836) _ensure_host_set_on_port /opt/stack/neutron/neutron/api/rpc/handlers/l3_rpc.py:205}}
Aug 11 14:08:53.408389 dv-cinder-787115-4-iscsi neutron-server[93834]: DEBUG neutron_lib.callbacks.manager [None req-6299a119-803f-4de0-a170-16106052e812 admin admin] Notify callbacks ['neutron.plugins.ml2.ovo_rpc._ObjectChangeHandler.handle_event-1654357', 'neutron.api.rpc.agentnotifiers.dhcp_rpc_agent_api.DhcpAgentNotifyAPI._native_event_send_dhcp_notification-1556224', 'neutron.services.segments.plugin.NovaSegmentNotifier._notify_subnet_created-8313934', 'neutron.services.segments.plugin.SegmentHostRoutes.host_routes_after_create-8244067'] for subnet, after_create {{(pid=93834) _notify_loop /usr/local/lib/python3.8/dist-packages/neutron_lib/callbacks/manager.py:192}}
Aug 11 14:08:53.501371 dv-cinder-787115-4-iscsi neutron-server[93836]: DEBUG neutron.plugins.ml2.rpc [None req-23dab56e-01a4-40cd-925d-0ea61e41bdec None None] Device b2eac067-43ff-4df1-b82a-efd5514872f4 up at agent ovs-agent-dv-cinder-787115-4-iscsi {{(pid=93836) update_device_up /opt/stack/neutron/neutron/plugins/ml2/rpc.py:296}}
Aug 11 14:08:53.511733 dv-cinder-787115-4-iscsi neutron-server[93836]: DEBUG neutron.db.provisioning_blocks [None req-70698a40-1771-4b0a-b67e-d204e75e06e0 None None] Provisioning for port 297cb534-6d9c-4fe3-84ba-a77707895c0d completed by entity DHCP. {{(pid=93836) provisioning_complete /opt/stack/neutron/neutron/db/provisioning_blocks.py:133}}
Aug 11 14:08:53.522745 dv-cinder-787115-4-iscsi neutron-server[93834]: DEBUG neutron.db.db_base_plugin_common [None req-21dd82b7-6d94-4e17-8926-f7d335a0dddc admin admin] Allocated IP 172.20.0.1 (ac7328ef-9431-48eb-9279-fea00c2e4b3d/dc18aef4-ac5f-4ac3-a178-cc4e48f18cd2/d0e499ec-069d-412f-95ea-e85efa4e166c) {{(pid=93834) _store_ip_allocation /opt/stack/neutron/neutron/db/db_base_plugin_common.py:131}}
Aug 11 14:08:53.527190 dv-cinder-787115-4-iscsi neutron-server[93834]: DEBUG neutron.api.rpc.handlers.resources_rpc [None req-6299a119-803f-4de0-a170-16106052e812 admin admin] Pushing event updated for resources: {'Subnet': ['ID=cacff810-8bb5-4bb3-b795-7c249525e978,revision_number=0']} {{(pid=93834) push /opt/stack/neutron/neutron/api/rpc/handlers/resources_rpc.py:237}}
Aug 11 14:08:53.535585 dv-cinder-787115-4-iscsi neutron-server[93836]: DEBUG neutron_lib.callbacks.manager [None req-41aff028-a4e9-416a-bfe5-eae6869f2e3b None None] Notify callbacks ['neutron.plugins.ml2.plugin.SecurityGroupDbMixin._ensure_default_security_group_handler-687084'] for port, before_update {{(pid=93836) _notify_loop /usr/local/lib/python3.8/dist-packages/neutron_lib/callbacks/manager.py:192}}
Aug 11 14:08:53.550558 dv-cinder-787115-4-iscsi neutron-server[93834]: DEBUG neutron.plugins.ml2.drivers.mech_agent [None req-6299a119-803f-4de0-a170-16106052e812 admin admin] Checking segment: {'id': 'd5ddb572-c4ab-4e73-b471-0b45f2f2c935', 'network_type': 'vlan', 'physical_network': 'physnet1', 'segmentation_id': 840, 'network_id': '5ffde902-2c1c-46a7-9382-9ad89ca0f142'} for mappings: {'physnet1': 'br-data'} with network types: ['local', 'flat', 'vlan'] {{(pid=93834) check_segment_for_agent /opt/stack/neutron/neutron/plugins/ml2/drivers/mech_agent.py:352}}
Aug 11 14:08:53.550930 dv-cinder-787115-4-iscsi neutron-server[93834]: DEBUG neutron.scheduler.dhcp_agent_scheduler [None req-6299a119-803f-4de0-a170-16106052e812 admin admin] Network hostable DHCP agents. Network: 5ffde902-2c1c-46a7-9382-9ad89ca0f142, hostable agents: ['14a1db7c-d943-4f37-bece-5d9f3a0825fc'], hosted agents: [] {{(pid=93834) _get_network_hostable_dhcp_agents /opt/stack/neutron/neutron/scheduler/dhcp_agent_scheduler.py:329}}
Aug 11 14:08:53.616533 dv-cinder-787115-4-iscsi neutron-server[93834]: DEBUG neutron.scheduler.dhcp_agent_scheduler [None req-6299a119-803f-4de0-a170-16106052e812 admin admin] Network 5ffde902-2c1c-46a7-9382-9ad89ca0f142 is scheduled to be hosted by DHCP agent 14a1db7c-d943-4f37-bece-5d9f3a0825fc with binding_index 1 {{(pid=93834) bind /opt/stack/neutron/neutron/scheduler/dhcp_agent_scheduler.py:227}}
Aug 11 14:08:53.635521 dv-cinder-787115-4-iscsi neutron-server[93834]: DEBUG neutron.scheduler.base_scheduler [None req-6299a119-803f-4de0-a170-16106052e812 admin admin] Resources bound (agent type, host, resource id): (DHCP agent, dv-cinder-787115-4-iscsi, 5ffde902-2c1c-46a7-9382-9ad89ca0f142) {{(pid=93834) schedule /opt/stack/neutron/neutron/scheduler/base_scheduler.py:57}}
Aug 11 14:08:53.643104 dv-cinder-787115-4-iscsi neutron-server[93834]: DEBUG neutron.pecan_wsgi.hooks.policy_enforcement [None req-6299a119-803f-4de0-a170-16106052e812 admin admin] Attributes excluded by policy engine: ['standard_attr_id', 'shared', 'segment_id', 'network'] {{(pid=93834) _exclude_attributes_by_policy /opt/stack/neutron/neutron/pecan_wsgi/hooks/policy_enforcement.py:255}}
Aug 11 14:08:53.643521 dv-cinder-787115-4-iscsi neutron-server[93834]: DEBUG neutron_lib.callbacks.manager [None req-6299a119-803f-4de0-a170-16106052e812 admin admin] Notify callbacks ['neutron.api.rpc.agentnotifiers.dhcp_rpc_agent_api.DhcpAgentNotifyAPI._send_dhcp_notification-1556254'] for subnet, before_response {{(pid=93834) _notify_loop /usr/local/lib/python3.8/dist-packages/neutron_lib/callbacks/manager.py:192}}
Aug 11 14:08:53.698669 dv-cinder-787115-4-iscsi neutron-server[93836]: DEBUG neutron.api.rpc.handlers.dhcp_rpc [None req-6bef832f-b499-4ab7-8ee3-b1a62876ca35 None None] Network 5ffde902-2c1c-46a7-9382-9ad89ca0f142 requested from dv-cinder-787115-4-iscsi {{(pid=93836) get_network_info /opt/stack/neutron/neutron/api/rpc/handlers/dhcp_rpc.py:218}}
Aug 11 14:08:53.709449 dv-cinder-787115-4-iscsi neutron-server[93834]: INFO neutron.wsgi [None req-6299a119-803f-4de0-a170-16106052e812 admin admin] 10.222.0.77 "POST /v2.0/subnets HTTP/1.1" status: 201 len: 845 time: 0.8800266
Aug 11 14:08:53.712600 dv-cinder-787115-4-iscsi neutron-server[93835]: DEBUG neutron.wsgi [-] (93835) accepted ('10.222.0.77', 52000) {{(pid=93835) server /usr/local/lib/python3.8/dist-packages/eventlet/wsgi.py:982}}
Aug 11 14:08:53.717407 dv-cinder-787115-4-iscsi neutron-server[93835]: DEBUG neutron.api.v2.base [None req-fc9c9307-afa6-421a-a97d-3c6a0ff4f5e1 admin admin] Request body: {'router': {'name': 'tempest-TestShelveInstance-1727892158-router', 'tenant_id': '401e0b473cc84c2bad0883215a7fb728', 'external_gateway_info': {'network_id': '943f1fd0-4ca6-42d2-9faf-711f010a4b2b'}}} {{(pid=93835) prepare_request_body /opt/stack/neutron/neutron/api/v2/base.py:729}}
Aug 11 14:08:53.728678 dv-cinder-787115-4-iscsi neutron-server[93834]: DEBUG neutron_lib.callbacks.manager [None req-21dd82b7-6d94-4e17-8926-f7d335a0dddc admin admin] Notify callbacks [] for port, precommit_create {{(pid=93834) _notify_loop /usr/local/lib/python3.8/dist-packages/neutron_lib/callbacks/manager.py:192}}
Aug 11 14:08:53.752384 dv-cinder-787115-4-iscsi neutron-server[93834]: DEBUG neutron.db.provisioning_blocks [None req-21dd82b7-6d94-4e17-8926-f7d335a0dddc admin admin] Transition to ACTIVE for port object d0e499ec-069d-412f-95ea-e85efa4e166c will not be triggered until provisioned by entity DHCP. {{(pid=93834) add_provisioning_component /opt/stack/neutron/neutron/db/provisioning_blocks.py:73}}
Aug 11 14:08:53.768073 dv-cinder-787115-4-iscsi neutron-server[93835]: DEBUG neutron_lib.callbacks.manager [None req-fc9c9307-afa6-421a-a97d-3c6a0ff4f5e1 admin admin] Notify callbacks ['neutron.services.l3_router.l3_router_plugin.L3_HA_NAT_db_mixin._before_router_create_handler-1694426', 'neutron.services.l3_router.service_providers.driver_controller.DriverController._check_router_request-99231'] for router, before_create {{(pid=93835) _notify_loop /usr/local/lib/python3.8/dist-packages/neutron_lib/callbacks/manager.py:192}}
Aug 11 14:08:53.769149 dv-cinder-787115-4-iscsi neutron-server[93835]: DEBUG neutron_lib.callbacks.manager [None req-fc9c9307-afa6-421a-a97d-3c6a0ff4f5e1 admin admin] Notify callbacks ['neutron.services.l3_router.l3_router_plugin.L3_HA_NAT_db_mixin._precommit_router_create-1695082', 'neutron.services.l3_router.l3_router_plugin.DVRResourceOperationHandler._set_distributed_flag-1692955', 'neutron.services.l3_router.l3_router_plugin.RouterAvailabilityZoneMixin._process_az_request-1670946', 'neutron.services.l3_router.service_providers.driver_controller.DriverController._set_router_provider-99206'] for router, precommit_create {{(pid=93835) _notify_loop /usr/local/lib/python3.8/dist-packages/neutron_lib/callbacks/manager.py:192}}
Aug 11 14:08:53.798425 dv-cinder-787115-4-iscsi neutron-server[93836]: DEBUG neutron.db.provisioning_blocks [None req-23dab56e-01a4-40cd-925d-0ea61e41bdec None None] Provisioning complete for port b2eac067-43ff-4df1-b82a-efd5514872f4 triggered by entity L2. {{(pid=93836) provisioning_complete /opt/stack/neutron/neutron/db/provisioning_blocks.py:139}}
Aug 11 14:08:53.799057 dv-cinder-787115-4-iscsi neutron-server[93836]: DEBUG neutron_lib.callbacks.manager [None req-23dab56e-01a4-40cd-925d-0ea61e41bdec None None] Notify callbacks ['neutron.plugins.ml2.plugin.Ml2Plugin._port_provisioned-748196'] for port, provisioning_complete {{(pid=93836) _notify_loop /usr/local/lib/python3.8/dist-packages/neutron_lib/callbacks/manager.py:192}}
Aug 11 14:08:53.835523 dv-cinder-787115-4-iscsi neutron-server[93834]: DEBUG neutron_lib.callbacks.manager [None req-21dd82b7-6d94-4e17-8926-f7d335a0dddc admin admin] Notify callbacks ['neutron.plugins.ml2.plugin.SecurityGroupServerNotifierRpcMixin._notify_sg_on_port_change-686658', 'neutron.plugins.ml2.ovo_rpc._ObjectChangeHandler.handle_event-154067', 'neutron.api.rpc.agentnotifiers.dhcp_rpc_agent_api.DhcpAgentNotifyAPI._native_event_send_dhcp_notification-1556224', 'neutron.db.l3_dvrscheduler_db._notify_l3_agent_new_port-8750799720964', 'neutron.services.segments.plugin.NovaSegmentNotifier._notify_port_created_or_deleted-8313914'] for port, after_create {{(pid=93834) _notify_loop /usr/local/lib/python3.8/dist-packages/neutron_lib/callbacks/manager.py:192}}
Aug 11 14:08:53.846217 dv-cinder-787115-4-iscsi neutron-server[93835]: DEBUG neutron_lib.callbacks.manager [None req-fc9c9307-afa6-421a-a97d-3c6a0ff4f5e1 admin admin] Notify callbacks [] for router_controller, precommit_add_association {{(pid=93835) _notify_loop /usr/local/lib/python3.8/dist-packages/neutron_lib/callbacks/manager.py:192}}
Aug 11 14:08:53.886934 dv-cinder-787115-4-iscsi neutron-server[93834]: DEBUG neutron.scheduler.dhcp_agent_scheduler [None req-21dd82b7-6d94-4e17-8926-f7d335a0dddc admin admin] Network ac7328ef-9431-48eb-9279-fea00c2e4b3d is already hosted by enough agents. {{(pid=93834) _get_dhcp_agents_hosting_network /opt/stack/neutron/neutron/scheduler/dhcp_agent_scheduler.py:275}}
Aug 11 14:08:53.894207 dv-cinder-787115-4-iscsi neutron-server[93834]: DEBUG neutron.scheduler.base_scheduler [None req-21dd82b7-6d94-4e17-8926-f7d335a0dddc admin admin] Resources bound (agent type, host, resource id): {{(pid=93834) schedule /opt/stack/neutron/neutron/scheduler/base_scheduler.py:57}}
Aug 11 14:08:53.898075 dv-cinder-787115-4-iscsi neutron-server[93834]: DEBUG neutron.db.l3_dvrscheduler_db [None req-21dd82b7-6d94-4e17-8926-f7d335a0dddc admin admin] Received port after_create {{(pid=93834) _notify_l3_agent_new_port /opt/stack/neutron/neutron/db/l3_dvrscheduler_db.py:535}}
Aug 11 14:08:53.923516 dv-cinder-787115-4-iscsi neutron-server[93834]: DEBUG neutron.api.rpc.handlers.resources_rpc [None req-21dd82b7-6d94-4e17-8926-f7d335a0dddc admin admin] Pushing event updated for resources: {'Port': ['ID=d0e499ec-069d-412f-95ea-e85efa4e166c,revision_number=1']} {{(pid=93834) push /opt/stack/neutron/neutron/api/rpc/handlers/resources_rpc.py:237}}
Aug 11 14:08:53.952398 dv-cinder-787115-4-iscsi neutron-server[93834]: DEBUG neutron_lib.callbacks.manager [None req-21dd82b7-6d94-4e17-8926-f7d335a0dddc admin admin] Notify callbacks ['neutron.services.l3_router.l3_router_plugin.DVRResourceOperationHandler._add_csnat_on_interface_create-1749019'] for router_interface, before_create {{(pid=93834) _notify_loop /usr/local/lib/python3.8/dist-packages/neutron_lib/callbacks/manager.py:192}}
Aug 11 14:08:53.956603 dv-cinder-787115-4-iscsi neutron-server[93834]: DEBUG neutron.wsgi [-] (93834) accepted ('10.222.0.77', 52006) {{(pid=93834) server /usr/local/lib/python3.8/dist-packages/eventlet/wsgi.py:982}}
Aug 11 14:08:54.041996 dv-cinder-787115-4-iscsi neutron-server[93835]: DEBUG neutron.wsgi [-] (93835) accepted ('10.222.0.77', 52012) {{(pid=93835) server /usr/local/lib/python3.8/dist-packages/eventlet/wsgi.py:982}}
Aug 11 14:08:54.133784 dv-cinder-787115-4-iscsi neutron-server[93835]: DEBUG neutron_lib.callbacks.manager [None req-fc9c9307-afa6-421a-a97d-3c6a0ff4f5e1 admin admin] Notify callbacks [] for router_gateway, precommit_update {{(pid=93835) _notify_loop /usr/local/lib/python3.8/dist-packages/neutron_lib/callbacks/manager.py:192}}
Aug 11 14:08:54.197293 dv-cinder-787115-4-iscsi neutron-server[93836]: DEBUG neutron.api.rpc.handlers.dhcp_rpc [None req-a4bf97f8-216a-4091-8637-b35955117b66 None None] Create dhcp port {'port': {'name': '', 'admin_state_up': True, 'device_id': 'dhcp949a9583-9948-5bfb-bbc5-ad4d8932c0a5-5ffde902-2c1c-46a7-9382-9ad89ca0f142', 'network_id': '5ffde902-2c1c-46a7-9382-9ad89ca0f142', 'tenant_id': '401e0b473cc84c2bad0883215a7fb728', 'fixed_ips': [{'subnet_id': 'cacff810-8bb5-4bb3-b795-7c249525e978'}]}} from dv-cinder-787115-4-iscsi. {{(pid=93836) create_dhcp_port /opt/stack/neutron/neutron/api/rpc/handlers/dhcp_rpc.py:285}}
Aug 11 14:08:54.198164 dv-cinder-787115-4-iscsi neutron-server[93836]: DEBUG neutron_lib.callbacks.manager [None req-a4bf97f8-216a-4091-8637-b35955117b66 None None] Notify callbacks ['neutron.plugins.ml2.plugin.SecurityGroupDbMixin._ensure_default_security_group_handler-687084'] for port, before_create {{(pid=93836) _notify_loop /usr/local/lib/python3.8/dist-packages/neutron_lib/callbacks/manager.py:192}}
Aug 11 14:08:54.264157 dv-cinder-787115-4-iscsi neutron-server[93836]: DEBUG neutron.plugins.ml2.rpc [None req-23dab56e-01a4-40cd-925d-0ea61e41bdec None None] Device 297cb534-6d9c-4fe3-84ba-a77707895c0d up at agent ovs-agent-dv-cinder-787115-4-iscsi {{(pid=93836) update_device_up /opt/stack/neutron/neutron/plugins/ml2/rpc.py:296}}
Aug 11 14:08:54.267367 dv-cinder-787115-4-iscsi neutron-server[93835]: DEBUG neutron_lib.callbacks.manager [None req-ab877e28-d4ba-41c9-bd0b-26c795f3631b admin admin] Notify callbacks [] for security_group, before_create {{(pid=93835) _notify_loop /usr/local/lib/python3.8/dist-packages/neutron_lib/callbacks/manager.py:192}}
Aug 11 14:08:54.360768 dv-cinder-787115-4-iscsi neutron-server[93834]: DEBUG neutron_lib.callbacks.manager [None req-21dd82b7-6d94-4e17-8926-f7d335a0dddc admin admin] Notify callbacks ['neutron.plugins.ml2.plugin.SecurityGroupDbMixin._ensure_default_security_group_handler-687084'] for port, before_update {{(pid=93834) _notify_loop /usr/local/lib/python3.8/dist-packages/neutron_lib/callbacks/manager.py:192}}
Aug 11 14:08:54.388684 dv-cinder-787115-4-iscsi neutron-server[93836]: DEBUG neutron_lib.callbacks.manager [None req-41aff028-a4e9-416a-bfe5-eae6869f2e3b None None] Notify callbacks [] for port, precommit_update {{(pid=93836) _notify_loop /usr/local/lib/python3.8/dist-packages/neutron_lib/callbacks/manager.py:192}}
Aug 11 14:08:54.401661 dv-cinder-787115-4-iscsi neutron-server[93834]: DEBUG neutron_lib.callbacks.manager [None req-5eb967d5-608b-4130-907b-5eec38436bce admin admin] Notify callbacks [] for security_group, before_create {{(pid=93834) _notify_loop /usr/local/lib/python3.8/dist-packages/neutron_lib/callbacks/manager.py:192}}
Aug 11 14:08:54.488970 dv-cinder-787115-4-iscsi neutron-server[93835]: DEBUG neutron_lib.callbacks.manager [None req-ab877e28-d4ba-41c9-bd0b-26c795f3631b admin admin] Notify callbacks [] for security_group, precommit_create {{(pid=93835) _notify_loop /usr/local/lib/python3.8/dist-packages/neutron_lib/callbacks/manager.py:192}}
Aug 11 14:08:54.503615 dv-cinder-787115-4-iscsi neutron-server[93836]: DEBUG neutron.db.provisioning_blocks [None req-41aff028-a4e9-416a-bfe5-eae6869f2e3b None None] Transition to ACTIVE for port object edf2e866-bb7e-4aca-9b8a-b7936b9bede2 will not be triggered until provisioned by entity L2. {{(pid=93836) add_provisioning_component /opt/stack/neutron/neutron/db/provisioning_blocks.py:73}}
Aug 11 14:08:54.515999 dv-cinder-787115-4-iscsi neutron-server[93835]: DEBUG neutron.pecan_wsgi.hooks.policy_enforcement [req-836023ed-cc4b-415e-b220-6c2d2a7e32e9 req-c95d2ebb-7264-44ff-a5aa-05568c5a294b tempest-ServerRescueNegativeTestJSON-432556535 tempest-ServerRescueNegativeTestJSON-432556535-project] Attributes excluded by policy engine: ['standard_attr_id', 'binding:profile', 'binding:host_id', 'binding:vif_type', 'binding:vif_details'] {{(pid=93835) _exclude_attributes_by_policy /opt/stack/neutron/neutron/pecan_wsgi/hooks/policy_enforcement.py:255}}
Aug 11 14:08:54.517541 dv-cinder-787115-4-iscsi neutron-server[93835]: INFO neutron.wsgi [req-836023ed-cc4b-415e-b220-6c2d2a7e32e9 req-c95d2ebb-7264-44ff-a5aa-05568c5a294b tempest-ServerRescueNegativeTestJSON-432556535 tempest-ServerRescueNegativeTestJSON-432556535-project] 10.222.0.77 "GET /v2.0/ports?device_id=84635815-2a3f-4d35-8732-62e86b5a4211 HTTP/1.1" status: 200 len: 946 time: 0.1229529
Aug 11 14:08:54.518208 dv-cinder-787115-4-iscsi neutron-server[93835]: DEBUG neutron_lib.callbacks.manager [None req-ab877e28-d4ba-41c9-bd0b-26c795f3631b admin admin] Notify callbacks ['neutron.plugins.ml2.ovo_rpc._ObjectChangeHandler.handle_event-1650831'] for security_group, after_create {{(pid=93835) _notify_loop /usr/local/lib/python3.8/dist-packages/neutron_lib/callbacks/manager.py:192}}
Aug 11 14:08:54.532350 dv-cinder-787115-4-iscsi neutron-server[93836]: DEBUG neutron_lib.callbacks.manager [None req-41aff028-a4e9-416a-bfe5-eae6869f2e3b None None] Notify callbacks ['neutron.plugins.ml2.plugin.SecurityGroupServerNotifierRpcMixin._notify_sg_on_port_change-686658', 'neutron.plugins.ml2.ovo_rpc._ObjectChangeHandler.handle_event-154067', 'neutron.api.rpc.agentnotifiers.dhcp_rpc_agent_api.DhcpAgentNotifyAPI._native_event_send_dhcp_notification-1556224', 'neutron.db.l3_db.L3RpcNotifierMixin._notify_gateway_port_ip_changed-8750800192669', 'neutron.db.l3_dvrscheduler_db._notify_l3_agent_port_update-8750799720982', 'neutron.db.l3_hascheduler_db._notify_l3_agent_ha_port_update-8750799721000'] for port, after_update {{(pid=93836) _notify_loop /usr/local/lib/python3.8/dist-packages/neutron_lib/callbacks/manager.py:192}}
Aug 11 14:08:54.615712 dv-cinder-787115-4-iscsi neutron-server[93835]: INFO neutron.wsgi [None req-ab877e28-d4ba-41c9-bd0b-26c795f3631b admin admin] 10.222.0.77 "GET /v2.0/security-groups?tenant_id=f2ab4fda59114b769c2635e5c3e8f8e8&name=default HTTP/1.1" status: 200 len: 2979 time: 0.5725501
Aug 11 14:08:54.621672 dv-cinder-787115-4-iscsi neutron-server[93835]: DEBUG neutron.wsgi [-] (93835) accepted ('10.222.0.77', 52042) {{(pid=93835) server /usr/local/lib/python3.8/dist-packages/eventlet/wsgi.py:982}}
Aug 11 14:08:54.643310 dv-cinder-787115-4-iscsi neutron-server[93835]: DEBUG neutron.api.rpc.handlers.resources_rpc [None req-ab877e28-d4ba-41c9-bd0b-26c795f3631b admin admin] Pushing event updated for resources: {'SecurityGroup': ['ID=b63df155-c5b4-4cc6-a22c-1cc92a4b9b53,revision_number=1']} {{(pid=93835) push /opt/stack/neutron/neutron/api/rpc/handlers/resources_rpc.py:237}}
Aug 11 14:08:54.709780 dv-cinder-787115-4-iscsi neutron-server[93835]: INFO neutron.wsgi [req-836023ed-cc4b-415e-b220-6c2d2a7e32e9 req-24c5ff3e-60cf-491e-b6c9-d68533ae88b6 tempest-ServerRescueNegativeTestJSON-432556535 tempest-ServerRescueNegativeTestJSON-432556535-project] 10.222.0.77 "GET /v2.0/security-groups?id=35f354aa-a652-405e-8c6c-e06bdb1b9c8f&fields=id&fields=name HTTP/1.1" status: 200 len: 286 time: 0.1692069
Aug 11 14:08:54.734639 dv-cinder-787115-4-iscsi neutron-server[93836]: DEBUG neutron.plugins.ml2.managers [None req-41aff028-a4e9-416a-bfe5-eae6869f2e3b None None] Attempting to bind port edf2e866-bb7e-4aca-9b8a-b7936b9bede2 on host dv-cinder-787115-4-iscsi for vnic_type normal with profile {{(pid=93836) bind_port /opt/stack/neutron/neutron/plugins/ml2/managers.py:790}}
Aug 11 14:08:54.735245 dv-cinder-787115-4-iscsi neutron-server[93836]: DEBUG neutron.plugins.ml2.managers [None req-41aff028-a4e9-416a-bfe5-eae6869f2e3b None None] Attempting to bind port edf2e866-bb7e-4aca-9b8a-b7936b9bede2 by drivers openvswitch,hyperv on host dv-cinder-787115-4-iscsi at level 0 using segments [{'id': 'b2024a67-c92c-4f8a-89cb-8019cab78a9a', 'network_type': 'flat', 'physical_network': 'physnet1', 'segmentation_id': None, 'network_id': '943f1fd0-4ca6-42d2-9faf-711f010a4b2b'}] {{(pid=93836) _bind_port_level /opt/stack/neutron/neutron/plugins/ml2/managers.py:815}}
Aug 11 14:08:54.735984 dv-cinder-787115-4-iscsi neutron-server[93836]: DEBUG neutron.plugins.ml2.drivers.mech_agent [None req-41aff028-a4e9-416a-bfe5-eae6869f2e3b None None] Attempting to bind port edf2e866-bb7e-4aca-9b8a-b7936b9bede2 on network 943f1fd0-4ca6-42d2-9faf-711f010a4b2b {{(pid=93836) bind_port /opt/stack/neutron/neutron/plugins/ml2/drivers/mech_agent.py:85}}
Aug 11 14:08:54.761091 dv-cinder-787115-4-iscsi neutron-server[93836]: DEBUG neutron.db.provisioning_blocks [None req-23dab56e-01a4-40cd-925d-0ea61e41bdec None None] Provisioning for port 297cb534-6d9c-4fe3-84ba-a77707895c0d completed by entity L2. {{(pid=93836) provisioning_complete /opt/stack/neutron/neutron/db/provisioning_blocks.py:133}}
Aug 11 14:08:54.762397 dv-cinder-787115-4-iscsi neutron-server[93834]: DEBUG neutron_lib.callbacks.manager [None req-21dd82b7-6d94-4e17-8926-f7d335a0dddc admin admin] Notify callbacks [] for port, precommit_update {{(pid=93834) _notify_loop /usr/local/lib/python3.8/dist-packages/neutron_lib/callbacks/manager.py:192}}
Aug 11 14:08:54.769536 dv-cinder-787115-4-iscsi neutron-server[93836]: DEBUG neutron.db.provisioning_blocks [None req-0316935d-2e05-400f-a3c4-751127ad246e None None] Provisioning complete for port 297cb534-6d9c-4fe3-84ba-a77707895c0d triggered by entity DHCP. {{(pid=93836) provisioning_complete /opt/stack/neutron/neutron/db/provisioning_blocks.py:139}}
Aug 11 14:08:54.769922 dv-cinder-787115-4-iscsi neutron-server[93836]: DEBUG neutron_lib.callbacks.manager [None req-0316935d-2e05-400f-a3c4-751127ad246e None None] Notify callbacks ['neutron.plugins.ml2.plugin.Ml2Plugin._port_provisioned-748196'] for port, provisioning_complete {{(pid=93836) _notify_loop /usr/local/lib/python3.8/dist-packages/neutron_lib/callbacks/manager.py:192}}
Aug 11 14:08:54.778849 dv-cinder-787115-4-iscsi neutron-server[93834]: DEBUG neutron_lib.callbacks.manager [None req-21dd82b7-6d94-4e17-8926-f7d335a0dddc admin admin] Notify callbacks ['neutron.plugins.ml2.plugin.SecurityGroupServerNotifierRpcMixin._notify_sg_on_port_change-686658', 'neutron.plugins.ml2.ovo_rpc._ObjectChangeHandler.handle_event-154067', 'neutron.api.rpc.agentnotifiers.dhcp_rpc_agent_api.DhcpAgentNotifyAPI._native_event_send_dhcp_notification-1556224', 'neutron.db.l3_db.L3RpcNotifierMixin._notify_gateway_port_ip_changed-8750800192669', 'neutron.db.l3_dvrscheduler_db._notify_l3_agent_port_update-8750799720982', 'neutron.db.l3_hascheduler_db._notify_l3_agent_ha_port_update-8750799721000', 'neutron.services.segments.plugin.NovaSegmentNotifier._notify_port_updated-8314049'] for port, after_update {{(pid=93834) _notify_loop /usr/local/lib/python3.8/dist-packages/neutron_lib/callbacks/manager.py:192}}
Aug 11 14:08:54.792050 dv-cinder-787115-4-iscsi neutron-server[93836]: DEBUG neutron.plugins.ml2.drivers.mech_agent [None req-41aff028-a4e9-416a-bfe5-eae6869f2e3b None None] Checking agent: {'id': '3f1b1ba6-93cf-4d97-9390-e83e410a954b', 'agent_type': 'Open vSwitch agent', 'binary': 'neutron-openvswitch-agent', 'topic': 'N/A', 'host': 'dv-cinder-787115-4-iscsi', 'admin_state_up': True, 'created_at': datetime.datetime(2021, 8, 11, 13, 59, 44), 'started_at': datetime.datetime(2021, 8, 11, 14, 0, 14), 'heartbeat_timestamp': datetime.datetime(2021, 8, 11, 14, 8, 44), 'description': None, 'resources_synced': None, 'availability_zone': None, 'alive': True, 'configurations': {'arp_responder_enabled': False, 'baremetal_smartnic': False, 'bridge_mappings': {'physnet1': 'br-data'}, 'datapath_type': 'system', 'devices': 0, 'enable_distributed_routing': False, 'extensions': [], 'in_distributed_mode': False, 'integration_bridge': 'br-int', 'l2_population': False, 'log_agent_heartbeats': False, 'ovs_capabilities': {'datapath_types': ['netdev', 'system'], 'iface_types': ['erspan', 'geneve', 'gre', 'internal', 'ip6erspan', 'ip6gre', 'lisp', 'patch', 'stt', 'system', 'tap', 'vxlan']}, 'ovs_hybrid_plug': False, 'resource_provider_bandwidths': {}, 'resource_provider_hypervisors': {'br-data': 'dv-cinder-787115-4-iscsi'}, 'resource_provider_inventory_defaults': {'allocation_ratio': 1.0, 'min_unit': 1, 'step_size': 1, 'reserved': 0}, 'tunnel_types': [], 'tunneling_ip': None, 'vhostuser_socket_dir': '/var/run/openvswitch'}, 'resource_versions': {'AddressGroup': '1.2', 'ConntrackHelper': '1.0', 'Log': '1.0', 'Network': '1.1', 'Port': '1.7', 'PortForwarding': '1.2', 'QosPolicy': '1.9', 'SecurityGroup': '1.4', 'SecurityGroupRule': '1.2', 'SubPort': '1.0', 'Subnet': '1.1', 'Trunk': '1.1'}} {{(pid=93836) bind_port /opt/stack/neutron/neutron/plugins/ml2/drivers/mech_agent.py:104}}
Aug 11 14:08:54.793189 dv-cinder-787115-4-iscsi neutron-server[93836]: DEBUG neutron.plugins.ml2.drivers.mech_agent [None req-41aff028-a4e9-416a-bfe5-eae6869f2e3b None None] Checking segment: {'id': 'b2024a67-c92c-4f8a-89cb-8019cab78a9a', 'network_type': 'flat', 'physical_network': 'physnet1', 'segmentation_id': None, 'network_id': '943f1fd0-4ca6-42d2-9faf-711f010a4b2b'} for mappings: {'physnet1': 'br-data'} with network types: ['local', 'flat', 'vlan'] {{(pid=93836) check_segment_for_agent /opt/stack/neutron/neutron/plugins/ml2/drivers/mech_agent.py:352}}
Aug 11 14:08:54.793189 dv-cinder-787115-4-iscsi neutron-server[93836]: DEBUG neutron_lib.callbacks.manager [None req-41aff028-a4e9-416a-bfe5-eae6869f2e3b None None] Notify callbacks [] for ovs_bridge_name, before_read {{(pid=93836) _notify_loop /usr/local/lib/python3.8/dist-packages/neutron_lib/callbacks/manager.py:192}}
Aug 11 14:08:54.793401 dv-cinder-787115-4-iscsi neutron-server[93836]: DEBUG neutron.plugins.ml2.drivers.mech_agent [None req-41aff028-a4e9-416a-bfe5-eae6869f2e3b None None] Bound using segment: {'id': 'b2024a67-c92c-4f8a-89cb-8019cab78a9a', 'network_type': 'flat', 'physical_network': 'physnet1', 'segmentation_id': None, 'network_id': '943f1fd0-4ca6-42d2-9faf-711f010a4b2b'} {{(pid=93836) bind_port /opt/stack/neutron/neutron/plugins/ml2/drivers/mech_agent.py:114}}
Aug 11 14:08:54.793791 dv-cinder-787115-4-iscsi neutron-server[93836]: DEBUG neutron.plugins.ml2.managers [None req-41aff028-a4e9-416a-bfe5-eae6869f2e3b None None] Bound port: edf2e866-bb7e-4aca-9b8a-b7936b9bede2, host: dv-cinder-787115-4-iscsi, vif_type: ovs, vif_details: {"connectivity": "l2", "port_filter": true, "ovs_hybrid_plug": false, "datapath_type": "system", "bridge_name": "br-int"}, binding_levels: [{'bound_driver': 'openvswitch', 'bound_segment': {'id': 'b2024a67-c92c-4f8a-89cb-8019cab78a9a', 'network_type': 'flat', 'physical_network': 'physnet1', 'segmentation_id': None, 'network_id': '943f1fd0-4ca6-42d2-9faf-711f010a4b2b'}}] {{(pid=93836) _bind_port_level /opt/stack/neutron/neutron/plugins/ml2/managers.py:928}}
Aug 11 14:08:54.796152 dv-cinder-787115-4-iscsi neutron-server[93836]: DEBUG neutron_lib.callbacks.manager [None req-41aff028-a4e9-416a-bfe5-eae6869f2e3b None None] Notify callbacks ['neutron.plugins.ml2.plugin.SecurityGroupDbMixin._ensure_default_security_group_handler-687084'] for port, before_update {{(pid=93836) _notify_loop /usr/local/lib/python3.8/dist-packages/neutron_lib/callbacks/manager.py:192}}
Aug 11 14:08:54.854001 dv-cinder-787115-4-iscsi neutron-server[93834]: DEBUG neutron_lib.callbacks.manager [None req-21dd82b7-6d94-4e17-8926-f7d335a0dddc admin admin] Notify callbacks ['neutron.api.rpc.agentnotifiers.dhcp_rpc_agent_api.DhcpAgentNotifyAPI._after_router_interface_created-1556274', 'neutron.services.l3_router.l3_router_plugin.DVRResourceOperationHandler._update_snat_v6_addrs_after_intf_update-1749167'] for router_interface, after_create {{(pid=93834) _notify_loop /usr/local/lib/python3.8/dist-packages/neutron_lib/callbacks/manager.py:192}}
Aug 11 14:08:54.866137 dv-cinder-787115-4-iscsi neutron-server[93835]: DEBUG neutron_lib.callbacks.manager [None req-945a1a32-5e8f-4f9b-8dd6-a1dd9bb79a6b admin admin] Notify callbacks [] for security_group, before_delete {{(pid=93835) _notify_loop /usr/local/lib/python3.8/dist-packages/neutron_lib/callbacks/manager.py:192}}
Aug 11 14:08:54.870402 dv-cinder-787115-4-iscsi neutron-server[93836]: DEBUG neutron.api.rpc.handlers.resources_rpc [None req-ed0d7398-d89d-4694-bd95-7b875c2f99a9 None None] Pushing event updated for resources: {'Port': ['ID=edf2e866-bb7e-4aca-9b8a-b7936b9bede2,revision_number=2']} {{(pid=93836) push /opt/stack/neutron/neutron/api/rpc/handlers/resources_rpc.py:237}}
Aug 11 14:08:54.874144 dv-cinder-787115-4-iscsi neutron-server[93836]: DEBUG neutron.db.provisioning_blocks [None req-23dab56e-01a4-40cd-925d-0ea61e41bdec None None] Provisioning complete for port 297cb534-6d9c-4fe3-84ba-a77707895c0d triggered by entity L2. {{(pid=93836) provisioning_complete /opt/stack/neutron/neutron/db/provisioning_blocks.py:139}}
Aug 11 14:08:54.874771 dv-cinder-787115-4-iscsi neutron-server[93836]: DEBUG neutron_lib.callbacks.manager [None req-23dab56e-01a4-40cd-925d-0ea61e41bdec None None] Notify callbacks ['neutron.plugins.ml2.plugin.Ml2Plugin._port_provisioned-748196'] for port, provisioning_complete {{(pid=93836) _notify_loop /usr/local/lib/python3.8/dist-packages/neutron_lib/callbacks/manager.py:192}}
Aug 11 14:08:54.910099 dv-cinder-787115-4-iscsi neutron-server[93834]: DEBUG neutron_lib.callbacks.manager [None req-5eb967d5-608b-4130-907b-5eec38436bce admin admin] Notify callbacks [] for security_group, precommit_create {{(pid=93834) _notify_loop /usr/local/lib/python3.8/dist-packages/neutron_lib/callbacks/manager.py:192}}
Aug 11 14:08:54.939296 dv-cinder-787115-4-iscsi neutron-server[93835]: DEBUG neutron_lib.callbacks.manager [None req-945a1a32-5e8f-4f9b-8dd6-a1dd9bb79a6b admin admin] Notify callbacks [] for security_group, precommit_delete {{(pid=93835) _notify_loop /usr/local/lib/python3.8/dist-packages/neutron_lib/callbacks/manager.py:192}}
Aug 11 14:08:54.956501 dv-cinder-787115-4-iscsi neutron-server[93835]: DEBUG neutron_lib.callbacks.manager [None req-fc9c9307-afa6-421a-a97d-3c6a0ff4f5e1 admin admin] Notify callbacks [] for router_gateway, before_create {{(pid=93835) _notify_loop /usr/local/lib/python3.8/dist-packages/neutron_lib/callbacks/manager.py:192}}
Aug 11 14:08:54.969474 dv-cinder-787115-4-iscsi neutron-server[93836]: DEBUG neutron.db.db_base_plugin_common [None req-a4bf97f8-216a-4091-8637-b35955117b66 None None] Allocated IP 172.20.0.2 (5ffde902-2c1c-46a7-9382-9ad89ca0f142/cacff810-8bb5-4bb3-b795-7c249525e978/b80a6f5b-b1f4-4852-9120-b25f481dd8eb) {{(pid=93836) _store_ip_allocation /opt/stack/neutron/neutron/db/db_base_plugin_common.py:131}}
Aug 11 14:08:54.975615 dv-cinder-787115-4-iscsi neutron-server[93834]: DEBUG neutron_lib.callbacks.manager [None req-5eb967d5-608b-4130-907b-5eec38436bce admin admin] Notify callbacks ['neutron.plugins.ml2.ovo_rpc._ObjectChangeHandler.handle_event-1650831'] for security_group, after_create {{(pid=93834) _notify_loop /usr/local/lib/python3.8/dist-packages/neutron_lib/callbacks/manager.py:192}}
Aug 11 14:08:54.988070 dv-cinder-787115-4-iscsi neutron-server[93835]: DEBUG neutron_lib.callbacks.manager [None req-fc9c9307-afa6-421a-a97d-3c6a0ff4f5e1 admin admin] Notify callbacks ['neutron.plugins.ml2.plugin.SecurityGroupDbMixin._ensure_default_security_group_handler-687084'] for port, before_create {{(pid=93835) _notify_loop /usr/local/lib/python3.8/dist-packages/neutron_lib/callbacks/manager.py:192}}
Aug 11 14:08:55.000628 dv-cinder-787115-4-iscsi neutron-server[93836]: DEBUG neutron.plugins.ml2.db [None req-41aff028-a4e9-416a-bfe5-eae6869f2e3b None None] For port edf2e866-bb7e-4aca-9b8a-b7936b9bede2, host dv-cinder-787115-4-iscsi, cleared binding levels {{(pid=93836) clear_binding_levels /opt/stack/neutron/neutron/plugins/ml2/db.py:87}}
Aug 11 14:08:55.004944 dv-cinder-787115-4-iscsi neutron-server[93836]: DEBUG neutron.plugins.ml2.db [None req-41aff028-a4e9-416a-bfe5-eae6869f2e3b None None] For port edf2e866-bb7e-4aca-9b8a-b7936b9bede2, host dv-cinder-787115-4-iscsi, set binding levels [PortBindingLevel(driver='openvswitch',host='dv-cinder-787115-4-iscsi',level=0,port_id=edf2e866-bb7e-4aca-9b8a-b7936b9bede2,segment=NetworkSegment(b2024a67-c92c-4f8a-89cb-8019cab78a9a),segment_id=b2024a67-c92c-4f8a-89cb-8019cab78a9a)] {{(pid=93836) set_binding_levels /opt/stack/neutron/neutron/plugins/ml2/db.py:59}}
Aug 11 14:08:55.011167 dv-cinder-787115-4-iscsi neutron-server[93834]: DEBUG neutron.api.rpc.handlers.resources_rpc [None req-5eb967d5-608b-4130-907b-5eec38436bce admin admin] Pushing event updated for resources: {'SecurityGroup': ['ID=1fed420f-4fad-41c0-923f-8724ad479fc1,revision_number=1']} {{(pid=93834) push /opt/stack/neutron/neutron/api/rpc/handlers/resources_rpc.py:237}}
