Aug 09 17:58:57.562184 dv-cinder-787115-2-smb neutron-server[100539]: INFO neutron.wsgi [req-4c61dfbe-60e9-4a82-93a2-23b0e3774b17 req-c889a63e-abb0-4401-a607-66003f81b64d tempest-DeleteServersTestJSON-162043423 tempest-DeleteServersTestJSON-162043423-project] 10.222.0.13 "GET /v2.0/ports?device_id=fa06a429-8e97-4800-88a4-8f04fd0738a9 HTTP/1.1" status: 200 len: 944 time: 0.2000589
Aug 09 17:58:57.677985 dv-cinder-787115-2-smb neutron-server[100539]: INFO neutron.wsgi [req-4c61dfbe-60e9-4a82-93a2-23b0e3774b17 req-be1a93ba-1d63-440c-a4ea-96c376c3aadf tempest-DeleteServersTestJSON-162043423 tempest-DeleteServersTestJSON-162043423-project] 10.222.0.13 "GET /v2.0/security-groups?id=63783478-d1e5-45c4-b6a4-2bf873982cfb&fields=id&fields=name HTTP/1.1" status: 200 len: 286 time: 0.1078756
Aug 09 17:58:57.693776 dv-cinder-787115-2-smb neutron-server[100538]: INFO neutron.wsgi [req-6f027bee-af30-4c97-8fa2-68e33b503d39 req-bd17a11b-69e8-4fe1-9fa0-a98ad29abd27 service neutron] 10.222.0.13 "GET /v2.0/networks/ac334cf3-a813-4715-a08f-bf5732b08ae3?fields=segments HTTP/1.1" status: 200 len: 212 time: 0.1921585
Aug 09 17:58:57.756970 dv-cinder-787115-2-smb neutron-server[100539]: DEBUG neutron_lib.callbacks.manager [None req-f7f916cc-0b1d-4f14-900b-7d5fcd9638f4 admin admin] Notify callbacks [] for security_group, precommit_create {{(pid=100539) _notify_loop /usr/local/lib/python3.8/dist-packages/neutron_lib/callbacks/manager.py:192}}
Aug 09 17:58:57.878035 dv-cinder-787115-2-smb neutron-server[100539]: DEBUG neutron_lib.callbacks.manager [None req-f7f916cc-0b1d-4f14-900b-7d5fcd9638f4 admin admin] Notify callbacks ['neutron.plugins.ml2.ovo_rpc._ObjectChangeHandler.handle_event-602555'] for security_group, after_create {{(pid=100539) _notify_loop /usr/local/lib/python3.8/dist-packages/neutron_lib/callbacks/manager.py:192}}
Aug 09 17:58:57.929844 dv-cinder-787115-2-smb neutron-server[100538]: INFO neutron.wsgi [req-6f027bee-af30-4c97-8fa2-68e33b503d39 req-28053951-2b39-4552-9c6f-8b8efb075df3 service neutron] 10.222.0.13 "GET /v2.0/networks/ac334cf3-a813-4715-a08f-bf5732b08ae3?fields=provider%3Aphysical_network&fields=provider%3Anetwork_type HTTP/1.1" status: 200 len: 281 time: 0.2331202
Aug 09 17:58:57.972828 dv-cinder-787115-2-smb neutron-server[100539]: INFO neutron.wsgi [None req-f7f916cc-0b1d-4f14-900b-7d5fcd9638f4 admin admin] 10.222.0.13 "GET /v2.0/security-groups?tenant_id=236b0b69fbc14ad5abcccd9f298899a8&name=default HTTP/1.1" status: 200 len: 2979 time: 0.9466050
Aug 09 17:58:57.973840 dv-cinder-787115-2-smb neutron-server[100539]: DEBUG neutron.api.rpc.handlers.resources_rpc [None req-f7f916cc-0b1d-4f14-900b-7d5fcd9638f4 admin admin] Pushing event updated for resources: {'SecurityGroup': ['ID=968ce789-cce7-41d1-a210-ddf8a5924d2a,revision_number=1']} {{(pid=100539) push /opt/stack/neutron/neutron/api/rpc/handlers/resources_rpc.py:237}}
Aug 09 17:58:57.976790 dv-cinder-787115-2-smb neutron-server[100539]: DEBUG neutron.wsgi [-] (100539) accepted ('10.222.0.13', 45724) {{(pid=100539) server /usr/local/lib/python3.8/dist-packages/eventlet/wsgi.py:982}}
Aug 09 17:58:58.098977 dv-cinder-787115-2-smb neutron-server[100538]: DEBUG neutron.wsgi [-] (100538) accepted ('10.222.0.13', 45726) {{(pid=100538) server /usr/local/lib/python3.8/dist-packages/eventlet/wsgi.py:982}}
Aug 09 17:58:58.145636 dv-cinder-787115-2-smb neutron-server[100539]: DEBUG neutron_lib.callbacks.manager [None req-8f14a1b3-655f-4b2a-99a2-1fbfb0f39e96 admin admin] Notify callbacks [] for security_group, before_delete {{(pid=100539) _notify_loop /usr/local/lib/python3.8/dist-packages/neutron_lib/callbacks/manager.py:192}}
Aug 09 17:58:58.145636 dv-cinder-787115-2-smb neutron-server[100539]: DEBUG neutron.pecan_wsgi.hooks.policy_enforcement [req-943707a0-894f-4aff-a004-0b750a02fe10 req-7fb197a8-4559-4813-aaf9-6b157738dc28 tempest-AttachVolumeNegativeTest-100988292 tempest-AttachVolumeNegativeTest-100988292-project] Attributes excluded by policy engine: ['standard_attr_id', 'binding:profile', 'binding:host_id', 'binding:vif_type', 'binding:vif_details'] {{(pid=100539) _exclude_attributes_by_policy /opt/stack/neutron/neutron/pecan_wsgi/hooks/policy_enforcement.py:255}}
Aug 09 17:58:58.145636 dv-cinder-787115-2-smb neutron-server[100539]: INFO neutron.wsgi [req-943707a0-894f-4aff-a004-0b750a02fe10 req-7fb197a8-4559-4813-aaf9-6b157738dc28 tempest-AttachVolumeNegativeTest-100988292 tempest-AttachVolumeNegativeTest-100988292-project] 10.222.0.13 "GET /v2.0/ports?device_id=a1599773-8e89-4602-8ba5-f59b05c27ba2 HTTP/1.1" status: 200 len: 944 time: 0.1213558
Aug 09 17:58:58.183966 dv-cinder-787115-2-smb neutron-server[100539]: DEBUG neutron_lib.callbacks.manager [None req-8f14a1b3-655f-4b2a-99a2-1fbfb0f39e96 admin admin] Notify callbacks [] for security_group, precommit_delete {{(pid=100539) _notify_loop /usr/local/lib/python3.8/dist-packages/neutron_lib/callbacks/manager.py:192}}
Aug 09 17:58:58.239423 dv-cinder-787115-2-smb neutron-server[100539]: INFO neutron.wsgi [req-943707a0-894f-4aff-a004-0b750a02fe10 req-00b7a146-5c47-49c2-8138-e09e262ad304 tempest-AttachVolumeNegativeTest-100988292 tempest-AttachVolumeNegativeTest-100988292-project] 10.222.0.13 "GET /v2.0/security-groups?id=496a6ebf-cdf6-45be-a2ea-a00811ebb397&fields=id&fields=name HTTP/1.1" status: 200 len: 286 time: 0.0850735
Aug 09 17:58:58.272570 dv-cinder-787115-2-smb neutron-server[100538]: DEBUG neutron_lib.callbacks.manager [None req-2bc165ad-8c45-4f15-91cb-1ffaa11b7c6b admin admin] Notify callbacks [] for security_group, before_create {{(pid=100538) _notify_loop /usr/local/lib/python3.8/dist-packages/neutron_lib/callbacks/manager.py:192}}
Aug 09 17:58:58.422920 dv-cinder-787115-2-smb neutron-server[100539]: INFO neutron.wsgi [req-7f13904f-8f72-40f5-a883-9f155520090f req-08149902-e40d-415f-aab2-3ffe3c85f00e tempest-AttachVolumeShelveTestJSON-999296008 tempest-AttachVolumeShelveTestJSON-999296008-project] 10.222.0.13 "GET /v2.0/ports?device_id=82907214-5bcd-436f-aeb3-1af667501551 HTTP/1.1" status: 200 len: 210 time: 0.0497975
Aug 09 17:58:58.448952 dv-cinder-787115-2-smb neutron-server[100539]: DEBUG neutron_lib.callbacks.manager [None req-8f14a1b3-655f-4b2a-99a2-1fbfb0f39e96 admin admin] Notify callbacks ['neutron.plugins.ml2.ovo_rpc._ObjectChangeHandler.handle_event-602555'] for security_group, after_delete {{(pid=100539) _notify_loop /usr/local/lib/python3.8/dist-packages/neutron_lib/callbacks/manager.py:192}}
Aug 09 17:58:58.459691 dv-cinder-787115-2-smb neutron-server[100539]: DEBUG neutron_lib.callbacks.manager [None req-8f14a1b3-655f-4b2a-99a2-1fbfb0f39e96 admin admin] Notify callbacks [] for security_group, before_response {{(pid=100539) _notify_loop /usr/local/lib/python3.8/dist-packages/neutron_lib/callbacks/manager.py:192}}
Aug 09 17:58:58.459691 dv-cinder-787115-2-smb neutron-server[100539]: INFO neutron.wsgi [None req-8f14a1b3-655f-4b2a-99a2-1fbfb0f39e96 admin admin] 10.222.0.13 "DELETE /v2.0/security-groups/968ce789-cce7-41d1-a210-ddf8a5924d2a HTTP/1.1" status: 204 len: 168 time: 0.4808393
Aug 09 17:58:58.479016 dv-cinder-787115-2-smb neutron-server[100539]: DEBUG neutron.api.rpc.handlers.resources_rpc [None req-8f14a1b3-655f-4b2a-99a2-1fbfb0f39e96 admin admin] Pushing event deleted for resources: {'SecurityGroup': ['ID=968ce789-cce7-41d1-a210-ddf8a5924d2a,revision_number=None']} {{(pid=100539) push /opt/stack/neutron/neutron/api/rpc/handlers/resources_rpc.py:237}}
Aug 09 17:58:58.564191 dv-cinder-787115-2-smb neutron-server[100538]: DEBUG neutron_lib.callbacks.manager [None req-2bc165ad-8c45-4f15-91cb-1ffaa11b7c6b admin admin] Notify callbacks [] for security_group, precommit_create {{(pid=100538) _notify_loop /usr/local/lib/python3.8/dist-packages/neutron_lib/callbacks/manager.py:192}}
Aug 09 17:58:58.626575 dv-cinder-787115-2-smb neutron-server[100538]: DEBUG neutron_lib.callbacks.manager [None req-2bc165ad-8c45-4f15-91cb-1ffaa11b7c6b admin admin] Notify callbacks ['neutron.plugins.ml2.ovo_rpc._ObjectChangeHandler.handle_event-602555'] for security_group, after_create {{(pid=100538) _notify_loop /usr/local/lib/python3.8/dist-packages/neutron_lib/callbacks/manager.py:192}}
Aug 09 17:58:58.685616 dv-cinder-787115-2-smb neutron-server[100538]: INFO neutron.wsgi [None req-2bc165ad-8c45-4f15-91cb-1ffaa11b7c6b admin admin] 10.222.0.13 "GET /v2.0/security-groups?tenant_id=848ae56a12c94a709b941a65a0b52f74&name=default HTTP/1.1" status: 200 len: 2979 time: 0.5843215
Aug 09 17:58:58.686521 dv-cinder-787115-2-smb neutron-server[100538]: DEBUG neutron.api.rpc.handlers.resources_rpc [None req-2bc165ad-8c45-4f15-91cb-1ffaa11b7c6b admin admin] Pushing event updated for resources: {'SecurityGroup': ['ID=1920c417-5d7e-4fc4-a522-56f7ec01ddef,revision_number=1']} {{(pid=100538) push /opt/stack/neutron/neutron/api/rpc/handlers/resources_rpc.py:237}}
Aug 09 17:58:58.689887 dv-cinder-787115-2-smb neutron-server[100538]: DEBUG neutron.wsgi [-] (100538) accepted ('10.222.0.13', 45748) {{(pid=100538) server /usr/local/lib/python3.8/dist-packages/eventlet/wsgi.py:982}}
Aug 09 17:58:58.789231 dv-cinder-787115-2-smb neutron-server[100538]: DEBUG neutron_lib.callbacks.manager [None req-e50e5c81-c6e6-44d3-8e83-8a682e32aa0b admin admin] Notify callbacks [] for security_group, before_delete {{(pid=100538) _notify_loop /usr/local/lib/python3.8/dist-packages/neutron_lib/callbacks/manager.py:192}}
Aug 09 17:58:58.840397 dv-cinder-787115-2-smb neutron-server[100538]: DEBUG neutron_lib.callbacks.manager [None req-e50e5c81-c6e6-44d3-8e83-8a682e32aa0b admin admin] Notify callbacks [] for security_group, precommit_delete {{(pid=100538) _notify_loop /usr/local/lib/python3.8/dist-packages/neutron_lib/callbacks/manager.py:192}}
Aug 09 17:58:58.933178 dv-cinder-787115-2-smb neutron-server[100538]: DEBUG neutron.pecan_wsgi.hooks.policy_enforcement [req-b9ebc0ff-fa25-4b12-b97e-74383dc5edfa req-30cb906c-bba5-45f3-8f89-21ae7ff97221 tempest-DeleteServersTestJSON-162043423 tempest-DeleteServersTestJSON-162043423-project] Attributes excluded by policy engine: ['standard_attr_id', 'binding:profile', 'binding:host_id', 'binding:vif_type', 'binding:vif_details'] {{(pid=100538) _exclude_attributes_by_policy /opt/stack/neutron/neutron/pecan_wsgi/hooks/policy_enforcement.py:255}}
Aug 09 17:58:58.943210 dv-cinder-787115-2-smb neutron-server[100538]: INFO neutron.wsgi [req-b9ebc0ff-fa25-4b12-b97e-74383dc5edfa req-30cb906c-bba5-45f3-8f89-21ae7ff97221 tempest-DeleteServersTestJSON-162043423 tempest-DeleteServersTestJSON-162043423-project] 10.222.0.13 "GET /v2.0/ports?device_id=fa06a429-8e97-4800-88a4-8f04fd0738a9 HTTP/1.1" status: 200 len: 944 time: 0.1169014
Aug 09 17:58:59.048012 dv-cinder-787115-2-smb neutron-server[100538]: INFO neutron.wsgi [req-b9ebc0ff-fa25-4b12-b97e-74383dc5edfa req-dd185d49-ef49-4575-a94b-b18c7534cf44 tempest-DeleteServersTestJSON-162043423 tempest-DeleteServersTestJSON-162043423-project] 10.222.0.13 "GET /v2.0/security-groups?id=63783478-d1e5-45c4-b6a4-2bf873982cfb&fields=id&fields=name HTTP/1.1" status: 200 len: 286 time: 0.0932922
Aug 09 17:58:59.159013 dv-cinder-787115-2-smb neutron-server[100538]: DEBUG neutron_lib.callbacks.manager [None req-e50e5c81-c6e6-44d3-8e83-8a682e32aa0b admin admin] Notify callbacks ['neutron.plugins.ml2.ovo_rpc._ObjectChangeHandler.handle_event-602555'] for security_group, after_delete {{(pid=100538) _notify_loop /usr/local/lib/python3.8/dist-packages/neutron_lib/callbacks/manager.py:192}}
Aug 09 17:58:59.165798 dv-cinder-787115-2-smb neutron-server[100538]: DEBUG neutron_lib.callbacks.manager [None req-e50e5c81-c6e6-44d3-8e83-8a682e32aa0b admin admin] Notify callbacks [] for security_group, before_response {{(pid=100538) _notify_loop /usr/local/lib/python3.8/dist-packages/neutron_lib/callbacks/manager.py:192}}
Aug 09 17:58:59.167168 dv-cinder-787115-2-smb neutron-server[100538]: INFO neutron.wsgi [None req-e50e5c81-c6e6-44d3-8e83-8a682e32aa0b admin admin] 10.222.0.13 "DELETE /v2.0/security-groups/1920c417-5d7e-4fc4-a522-56f7ec01ddef HTTP/1.1" status: 204 len: 168 time: 0.4761052
Aug 09 17:58:59.181786 dv-cinder-787115-2-smb neutron-server[100538]: DEBUG neutron.api.rpc.handlers.resources_rpc [None req-e50e5c81-c6e6-44d3-8e83-8a682e32aa0b admin admin] Pushing event deleted for resources: {'SecurityGroup': ['ID=1920c417-5d7e-4fc4-a522-56f7ec01ddef,revision_number=None']} {{(pid=100538) push /opt/stack/neutron/neutron/api/rpc/handlers/resources_rpc.py:237}}
Aug 09 17:58:59.461991 dv-cinder-787115-2-smb neutron-server[100539]: DEBUG neutron.pecan_wsgi.hooks.policy_enforcement [req-57388af3-19e6-422c-a84d-bc4971e04cdb req-06c13fac-049c-4d96-bf0c-65e883c04b0b tempest-AttachVolumeNegativeTest-100988292 tempest-AttachVolumeNegativeTest-100988292-project] Attributes excluded by policy engine: ['standard_attr_id', 'binding:profile', 'binding:host_id', 'binding:vif_type', 'binding:vif_details'] {{(pid=100539) _exclude_attributes_by_policy /opt/stack/neutron/neutron/pecan_wsgi/hooks/policy_enforcement.py:255}}
Aug 09 17:58:59.464526 dv-cinder-787115-2-smb neutron-server[100539]: INFO neutron.wsgi [req-57388af3-19e6-422c-a84d-bc4971e04cdb req-06c13fac-049c-4d96-bf0c-65e883c04b0b tempest-AttachVolumeNegativeTest-100988292 tempest-AttachVolumeNegativeTest-100988292-project] 10.222.0.13 "GET /v2.0/ports?device_id=a1599773-8e89-4602-8ba5-f59b05c27ba2 HTTP/1.1" status: 200 len: 944 time: 0.0890584
Aug 09 17:58:59.574918 dv-cinder-787115-2-smb neutron-server[100539]: INFO neutron.wsgi [req-57388af3-19e6-422c-a84d-bc4971e04cdb req-0fa6a698-d51b-41a6-901a-0af45ecaf672 tempest-AttachVolumeNegativeTest-100988292 tempest-AttachVolumeNegativeTest-100988292-project] 10.222.0.13 "GET /v2.0/security-groups?id=496a6ebf-cdf6-45be-a2ea-a00811ebb397&fields=id&fields=name HTTP/1.1" status: 200 len: 286 time: 0.0848384
Aug 09 17:58:59.619088 dv-cinder-787115-2-smb neutron-server[100538]: INFO neutron.wsgi [req-84111880-cbc4-4b9d-bd60-6a1e1db1c0f4 req-1c5b4e10-fb31-4875-91d0-62bac827f6e8 tempest-AttachVolumeShelveTestJSON-999296008 tempest-AttachVolumeShelveTestJSON-999296008-project] 10.222.0.13 "GET /v2.0/ports?device_id=82907214-5bcd-436f-aeb3-1af667501551 HTTP/1.1" status: 200 len: 210 time: 0.0902922
Aug 09 17:59:00.067271 dv-cinder-787115-2-smb neutron-server[100540]: DEBUG neutron.plugins.ml2.rpc [None req-793a00b3-ff0a-4ebc-abc5-8df3156e0784 None None] Device 7ab3cdda-1ce3-4cc8-a1ef-a446fcaf98ed details requested by agent hyperv_hv-cinder-78711 with host hv-cinder-78711 {{(pid=100540) get_device_details /opt/stack/neutron/neutron/plugins/ml2/rpc.py:102}}
Aug 09 17:59:00.319917 dv-cinder-787115-2-smb neutron-server[100539]: DEBUG neutron.pecan_wsgi.hooks.policy_enforcement [req-0cf1729f-3269-4d81-a952-9cb66c61d9f3 req-45961802-574d-4479-ae5b-af6df0ee9f0a tempest-DeleteServersTestJSON-162043423 tempest-DeleteServersTestJSON-162043423-project] Attributes excluded by policy engine: ['standard_attr_id', 'binding:profile', 'binding:host_id', 'binding:vif_type', 'binding:vif_details'] {{(pid=100539) _exclude_attributes_by_policy /opt/stack/neutron/neutron/pecan_wsgi/hooks/policy_enforcement.py:255}}
Aug 09 17:59:00.325993 dv-cinder-787115-2-smb neutron-server[100539]: INFO neutron.wsgi [req-0cf1729f-3269-4d81-a952-9cb66c61d9f3 req-45961802-574d-4479-ae5b-af6df0ee9f0a tempest-DeleteServersTestJSON-162043423 tempest-DeleteServersTestJSON-162043423-project] 10.222.0.13 "GET /v2.0/ports?device_id=fa06a429-8e97-4800-88a4-8f04fd0738a9 HTTP/1.1" status: 200 len: 944 time: 0.1262400
Aug 09 17:59:00.368365 dv-cinder-787115-2-smb neutron-server[100540]: DEBUG neutron.plugins.ml2.db [None req-793a00b3-ff0a-4ebc-abc5-8df3156e0784 None None] For port 7ab3cdda-1ce3-4cc8-a1ef-a446fcaf98ed, host hv-cinder-78711, got binding levels [PortBindingLevel(driver='hyperv',host='hv-cinder-78711',level=0,port_id=7ab3cdda-1ce3-4cc8-a1ef-a446fcaf98ed,segment=NetworkSegment(0e32938c-d378-4f03-b181-e1532ec833e8),segment_id=0e32938c-d378-4f03-b181-e1532ec833e8)] {{(pid=100540) get_binding_level_objs /opt/stack/neutron/neutron/plugins/ml2/db.py:74}}
Aug 09 17:59:00.404443 dv-cinder-787115-2-smb neutron-server[100540]: DEBUG neutron.plugins.ml2.rpc [None req-793a00b3-ff0a-4ebc-abc5-8df3156e0784 None None] Returning: {'device': '7ab3cdda-1ce3-4cc8-a1ef-a446fcaf98ed', 'network_id': '8ad7ccf6-977a-4703-8b08-23d8bd5b5702', 'port_id': '7ab3cdda-1ce3-4cc8-a1ef-a446fcaf98ed', 'mac_address': 'fa:16:3e:c4:86:c8', 'admin_state_up': True, 'network_type': 'vlan', 'segmentation_id': 222, 'physical_network': 'physnet1', 'mtu': 1500, 'fixed_ips': [{'subnet_id': 'e03fa423-78d5-446a-8dfa-cbd81624bb82', 'ip_address': '172.20.0.12'}], 'device_owner': 'compute:nova', 'allowed_address_pairs': [], 'port_security_enabled': True, 'qos_policy_id': None, 'network_qos_policy_id': None, 'profile': {}, 'propagate_uplink_status': False} {{(pid=100540) _get_device_details /opt/stack/neutron/neutron/plugins/ml2/rpc.py:184}}
Aug 09 17:59:00.449805 dv-cinder-787115-2-smb neutron-server[100539]: INFO neutron.wsgi [req-0cf1729f-3269-4d81-a952-9cb66c61d9f3 req-15920c0c-4060-4ca9-8975-ccbb6380ce55 tempest-DeleteServersTestJSON-162043423 tempest-DeleteServersTestJSON-162043423-project] 10.222.0.13 "GET /v2.0/security-groups?id=63783478-d1e5-45c4-b6a4-2bf873982cfb&fields=id&fields=name HTTP/1.1" status: 200 len: 286 time: 0.1090279
Aug 09 17:59:00.530598 dv-cinder-787115-2-smb neutron-server[100540]: DEBUG neutron_lib.callbacks.manager [None req-793a00b3-ff0a-4ebc-abc5-8df3156e0784 None None] Notify callbacks ['neutron.plugins.ml2.plugin.SecurityGroupDbMixin._ensure_default_security_group_handler-1436908'] for port, before_update {{(pid=100540) _notify_loop /usr/local/lib/python3.8/dist-packages/neutron_lib/callbacks/manager.py:192}}
Aug 09 17:59:00.567942 dv-cinder-787115-2-smb neutron-server[100540]: DEBUG neutron.notifiers.nova [None req-793a00b3-ff0a-4ebc-abc5-8df3156e0784 None None] Ignoring state change previous_port_status: DOWN current_port_status: BUILD port_id 7ab3cdda-1ce3-4cc8-a1ef-a446fcaf98ed {{(pid=100540) record_port_status_changed /opt/stack/neutron/neutron/notifiers/nova.py:224}}
Aug 09 17:59:00.597201 dv-cinder-787115-2-smb neutron-server[100538]: DEBUG neutron.wsgi [-] (100538) accepted ('10.222.0.13', 45822) {{(pid=100538) server /usr/local/lib/python3.8/dist-packages/eventlet/wsgi.py:982}}
Aug 09 17:59:00.621607 dv-cinder-787115-2-smb neutron-server[100540]: DEBUG neutron.plugins.ml2.db [None req-793a00b3-ff0a-4ebc-abc5-8df3156e0784 None None] For port 7ab3cdda-1ce3-4cc8-a1ef-a446fcaf98ed, host hv-cinder-78711, got binding levels [PortBindingLevel(driver='hyperv',host='hv-cinder-78711',level=0,port_id=7ab3cdda-1ce3-4cc8-a1ef-a446fcaf98ed,segment=NetworkSegment(0e32938c-d378-4f03-b181-e1532ec833e8),segment_id=0e32938c-d378-4f03-b181-e1532ec833e8)] {{(pid=100540) get_binding_level_objs /opt/stack/neutron/neutron/plugins/ml2/db.py:74}}
Aug 09 17:59:00.723024 dv-cinder-787115-2-smb neutron-server[100540]: DEBUG neutron_lib.callbacks.manager [None req-793a00b3-ff0a-4ebc-abc5-8df3156e0784 None None] Notify callbacks ['neutron.plugins.ml2.plugin.SecurityGroupServerNotifierRpcMixin._notify_sg_on_port_change-1436994', 'neutron.plugins.ml2.ovo_rpc._ObjectChangeHandler.handle_event-1043423', 'neutron.api.rpc.agentnotifiers.dhcp_rpc_agent_api.DhcpAgentNotifyAPI._native_event_send_dhcp_notification-765756', 'neutron.db.l3_db.L3RpcNotifierMixin._notify_gateway_port_ip_changed-8766437667741', 'neutron.db.l3_dvrscheduler_db._notify_l3_agent_port_update-8766437279479', 'neutron.db.l3_hascheduler_db._notify_l3_agent_ha_port_update-8766437279757'] for port, after_update {{(pid=100540) _notify_loop /usr/local/lib/python3.8/dist-packages/neutron_lib/callbacks/manager.py:192}}
Aug 09 17:59:00.723928 dv-cinder-787115-2-smb neutron-server[100540]: DEBUG neutron.plugins.ml2.rpc [None req-793a00b3-ff0a-4ebc-abc5-8df3156e0784 None None] Device ee1a3943-d79c-428e-a422-7631aaab3a85 details requested by agent hyperv_hv-cinder-78711 with host hv-cinder-78711 {{(pid=100540) get_device_details /opt/stack/neutron/neutron/plugins/ml2/rpc.py:102}}
Aug 09 17:59:00.826308 dv-cinder-787115-2-smb neutron-server[100538]: DEBUG neutron.pecan_wsgi.hooks.policy_enforcement [req-819c0a0c-d53f-4700-9132-8a201eff02ab req-8ba3cdd0-a710-4e6d-81f6-2bd65855ed87 tempest-AttachVolumeNegativeTest-100988292 tempest-AttachVolumeNegativeTest-100988292-project] Attributes excluded by policy engine: ['standard_attr_id', 'binding:profile', 'binding:host_id', 'binding:vif_type', 'binding:vif_details'] {{(pid=100538) _exclude_attributes_by_policy /opt/stack/neutron/neutron/pecan_wsgi/hooks/policy_enforcement.py:255}}
Aug 09 17:59:00.830443 dv-cinder-787115-2-smb neutron-server[100538]: INFO neutron.wsgi [req-819c0a0c-d53f-4700-9132-8a201eff02ab req-8ba3cdd0-a710-4e6d-81f6-2bd65855ed87 tempest-AttachVolumeNegativeTest-100988292 tempest-AttachVolumeNegativeTest-100988292-project] 10.222.0.13 "GET /v2.0/ports?device_id=a1599773-8e89-4602-8ba5-f59b05c27ba2 HTTP/1.1" status: 200 len: 944 time: 0.0991216
Aug 09 17:59:00.836813 dv-cinder-787115-2-smb neutron-server[100539]: INFO neutron.wsgi [req-f49abe2a-2a89-4351-8fbb-800303101b11 req-2a464341-c75e-4cf7-89a4-53d39054b166 tempest-AttachVolumeShelveTestJSON-999296008 tempest-AttachVolumeShelveTestJSON-999296008-project] 10.222.0.13 "GET /v2.0/ports?device_id=82907214-5bcd-436f-aeb3-1af667501551 HTTP/1.1" status: 200 len: 210 time: 0.0691850
Aug 09 17:59:00.969102 dv-cinder-787115-2-smb neutron-server[100538]: INFO neutron.wsgi [req-819c0a0c-d53f-4700-9132-8a201eff02ab req-5a35f523-9e48-4d34-ae53-b12ae3c0d712 tempest-AttachVolumeNegativeTest-100988292 tempest-AttachVolumeNegativeTest-100988292-project] 10.222.0.13 "GET /v2.0/security-groups?id=496a6ebf-cdf6-45be-a2ea-a00811ebb397&fields=id&fields=name HTTP/1.1" status: 200 len: 286 time: 0.1227994
Aug 09 17:59:00.970806 dv-cinder-787115-2-smb neutron-server[100538]: DEBUG neutron_lib.callbacks.manager [None req-242461c9-3fb5-4c3d-92c9-86e8f4e6e416 admin admin] Notify callbacks [] for security_group, before_create {{(pid=100538) _notify_loop /usr/local/lib/python3.8/dist-packages/neutron_lib/callbacks/manager.py:192}}
Aug 09 17:59:01.031657 dv-cinder-787115-2-smb neutron-server[100540]: DEBUG neutron.plugins.ml2.db [None req-793a00b3-ff0a-4ebc-abc5-8df3156e0784 None None] For port ee1a3943-d79c-428e-a422-7631aaab3a85, host hv-cinder-78711, got binding levels [PortBindingLevel(driver='hyperv',host='hv-cinder-78711',level=0,port_id=ee1a3943-d79c-428e-a422-7631aaab3a85,segment=NetworkSegment(d5850d5f-080b-4b3e-8f03-c1a08afc9988),segment_id=d5850d5f-080b-4b3e-8f03-c1a08afc9988)] {{(pid=100540) get_binding_level_objs /opt/stack/neutron/neutron/plugins/ml2/db.py:74}}
Aug 09 17:59:01.075169 dv-cinder-787115-2-smb neutron-server[100540]: DEBUG neutron.plugins.ml2.rpc [None req-793a00b3-ff0a-4ebc-abc5-8df3156e0784 None None] Returning: {'device': 'ee1a3943-d79c-428e-a422-7631aaab3a85', 'network_id': '9379d27c-7d1a-499b-8bdb-8262e060ee65', 'port_id': 'ee1a3943-d79c-428e-a422-7631aaab3a85', 'mac_address': 'fa:16:3e:de:d8:30', 'admin_state_up': True, 'network_type': 'vlan', 'segmentation_id': 203, 'physical_network': 'physnet1', 'mtu': 1500, 'fixed_ips': [{'subnet_id': '55e0feb2-419e-448a-9c78-ed8fa2ed2ce1', 'ip_address': '172.20.0.13'}], 'device_owner': 'compute:nova', 'allowed_address_pairs': [], 'port_security_enabled': True, 'qos_policy_id': None, 'network_qos_policy_id': None, 'profile': {}, 'propagate_uplink_status': False} {{(pid=100540) _get_device_details /opt/stack/neutron/neutron/plugins/ml2/rpc.py:184}}
Aug 09 17:59:01.089237 dv-cinder-787115-2-smb neutron-server[100540]: DEBUG neutron.api.rpc.handlers.resources_rpc [None req-793a00b3-ff0a-4ebc-abc5-8df3156e0784 None None] Pushing event updated for resources: {'Port': ['ID=7ab3cdda-1ce3-4cc8-a1ef-a446fcaf98ed,revision_number=4']} {{(pid=100540) push /opt/stack/neutron/neutron/api/rpc/handlers/resources_rpc.py:237}}
Aug 09 17:59:01.186064 dv-cinder-787115-2-smb neutron-server[100538]: DEBUG neutron_lib.callbacks.manager [None req-242461c9-3fb5-4c3d-92c9-86e8f4e6e416 admin admin] Notify callbacks [] for security_group, precommit_create {{(pid=100538) _notify_loop /usr/local/lib/python3.8/dist-packages/neutron_lib/callbacks/manager.py:192}}
Aug 09 17:59:01.194601 dv-cinder-787115-2-smb neutron-server[100540]: DEBUG neutron_lib.callbacks.manager [None req-793a00b3-ff0a-4ebc-abc5-8df3156e0784 None None] Notify callbacks ['neutron.plugins.ml2.plugin.SecurityGroupDbMixin._ensure_default_security_group_handler-1436908'] for port, before_update {{(pid=100540) _notify_loop /usr/local/lib/python3.8/dist-packages/neutron_lib/callbacks/manager.py:192}}
Aug 09 17:59:01.212506 dv-cinder-787115-2-smb neutron-server[100540]: DEBUG neutron.notifiers.nova [None req-793a00b3-ff0a-4ebc-abc5-8df3156e0784 None None] Ignoring state change previous_port_status: DOWN current_port_status: BUILD port_id ee1a3943-d79c-428e-a422-7631aaab3a85 {{(pid=100540) record_port_status_changed /opt/stack/neutron/neutron/notifiers/nova.py:224}}
Aug 09 17:59:01.244755 dv-cinder-787115-2-smb neutron-server[100540]: DEBUG neutron.plugins.ml2.db [None req-793a00b3-ff0a-4ebc-abc5-8df3156e0784 None None] For port ee1a3943-d79c-428e-a422-7631aaab3a85, host hv-cinder-78711, got binding levels [PortBindingLevel(driver='hyperv',host='hv-cinder-78711',level=0,port_id=ee1a3943-d79c-428e-a422-7631aaab3a85,segment=NetworkSegment(d5850d5f-080b-4b3e-8f03-c1a08afc9988),segment_id=d5850d5f-080b-4b3e-8f03-c1a08afc9988)] {{(pid=100540) get_binding_level_objs /opt/stack/neutron/neutron/plugins/ml2/db.py:74}}
Aug 09 17:59:01.392888 dv-cinder-787115-2-smb neutron-server[100540]: DEBUG neutron_lib.callbacks.manager [None req-793a00b3-ff0a-4ebc-abc5-8df3156e0784 None None] Notify callbacks ['neutron.plugins.ml2.plugin.SecurityGroupServerNotifierRpcMixin._notify_sg_on_port_change-1436994', 'neutron.plugins.ml2.ovo_rpc._ObjectChangeHandler.handle_event-1043423', 'neutron.api.rpc.agentnotifiers.dhcp_rpc_agent_api.DhcpAgentNotifyAPI._native_event_send_dhcp_notification-765756', 'neutron.db.l3_db.L3RpcNotifierMixin._notify_gateway_port_ip_changed-8766437667741', 'neutron.db.l3_dvrscheduler_db._notify_l3_agent_port_update-8766437279479', 'neutron.db.l3_hascheduler_db._notify_l3_agent_ha_port_update-8766437279757'] for port, after_update {{(pid=100540) _notify_loop /usr/local/lib/python3.8/dist-packages/neutron_lib/callbacks/manager.py:192}}
Aug 09 17:59:01.398102 dv-cinder-787115-2-smb neutron-server[100538]: DEBUG neutron_lib.callbacks.manager [None req-242461c9-3fb5-4c3d-92c9-86e8f4e6e416 admin admin] Notify callbacks ['neutron.plugins.ml2.ovo_rpc._ObjectChangeHandler.handle_event-602555'] for security_group, after_create {{(pid=100538) _notify_loop /usr/local/lib/python3.8/dist-packages/neutron_lib/callbacks/manager.py:192}}
Aug 09 17:59:01.502095 dv-cinder-787115-2-smb neutron-server[100538]: INFO neutron.wsgi [None req-242461c9-3fb5-4c3d-92c9-86e8f4e6e416 admin admin] 10.222.0.13 "GET /v2.0/security-groups?tenant_id=210551273f1641f2884a3682bb5c9156&name=default HTTP/1.1" status: 200 len: 2979 time: 0.9034975
Aug 09 17:59:01.505474 dv-cinder-787115-2-smb neutron-server[100539]: DEBUG neutron.wsgi [-] (100539) accepted ('10.222.0.13', 45854) {{(pid=100539) server /usr/local/lib/python3.8/dist-packages/eventlet/wsgi.py:982}}
Aug 09 17:59:01.522134 dv-cinder-787115-2-smb neutron-server[100538]: DEBUG neutron.api.rpc.handlers.resources_rpc [None req-242461c9-3fb5-4c3d-92c9-86e8f4e6e416 admin admin] Pushing event updated for resources: {'SecurityGroup': ['ID=8275606f-8044-4667-8d7f-9b2184efa249,revision_number=1']} {{(pid=100538) push /opt/stack/neutron/neutron/api/rpc/handlers/resources_rpc.py:237}}
Aug 09 17:59:01.556766 dv-cinder-787115-2-smb neutron-server[100540]: DEBUG neutron.api.rpc.handlers.resources_rpc [None req-793a00b3-ff0a-4ebc-abc5-8df3156e0784 None None] Pushing event updated for resources: {'Port': ['ID=ee1a3943-d79c-428e-a422-7631aaab3a85,revision_number=4']} {{(pid=100540) push /opt/stack/neutron/neutron/api/rpc/handlers/resources_rpc.py:237}}
Aug 09 17:59:01.598332 dv-cinder-787115-2-smb neutron-server[100539]: DEBUG neutron_lib.callbacks.manager [None req-9e969789-55ec-4b1a-ac52-229aca8d68fa admin admin] Notify callbacks [] for security_group, before_delete {{(pid=100539) _notify_loop /usr/local/lib/python3.8/dist-packages/neutron_lib/callbacks/manager.py:192}}
Aug 09 17:59:01.626349 dv-cinder-787115-2-smb neutron-server[100539]: DEBUG neutron_lib.callbacks.manager [None req-9e969789-55ec-4b1a-ac52-229aca8d68fa admin admin] Notify callbacks [] for security_group, precommit_delete {{(pid=100539) _notify_loop /usr/local/lib/python3.8/dist-packages/neutron_lib/callbacks/manager.py:192}}
Aug 09 17:59:01.692647 dv-cinder-787115-2-smb neutron-server[100538]: DEBUG neutron.pecan_wsgi.hooks.policy_enforcement [req-ff9d34da-7695-4375-ac77-7973b83b8b81 req-0c885aec-c548-4d21-b8be-e2daa9108c09 tempest-DeleteServersTestJSON-162043423 tempest-DeleteServersTestJSON-162043423-project] Attributes excluded by policy engine: ['standard_attr_id', 'binding:profile', 'binding:host_id', 'binding:vif_type', 'binding:vif_details'] {{(pid=100538) _exclude_attributes_by_policy /opt/stack/neutron/neutron/pecan_wsgi/hooks/policy_enforcement.py:255}}
Aug 09 17:59:01.695202 dv-cinder-787115-2-smb neutron-server[100538]: INFO neutron.wsgi [req-ff9d34da-7695-4375-ac77-7973b83b8b81 req-0c885aec-c548-4d21-b8be-e2daa9108c09 tempest-DeleteServersTestJSON-162043423 tempest-DeleteServersTestJSON-162043423-project] 10.222.0.13 "GET /v2.0/ports?device_id=fa06a429-8e97-4800-88a4-8f04fd0738a9 HTTP/1.1" status: 200 len: 945 time: 0.0739799
Aug 09 17:59:01.794664 dv-cinder-787115-2-smb neutron-server[100538]: INFO neutron.wsgi [req-ff9d34da-7695-4375-ac77-7973b83b8b81 req-f94003dd-7378-4e96-b50e-70f3caaae84d tempest-DeleteServersTestJSON-162043423 tempest-DeleteServersTestJSON-162043423-project] 10.222.0.13 "GET /v2.0/security-groups?id=63783478-d1e5-45c4-b6a4-2bf873982cfb&fields=id&fields=name HTTP/1.1" status: 200 len: 286 time: 0.0852792
Aug 09 17:59:01.826061 dv-cinder-787115-2-smb neutron-server[100539]: DEBUG neutron_lib.callbacks.manager [None req-9e969789-55ec-4b1a-ac52-229aca8d68fa admin admin] Notify callbacks ['neutron.plugins.ml2.ovo_rpc._ObjectChangeHandler.handle_event-602555'] for security_group, after_delete {{(pid=100539) _notify_loop /usr/local/lib/python3.8/dist-packages/neutron_lib/callbacks/manager.py:192}}
Aug 09 17:59:01.831450 dv-cinder-787115-2-smb neutron-server[100539]: DEBUG neutron_lib.callbacks.manager [None req-9e969789-55ec-4b1a-ac52-229aca8d68fa admin admin] Notify callbacks [] for security_group, before_response {{(pid=100539) _notify_loop /usr/local/lib/python3.8/dist-packages/neutron_lib/callbacks/manager.py:192}}
Aug 09 17:59:01.833602 dv-cinder-787115-2-smb neutron-server[100539]: INFO neutron.wsgi [None req-9e969789-55ec-4b1a-ac52-229aca8d68fa admin admin] 10.222.0.13 "DELETE /v2.0/security-groups/8275606f-8044-4667-8d7f-9b2184efa249 HTTP/1.1" status: 204 len: 168 time: 0.3265214
Aug 09 17:59:01.859688 dv-cinder-787115-2-smb neutron-server[100539]: DEBUG neutron.api.rpc.handlers.resources_rpc [None req-9e969789-55ec-4b1a-ac52-229aca8d68fa admin admin] Pushing event deleted for resources: {'SecurityGroup': ['ID=8275606f-8044-4667-8d7f-9b2184efa249,revision_number=None']} {{(pid=100539) push /opt/stack/neutron/neutron/api/rpc/handlers/resources_rpc.py:237}}
Aug 09 17:59:01.879303 dv-cinder-787115-2-smb neutron-server[100540]: DEBUG neutron.plugins.ml2.db [None req-793a00b3-ff0a-4ebc-abc5-8df3156e0784 None None] get_ports_and_sgs() called for port_ids ['ee1a3943-d79c-428e-a422-7631aaab3a85'] {{(pid=100540) get_ports_and_sgs /opt/stack/neutron/neutron/plugins/ml2/db.py:156}}
Aug 09 17:59:01.882869 dv-cinder-787115-2-smb neutron-server[100540]: DEBUG neutron.plugins.ml2.db [None req-793a00b3-ff0a-4ebc-abc5-8df3156e0784 None None] get_ports_and_sgs() called for port_ids ['7ab3cdda-1ce3-4cc8-a1ef-a446fcaf98ed'] {{(pid=100540) get_ports_and_sgs /opt/stack/neutron/neutron/plugins/ml2/db.py:156}}
Aug 09 17:59:02.080928 dv-cinder-787115-2-smb neutron-server[100539]: INFO neutron.wsgi [req-dfd95409-ff59-45a8-b591-b6c2c21c7a29 req-0a398f78-3db6-48f3-9845-089f3fc061b3 tempest-AttachVolumeShelveTestJSON-999296008 tempest-AttachVolumeShelveTestJSON-999296008-project] 10.222.0.13 "GET /v2.0/ports?device_id=82907214-5bcd-436f-aeb3-1af667501551 HTTP/1.1" status: 200 len: 210 time: 0.0918913
Aug 09 17:59:02.235279 dv-cinder-787115-2-smb neutron-server[100538]: DEBUG neutron.pecan_wsgi.hooks.policy_enforcement [req-a0dd79c4-175d-41ef-8796-6dc2449f7ab7 req-3430c101-30f6-473a-9654-071413b88289 tempest-AttachVolumeNegativeTest-100988292 tempest-AttachVolumeNegativeTest-100988292-project] Attributes excluded by policy engine: ['standard_attr_id', 'binding:profile', 'binding:host_id', 'binding:vif_type', 'binding:vif_details'] {{(pid=100538) _exclude_attributes_by_policy /opt/stack/neutron/neutron/pecan_wsgi/hooks/policy_enforcement.py:255}}
Aug 09 17:59:02.238061 dv-cinder-787115-2-smb neutron-server[100538]: INFO neutron.wsgi [req-a0dd79c4-175d-41ef-8796-6dc2449f7ab7 req-3430c101-30f6-473a-9654-071413b88289 tempest-AttachVolumeNegativeTest-100988292 tempest-AttachVolumeNegativeTest-100988292-project] 10.222.0.13 "GET /v2.0/ports?device_id=a1599773-8e89-4602-8ba5-f59b05c27ba2 HTTP/1.1" status: 200 len: 945 time: 0.0754361
Aug 09 17:59:02.328262 dv-cinder-787115-2-smb neutron-server[100538]: INFO neutron.wsgi [req-a0dd79c4-175d-41ef-8796-6dc2449f7ab7 req-2e32157e-4a7d-47fd-8172-59f848ffd3dd tempest-AttachVolumeNegativeTest-100988292 tempest-AttachVolumeNegativeTest-100988292-project] 10.222.0.13 "GET /v2.0/security-groups?id=496a6ebf-cdf6-45be-a2ea-a00811ebb397&fields=id&fields=name HTTP/1.1" status: 200 len: 286 time: 0.0787396
Aug 09 17:59:02.352349 dv-cinder-787115-2-smb neutron-server[100539]: DEBUG neutron.pecan_wsgi.hooks.policy_enforcement [req-6f027bee-af30-4c97-8fa2-68e33b503d39 req-a9215dd3-44e2-4067-9139-af83e6f08f30 tempest-AttachVolumeShelveTestJSON-999296008 tempest-AttachVolumeShelveTestJSON-999296008-project] Attributes excluded by policy engine: ['standard_attr_id', 'vlan_transparent', 'provider:network_type', 'provider:physical_network', 'provider:segmentation_id'] {{(pid=100539) _exclude_attributes_by_policy /opt/stack/neutron/neutron/pecan_wsgi/hooks/policy_enforcement.py:255}}
Aug 09 17:59:02.352349 dv-cinder-787115-2-smb neutron-server[100539]: INFO neutron.wsgi [req-6f027bee-af30-4c97-8fa2-68e33b503d39 req-a9215dd3-44e2-4067-9139-af83e6f08f30 tempest-AttachVolumeShelveTestJSON-999296008 tempest-AttachVolumeShelveTestJSON-999296008-project] 10.222.0.52 "GET /v2.0/networks?id=ac334cf3-a813-4715-a08f-bf5732b08ae3 HTTP/1.1" status: 200 len: 817 time: 0.2700400
Aug 09 17:59:02.432987 dv-cinder-787115-2-smb neutron-server[100539]: INFO neutron.wsgi [req-6f027bee-af30-4c97-8fa2-68e33b503d39 req-70419b3f-c42a-4d59-a4fd-94260db6bdfa tempest-AttachVolumeShelveTestJSON-999296008 tempest-AttachVolumeShelveTestJSON-999296008-project] 10.222.0.52 "GET /v2.0/security-groups?fields=id&fields=name&tenant_id=5132890276f54cb9b92ce1a85d3c32ac HTTP/1.1" status: 200 len: 380 time: 0.0621667
Aug 09 17:59:02.450469 dv-cinder-787115-2-smb neutron-server[100539]: DEBUG neutron.api.v2.base [req-6f027bee-af30-4c97-8fa2-68e33b503d39 req-0ff69bec-dc5e-457c-bffb-786615dc5c07 tempest-AttachVolumeShelveTestJSON-999296008 tempest-AttachVolumeShelveTestJSON-999296008-project] Request body: {'port': {'device_id': '82907214-5bcd-436f-aeb3-1af667501551', 'network_id': 'ac334cf3-a813-4715-a08f-bf5732b08ae3', 'admin_state_up': True, 'tenant_id': '5132890276f54cb9b92ce1a85d3c32ac', 'security_groups': ['c371a2c6-1c35-42d3-866f-0182f1a3787b']}} {{(pid=100539) prepare_request_body /opt/stack/neutron/neutron/api/v2/base.py:729}}
Aug 09 17:59:02.910605 dv-cinder-787115-2-smb neutron-server[100538]: DEBUG neutron.wsgi [-] (100538) accepted ('10.222.0.13', 45902) {{(pid=100538) server /usr/local/lib/python3.8/dist-packages/eventlet/wsgi.py:982}}
Aug 09 17:59:03.055618 dv-cinder-787115-2-smb neutron-server[100540]: DEBUG neutron_lib.callbacks.manager [None req-f7a41492-785e-47e8-af85-263af85d80e3 None None] Notify callbacks ['neutron.services.segments.db._update_segment_host_mapping_for_agent-8766437806340', 'neutron.plugins.ml2.plugin.Ml2Plugin._retry_binding_revived_agents-1367644'] for agent, after_update {{(pid=100540) _notify_loop /usr/local/lib/python3.8/dist-packages/neutron_lib/callbacks/manager.py:192}}
Aug 09 17:59:03.173226 dv-cinder-787115-2-smb neutron-server[100539]: DEBUG neutron.pecan_wsgi.hooks.policy_enforcement [req-5fe2c97f-ae78-43fc-9e78-574ab7868454 req-69c8edd7-69eb-4a1e-91b0-a9000820bec6 tempest-DeleteServersTestJSON-162043423 tempest-DeleteServersTestJSON-162043423-project] Attributes excluded by policy engine: ['standard_attr_id', 'binding:profile', 'binding:host_id', 'binding:vif_type', 'binding:vif_details'] {{(pid=100539) _exclude_attributes_by_policy /opt/stack/neutron/neutron/pecan_wsgi/hooks/policy_enforcement.py:255}}
Aug 09 17:59:03.175717 dv-cinder-787115-2-smb neutron-server[100539]: INFO neutron.wsgi [req-5fe2c97f-ae78-43fc-9e78-574ab7868454 req-69c8edd7-69eb-4a1e-91b0-a9000820bec6 tempest-DeleteServersTestJSON-162043423 tempest-DeleteServersTestJSON-162043423-project] 10.222.0.13 "GET /v2.0/ports?device_id=fa06a429-8e97-4800-88a4-8f04fd0738a9 HTTP/1.1" status: 200 len: 945 time: 0.2767487
Aug 09 17:59:03.251996 dv-cinder-787115-2-smb neutron-server[100539]: DEBUG neutron.pecan_wsgi.hooks.quota_enforcement [req-6f027bee-af30-4c97-8fa2-68e33b503d39 req-0ff69bec-dc5e-457c-bffb-786615dc5c07 tempest-AttachVolumeShelveTestJSON-999296008 tempest-AttachVolumeShelveTestJSON-999296008-project] Made reservation on behalf of 5132890276f54cb9b92ce1a85d3c32ac for: {'port': 1} {{(pid=100539) before /opt/stack/neutron/neutron/pecan_wsgi/hooks/quota_enforcement.py:53}}
Aug 09 17:59:03.264381 dv-cinder-787115-2-smb neutron-server[100539]: DEBUG neutron_lib.callbacks.manager [req-6f027bee-af30-4c97-8fa2-68e33b503d39 req-0ff69bec-dc5e-457c-bffb-786615dc5c07 tempest-AttachVolumeShelveTestJSON-999296008 tempest-AttachVolumeShelveTestJSON-999296008-project] Notify callbacks ['neutron.plugins.ml2.plugin.SecurityGroupDbMixin._ensure_default_security_group_handler-1436908'] for port, before_create {{(pid=100539) _notify_loop /usr/local/lib/python3.8/dist-packages/neutron_lib/callbacks/manager.py:192}}
Aug 09 17:59:03.277360 dv-cinder-787115-2-smb neutron-server[100539]: INFO neutron.wsgi [req-5fe2c97f-ae78-43fc-9e78-574ab7868454 req-a054fdc5-ead1-4c82-8bc1-9b0a6553b15a tempest-DeleteServersTestJSON-162043423 tempest-DeleteServersTestJSON-162043423-project] 10.222.0.13 "GET /v2.0/security-groups?id=63783478-d1e5-45c4-b6a4-2bf873982cfb&fields=id&fields=name HTTP/1.1" status: 200 len: 286 time: 0.0909126
Aug 09 17:59:03.371732 dv-cinder-787115-2-smb neutron-server[100538]: INFO neutron.wsgi [req-1ec6becf-dc1b-4cbf-8a33-620de5cd893b req-a0291000-38bb-42fc-9869-34786b5d81b5 tempest-AttachVolumeShelveTestJSON-999296008 tempest-AttachVolumeShelveTestJSON-999296008-project] 10.222.0.13 "GET /v2.0/ports?device_id=82907214-5bcd-436f-aeb3-1af667501551 HTTP/1.1" status: 200 len: 210 time: 0.0550537
Aug 09 17:59:03.470232 dv-cinder-787115-2-smb neutron-server[100538]: DEBUG neutron_lib.callbacks.manager [None req-a8c08942-b85e-4e47-947f-2b3a90b89459 admin admin] Notify callbacks [] for security_group, before_create {{(pid=100538) _notify_loop /usr/local/lib/python3.8/dist-packages/neutron_lib/callbacks/manager.py:192}}
Aug 09 17:59:03.600733 dv-cinder-787115-2-smb neutron-server[100539]: DEBUG neutron.pecan_wsgi.hooks.policy_enforcement [req-0d8eb605-75c4-4caa-bae9-041fad3507e5 req-f06cfb77-f081-4a5a-bf7f-d031e3ca7836 tempest-AttachVolumeNegativeTest-100988292 tempest-AttachVolumeNegativeTest-100988292-project] Attributes excluded by policy engine: ['standard_attr_id', 'binding:profile', 'binding:host_id', 'binding:vif_type', 'binding:vif_details'] {{(pid=100539) _exclude_attributes_by_policy /opt/stack/neutron/neutron/pecan_wsgi/hooks/policy_enforcement.py:255}}
Aug 09 17:59:03.602375 dv-cinder-787115-2-smb neutron-server[100539]: INFO neutron.wsgi [req-0d8eb605-75c4-4caa-bae9-041fad3507e5 req-f06cfb77-f081-4a5a-bf7f-d031e3ca7836 tempest-AttachVolumeNegativeTest-100988292 tempest-AttachVolumeNegativeTest-100988292-project] 10.222.0.13 "GET /v2.0/ports?device_id=a1599773-8e89-4602-8ba5-f59b05c27ba2 HTTP/1.1" status: 200 len: 945 time: 0.1579628
Aug 09 17:59:03.606425 dv-cinder-787115-2-smb neutron-server[100539]: DEBUG neutron.db.db_base_plugin_common [req-6f027bee-af30-4c97-8fa2-68e33b503d39 req-0ff69bec-dc5e-457c-bffb-786615dc5c07 tempest-AttachVolumeShelveTestJSON-999296008 tempest-AttachVolumeShelveTestJSON-999296008-project] Allocated IP 172.20.0.7 (ac334cf3-a813-4715-a08f-bf5732b08ae3/576dbde9-b22d-4043-b8a0-259856bcd919/e334adf7-847e-4fcf-b85b-6224e06bd570) {{(pid=100539) _store_ip_allocation /opt/stack/neutron/neutron/db/db_base_plugin_common.py:131}}
Aug 09 17:59:03.644520 dv-cinder-787115-2-smb neutron-server[100538]: DEBUG neutron_lib.callbacks.manager [None req-a8c08942-b85e-4e47-947f-2b3a90b89459 admin admin] Notify callbacks [] for security_group, precommit_create {{(pid=100538) _notify_loop /usr/local/lib/python3.8/dist-packages/neutron_lib/callbacks/manager.py:192}}
Aug 09 17:59:03.689158 dv-cinder-787115-2-smb neutron-server[100539]: INFO neutron.wsgi [req-0d8eb605-75c4-4caa-bae9-041fad3507e5 req-9b0239a2-a8d3-4a25-a957-ace06f708398 tempest-AttachVolumeNegativeTest-100988292 tempest-AttachVolumeNegativeTest-100988292-project] 10.222.0.13 "GET /v2.0/security-groups?id=496a6ebf-cdf6-45be-a2ea-a00811ebb397&fields=id&fields=name HTTP/1.1" status: 200 len: 286 time: 0.0647695
Aug 09 17:59:03.814628 dv-cinder-787115-2-smb neutron-server[100538]: DEBUG neutron_lib.callbacks.manager [None req-a8c08942-b85e-4e47-947f-2b3a90b89459 admin admin] Notify callbacks ['neutron.plugins.ml2.ovo_rpc._ObjectChangeHandler.handle_event-602555'] for security_group, after_create {{(pid=100538) _notify_loop /usr/local/lib/python3.8/dist-packages/neutron_lib/callbacks/manager.py:192}}
Aug 09 17:59:03.851734 dv-cinder-787115-2-smb neutron-server[100539]: DEBUG neutron_lib.callbacks.manager [req-6f027bee-af30-4c97-8fa2-68e33b503d39 req-0ff69bec-dc5e-457c-bffb-786615dc5c07 tempest-AttachVolumeShelveTestJSON-999296008 tempest-AttachVolumeShelveTestJSON-999296008-project] Notify callbacks [] for port, precommit_create {{(pid=100539) _notify_loop /usr/local/lib/python3.8/dist-packages/neutron_lib/callbacks/manager.py:192}}
Aug 09 17:59:03.874026 dv-cinder-787115-2-smb neutron-server[100539]: DEBUG neutron.db.provisioning_blocks [req-6f027bee-af30-4c97-8fa2-68e33b503d39 req-0ff69bec-dc5e-457c-bffb-786615dc5c07 tempest-AttachVolumeShelveTestJSON-999296008 tempest-AttachVolumeShelveTestJSON-999296008-project] Transition to ACTIVE for port object e334adf7-847e-4fcf-b85b-6224e06bd570 will not be triggered until provisioned by entity DHCP. {{(pid=100539) add_provisioning_component /opt/stack/neutron/neutron/db/provisioning_blocks.py:73}}
Aug 09 17:59:03.884129 dv-cinder-787115-2-smb neutron-server[100538]: INFO neutron.wsgi [None req-a8c08942-b85e-4e47-947f-2b3a90b89459 admin admin] 10.222.0.13 "GET /v2.0/security-groups?tenant_id=ce3713d3ea594b16bd7f6acae48011dd&name=default HTTP/1.1" status: 200 len: 2979 time: 0.9707093
Aug 09 17:59:03.890194 dv-cinder-787115-2-smb neutron-server[100538]: DEBUG neutron.api.rpc.handlers.resources_rpc [None req-a8c08942-b85e-4e47-947f-2b3a90b89459 admin admin] Pushing event updated for resources: {'SecurityGroup': ['ID=a45c244d-8c05-4c80-b1b7-1cc2846dd876,revision_number=1']} {{(pid=100538) push /opt/stack/neutron/neutron/api/rpc/handlers/resources_rpc.py:237}}
Aug 09 17:59:03.890369 dv-cinder-787115-2-smb neutron-server[100539]: DEBUG neutron.wsgi [-] (100539) accepted ('10.222.0.13', 45920) {{(pid=100539) server /usr/local/lib/python3.8/dist-packages/eventlet/wsgi.py:982}}
Aug 09 17:59:03.966528 dv-cinder-787115-2-smb neutron-server[100539]: DEBUG neutron_lib.callbacks.manager [None req-914bafac-b325-4c5f-bccf-76977efb3aa8 admin admin] Notify callbacks [] for security_group, before_delete {{(pid=100539) _notify_loop /usr/local/lib/python3.8/dist-packages/neutron_lib/callbacks/manager.py:192}}
Aug 09 17:59:04.000417 dv-cinder-787115-2-smb neutron-server[100539]: DEBUG neutron_lib.callbacks.manager [None req-914bafac-b325-4c5f-bccf-76977efb3aa8 admin admin] Notify callbacks [] for security_group, precommit_delete {{(pid=100539) _notify_loop /usr/local/lib/python3.8/dist-packages/neutron_lib/callbacks/manager.py:192}}
Aug 09 17:59:04.041421 dv-cinder-787115-2-smb neutron-server[100538]: DEBUG neutron.wsgi [-] (100538) accepted ('10.222.0.13', 45922) {{(pid=100538) server /usr/local/lib/python3.8/dist-packages/eventlet/wsgi.py:982}}
Aug 09 17:59:04.069416 dv-cinder-787115-2-smb neutron-server[100540]: DEBUG neutron.plugins.ml2.rpc [None req-793a00b3-ff0a-4ebc-abc5-8df3156e0784 None None] Device 7ab3cdda-1ce3-4cc8-a1ef-a446fcaf98ed up at agent hyperv_hv-cinder-78711 {{(pid=100540) update_device_up /opt/stack/neutron/neutron/plugins/ml2/rpc.py:296}}
Aug 09 17:59:04.072986 dv-cinder-787115-2-smb neutron-server[100538]: DEBUG neutron_lib.callbacks.manager [None req-9a62b9c5-6ce6-4d4c-8cf6-3a9d8929a1f1 admin admin] Notify callbacks [] for security_group, before_create {{(pid=100538) _notify_loop /usr/local/lib/python3.8/dist-packages/neutron_lib/callbacks/manager.py:192}}
Aug 09 17:59:04.101498 dv-cinder-787115-2-smb neutron-server[100539]: DEBUG neutron_lib.callbacks.manager [req-6f027bee-af30-4c97-8fa2-68e33b503d39 req-0ff69bec-dc5e-457c-bffb-786615dc5c07 tempest-AttachVolumeShelveTestJSON-999296008 tempest-AttachVolumeShelveTestJSON-999296008-project] Notify callbacks ['neutron.plugins.ml2.plugin.SecurityGroupServerNotifierRpcMixin._notify_sg_on_port_change-1436994', 'neutron.plugins.ml2.ovo_rpc._ObjectChangeHandler.handle_event-1043423', 'neutron.api.rpc.agentnotifiers.dhcp_rpc_agent_api.DhcpAgentNotifyAPI._native_event_send_dhcp_notification-765756', 'neutron.db.l3_dvrscheduler_db._notify_l3_agent_new_port-8766437279461', 'neutron.services.segments.plugin.NovaSegmentNotifier._notify_port_created_or_deleted-261201690'] for port, after_create {{(pid=100539) _notify_loop /usr/local/lib/python3.8/dist-packages/neutron_lib/callbacks/manager.py:192}}
Aug 09 17:59:04.160904 dv-cinder-787115-2-smb neutron-server[100539]: DEBUG neutron.scheduler.dhcp_agent_scheduler [req-6f027bee-af30-4c97-8fa2-68e33b503d39 req-0ff69bec-dc5e-457c-bffb-786615dc5c07 tempest-AttachVolumeShelveTestJSON-999296008 tempest-AttachVolumeShelveTestJSON-999296008-project] Network ac334cf3-a813-4715-a08f-bf5732b08ae3 is already hosted by enough agents. {{(pid=100539) _get_dhcp_agents_hosting_network /opt/stack/neutron/neutron/scheduler/dhcp_agent_scheduler.py:275}}
Aug 09 17:59:04.164272 dv-cinder-787115-2-smb neutron-server[100539]: DEBUG neutron.scheduler.base_scheduler [req-6f027bee-af30-4c97-8fa2-68e33b503d39 req-0ff69bec-dc5e-457c-bffb-786615dc5c07 tempest-AttachVolumeShelveTestJSON-999296008 tempest-AttachVolumeShelveTestJSON-999296008-project] Resources bound (agent type, host, resource id): {{(pid=100539) schedule /opt/stack/neutron/neutron/scheduler/base_scheduler.py:57}}
Aug 09 17:59:04.168526 dv-cinder-787115-2-smb neutron-server[100539]: DEBUG neutron.db.l3_dvrscheduler_db [req-6f027bee-af30-4c97-8fa2-68e33b503d39 req-0ff69bec-dc5e-457c-bffb-786615dc5c07 tempest-AttachVolumeShelveTestJSON-999296008 tempest-AttachVolumeShelveTestJSON-999296008-project] Received port after_create {{(pid=100539) _notify_l3_agent_new_port /opt/stack/neutron/neutron/db/l3_dvrscheduler_db.py:535}}
Aug 09 17:59:04.197152 dv-cinder-787115-2-smb neutron-server[100539]: DEBUG neutron.api.rpc.handlers.resources_rpc [None req-0ff69bec-dc5e-457c-bffb-786615dc5c07 tempest-AttachVolumeShelveTestJSON-999296008 tempest-AttachVolumeShelveTestJSON-999296008-project] Pushing event updated for resources: {'Port': ['ID=e334adf7-847e-4fcf-b85b-6224e06bd570,revision_number=1']} {{(pid=100539) push /opt/stack/neutron/neutron/api/rpc/handlers/resources_rpc.py:237}}
Aug 09 17:59:04.230512 dv-cinder-787115-2-smb neutron-server[100540]: DEBUG neutron.db.provisioning_blocks [None req-793a00b3-ff0a-4ebc-abc5-8df3156e0784 None None] Provisioning for port 7ab3cdda-1ce3-4cc8-a1ef-a446fcaf98ed completed by entity L2. {{(pid=100540) provisioning_complete /opt/stack/neutron/neutron/db/provisioning_blocks.py:133}}
Aug 09 17:59:04.248099 dv-cinder-787115-2-smb neutron-server[100540]: DEBUG neutron.db.provisioning_blocks [None req-793a00b3-ff0a-4ebc-abc5-8df3156e0784 None None] Provisioning complete for port 7ab3cdda-1ce3-4cc8-a1ef-a446fcaf98ed triggered by entity L2. {{(pid=100540) provisioning_complete /opt/stack/neutron/neutron/db/provisioning_blocks.py:139}}
Aug 09 17:59:04.249720 dv-cinder-787115-2-smb neutron-server[100540]: DEBUG neutron_lib.callbacks.manager [None req-793a00b3-ff0a-4ebc-abc5-8df3156e0784 None None] Notify callbacks ['neutron.plugins.ml2.plugin.Ml2Plugin._port_provisioned-1367727'] for port, provisioning_complete {{(pid=100540) _notify_loop /usr/local/lib/python3.8/dist-packages/neutron_lib/callbacks/manager.py:192}}
Aug 09 17:59:04.260482 dv-cinder-787115-2-smb neutron-server[100539]: DEBUG neutron_lib.callbacks.manager [None req-914bafac-b325-4c5f-bccf-76977efb3aa8 admin admin] Notify callbacks ['neutron.plugins.ml2.ovo_rpc._ObjectChangeHandler.handle_event-602555'] for security_group, after_delete {{(pid=100539) _notify_loop /usr/local/lib/python3.8/dist-packages/neutron_lib/callbacks/manager.py:192}}
