Jul 14 12:53:27.855630 dv-cinder-786933-4-iscsi neutron-server[92953]: DEBUG neutron_lib.callbacks.manager [None req-9bf40ad8-9d47-472e-944d-09152c04b1a7 admin admin] Notify callbacks ['neutron.plugins.ml2.plugin.Ml2Plugin._handle_segment_change-904349'] for segment, precommit_delete {{(pid=92953) _notify_loop /usr/local/lib/python3.8/dist-packages/neutron_lib/callbacks/manager.py:192}}
Jul 14 12:53:27.872799 dv-cinder-786933-4-iscsi neutron-server[92953]: DEBUG neutron.plugins.ml2.drivers.type_vlan [None req-9bf40ad8-9d47-472e-944d-09152c04b1a7 admin admin] Releasing vlan 230 on physical network physnet1 to pool {{(pid=92953) release_segment /opt/stack/neutron/neutron/plugins/ml2/drivers/type_vlan.py:304}}
Jul 14 12:53:27.873209 dv-cinder-786933-4-iscsi neutron-server[92953]: DEBUG neutron_lib.callbacks.manager [None req-9bf40ad8-9d47-472e-944d-09152c04b1a7 admin admin] Notify callbacks ['neutron.plugins.ml2.plugin.Ml2Plugin._handle_segment_change-904349', 'neutron.services.segments.plugin.NovaSegmentNotifier._notify_segment_deleted-9042155'] for segment, after_delete {{(pid=92953) _notify_loop /usr/local/lib/python3.8/dist-packages/neutron_lib/callbacks/manager.py:192}}
Jul 14 12:53:27.877335 dv-cinder-786933-4-iscsi neutron-server[92953]: /usr/lib/python3/dist-packages/secretstorage/dhcrypto.py:15: CryptographyDeprecationWarning: int_from_bytes is deprecated, use int.from_bytes instead
Jul 14 12:53:27.877335 dv-cinder-786933-4-iscsi neutron-server[92953]: from cryptography.utils import int_from_bytes
Jul 14 12:53:27.877335 dv-cinder-786933-4-iscsi neutron-server[92953]: /usr/lib/python3/dist-packages/secretstorage/util.py:19: CryptographyDeprecationWarning: int_from_bytes is deprecated, use int.from_bytes instead
Jul 14 12:53:27.877335 dv-cinder-786933-4-iscsi neutron-server[92953]: from cryptography.utils import int_from_bytes
Jul 14 12:53:27.877335 dv-cinder-786933-4-iscsi neutron-server[92953]: /opt/stack/neutron/neutron/db/db_base_plugin_v2.py:114: SAWarning: Coercing Subquery object into a select() for use in IN(); please pass a select() construct explicitly
Jul 14 12:53:27.877335 dv-cinder-786933-4-iscsi neutron-server[92953]: conditions |= (models_v2.Port.network_id.in_(
Jul 14 12:53:27.877335 dv-cinder-786933-4-iscsi neutron-server[92953]: /opt/stack/neutron/neutron/db/db_base_plugin_v2.py:114: SAWarning: Coercing Subquery object into a select() for use in IN(); please pass a select() construct explicitly
Jul 14 12:53:27.877335 dv-cinder-786933-4-iscsi neutron-server[92953]: conditions |= (models_v2.Port.network_id.in_(
Jul 14 12:53:27.877335 dv-cinder-786933-4-iscsi neutron-server[92953]: /opt/stack/neutron/neutron/db/db_base_plugin_v2.py:114: SAWarning: Coercing Subquery object into a select() for use in IN(); please pass a select() construct explicitly
Jul 14 12:53:27.877335 dv-cinder-786933-4-iscsi neutron-server[92953]: conditions |= (models_v2.Port.network_id.in_(
Jul 14 12:53:27.877335 dv-cinder-786933-4-iscsi neutron-server[92953]: Traceback (most recent call last):
Jul 14 12:53:27.877335 dv-cinder-786933-4-iscsi neutron-server[92953]: File "/usr/local/lib/python3.8/dist-packages/eventlet/hubs/hub.py", line 476, in fire_timers
Jul 14 12:53:27.877335 dv-cinder-786933-4-iscsi neutron-server[92953]: timer()
Jul 14 12:53:27.877335 dv-cinder-786933-4-iscsi neutron-server[92953]: File "/usr/local/lib/python3.8/dist-packages/eventlet/hubs/timer.py", line 59, in __call__
Jul 14 12:53:27.877335 dv-cinder-786933-4-iscsi neutron-server[92953]: cb(*args, **kw)
Jul 14 12:53:27.877335 dv-cinder-786933-4-iscsi neutron-server[92953]: File "/opt/stack/neutron/neutron/common/utils.py", line 905, in wrapper
Jul 14 12:53:27.877335 dv-cinder-786933-4-iscsi neutron-server[92953]: return func(*args, **kwargs)
Jul 14 12:53:27.877335 dv-cinder-786933-4-iscsi neutron-server[92953]: File "/opt/stack/neutron/neutron/notifiers/batch_notifier.py", line 58, in synced_send
Jul 14 12:53:27.877335 dv-cinder-786933-4-iscsi neutron-server[92953]: self._notify()
Jul 14 12:53:27.877335 dv-cinder-786933-4-iscsi neutron-server[92953]: File "/opt/stack/neutron/neutron/notifiers/batch_notifier.py", line 69, in _notify
Jul 14 12:53:27.877335 dv-cinder-786933-4-iscsi neutron-server[92953]: self.callback(batched_events)
Jul 14 12:53:27.877335 dv-cinder-786933-4-iscsi neutron-server[92953]: File "/opt/stack/neutron/neutron/services/segments/plugin.py", line 211, in _send_notifications
Jul 14 12:53:27.877335 dv-cinder-786933-4-iscsi neutron-server[92953]: event.method(event)
Jul 14 12:53:27.877335 dv-cinder-786933-4-iscsi neutron-server[92953]: File "/opt/stack/neutron/neutron/services/segments/plugin.py", line 383, in _delete_nova_inventory
Jul 14 12:53:27.877335 dv-cinder-786933-4-iscsi neutron-server[92953]: aggregate_id = self._get_aggregate_id(event.segment_id)
Jul 14 12:53:27.877335 dv-cinder-786933-4-iscsi neutron-server[92953]: File "/opt/stack/neutron/neutron/services/segments/plugin.py", line 370, in _get_aggregate_id
Jul 14 12:53:27.877335 dv-cinder-786933-4-iscsi neutron-server[92953]: aggregate_uuid = self.p_client.list_aggregates(
Jul 14 12:53:27.877335 dv-cinder-786933-4-iscsi neutron-server[92953]: File "/usr/local/lib/python3.8/dist-packages/neutron_lib/placement/client.py", line 57, in wrapper
Jul 14 12:53:27.877335 dv-cinder-786933-4-iscsi neutron-server[92953]: return f(self, *a, **k)
Jul 14 12:53:27.877335 dv-cinder-786933-4-iscsi neutron-server[92953]: File "/usr/local/lib/python3.8/dist-packages/neutron_lib/placement/client.py", line 553, in list_aggregates
Jul 14 12:53:27.877335 dv-cinder-786933-4-iscsi neutron-server[92953]: return self._get(url).json()
Jul 14 12:53:27.877335 dv-cinder-786933-4-iscsi neutron-server[92953]: File "/usr/local/lib/python3.8/dist-packages/neutron_lib/placement/client.py", line 189, in _get
Jul 14 12:53:27.877335 dv-cinder-786933-4-iscsi neutron-server[92953]: return self._client.get(url, endpoint_filter=self._ks_filter,
Jul 14 12:53:27.877335 dv-cinder-786933-4-iscsi neutron-server[92953]: File "/usr/local/lib/python3.8/dist-packages/keystoneauth1/session.py", line 1141, in get
Jul 14 12:53:27.877335 dv-cinder-786933-4-iscsi neutron-server[92953]: return self.request(url, 'GET', **kwargs)
Jul 14 12:53:27.877335 dv-cinder-786933-4-iscsi neutron-server[92953]: File "/usr/local/lib/python3.8/dist-packages/keystoneauth1/session.py", line 811, in request
Jul 14 12:53:27.877335 dv-cinder-786933-4-iscsi neutron-server[92953]: base_url = self.get_endpoint(auth, allow=allow,
Jul 14 12:53:27.877335 dv-cinder-786933-4-iscsi neutron-server[92953]: File "/usr/local/lib/python3.8/dist-packages/keystoneauth1/session.py", line 1241, in get_endpoint
Jul 14 12:53:27.877335 dv-cinder-786933-4-iscsi neutron-server[92953]: auth = self._auth_required(auth, 'determine endpoint URL')
Jul 14 12:53:27.877335 dv-cinder-786933-4-iscsi neutron-server[92953]: File "/usr/local/lib/python3.8/dist-packages/keystoneauth1/session.py", line 1181, in _auth_required
Jul 14 12:53:27.877335 dv-cinder-786933-4-iscsi neutron-server[92953]: raise exceptions.MissingAuthPlugin(msg_fmt % msg)
Jul 14 12:53:27.877335 dv-cinder-786933-4-iscsi neutron-server[92953]: keystoneauth1.exceptions.auth_plugins.MissingAuthPlugin: An auth plugin is required to determine endpoint URL
Jul 14 12:53:27.953707 dv-cinder-786933-4-iscsi neutron-server[92953]: DEBUG neutron.pecan_wsgi.hooks.policy_enforcement [req-f0f26c67-6ddc-4649-9cf3-af1333990670 req-05dce12e-6f4d-4aa7-bd52-4a3a3b8d4eea tempest-AttachVolumeShelveTestJSON-606054216 tempest-AttachVolumeShelveTestJSON-606054216-project] Attributes excluded by policy engine: ['standard_attr_id', 'binding:profile', 'binding:host_id', 'binding:vif_type', 'binding:vif_details'] {{(pid=92953) _exclude_attributes_by_policy /opt/stack/neutron/neutron/pecan_wsgi/hooks/policy_enforcement.py:255}}
Jul 14 12:53:27.955853 dv-cinder-786933-4-iscsi neutron-server[92953]: INFO neutron.wsgi [req-f0f26c67-6ddc-4649-9cf3-af1333990670 req-05dce12e-6f4d-4aa7-bd52-4a3a3b8d4eea tempest-AttachVolumeShelveTestJSON-606054216 tempest-AttachVolumeShelveTestJSON-606054216-project] 10.222.0.48 "GET /v2.0/ports?device_id=160abbc4-784b-41f2-b50c-a3095285e9ab HTTP/1.1" status: 200 len: 943 time: 0.2032807
Jul 14 12:53:27.966665 dv-cinder-786933-4-iscsi neutron-server[92954]: DEBUG neutron.notifiers.nova [req-74266b20-8837-4dd9-8db8-3363014a2c0c req-f3a7deab-65f0-433d-9aa6-35e7b936628e service neutron] Ignoring state change previous_port_status: DOWN current_port_status: DOWN port_id 1ee787e7-8a2a-4348-a014-60d279a1a189 {{(pid=92954) record_port_status_changed /opt/stack/neutron/neutron/notifiers/nova.py:224}}
Jul 14 12:53:27.972191 dv-cinder-786933-4-iscsi neutron-server[92953]: DEBUG neutron_lib.callbacks.manager [None req-9bf40ad8-9d47-472e-944d-09152c04b1a7 admin admin] Notify callbacks ['neutron.plugins.ml2.plugin.Ml2Plugin._network_delete_after_delete_handler-905026', 'neutron.plugins.ml2.ovo_rpc._ObjectChangeHandler.handle_event-3911699', 'neutron.api.rpc.agentnotifiers.dhcp_rpc_agent_api.DhcpAgentNotifyAPI._native_event_send_dhcp_notification-3881240', 'neutron.services.l3_router.l3_router_plugin.DVRResourceOperationHandler.delete_fip_namespaces_for_ext_net-4085353'] for network, after_delete {{(pid=92953) _notify_loop /usr/local/lib/python3.8/dist-packages/neutron_lib/callbacks/manager.py:192}}
Jul 14 12:53:27.976194 dv-cinder-786933-4-iscsi neutron-server[92954]: INFO neutron.wsgi [req-14362f66-503f-41a9-a1e0-4a8a300ec7f9 req-fcd8cb41-689d-42ae-8dd4-834e5920d732 service neutron] 10.222.0.49 "GET /v2.0/networks/05e77cd2-bd46-4c2b-97e5-fcf01a974050?fields=segments HTTP/1.1" status: 200 len: 212 time: 0.1498034
Jul 14 12:53:27.979894 dv-cinder-786933-4-iscsi neutron-server[92954]: DEBUG neutron_lib.callbacks.manager [req-74266b20-8837-4dd9-8db8-3363014a2c0c req-f3a7deab-65f0-433d-9aa6-35e7b936628e service neutron] Notify callbacks [] for port, precommit_update {{(pid=92954) _notify_loop /usr/local/lib/python3.8/dist-packages/neutron_lib/callbacks/manager.py:192}}
Jul 14 12:53:28.005997 dv-cinder-786933-4-iscsi neutron-server[92953]: DEBUG neutron_lib.callbacks.manager [None req-9bf40ad8-9d47-472e-944d-09152c04b1a7 admin admin] Notify callbacks ['neutron.api.rpc.agentnotifiers.dhcp_rpc_agent_api.DhcpAgentNotifyAPI._send_dhcp_notification-3881326'] for network, before_response {{(pid=92953) _notify_loop /usr/local/lib/python3.8/dist-packages/neutron_lib/callbacks/manager.py:192}}
Jul 14 12:53:28.010779 dv-cinder-786933-4-iscsi neutron-server[92953]: INFO neutron.wsgi [None req-9bf40ad8-9d47-472e-944d-09152c04b1a7 admin admin] 10.222.0.48 "DELETE /v2.0/networks/5c0e0593-3578-4662-98fe-76e92bf3a402 HTTP/1.1" status: 204 len: 168 time: 0.6989691
Jul 14 12:53:28.013034 dv-cinder-786933-4-iscsi neutron-server[92953]: DEBUG neutron.wsgi [-] (92953) accepted ('10.222.0.48', 51462) {{(pid=92953) server /usr/local/lib/python3.8/dist-packages/eventlet/wsgi.py:982}}
Jul 14 12:53:28.027663 dv-cinder-786933-4-iscsi neutron-server[92953]: DEBUG neutron.api.rpc.handlers.resources_rpc [None req-9bf40ad8-9d47-472e-944d-09152c04b1a7 admin admin] Pushing event deleted for resources: {'Network': ['ID=5c0e0593-3578-4662-98fe-76e92bf3a402,revision_number=None']} {{(pid=92953) push /opt/stack/neutron/neutron/api/rpc/handlers/resources_rpc.py:237}}
Jul 14 12:53:28.040159 dv-cinder-786933-4-iscsi neutron-server[92954]: DEBUG neutron.db.provisioning_blocks [req-74266b20-8837-4dd9-8db8-3363014a2c0c req-f3a7deab-65f0-433d-9aa6-35e7b936628e service neutron] Transition to ACTIVE for port object 1ee787e7-8a2a-4348-a014-60d279a1a189 will not be triggered until provisioned by entity L2. {{(pid=92954) add_provisioning_component /opt/stack/neutron/neutron/db/provisioning_blocks.py:73}}
Jul 14 12:53:28.047699 dv-cinder-786933-4-iscsi neutron-server[92954]: DEBUG neutron_lib.callbacks.manager [req-74266b20-8837-4dd9-8db8-3363014a2c0c req-f3a7deab-65f0-433d-9aa6-35e7b936628e service neutron] Notify callbacks ['neutron.plugins.ml2.plugin.SecurityGroupServerNotifierRpcMixin._notify_sg_on_port_change-549814', 'neutron.plugins.ml2.ovo_rpc._ObjectChangeHandler.handle_event-430304', 'neutron.api.rpc.agentnotifiers.dhcp_rpc_agent_api.DhcpAgentNotifyAPI._native_event_send_dhcp_notification-3881240', 'neutron.db.l3_db.L3RpcNotifierMixin._notify_gateway_port_ip_changed-8779762754335', 'neutron.db.l3_dvrscheduler_db._notify_l3_agent_port_update-8779762362031', 'neutron.db.l3_hascheduler_db._notify_l3_agent_ha_port_update-8779762362049'] for port, after_update {{(pid=92954) _notify_loop /usr/local/lib/python3.8/dist-packages/neutron_lib/callbacks/manager.py:192}}
Jul 14 12:53:28.067060 dv-cinder-786933-4-iscsi neutron-server[92953]: INFO neutron.wsgi [req-f0f26c67-6ddc-4649-9cf3-af1333990670 req-9213db35-5cbc-4c94-8b1e-c526d74a946d tempest-AttachVolumeShelveTestJSON-606054216 tempest-AttachVolumeShelveTestJSON-606054216-project] 10.222.0.48 "GET /v2.0/security-groups?id=672eb33a-b3b8-42bc-bc4b-4d5167c45215&fields=id&fields=name HTTP/1.1" status: 200 len: 312 time: 0.1020670
Jul 14 12:53:28.096154 dv-cinder-786933-4-iscsi neutron-server[92953]: DEBUG neutron.db.db_base_plugin_v2 [None req-4ee0471b-4d75-4847-b99a-329e0c3d7213 admin admin] Deleting subnet 6406b30d-e23d-4a6e-b3a8-8e6573284440 {{(pid=92953) delete_subnet /opt/stack/neutron/neutron/db/db_base_plugin_v2.py:1055}}
Jul 14 12:53:28.102313 dv-cinder-786933-4-iscsi neutron-server[92953]: DEBUG neutron_lib.callbacks.manager [None req-4ee0471b-4d75-4847-b99a-329e0c3d7213 admin admin] Notify callbacks [] for subnet, before_delete {{(pid=92953) _notify_loop /usr/local/lib/python3.8/dist-packages/neutron_lib/callbacks/manager.py:192}}
Jul 14 12:53:28.129986 dv-cinder-786933-4-iscsi neutron-server[92954]: DEBUG neutron.api.rpc.handlers.resources_rpc [None req-f3a7deab-65f0-433d-9aa6-35e7b936628e service neutron] Pushing event updated for resources: {'Port': ['ID=1ee787e7-8a2a-4348-a014-60d279a1a189,revision_number=2']} {{(pid=92954) push /opt/stack/neutron/neutron/api/rpc/handlers/resources_rpc.py:237}}
Jul 14 12:53:28.170729 dv-cinder-786933-4-iscsi neutron-server[92953]: DEBUG neutron_lib.callbacks.manager [None req-4ee0471b-4d75-4847-b99a-329e0c3d7213 admin admin] Notify callbacks ['neutron.services.segments.plugin.Plugin._validate_auto_address_subnet_delete-9792779'] for subnet, precommit_delete_associations {{(pid=92953) _notify_loop /usr/local/lib/python3.8/dist-packages/neutron_lib/callbacks/manager.py:192}}
Jul 14 12:53:28.174818 dv-cinder-786933-4-iscsi neutron-server[92954]: DEBUG neutron.plugins.ml2.managers [req-74266b20-8837-4dd9-8db8-3363014a2c0c req-f3a7deab-65f0-433d-9aa6-35e7b936628e service neutron] Attempting to bind port 1ee787e7-8a2a-4348-a014-60d279a1a189 on host hv-cinder-78693 for vnic_type normal with profile {{(pid=92954) bind_port /opt/stack/neutron/neutron/plugins/ml2/managers.py:790}}
Jul 14 12:53:28.175155 dv-cinder-786933-4-iscsi neutron-server[92954]: DEBUG neutron.plugins.ml2.managers [req-74266b20-8837-4dd9-8db8-3363014a2c0c req-f3a7deab-65f0-433d-9aa6-35e7b936628e service neutron] Attempting to bind port 1ee787e7-8a2a-4348-a014-60d279a1a189 by drivers openvswitch,hyperv on host hv-cinder-78693 at level 0 using segments [{'id': '2d358749-300a-4fa7-bf76-06554e39f975', 'network_type': 'vlan', 'physical_network': 'physnet1', 'segmentation_id': 238, 'network_id': 'd4eee5b1-42d1-4fb2-9b3c-dbeee147f369'}] {{(pid=92954) _bind_port_level /opt/stack/neutron/neutron/plugins/ml2/managers.py:815}}
Jul 14 12:53:28.176012 dv-cinder-786933-4-iscsi neutron-server[92954]: DEBUG neutron.plugins.ml2.drivers.mech_agent [req-74266b20-8837-4dd9-8db8-3363014a2c0c req-f3a7deab-65f0-433d-9aa6-35e7b936628e service neutron] Attempting to bind port 1ee787e7-8a2a-4348-a014-60d279a1a189 on network d4eee5b1-42d1-4fb2-9b3c-dbeee147f369 {{(pid=92954) bind_port /opt/stack/neutron/neutron/plugins/ml2/drivers/mech_agent.py:86}}
Jul 14 12:53:28.180623 dv-cinder-786933-4-iscsi neutron-server[92954]: INFO neutron.wsgi [req-14362f66-503f-41a9-a1e0-4a8a300ec7f9 req-2d469c45-ebf7-4645-a2df-0567ad7f0fa4 service neutron] 10.222.0.49 "GET /v2.0/networks/05e77cd2-bd46-4c2b-97e5-fcf01a974050?fields=provider%3Aphysical_network&fields=provider%3Anetwork_type HTTP/1.1" status: 200 len: 281 time: 0.1976151
Jul 14 12:53:28.182756 dv-cinder-786933-4-iscsi neutron-server[92954]: DEBUG neutron.plugins.ml2.drivers.mech_agent [req-74266b20-8837-4dd9-8db8-3363014a2c0c req-f3a7deab-65f0-433d-9aa6-35e7b936628e service neutron] Port 1ee787e7-8a2a-4348-a014-60d279a1a189 on network d4eee5b1-42d1-4fb2-9b3c-dbeee147f369 not bound, no agent of type Open vSwitch agent registered on host hv-cinder-78693 {{(pid=92954) bind_port /opt/stack/neutron/neutron/plugins/ml2/drivers/mech_agent.py:98}}
Jul 14 12:53:28.183075 dv-cinder-786933-4-iscsi neutron-server[92954]: DEBUG neutron.plugins.ml2.drivers.mech_agent [req-74266b20-8837-4dd9-8db8-3363014a2c0c req-f3a7deab-65f0-433d-9aa6-35e7b936628e service neutron] Attempting to bind port 1ee787e7-8a2a-4348-a014-60d279a1a189 on network d4eee5b1-42d1-4fb2-9b3c-dbeee147f369 {{(pid=92954) bind_port /opt/stack/neutron/neutron/plugins/ml2/drivers/mech_agent.py:86}}
Jul 14 12:53:28.193365 dv-cinder-786933-4-iscsi neutron-server[92954]: DEBUG neutron.plugins.ml2.drivers.mech_agent [req-74266b20-8837-4dd9-8db8-3363014a2c0c req-f3a7deab-65f0-433d-9aa6-35e7b936628e service neutron] Checking agent: {'id': '932eca3e-a777-41da-9bed-a55590467989', 'agent_type': 'HyperV agent', 'binary': 'neutron-hyperv-agent', 'topic': 'N/A', 'host': 'hv-cinder-78693', 'admin_state_up': True, 'created_at': datetime.datetime(2021, 7, 14, 12, 51, 9), 'started_at': datetime.datetime(2021, 7, 14, 12, 51, 9), 'heartbeat_timestamp': datetime.datetime(2021, 7, 14, 12, 53, 9), 'description': None, 'resources_synced': None, 'availability_zone': None, 'alive': True, 'configurations': {'vswitch_mappings': {'physnet1$': 'br-data'}}, 'resource_versions': {}} {{(pid=92954) bind_port /opt/stack/neutron/neutron/plugins/ml2/drivers/mech_agent.py:105}}
Jul 14 12:53:28.193716 dv-cinder-786933-4-iscsi neutron-server[92954]: DEBUG neutron.plugins.ml2.drivers.mech_agent [req-74266b20-8837-4dd9-8db8-3363014a2c0c req-f3a7deab-65f0-433d-9aa6-35e7b936628e service neutron] Checking segment: {'id': '2d358749-300a-4fa7-bf76-06554e39f975', 'network_type': 'vlan', 'physical_network': 'physnet1', 'segmentation_id': 238, 'network_id': 'd4eee5b1-42d1-4fb2-9b3c-dbeee147f369'} for mappings: {'physnet1$': 'br-data'} with network types: ['local', 'flat', 'vlan'] {{(pid=92954) check_segment_for_agent /opt/stack/neutron/neutron/plugins/ml2/drivers/mech_agent.py:341}}
Jul 14 12:53:28.194129 dv-cinder-786933-4-iscsi neutron-server[92954]: DEBUG neutron.plugins.ml2.drivers.mech_agent [req-74266b20-8837-4dd9-8db8-3363014a2c0c req-f3a7deab-65f0-433d-9aa6-35e7b936628e service neutron] Bound using segment: {'id': '2d358749-300a-4fa7-bf76-06554e39f975', 'network_type': 'vlan', 'physical_network': 'physnet1', 'segmentation_id': 238, 'network_id': 'd4eee5b1-42d1-4fb2-9b3c-dbeee147f369'} {{(pid=92954) bind_port /opt/stack/neutron/neutron/plugins/ml2/drivers/mech_agent.py:115}}
Jul 14 12:53:28.194620 dv-cinder-786933-4-iscsi neutron-server[92954]: DEBUG neutron.plugins.ml2.managers [req-74266b20-8837-4dd9-8db8-3363014a2c0c req-f3a7deab-65f0-433d-9aa6-35e7b936628e service neutron] Bound port: 1ee787e7-8a2a-4348-a014-60d279a1a189, host: hv-cinder-78693, vif_type: hyperv, vif_details: {"connectivity": "legacy", "port_filter": false}, binding_levels: [{'bound_driver': 'hyperv', 'bound_segment': {'id': '2d358749-300a-4fa7-bf76-06554e39f975', 'network_type': 'vlan', 'physical_network': 'physnet1', 'segmentation_id': 238, 'network_id': 'd4eee5b1-42d1-4fb2-9b3c-dbeee147f369'}}] {{(pid=92954) _bind_port_level /opt/stack/neutron/neutron/plugins/ml2/managers.py:928}}
Jul 14 12:53:28.194995 dv-cinder-786933-4-iscsi neutron-server[92954]: DEBUG neutron_lib.callbacks.manager [req-74266b20-8837-4dd9-8db8-3363014a2c0c req-f3a7deab-65f0-433d-9aa6-35e7b936628e service neutron] Notify callbacks ['neutron.plugins.ml2.plugin.SecurityGroupDbMixin._ensure_default_security_group_handler-549879'] for port, before_update {{(pid=92954) _notify_loop /usr/local/lib/python3.8/dist-packages/neutron_lib/callbacks/manager.py:192}}
Jul 14 12:53:28.266101 dv-cinder-786933-4-iscsi neutron-server[92953]: DEBUG neutron_lib.callbacks.manager [None req-4ee0471b-4d75-4847-b99a-329e0c3d7213 admin admin] Notify callbacks ['neutron.plugins.ml2.plugin.Ml2Plugin._subnet_delete_precommit_handler-903616'] for subnet, precommit_delete {{(pid=92953) _notify_loop /usr/local/lib/python3.8/dist-packages/neutron_lib/callbacks/manager.py:192}}
Jul 14 12:53:28.350889 dv-cinder-786933-4-iscsi neutron-server[92954]: DEBUG neutron.plugins.ml2.db [req-74266b20-8837-4dd9-8db8-3363014a2c0c req-f3a7deab-65f0-433d-9aa6-35e7b936628e service neutron] For port 1ee787e7-8a2a-4348-a014-60d279a1a189, host hv-cinder-78693, cleared binding levels {{(pid=92954) clear_binding_levels /opt/stack/neutron/neutron/plugins/ml2/db.py:87}}
Jul 14 12:53:28.356460 dv-cinder-786933-4-iscsi neutron-server[92954]: DEBUG neutron.plugins.ml2.db [req-74266b20-8837-4dd9-8db8-3363014a2c0c req-f3a7deab-65f0-433d-9aa6-35e7b936628e service neutron] For port 1ee787e7-8a2a-4348-a014-60d279a1a189, host hv-cinder-78693, set binding levels [PortBindingLevel(driver='hyperv',host='hv-cinder-78693',level=0,port_id=1ee787e7-8a2a-4348-a014-60d279a1a189,segment=NetworkSegment(2d358749-300a-4fa7-bf76-06554e39f975),segment_id=2d358749-300a-4fa7-bf76-06554e39f975)] {{(pid=92954) set_binding_levels /opt/stack/neutron/neutron/plugins/ml2/db.py:59}}
Jul 14 12:53:28.368341 dv-cinder-786933-4-iscsi neutron-server[92954]: DEBUG neutron.pecan_wsgi.hooks.policy_enforcement [req-2a03854a-f47a-4e1c-a0c9-53f4159c0f22 req-02c7007f-278c-4370-96d2-5c7a43b441b8 tempest-DeleteServersTestJSON-1829538276 tempest-DeleteServersTestJSON-1829538276-project] Attributes excluded by policy engine: ['standard_attr_id', 'binding:profile', 'binding:host_id', 'binding:vif_type', 'binding:vif_details'] {{(pid=92954) _exclude_attributes_by_policy /opt/stack/neutron/neutron/pecan_wsgi/hooks/policy_enforcement.py:255}}
Jul 14 12:53:28.375795 dv-cinder-786933-4-iscsi neutron-server[92954]: INFO neutron.wsgi [req-2a03854a-f47a-4e1c-a0c9-53f4159c0f22 req-02c7007f-278c-4370-96d2-5c7a43b441b8 tempest-DeleteServersTestJSON-1829538276 tempest-DeleteServersTestJSON-1829538276-project] 10.222.0.48 "GET /v2.0/ports?device_id=88efc0c2-c240-4777-afbe-c1f266bec212 HTTP/1.1" status: 200 len: 945 time: 0.1687224
Jul 14 12:53:28.384768 dv-cinder-786933-4-iscsi neutron-server[92954]: DEBUG neutron_lib.callbacks.manager [req-74266b20-8837-4dd9-8db8-3363014a2c0c req-f3a7deab-65f0-433d-9aa6-35e7b936628e service neutron] Notify callbacks ['neutron.plugins.ml2.plugin.SecurityGroupServerNotifierRpcMixin._notify_sg_on_port_change-549814', 'neutron.plugins.ml2.ovo_rpc._ObjectChangeHandler.handle_event-430304', 'neutron.api.rpc.agentnotifiers.dhcp_rpc_agent_api.DhcpAgentNotifyAPI._native_event_send_dhcp_notification-3881240', 'neutron.db.l3_db.L3RpcNotifierMixin._notify_gateway_port_ip_changed-8779762754335', 'neutron.db.l3_dvrscheduler_db._notify_l3_agent_port_update-8779762362031', 'neutron.db.l3_hascheduler_db._notify_l3_agent_ha_port_update-8779762362049'] for port, after_update {{(pid=92954) _notify_loop /usr/local/lib/python3.8/dist-packages/neutron_lib/callbacks/manager.py:192}}
Jul 14 12:53:28.393428 dv-cinder-786933-4-iscsi neutron-server[92953]: DEBUG neutron_lib.callbacks.manager [None req-4ee0471b-4d75-4847-b99a-329e0c3d7213 admin admin] Notify callbacks ['neutron.plugins.ml2.plugin.Ml2Plugin._subnet_delete_after_delete_handler-903609', 'neutron.plugins.ml2.ovo_rpc._ObjectChangeHandler.handle_event-461690', 'neutron.api.rpc.agentnotifiers.dhcp_rpc_agent_api.DhcpAgentNotifyAPI._native_event_send_dhcp_notification-3881240', 'neutron.services.segments.plugin.NovaSegmentNotifier._notify_subnet_deleted-9042245', 'neutron.services.segments.plugin.SegmentHostRoutes.host_routes_after_delete-8925902'] for subnet, after_delete {{(pid=92953) _notify_loop /usr/local/lib/python3.8/dist-packages/neutron_lib/callbacks/manager.py:192}}
Jul 14 12:53:28.427796 dv-cinder-786933-4-iscsi neutron-server[92953]: DEBUG neutron_lib.callbacks.manager [None req-4ee0471b-4d75-4847-b99a-329e0c3d7213 admin admin] Notify callbacks ['neutron.api.rpc.agentnotifiers.dhcp_rpc_agent_api.DhcpAgentNotifyAPI._send_dhcp_notification-3881326'] for subnet, before_response {{(pid=92953) _notify_loop /usr/local/lib/python3.8/dist-packages/neutron_lib/callbacks/manager.py:192}}
Jul 14 12:53:28.434550 dv-cinder-786933-4-iscsi neutron-server[92953]: INFO neutron.wsgi [None req-4ee0471b-4d75-4847-b99a-329e0c3d7213 admin admin] 10.222.0.48 "DELETE /v2.0/subnets/6406b30d-e23d-4a6e-b3a8-8e6573284440 HTTP/1.1" status: 204 len: 168 time: 0.4182053
Jul 14 12:53:28.437419 dv-cinder-786933-4-iscsi neutron-server[92954]: DEBUG neutron.wsgi [-] (92954) accepted ('10.222.0.48', 51478) {{(pid=92954) server /usr/local/lib/python3.8/dist-packages/eventlet/wsgi.py:982}}
Jul 14 12:53:28.441064 dv-cinder-786933-4-iscsi neutron-server[92954]: DEBUG neutron.pecan_wsgi.hooks.policy_enforcement [req-74266b20-8837-4dd9-8db8-3363014a2c0c req-f3a7deab-65f0-433d-9aa6-35e7b936628e service neutron] Attributes excluded by policy engine: ['standard_attr_id'] {{(pid=92954) _exclude_attributes_by_policy /opt/stack/neutron/neutron/pecan_wsgi/hooks/policy_enforcement.py:255}}
Jul 14 12:53:28.443099 dv-cinder-786933-4-iscsi neutron-server[92954]: DEBUG neutron_lib.callbacks.manager [req-74266b20-8837-4dd9-8db8-3363014a2c0c req-f3a7deab-65f0-433d-9aa6-35e7b936628e service neutron] Notify callbacks ['neutron.notifiers.nova.Notifier._send_nova_notification-475604', 'neutron.api.rpc.agentnotifiers.dhcp_rpc_agent_api.DhcpAgentNotifyAPI._send_dhcp_notification-3881326'] for port, before_response {{(pid=92954) _notify_loop /usr/local/lib/python3.8/dist-packages/neutron_lib/callbacks/manager.py:192}}
Jul 14 12:53:28.446252 dv-cinder-786933-4-iscsi neutron-server[92954]: INFO neutron.wsgi [req-74266b20-8837-4dd9-8db8-3363014a2c0c req-f3a7deab-65f0-433d-9aa6-35e7b936628e service neutron] 10.222.0.49 "PUT /v2.0/ports/1ee787e7-8a2a-4348-a014-60d279a1a189 HTTP/1.1" status: 200 len: 1094 time: 1.2941768
Jul 14 12:53:28.448387 dv-cinder-786933-4-iscsi neutron-server[92954]: DEBUG neutron.notifiers.nova [-] Sending events: [{'name': 'network-changed', 'server_uuid': '89dc61f0-64a0-481e-8bd6-9ad6c92cba09', 'tag': '1ee787e7-8a2a-4348-a014-60d279a1a189'}] {{(pid=92954) send_events /opt/stack/neutron/neutron/notifiers/nova.py:262}}
Jul 14 12:53:28.453202 dv-cinder-786933-4-iscsi neutron-server[92954]: DEBUG novaclient.v2.client [-] REQ: curl -g -i --cacert "/opt/stack/data/ca-bundle.pem" -X POST http://10.222.0.48/compute/v2.1/os-server-external-events -H "Accept: application/json" -H "Content-Type: application/json" -H "User-Agent: python-novaclient" -H "X-Auth-Token: {SHA256}c7858a2ebd1ed3a58fba43981f94682bba807ff1526f792f9ffdfc7499b0490e" -H "X-OpenStack-Nova-API-Version: 2.1" -H "X-OpenStack-Request-ID: req-c2f16d86-c3b2-4cdc-91be-334edaa463db" -d '{"events": [{"name": "network-changed", "server_uuid": "89dc61f0-64a0-481e-8bd6-9ad6c92cba09", "tag": "1ee787e7-8a2a-4348-a014-60d279a1a189"}]}' {{(pid=92954) _http_log_request /usr/local/lib/python3.8/dist-packages/keystoneauth1/session.py:519}}
Jul 14 12:53:28.494742 dv-cinder-786933-4-iscsi neutron-server[92953]: DEBUG neutron.api.rpc.handlers.resources_rpc [None req-4ee0471b-4d75-4847-b99a-329e0c3d7213 admin admin] Pushing event deleted for resources: {'Subnet': ['ID=6406b30d-e23d-4a6e-b3a8-8e6573284440,revision_number=None']} {{(pid=92953) push /opt/stack/neutron/neutron/api/rpc/handlers/resources_rpc.py:237}}
Jul 14 12:53:28.544972 dv-cinder-786933-4-iscsi neutron-server[92954]: DEBUG novaclient.v2.client [-] RESP: [200] Connection: close Content-Length: 179 Content-Type: application/json Date: Wed, 14 Jul 2021 12:53:28 GMT OpenStack-API-Version: compute 2.1 Server: Apache/2.4.41 (Ubuntu) Vary: OpenStack-API-Version,X-OpenStack-Nova-API-Version X-OpenStack-Nova-API-Version: 2.1 x-compute-request-id: req-9e1445b1-2cc5-457e-acdf-2b3c6a881c2e x-openstack-request-id: req-9e1445b1-2cc5-457e-acdf-2b3c6a881c2e {{(pid=92954) _http_log_response /usr/local/lib/python3.8/dist-packages/keystoneauth1/session.py:550}}
Jul 14 12:53:28.545363 dv-cinder-786933-4-iscsi neutron-server[92954]: DEBUG novaclient.v2.client [-] RESP BODY: {"events": [{"name": "network-changed", "server_uuid": "89dc61f0-64a0-481e-8bd6-9ad6c92cba09", "tag": "1ee787e7-8a2a-4348-a014-60d279a1a189", "status": "completed", "code": 200}]} {{(pid=92954) _http_log_response /usr/local/lib/python3.8/dist-packages/keystoneauth1/session.py:582}}
Jul 14 12:53:28.545832 dv-cinder-786933-4-iscsi neutron-server[92954]: DEBUG novaclient.v2.client [-] POST call to compute for http://10.222.0.48/compute/v2.1/os-server-external-events used request id req-9e1445b1-2cc5-457e-acdf-2b3c6a881c2e {{(pid=92954) request /usr/local/lib/python3.8/dist-packages/keystoneauth1/session.py:954}}
Jul 14 12:53:28.546492 dv-cinder-786933-4-iscsi neutron-server[92954]: INFO neutron.notifiers.nova [-] Nova event response: {'name': 'network-changed', 'server_uuid': '89dc61f0-64a0-481e-8bd6-9ad6c92cba09', 'tag': '1ee787e7-8a2a-4348-a014-60d279a1a189', 'status': 'completed', 'code': 200}
Jul 14 12:53:28.764378 dv-cinder-786933-4-iscsi neutron-server[92953]: DEBUG neutron.pecan_wsgi.hooks.policy_enforcement [req-17bc98b4-6485-4332-b791-df7a44be22fd req-66d4d36d-cc39-4722-b659-c870b11e98a9 tempest-AttachVolumeTestJSON-1034182127 tempest-AttachVolumeTestJSON-1034182127-project] Attributes excluded by policy engine: ['standard_attr_id', 'binding:profile', 'binding:host_id', 'binding:vif_type', 'binding:vif_details'] {{(pid=92953) _exclude_attributes_by_policy /opt/stack/neutron/neutron/pecan_wsgi/hooks/policy_enforcement.py:255}}
Jul 14 12:53:28.767329 dv-cinder-786933-4-iscsi neutron-server[92953]: INFO neutron.wsgi [req-17bc98b4-6485-4332-b791-df7a44be22fd req-66d4d36d-cc39-4722-b659-c870b11e98a9 tempest-AttachVolumeTestJSON-1034182127 tempest-AttachVolumeTestJSON-1034182127-project] 10.222.0.48 "GET /v2.0/ports?device_id=89dc61f0-64a0-481e-8bd6-9ad6c92cba09 HTTP/1.1" status: 200 len: 944 time: 0.0979207
Jul 14 12:53:28.811632 dv-cinder-786933-4-iscsi neutron-server[92953]: DEBUG neutron.wsgi [-] (92953) accepted ('10.222.0.48', 51498) {{(pid=92953) server /usr/local/lib/python3.8/dist-packages/eventlet/wsgi.py:982}}
Jul 14 12:53:28.886558 dv-cinder-786933-4-iscsi neutron-server[92953]: INFO neutron.wsgi [req-17bc98b4-6485-4332-b791-df7a44be22fd req-3bce3aad-75a0-48ef-a3e8-5f94a11c4cd7 tempest-AttachVolumeTestJSON-1034182127 tempest-AttachVolumeTestJSON-1034182127-project] 10.222.0.48 "GET /v2.0/security-groups?id=ab785eaf-490a-44f3-b81c-befdecde65da&fields=id&fields=name HTTP/1.1" status: 200 len: 313 time: 0.1128080
Jul 14 12:53:28.931718 dv-cinder-786933-4-iscsi neutron-server[92954]: INFO neutron.wsgi [req-2a03854a-f47a-4e1c-a0c9-53f4159c0f22 req-cf364485-b0bd-4add-89b0-0ba6175e7e67 tempest-DeleteServersTestJSON-1829538276 tempest-DeleteServersTestJSON-1829538276-project] 10.222.0.48 "GET /v2.0/security-groups?id=f8c89548-8ed5-448d-b47d-541106c308ec&fields=id&fields=name HTTP/1.1" status: 200 len: 286 time: 0.5546548
Jul 14 12:53:28.953230 dv-cinder-786933-4-iscsi neutron-server[92954]: DEBUG neutron.api.rpc.handlers.resources_rpc [None req-f3a7deab-65f0-433d-9aa6-35e7b936628e service neutron] Pushing event updated for resources: {'Port': ['ID=1ee787e7-8a2a-4348-a014-60d279a1a189,revision_number=3']} {{(pid=92954) push /opt/stack/neutron/neutron/api/rpc/handlers/resources_rpc.py:237}}
Jul 14 12:53:28.959751 dv-cinder-786933-4-iscsi neutron-server[92954]: DEBUG neutron_lib.callbacks.manager [None req-99c9dfb9-f96f-4578-840c-eccc84b4fc2a admin admin] Notify callbacks ['neutron.plugins.ml2.plugin.External_net_db_mixin._before_network_delete_handler-726825'] for network, before_delete {{(pid=92954) _notify_loop /usr/local/lib/python3.8/dist-packages/neutron_lib/callbacks/manager.py:192}}
Jul 14 12:53:29.048046 dv-cinder-786933-4-iscsi neutron-server[92953]: DEBUG neutron_lib.callbacks.manager [None req-2e45addb-23ab-455c-9d87-c7d63b642787 admin admin] Notify callbacks [] for security_group, before_create {{(pid=92953) _notify_loop /usr/local/lib/python3.8/dist-packages/neutron_lib/callbacks/manager.py:192}}
Jul 14 12:53:29.100436 dv-cinder-786933-4-iscsi neutron-server[92954]: DEBUG neutron_lib.callbacks.manager [None req-99c9dfb9-f96f-4578-840c-eccc84b4fc2a admin admin] Notify callbacks ['neutron.plugins.ml2.plugin.Ml2Plugin._network_delete_precommit_handler-905045', 'neutron.services.segments.db._delete_segments_for_network-8779762911555'] for network, precommit_delete {{(pid=92954) _notify_loop /usr/local/lib/python3.8/dist-packages/neutron_lib/callbacks/manager.py:192}}
Jul 14 12:53:29.104036 dv-cinder-786933-4-iscsi neutron-server[92954]: DEBUG neutron.pecan_wsgi.hooks.policy_enforcement [req-74266b20-8837-4dd9-8db8-3363014a2c0c req-0e177770-01f1-48d9-84e0-82212010b3c4 service neutron] Attributes excluded by policy engine: ['standard_attr_id'] {{(pid=92954) _exclude_attributes_by_policy /opt/stack/neutron/neutron/pecan_wsgi/hooks/policy_enforcement.py:255}}
Jul 14 12:53:29.105672 dv-cinder-786933-4-iscsi neutron-server[92954]: INFO neutron.wsgi [req-74266b20-8837-4dd9-8db8-3363014a2c0c req-0e177770-01f1-48d9-84e0-82212010b3c4 service neutron] 10.222.0.49 "GET /v2.0/ports?tenant_id=9b12b139eeba4bdeaa14edfa18890bbe&device_id=89dc61f0-64a0-481e-8bd6-9ad6c92cba09 HTTP/1.1" status: 200 len: 1097 time: 0.6002839
Jul 14 12:53:29.119657 dv-cinder-786933-4-iscsi neutron-server[92954]: DEBUG neutron_lib.callbacks.manager [None req-99c9dfb9-f96f-4578-840c-eccc84b4fc2a admin admin] Subscribe: > segment before_delete 55550000 {{(pid=92954) subscribe /usr/local/lib/python3.8/dist-packages/neutron_lib/callbacks/manager.py:45}}
Jul 14 12:53:29.119657 dv-cinder-786933-4-iscsi neutron-server[92954]: DEBUG neutron_lib.callbacks.manager [None req-99c9dfb9-f96f-4578-840c-eccc84b4fc2a admin admin] Subscribe: > subnet precommit_delete_associations 55550000 {{(pid=92954) subscribe /usr/local/lib/python3.8/dist-packages/neutron_lib/callbacks/manager.py:45}}
Jul 14 12:53:29.119657 dv-cinder-786933-4-iscsi neutron-server[92954]: DEBUG neutron_lib.callbacks.manager [None req-99c9dfb9-f96f-4578-840c-eccc84b4fc2a admin admin] Subscribe: > segment_host_mapping after_create 55550000 {{(pid=92954) subscribe /usr/local/lib/python3.8/dist-packages/neutron_lib/callbacks/manager.py:45}}
Jul 14 12:53:29.119657 dv-cinder-786933-4-iscsi neutron-server[92954]: DEBUG neutron_lib.callbacks.manager [None req-99c9dfb9-f96f-4578-840c-eccc84b4fc2a admin admin] Subscribe: > port after_create 55550000 {{(pid=92954) subscribe /usr/local/lib/python3.8/dist-packages/neutron_lib/callbacks/manager.py:45}}
Jul 14 12:53:29.119657 dv-cinder-786933-4-iscsi neutron-server[92954]: DEBUG neutron_lib.callbacks.manager [None req-99c9dfb9-f96f-4578-840c-eccc84b4fc2a admin admin] Subscribe: > port after_delete 55550000 {{(pid=92954) subscribe /usr/local/lib/python3.8/dist-packages/neutron_lib/callbacks/manager.py:45}}
Jul 14 12:53:29.119657 dv-cinder-786933-4-iscsi neutron-server[92954]: DEBUG neutron_lib.callbacks.manager [None req-99c9dfb9-f96f-4578-840c-eccc84b4fc2a admin admin] Subscribe: > port after_update 55550000 {{(pid=92954) subscribe /usr/local/lib/python3.8/dist-packages/neutron_lib/callbacks/manager.py:45}}
Jul 14 12:53:29.119657 dv-cinder-786933-4-iscsi neutron-server[92954]: DEBUG neutron_lib.callbacks.manager [None req-99c9dfb9-f96f-4578-840c-eccc84b4fc2a admin admin] Subscribe: > segment after_delete 55550000 {{(pid=92954) subscribe /usr/local/lib/python3.8/dist-packages/neutron_lib/callbacks/manager.py:45}}
Jul 14 12:53:29.119657 dv-cinder-786933-4-iscsi neutron-server[92954]: DEBUG neutron_lib.callbacks.manager [None req-99c9dfb9-f96f-4578-840c-eccc84b4fc2a admin admin] Subscribe: > subnet after_create 55550000 {{(pid=92954) subscribe /usr/local/lib/python3.8/dist-packages/neutron_lib/callbacks/manager.py:45}}
Jul 14 12:53:29.138778 dv-cinder-786933-4-iscsi neutron-server[92954]: DEBUG neutron_lib.callbacks.manager [None req-99c9dfb9-f96f-4578-840c-eccc84b4fc2a admin admin] Subscribe: > subnet after_delete 55550000 {{(pid=92954) subscribe /usr/local/lib/python3.8/dist-packages/neutron_lib/callbacks/manager.py:45}}
Jul 14 12:53:29.138778 dv-cinder-786933-4-iscsi neutron-server[92954]: DEBUG neutron_lib.callbacks.manager [None req-99c9dfb9-f96f-4578-840c-eccc84b4fc2a admin admin] Subscribe: > subnet after_update 55550000 {{(pid=92954) subscribe /usr/local/lib/python3.8/dist-packages/neutron_lib/callbacks/manager.py:45}}
Jul 14 12:53:29.193084 dv-cinder-786933-4-iscsi neutron-server[92953]: DEBUG neutron_lib.callbacks.manager [None req-2e45addb-23ab-455c-9d87-c7d63b642787 admin admin] Notify callbacks [] for security_group, precommit_create {{(pid=92953) _notify_loop /usr/local/lib/python3.8/dist-packages/neutron_lib/callbacks/manager.py:192}}
Jul 14 12:53:29.207572 dv-cinder-786933-4-iscsi neutron-server[92955]: DEBUG neutron.plugins.ml2.rpc [None req-2327240d-c647-4836-bfc5-2ac825491518 None None] Device 33b80082-6bea-45a7-83f2-bd7dd1102a21 details requested by agent hyperv_hv-cinder-78693 with host hv-cinder-78693 {{(pid=92955) get_device_details /opt/stack/neutron/neutron/plugins/ml2/rpc.py:102}}
Jul 14 12:53:29.208153 dv-cinder-786933-4-iscsi neutron-server[92953]: DEBUG neutron_lib.callbacks.manager [None req-2e45addb-23ab-455c-9d87-c7d63b642787 admin admin] Notify callbacks ['neutron.plugins.ml2.ovo_rpc._ObjectChangeHandler.handle_event-3914156'] for security_group, after_create {{(pid=92953) _notify_loop /usr/local/lib/python3.8/dist-packages/neutron_lib/callbacks/manager.py:192}}
Jul 14 12:53:29.209067 dv-cinder-786933-4-iscsi neutron-server[92955]: DEBUG neutron.plugins.ml2.rpc [None req-2327240d-c647-4836-bfc5-2ac825491518 None None] Device 0ecdbd56-fb37-416b-8720-04ff5b7667c6 up at agent hyperv_hv-cinder-78693 {{(pid=92955) update_device_up /opt/stack/neutron/neutron/plugins/ml2/rpc.py:296}}
Jul 14 12:53:29.257146 dv-cinder-786933-4-iscsi neutron-server[92954]: DEBUG neutron_lib.callbacks.manager [None req-99c9dfb9-f96f-4578-840c-eccc84b4fc2a admin admin] Subscribe: > subnet after_create 55550000 {{(pid=92954) subscribe /usr/local/lib/python3.8/dist-packages/neutron_lib/callbacks/manager.py:45}}
Jul 14 12:53:29.257439 dv-cinder-786933-4-iscsi neutron-server[92954]: DEBUG neutron_lib.callbacks.manager [None req-99c9dfb9-f96f-4578-840c-eccc84b4fc2a admin admin] Subscribe: > subnet after_delete 55550000 {{(pid=92954) subscribe /usr/local/lib/python3.8/dist-packages/neutron_lib/callbacks/manager.py:45}}
Jul 14 12:53:29.257759 dv-cinder-786933-4-iscsi neutron-server[92954]: DEBUG neutron_lib.callbacks.manager [None req-99c9dfb9-f96f-4578-840c-eccc84b4fc2a admin admin] Subscribe: > subnet before_create 55550000 {{(pid=92954) subscribe /usr/local/lib/python3.8/dist-packages/neutron_lib/callbacks/manager.py:45}}
Jul 14 12:53:29.258135 dv-cinder-786933-4-iscsi neutron-server[92954]: DEBUG neutron_lib.callbacks.manager [None req-99c9dfb9-f96f-4578-840c-eccc84b4fc2a admin admin] Subscribe: > subnet before_update 55550000 {{(pid=92954) subscribe /usr/local/lib/python3.8/dist-packages/neutron_lib/callbacks/manager.py:45}}
Jul 14 12:53:29.258608 dv-cinder-786933-4-iscsi neutron-server[92954]: DEBUG neutron.services.segments.db [None req-99c9dfb9-f96f-4578-840c-eccc84b4fc2a admin admin] neutron.services.segments.plugin.Plugin method get_segments called with arguments (,) {'filters': {'network_id': ['4667a13b-9d38-469f-b956-022bdcca044a']}} {{(pid=92954) wrapper /usr/local/lib/python3.8/dist-packages/oslo_log/helpers.py:65}}
Jul 14 12:53:29.321921 dv-cinder-786933-4-iscsi neutron-server[92954]: DEBUG neutron.services.segments.db [None req-99c9dfb9-f96f-4578-840c-eccc84b4fc2a admin admin] neutron.services.segments.plugin.Plugin method delete_segment called with arguments (, '35a3fb86-d6b8-41b3-ac9e-7e083cc98144') {'for_net_delete': True} {{(pid=92954) wrapper /usr/local/lib/python3.8/dist-packages/oslo_log/helpers.py:65}}
Jul 14 12:53:29.321921 dv-cinder-786933-4-iscsi neutron-server[92954]: DEBUG neutron.services.segments.db [None req-99c9dfb9-f96f-4578-840c-eccc84b4fc2a admin admin] neutron.services.segments.plugin.Plugin method get_segment called with arguments (, '35a3fb86-d6b8-41b3-ac9e-7e083cc98144') {} {{(pid=92954) wrapper /usr/local/lib/python3.8/dist-packages/oslo_log/helpers.py:65}}
Jul 14 12:53:29.326133 dv-cinder-786933-4-iscsi neutron-server[92954]: INFO neutron.wsgi [req-74266b20-8837-4dd9-8db8-3363014a2c0c req-3f0526c9-f7a4-4197-9c75-034d7dcb3b11 service neutron] 10.222.0.49 "GET /v2.0/floatingips?fixed_ip_address=172.20.0.11&port_id=1ee787e7-8a2a-4348-a014-60d279a1a189 HTTP/1.1" status: 200 len: 217 time: 0.2127831
Jul 14 12:53:29.334130 dv-cinder-786933-4-iscsi neutron-server[92953]: INFO neutron.wsgi [None req-2e45addb-23ab-455c-9d87-c7d63b642787 admin admin] 10.222.0.48 "GET /v2.0/security-groups?tenant_id=64753ce4a97844bbb17fd4dae8d8a408&name=default HTTP/1.1" status: 200 len: 2979 time: 0.5201960
Jul 14 12:53:29.339624 dv-cinder-786933-4-iscsi neutron-server[92953]: DEBUG neutron.wsgi [-] (92953) accepted ('10.222.0.48', 51510) {{(pid=92953) server /usr/local/lib/python3.8/dist-packages/eventlet/wsgi.py:982}}
Jul 14 12:53:29.366345 dv-cinder-786933-4-iscsi neutron-server[92953]: DEBUG neutron.api.rpc.handlers.resources_rpc [None req-2e45addb-23ab-455c-9d87-c7d63b642787 admin admin] Pushing event updated for resources: {'SecurityGroup': ['ID=fa563ba1-2514-473c-b569-a48133525099,revision_number=1']} {{(pid=92953) push /opt/stack/neutron/neutron/api/rpc/handlers/resources_rpc.py:237}}
Jul 14 12:53:29.434046 dv-cinder-786933-4-iscsi neutron-server[92955]: DEBUG neutron.db.provisioning_blocks [None req-2327240d-c647-4836-bfc5-2ac825491518 None None] Provisioning for port 0ecdbd56-fb37-416b-8720-04ff5b7667c6 completed by entity L2. {{(pid=92955) provisioning_complete /opt/stack/neutron/neutron/db/provisioning_blocks.py:133}}
Jul 14 12:53:29.443820 dv-cinder-786933-4-iscsi neutron-server[92955]: DEBUG neutron.db.provisioning_blocks [None req-2327240d-c647-4836-bfc5-2ac825491518 None None] Provisioning complete for port 0ecdbd56-fb37-416b-8720-04ff5b7667c6 triggered by entity L2. {{(pid=92955) provisioning_complete /opt/stack/neutron/neutron/db/provisioning_blocks.py:139}}
Jul 14 12:53:29.444367 dv-cinder-786933-4-iscsi neutron-server[92955]: DEBUG neutron_lib.callbacks.manager [None req-2327240d-c647-4836-bfc5-2ac825491518 None None] Notify callbacks ['neutron.plugins.ml2.plugin.Ml2Plugin._port_provisioned-902448'] for port, provisioning_complete {{(pid=92955) _notify_loop /usr/local/lib/python3.8/dist-packages/neutron_lib/callbacks/manager.py:192}}
Jul 14 12:53:29.454838 dv-cinder-786933-4-iscsi neutron-server[92953]: DEBUG neutron.wsgi [-] (92953) accepted ('10.222.0.48', 51514) {{(pid=92953) server /usr/local/lib/python3.8/dist-packages/eventlet/wsgi.py:982}}
Jul 14 12:53:29.462759 dv-cinder-786933-4-iscsi neutron-server[92953]: DEBUG neutron.pecan_wsgi.hooks.policy_enforcement [req-f0a99235-a3a8-4f34-a8b7-8acfef7162ff req-7a272bee-1c4a-4688-8ff2-8c2b6261e8c2 tempest-ServerRescueNegativeTestJSON-1651426749 tempest-ServerRescueNegativeTestJSON-1651426749-project] Attributes excluded by policy engine: ['standard_attr_id', 'binding:profile', 'binding:host_id', 'binding:vif_type', 'binding:vif_details'] {{(pid=92953) _exclude_attributes_by_policy /opt/stack/neutron/neutron/pecan_wsgi/hooks/policy_enforcement.py:255}}
Jul 14 12:53:29.464707 dv-cinder-786933-4-iscsi neutron-server[92953]: INFO neutron.wsgi [req-f0a99235-a3a8-4f34-a8b7-8acfef7162ff req-7a272bee-1c4a-4688-8ff2-8c2b6261e8c2 tempest-ServerRescueNegativeTestJSON-1651426749 tempest-ServerRescueNegativeTestJSON-1651426749-project] 10.222.0.48 "GET /v2.0/ports?device_id=6af0b612-cd74-4a2b-af2b-e13d357d92e8 HTTP/1.1" status: 200 len: 944 time: 0.2690871
Jul 14 12:53:29.472446 dv-cinder-786933-4-iscsi neutron-server[92954]: DEBUG neutron_lib.callbacks.manager [None req-99c9dfb9-f96f-4578-840c-eccc84b4fc2a admin admin] Notify callbacks ['neutron.plugins.ml2.db._prevent_segment_delete_with_port_bound-8779762912076', 'neutron.services.segments.plugin.Plugin._prevent_segment_delete_with_subnet_associated-8766296'] for segment, before_delete {{(pid=92954) _notify_loop /usr/local/lib/python3.8/dist-packages/neutron_lib/callbacks/manager.py:192}}
Jul 14 12:53:29.520507 dv-cinder-786933-4-iscsi neutron-server[92955]: DEBUG neutron.plugins.ml2.db [None req-2327240d-c647-4836-bfc5-2ac825491518 None None] For port 33b80082-6bea-45a7-83f2-bd7dd1102a21, host hv-cinder-78693, got binding levels [PortBindingLevel(driver='hyperv',host='hv-cinder-78693',level=0,port_id=33b80082-6bea-45a7-83f2-bd7dd1102a21,segment=NetworkSegment(5698a65a-feb5-45ba-9cc7-7501f321870e),segment_id=5698a65a-feb5-45ba-9cc7-7501f321870e)] {{(pid=92955) get_binding_level_objs /opt/stack/neutron/neutron/plugins/ml2/db.py:74}}
Jul 14 12:53:29.532151 dv-cinder-786933-4-iscsi neutron-server[92953]: DEBUG neutron_lib.callbacks.manager [None req-efde0fce-1d30-4fad-b980-49a2b9668bd3 admin admin] Notify callbacks [] for security_group, before_delete {{(pid=92953) _notify_loop /usr/local/lib/python3.8/dist-packages/neutron_lib/callbacks/manager.py:192}}
Jul 14 12:53:29.535689 dv-cinder-786933-4-iscsi neutron-server[92955]: DEBUG neutron.plugins.ml2.rpc [None req-2327240d-c647-4836-bfc5-2ac825491518 None None] Returning: {'device': '33b80082-6bea-45a7-83f2-bd7dd1102a21', 'network_id': '05e77cd2-bd46-4c2b-97e5-fcf01a974050', 'port_id': '33b80082-6bea-45a7-83f2-bd7dd1102a21', 'mac_address': 'fa:16:3e:e3:c5:70', 'admin_state_up': True, 'network_type': 'vlan', 'segmentation_id': 213, 'physical_network': 'physnet1', 'mtu': 1500, 'fixed_ips': [{'subnet_id': '5a47fc68-bc9c-4c1d-b163-495238bb59a4', 'ip_address': '172.20.0.9'}], 'device_owner': 'compute:nova', 'allowed_address_pairs': [], 'port_security_enabled': True, 'qos_policy_id': None, 'network_qos_policy_id': None, 'profile': {}, 'propagate_uplink_status': False} {{(pid=92955) _get_device_details /opt/stack/neutron/neutron/plugins/ml2/rpc.py:184}}
Jul 14 12:53:29.559720 dv-cinder-786933-4-iscsi neutron-server[92954]: DEBUG neutron_lib.callbacks.manager [None req-99c9dfb9-f96f-4578-840c-eccc84b4fc2a admin admin] Notify callbacks ['neutron.plugins.ml2.plugin.Ml2Plugin._handle_segment_change-904349'] for segment, precommit_delete {{(pid=92954) _notify_loop /usr/local/lib/python3.8/dist-packages/neutron_lib/callbacks/manager.py:192}}
Jul 14 12:53:29.573754 dv-cinder-786933-4-iscsi neutron-server[92953]: DEBUG neutron_lib.callbacks.manager [None req-efde0fce-1d30-4fad-b980-49a2b9668bd3 admin admin] Notify callbacks [] for security_group, precommit_delete {{(pid=92953) _notify_loop /usr/local/lib/python3.8/dist-packages/neutron_lib/callbacks/manager.py:192}}
Jul 14 12:53:29.586165 dv-cinder-786933-4-iscsi neutron-server[92954]: DEBUG neutron.plugins.ml2.drivers.type_vlan [None req-99c9dfb9-f96f-4578-840c-eccc84b4fc2a admin admin] Releasing vlan 208 on physical network physnet1 to pool {{(pid=92954) release_segment /opt/stack/neutron/neutron/plugins/ml2/drivers/type_vlan.py:304}}
Jul 14 12:53:29.586583 dv-cinder-786933-4-iscsi neutron-server[92954]: DEBUG neutron_lib.callbacks.manager [None req-99c9dfb9-f96f-4578-840c-eccc84b4fc2a admin admin] Notify callbacks ['neutron.plugins.ml2.plugin.Ml2Plugin._handle_segment_change-904349', 'neutron.services.segments.plugin.NovaSegmentNotifier._notify_segment_deleted-3550877'] for segment, after_delete {{(pid=92954) _notify_loop /usr/local/lib/python3.8/dist-packages/neutron_lib/callbacks/manager.py:192}}
Jul 14 12:53:29.595811 dv-cinder-786933-4-iscsi neutron-server[92954]: /usr/lib/python3/dist-packages/secretstorage/dhcrypto.py:15: CryptographyDeprecationWarning: int_from_bytes is deprecated, use int.from_bytes instead
Jul 14 12:53:29.595811 dv-cinder-786933-4-iscsi neutron-server[92954]: from cryptography.utils import int_from_bytes
Jul 14 12:53:29.595811 dv-cinder-786933-4-iscsi neutron-server[92954]: /usr/lib/python3/dist-packages/secretstorage/util.py:19: CryptographyDeprecationWarning: int_from_bytes is deprecated, use int.from_bytes instead
Jul 14 12:53:29.595811 dv-cinder-786933-4-iscsi neutron-server[92954]: from cryptography.utils import int_from_bytes
Jul 14 12:53:29.595811 dv-cinder-786933-4-iscsi neutron-server[92954]: /opt/stack/neutron/neutron/db/db_base_plugin_v2.py:114: SAWarning: Coercing Subquery object into a select() for use in IN(); please pass a select() construct explicitly
Jul 14 12:53:29.595811 dv-cinder-786933-4-iscsi neutron-server[92954]: conditions |= (models_v2.Port.network_id.in_(
Jul 14 12:53:29.595811 dv-cinder-786933-4-iscsi neutron-server[92954]: /opt/stack/neutron/neutron/db/db_base_plugin_v2.py:114: SAWarning: Coercing Subquery object into a select() for use in IN(); please pass a select() construct explicitly
Jul 14 12:53:29.595811 dv-cinder-786933-4-iscsi neutron-server[92954]: conditions |= (models_v2.Port.network_id.in_(
Jul 14 12:53:29.595811 dv-cinder-786933-4-iscsi neutron-server[92954]: /opt/stack/neutron/neutron/db/db_base_plugin_v2.py:114: SAWarning: Coercing Subquery object into a select() for use in IN(); please pass a select() construct explicitly
Jul 14 12:53:29.595811 dv-cinder-786933-4-iscsi neutron-server[92954]: conditions |= (models_v2.Port.network_id.in_(
Jul 14 12:53:29.595811 dv-cinder-786933-4-iscsi neutron-server[92954]: /opt/stack/neutron/neutron/db/db_base_plugin_v2.py:114: SAWarning: Coercing Subquery object into a select() for use in IN(); please pass a select() construct explicitly
