Jul 16 18:36:01.864959 dv-cinder-786932-5-iscsi devstack@c-api.service[100045]: DEBUG cinder.volume.api [None req-a9a222cd-6f38-4cb3-a30e-f0fb99e86830 tempest-GroupsV314Test-450307735 tempest-GroupsV314Test-450307735-project] Task 'cinder.volume.flows.api.create_volume.ExtractVolumeRequestTask;volume:create' (f4b1d580-1c2d-4363-ae74-31c4f4aee111) transitioned into state 'RUNNING' from state 'PENDING' {{(pid=100045) _task_receiver /usr/local/lib/python3.8/dist-packages/taskflow/listeners/logging.py:190}}
Jul 16 18:36:01.872313 dv-cinder-786932-5-iscsi devstack@c-api.service[100045]: /usr/local/lib/python3.8/dist-packages/oslo_context/context.py:105: DeprecationWarning: Policy enforcement is depending on the value of is_admin. This key is deprecated. Please update your policy file to use the standard policy values.
Jul 16 18:36:01.872313 dv-cinder-786932-5-iscsi devstack@c-api.service[100045]: warnings.warn('Policy enforcement is depending on the value of '
Jul 16 18:36:01.877768 dv-cinder-786932-5-iscsi devstack@c-api.service[100045]: DEBUG cinder.volume.flows.api.create_volume [None req-a9a222cd-6f38-4cb3-a30e-f0fb99e86830 tempest-GroupsV314Test-450307735 tempest-GroupsV314Test-450307735-project] Validating volume size '1' using validate_int {{(pid=100045) _extract_size /opt/stack/cinder/cinder/volume/flows/api/create_volume.py:201}}
Jul 16 18:36:01.911942 dv-cinder-786932-5-iscsi devstack@c-api.service[100046]: DEBUG cinder.volume.api [None req-ed60fa60-03bb-4e62-8f84-3d540a042c46 tempest-VolumesServicesTestJSON-1490776338 tempest-VolumesServicesTestJSON-1490776338-project] Task 'cinder.volume.flows.api.create_volume.QuotaCommitTask;volume:create' (5dacf6e6-ea46-4214-b409-a9a08ed52142) transitioned into state 'SUCCESS' from state 'RUNNING' with result '{'volume_properties': VolumeProperties(attach_status='detached',availability_zone='nova',cgsnapshot_id=None,consistencygroup_id=None,display_description=None,display_name='tempest-VolumesServicesTestJSON-Volume-1150350470',encryption_key_id=None,group_id=None,group_type_id=,metadata={},multiattach=False,project_id='0df19b19b5054a649dd405cfc3958a71',qos_specs=None,replication_status=,reservations=['260d78c7-2749-46de-b938-e3bd8e5eef6f','8a9849f5-4821-41f5-b435-381c4a1afa21','cdca6fae-0708-408f-bb6e-cb22c494fefe','11ba6bd9-4ba2-45f1-83e9-8c3fc1b34780'],size=1,snapshot_id=None,source_replicaid=,source_volid=None,status='creating',user_id='16ddc25360fe408591d77c1c8cc9caf4',volume_type_id=7653bf1b-05cb-4207-b3fc-806ea1d2e806)}' {{(pid=100046) _task_receiver /usr/local/lib/python3.8/dist-packages/taskflow/listeners/logging.py:178}}
Jul 16 18:36:01.915370 dv-cinder-786932-5-iscsi devstack@c-api.service[100046]: DEBUG cinder.volume.api [None req-ed60fa60-03bb-4e62-8f84-3d540a042c46 tempest-VolumesServicesTestJSON-1490776338 tempest-VolumesServicesTestJSON-1490776338-project] Task 'cinder.volume.flows.api.create_volume.VolumeCastTask;volume:create' (b08724d4-330a-4a7e-b847-c7b36248ef98) transitioned into state 'RUNNING' from state 'PENDING' {{(pid=100046) _task_receiver /usr/local/lib/python3.8/dist-packages/taskflow/listeners/logging.py:190}}
Jul 16 18:36:01.924554 dv-cinder-786932-5-iscsi devstack@c-api.service[100045]: DEBUG cinder.volume.api [None req-a9a222cd-6f38-4cb3-a30e-f0fb99e86830 tempest-GroupsV314Test-450307735 tempest-GroupsV314Test-450307735-project] Task 'cinder.volume.flows.api.create_volume.ExtractVolumeRequestTask;volume:create' (f4b1d580-1c2d-4363-ae74-31c4f4aee111) transitioned into state 'SUCCESS' from state 'RUNNING' with result '{'size': 1, 'snapshot_id': None, 'source_volid': None, 'volume_type': VolumeType(created_at=2021-07-16T18:35:57Z,deleted=False,deleted_at=None,description=None,extra_specs={},id=6cdf16e6-7f26-471d-8a2d-3ad046f55d15,is_public=True,name='tempest-GroupsV314Test-volume-type-960968983',projects=[],qos_specs=,qos_specs_id=None,updated_at=None), 'volume_type_id': '6cdf16e6-7f26-471d-8a2d-3ad046f55d15', 'encryption_key_id': None, 'qos_specs': None, 'consistencygroup_id': None, 'cgsnapshot_id': None, 'group_id': '882e86c5-6ecc-4cd2-9164-2c75f3d650b3', 'replication_status': 'disabled', 'refresh_az': False, 'backup_id': None, 'multiattach': False, 'availability_zones': ['nova']}' {{(pid=100045) _task_receiver /usr/local/lib/python3.8/dist-packages/taskflow/listeners/logging.py:178}}
Jul 16 18:36:01.927254 dv-cinder-786932-5-iscsi devstack@c-api.service[100045]: DEBUG cinder.volume.api [None req-a9a222cd-6f38-4cb3-a30e-f0fb99e86830 tempest-GroupsV314Test-450307735 tempest-GroupsV314Test-450307735-project] Task 'cinder.volume.flows.api.create_volume.QuotaReserveTask;volume:create' (bc46edc2-cb00-4550-915e-e1841732a6cb) transitioned into state 'RUNNING' from state 'PENDING' {{(pid=100045) _task_receiver /usr/local/lib/python3.8/dist-packages/taskflow/listeners/logging.py:190}}
Jul 16 18:36:01.942055 dv-cinder-786932-5-iscsi devstack@c-api.service[100046]: DEBUG cinder.volume.api [None req-ed60fa60-03bb-4e62-8f84-3d540a042c46 tempest-VolumesServicesTestJSON-1490776338 tempest-VolumesServicesTestJSON-1490776338-project] Task 'cinder.volume.flows.api.create_volume.VolumeCastTask;volume:create' (b08724d4-330a-4a7e-b847-c7b36248ef98) transitioned into state 'SUCCESS' from state 'RUNNING' with result 'None' {{(pid=100046) _task_receiver /usr/local/lib/python3.8/dist-packages/taskflow/listeners/logging.py:178}}
Jul 16 18:36:01.945963 dv-cinder-786932-5-iscsi devstack@c-api.service[100046]: DEBUG cinder.volume.api [None req-ed60fa60-03bb-4e62-8f84-3d540a042c46 tempest-VolumesServicesTestJSON-1490776338 tempest-VolumesServicesTestJSON-1490776338-project] Flow 'volume_create_api' (02fd43a1-2bba-4b7c-bea0-db1d976d4683) transitioned into state 'SUCCESS' from state 'RUNNING' {{(pid=100046) _flow_receiver /usr/local/lib/python3.8/dist-packages/taskflow/listeners/logging.py:141}}
Jul 16 18:36:01.947265 dv-cinder-786932-5-iscsi devstack@c-api.service[100046]: INFO cinder.volume.api [None req-ed60fa60-03bb-4e62-8f84-3d540a042c46 tempest-VolumesServicesTestJSON-1490776338 tempest-VolumesServicesTestJSON-1490776338-project] Create volume request issued successfully.
Jul 16 18:36:01.956220 dv-cinder-786932-5-iscsi devstack@c-api.service[100046]: INFO cinder.api.openstack.wsgi [None req-ed60fa60-03bb-4e62-8f84-3d540a042c46 tempest-VolumesServicesTestJSON-1490776338 tempest-VolumesServicesTestJSON-1490776338-project] http://10.222.0.68/volume/v3/0df19b19b5054a649dd405cfc3958a71/volumes returned with HTTP 202
Jul 16 18:36:01.966872 dv-cinder-786932-5-iscsi devstack@c-api.service[100046]: [pid: 100046|app: 0|req: 30/66] 10.222.0.68 () {60 vars in 1235 bytes} [Fri Jul 16 18:36:01 2021] POST /volume/v3/0df19b19b5054a649dd405cfc3958a71/volumes => generated 823 bytes in 722 msecs (HTTP/1.1 202) 7 headers in 291 bytes (1 switches on core 0)
Jul 16 18:36:01.979622 dv-cinder-786932-5-iscsi devstack@c-api.service[100046]: INFO cinder.api.openstack.wsgi [None req-66e4ba0b-f1dc-40c6-b5bd-4ffc203062be tempest-VolumesServicesTestJSON-1490776338 tempest-VolumesServicesTestJSON-1490776338-project] GET http://10.222.0.68/volume/v3/0df19b19b5054a649dd405cfc3958a71/volumes/54d74a3e-c7b1-45dd-ace0-a96fddceffcd
Jul 16 18:36:01.980248 dv-cinder-786932-5-iscsi devstack@c-api.service[100046]: DEBUG cinder.api.openstack.wsgi [None req-66e4ba0b-f1dc-40c6-b5bd-4ffc203062be tempest-VolumesServicesTestJSON-1490776338 tempest-VolumesServicesTestJSON-1490776338-project] Empty body provided in request {{(pid=100046) get_body /opt/stack/cinder/cinder/api/openstack/wsgi.py:713}}
Jul 16 18:36:01.980424 dv-cinder-786932-5-iscsi devstack@c-api.service[100046]: /usr/local/lib/python3.8/dist-packages/webob/acceptparse.py:1047: DeprecationWarning: The behavior of AcceptValidHeader.best_match is currently being maintained for backward compatibility, but it will be deprecated in the future, as it does not conform to the RFC.
Jul 16 18:36:01.980424 dv-cinder-786932-5-iscsi devstack@c-api.service[100046]: warnings.warn(
Jul 16 18:36:01.980838 dv-cinder-786932-5-iscsi devstack@c-api.service[100046]: DEBUG cinder.api.openstack.wsgi [None req-66e4ba0b-f1dc-40c6-b5bd-4ffc203062be tempest-VolumesServicesTestJSON-1490776338 tempest-VolumesServicesTestJSON-1490776338-project] Calling method 'show' {{(pid=100046) _process_stack /opt/stack/cinder/cinder/api/openstack/wsgi.py:866}}
Jul 16 18:36:01.984262 dv-cinder-786932-5-iscsi devstack@c-api.service[100045]: WARNING cinder.quota [None req-a9a222cd-6f38-4cb3-a30e-f0fb99e86830 tempest-GroupsV314Test-450307735 tempest-GroupsV314Test-450307735-project] Deprecated: Default quota for resource: volumes_tempest-GroupsV314Test-volume-type-960968983 is set by the default quota flag: quota_volumes_tempest-GroupsV314Test-volume-type-960968983, it is now deprecated. Please use the default quota class for default quota.
Jul 16 18:36:01.985025 dv-cinder-786932-5-iscsi devstack@c-api.service[100045]: WARNING cinder.quota [None req-a9a222cd-6f38-4cb3-a30e-f0fb99e86830 tempest-GroupsV314Test-450307735 tempest-GroupsV314Test-450307735-project] Deprecated: Default quota for resource: gigabytes_tempest-GroupsV314Test-volume-type-960968983 is set by the default quota flag: quota_gigabytes_tempest-GroupsV314Test-volume-type-960968983, it is now deprecated. Please use the default quota class for default quota.
Jul 16 18:36:01.994913 dv-cinder-786932-5-iscsi devstack@c-api.service[100046]: /usr/local/lib/python3.8/dist-packages/oslo_context/context.py:105: DeprecationWarning: Policy enforcement is depending on the value of is_admin. This key is deprecated. Please update your policy file to use the standard policy values.
Jul 16 18:36:01.994913 dv-cinder-786932-5-iscsi devstack@c-api.service[100046]: warnings.warn('Policy enforcement is depending on the value of '
Jul 16 18:36:02.003730 dv-cinder-786932-5-iscsi devstack@c-api.service[100046]: INFO cinder.volume.api [None req-66e4ba0b-f1dc-40c6-b5bd-4ffc203062be tempest-VolumesServicesTestJSON-1490776338 tempest-VolumesServicesTestJSON-1490776338-project] Volume info retrieved successfully.
Jul 16 18:36:02.032167 dv-cinder-786932-5-iscsi devstack@c-api.service[100046]: INFO cinder.api.openstack.wsgi [None req-66e4ba0b-f1dc-40c6-b5bd-4ffc203062be tempest-VolumesServicesTestJSON-1490776338 tempest-VolumesServicesTestJSON-1490776338-project] http://10.222.0.68/volume/v3/0df19b19b5054a649dd405cfc3958a71/volumes/54d74a3e-c7b1-45dd-ace0-a96fddceffcd returned with HTTP 200
Jul 16 18:36:02.041292 dv-cinder-786932-5-iscsi devstack@c-api.service[100046]: [pid: 100046|app: 0|req: 31/67] 10.222.0.68 () {58 vars in 1325 bytes} [Fri Jul 16 18:36:01 2021] GET /volume/v3/0df19b19b5054a649dd405cfc3958a71/volumes/54d74a3e-c7b1-45dd-ace0-a96fddceffcd => generated 891 bytes in 65 msecs (HTTP/1.1 200) 7 headers in 285 bytes (1 switches on core 0)
Jul 16 18:36:02.043708 dv-cinder-786932-5-iscsi devstack@c-api.service[100046]: INFO cinder.api.openstack.wsgi [None req-29cb0636-4a73-452a-9d84-dc369dedc094 tempest-GroupSnapshotsTest-1687554935 tempest-GroupSnapshotsTest-1687554935-project] GET http://10.222.0.68/volume/v3/d0aab24748704f8ab417cdcad2945ca5/group_snapshots/67590c78-0c5b-4095-b836-351876f73481
Jul 16 18:36:02.044421 dv-cinder-786932-5-iscsi devstack@c-api.service[100046]: DEBUG cinder.api.openstack.wsgi [None req-29cb0636-4a73-452a-9d84-dc369dedc094 tempest-GroupSnapshotsTest-1687554935 tempest-GroupSnapshotsTest-1687554935-project] Empty body provided in request {{(pid=100046) get_body /opt/stack/cinder/cinder/api/openstack/wsgi.py:713}}
Jul 16 18:36:02.044621 dv-cinder-786932-5-iscsi devstack@c-api.service[100046]: /usr/local/lib/python3.8/dist-packages/webob/acceptparse.py:1047: DeprecationWarning: The behavior of AcceptValidHeader.best_match is currently being maintained for backward compatibility, but it will be deprecated in the future, as it does not conform to the RFC.
Jul 16 18:36:02.044621 dv-cinder-786932-5-iscsi devstack@c-api.service[100046]: warnings.warn(
Jul 16 18:36:02.044920 dv-cinder-786932-5-iscsi devstack@c-api.service[100046]: DEBUG cinder.api.openstack.wsgi [None req-29cb0636-4a73-452a-9d84-dc369dedc094 tempest-GroupSnapshotsTest-1687554935 tempest-GroupSnapshotsTest-1687554935-project] Calling method 'version_select' {{(pid=100046) _process_stack /opt/stack/cinder/cinder/api/openstack/wsgi.py:866}}
Jul 16 18:36:02.045275 dv-cinder-786932-5-iscsi devstack@c-api.service[100046]: DEBUG cinder.api.v3.group_snapshots [None req-29cb0636-4a73-452a-9d84-dc369dedc094 tempest-GroupSnapshotsTest-1687554935 tempest-GroupSnapshotsTest-1687554935-project] show called for member 67590c78-0c5b-4095-b836-351876f73481 {{(pid=100046) show /opt/stack/cinder/cinder/api/v3/group_snapshots.py:58}}
Jul 16 18:36:02.053281 dv-cinder-786932-5-iscsi devstack@c-api.service[100046]: /usr/local/lib/python3.8/dist-packages/oslo_context/context.py:105: DeprecationWarning: Policy enforcement is depending on the value of is_admin. This key is deprecated. Please update your policy file to use the standard policy values.
Jul 16 18:36:02.053281 dv-cinder-786932-5-iscsi devstack@c-api.service[100046]: warnings.warn('Policy enforcement is depending on the value of '
Jul 16 18:36:02.066191 dv-cinder-786932-5-iscsi devstack@c-api.service[100046]: INFO cinder.api.openstack.wsgi [None req-29cb0636-4a73-452a-9d84-dc369dedc094 tempest-GroupSnapshotsTest-1687554935 tempest-GroupSnapshotsTest-1687554935-project] http://10.222.0.68/volume/v3/d0aab24748704f8ab417cdcad2945ca5/group_snapshots/67590c78-0c5b-4095-b836-351876f73481 returned with HTTP 200
Jul 16 18:36:02.069534 dv-cinder-786932-5-iscsi devstack@c-api.service[100046]: [pid: 100046|app: 0|req: 32/68] 10.222.0.68 () {60 vars in 1390 bytes} [Fri Jul 16 18:36:02 2021] GET /volume/v3/d0aab24748704f8ab417cdcad2945ca5/group_snapshots/67590c78-0c5b-4095-b836-351876f73481 => generated 308 bytes in 35 msecs (HTTP/1.1 200) 7 headers in 286 bytes (1 switches on core 0)
Jul 16 18:36:02.086107 dv-cinder-786932-5-iscsi devstack@c-api.service[100045]: DEBUG cinder.quota [None req-a9a222cd-6f38-4cb3-a30e-f0fb99e86830 tempest-GroupsV314Test-450307735 tempest-GroupsV314Test-450307735-project] Created reservations ['e8b00941-e429-4b85-a803-adbe0e606869', '4b0125c8-375f-4c37-bf48-7158bc8afd23', '880a0482-5470-446b-be02-8fb572f5c991', '7e27173a-b834-43c5-b932-84b4f2a5a396'] {{(pid=100045) reserve /opt/stack/cinder/cinder/quota.py:755}}
Jul 16 18:36:02.088018 dv-cinder-786932-5-iscsi devstack@c-api.service[100045]: DEBUG cinder.volume.api [None req-a9a222cd-6f38-4cb3-a30e-f0fb99e86830 tempest-GroupsV314Test-450307735 tempest-GroupsV314Test-450307735-project] Task 'cinder.volume.flows.api.create_volume.QuotaReserveTask;volume:create' (bc46edc2-cb00-4550-915e-e1841732a6cb) transitioned into state 'SUCCESS' from state 'RUNNING' with result '{'reservations': ['e8b00941-e429-4b85-a803-adbe0e606869', '4b0125c8-375f-4c37-bf48-7158bc8afd23', '880a0482-5470-446b-be02-8fb572f5c991', '7e27173a-b834-43c5-b932-84b4f2a5a396']}' {{(pid=100045) _task_receiver /usr/local/lib/python3.8/dist-packages/taskflow/listeners/logging.py:178}}
Jul 16 18:36:02.090766 dv-cinder-786932-5-iscsi devstack@c-api.service[100045]: DEBUG cinder.volume.api [None req-a9a222cd-6f38-4cb3-a30e-f0fb99e86830 tempest-GroupsV314Test-450307735 tempest-GroupsV314Test-450307735-project] Task 'cinder.volume.flows.api.create_volume.EntryCreateTask;volume:create' (c962b4d3-a33d-470d-ac21-ea6c03c82130) transitioned into state 'RUNNING' from state 'PENDING' {{(pid=100045) _task_receiver /usr/local/lib/python3.8/dist-packages/taskflow/listeners/logging.py:190}}
Jul 16 18:36:02.096908 dv-cinder-786932-5-iscsi devstack@c-api.service[100046]: INFO cinder.api.openstack.wsgi [None req-c20e3f84-3b8f-45c9-97ab-f937feb87eda tempest-GroupSnapshotsTest-1687554935 tempest-GroupSnapshotsTest-1687554935-project] GET http://10.222.0.68/volume/v3/d0aab24748704f8ab417cdcad2945ca5/snapshots/detail
Jul 16 18:36:02.097439 dv-cinder-786932-5-iscsi devstack@c-api.service[100046]: DEBUG cinder.api.openstack.wsgi [None req-c20e3f84-3b8f-45c9-97ab-f937feb87eda tempest-GroupSnapshotsTest-1687554935 tempest-GroupSnapshotsTest-1687554935-project] Empty body provided in request {{(pid=100046) get_body /opt/stack/cinder/cinder/api/openstack/wsgi.py:713}}
Jul 16 18:36:02.097618 dv-cinder-786932-5-iscsi devstack@c-api.service[100046]: /usr/local/lib/python3.8/dist-packages/webob/acceptparse.py:1047: DeprecationWarning: The behavior of AcceptValidHeader.best_match is currently being maintained for backward compatibility, but it will be deprecated in the future, as it does not conform to the RFC.
Jul 16 18:36:02.097618 dv-cinder-786932-5-iscsi devstack@c-api.service[100046]: warnings.warn(
Jul 16 18:36:02.103408 dv-cinder-786932-5-iscsi devstack@c-api.service[100046]: DEBUG cinder.api.openstack.wsgi [None req-c20e3f84-3b8f-45c9-97ab-f937feb87eda tempest-GroupSnapshotsTest-1687554935 tempest-GroupSnapshotsTest-1687554935-project] Calling method 'detail' {{(pid=100046) _process_stack /opt/stack/cinder/cinder/api/openstack/wsgi.py:866}}
Jul 16 18:36:02.104569 dv-cinder-786932-5-iscsi devstack@c-api.service[100046]: DEBUG cinder.api.api_utils [None req-c20e3f84-3b8f-45c9-97ab-f937feb87eda tempest-GroupSnapshotsTest-1687554935 tempest-GroupSnapshotsTest-1687554935-project] Removing options '' from query. {{(pid=100046) remove_invalid_filter_options /opt/stack/cinder/cinder/api/api_utils.py:73}}
Jul 16 18:36:02.111839 dv-cinder-786932-5-iscsi devstack@c-api.service[100046]: DEBUG cinder.db.sqlalchemy.api [None req-c20e3f84-3b8f-45c9-97ab-f937feb87eda tempest-GroupSnapshotsTest-1687554935 tempest-GroupSnapshotsTest-1687554935-project] Building query based on filter {{(pid=100046) _process_snaps_filters /opt/stack/cinder/cinder/db/sqlalchemy/api.py:3138}}
Jul 16 18:36:02.169689 dv-cinder-786932-5-iscsi devstack@c-api.service[100045]: DEBUG cinder.volume.api [None req-a9a222cd-6f38-4cb3-a30e-f0fb99e86830 tempest-GroupsV314Test-450307735 tempest-GroupsV314Test-450307735-project] Task 'cinder.volume.flows.api.create_volume.EntryCreateTask;volume:create' (c962b4d3-a33d-470d-ac21-ea6c03c82130) transitioned into state 'SUCCESS' from state 'RUNNING' with result '{'volume_id': '5c5fa17c-b3a8-47ab-9d05-be137172716d', 'volume_properties': VolumeProperties(attach_status='detached',availability_zone='nova',cgsnapshot_id=None,consistencygroup_id=None,display_description=None,display_name='tempest-GroupsV314Test-Volume-583107619',encryption_key_id=None,group_id=882e86c5-6ecc-4cd2-9164-2c75f3d650b3,group_type_id=,metadata={},multiattach=False,project_id='03b56de2edc54bb89b2964b45cfc0ebe',qos_specs=None,replication_status=,reservations=['e8b00941-e429-4b85-a803-adbe0e606869','4b0125c8-375f-4c37-bf48-7158bc8afd23','880a0482-5470-446b-be02-8fb572f5c991','7e27173a-b834-43c5-b932-84b4f2a5a396'],size=1,snapshot_id=None,source_replicaid=,source_volid=None,status='creating',user_id='9f34750fb8f44c179398b08b24832f13',volume_type_id=6cdf16e6-7f26-471d-8a2d-3ad046f55d15), 'volume': Volume(_name_id=None,admin_metadata=,attach_status='detached',availability_zone='nova',bootable=False,cluster=,cluster_name=None,consistencygroup=,consistencygroup_id=None,created_at=2021-07-16T18:36:02Z,deleted=False,deleted_at=None,display_description=None,display_name='tempest-GroupsV314Test-Volume-583107619',ec2_id=None,encryption_key_id=None,glance_metadata=,group=,group_id=882e86c5-6ecc-4cd2-9164-2c75f3d650b3,host=None,id=5c5fa17c-b3a8-47ab-9d05-be137172716d,launched_at=None,metadata={},migration_status=None,multiattach=False,previous_status=None,project_id='03b56de2edc54bb89b2964b45cfc0ebe',provider_auth=None,provider_geometry=None,provider_id=None,provider_location=None,replication_driver_data=None,replication_extended_status=None,replication_status=None,scheduled_at=None,service_uuid=None,shared_targets=True,size=1,snapshot_id=None,snapshots=,source_volid=None,status='creating',terminated_at=None,updated_at=None,user_id='9f34750fb8f44c179398b08b24832f13',volume_attachment=,volume_type=VolumeType(6cdf16e6-7f26-471d-8a2d-3ad046f55d15),volume_type_id=6cdf16e6-7f26-471d-8a2d-3ad046f55d15)}' {{(pid=100045) _task_receiver /usr/local/lib/python3.8/dist-packages/taskflow/listeners/logging.py:178}}
Jul 16 18:36:02.178311 dv-cinder-786932-5-iscsi devstack@c-api.service[100046]: INFO cinder.volume.api [None req-c20e3f84-3b8f-45c9-97ab-f937feb87eda tempest-GroupSnapshotsTest-1687554935 tempest-GroupSnapshotsTest-1687554935-project] Get all snapshots completed successfully.
Jul 16 18:36:02.179420 dv-cinder-786932-5-iscsi devstack@c-api.service[100046]: /usr/local/lib/python3.8/dist-packages/oslo_context/context.py:105: DeprecationWarning: Policy enforcement is depending on the value of is_admin. This key is deprecated. Please update your policy file to use the standard policy values.
Jul 16 18:36:02.179420 dv-cinder-786932-5-iscsi devstack@c-api.service[100046]: warnings.warn('Policy enforcement is depending on the value of '
Jul 16 18:36:02.180735 dv-cinder-786932-5-iscsi devstack@c-api.service[100046]: INFO cinder.api.openstack.wsgi [None req-c20e3f84-3b8f-45c9-97ab-f937feb87eda tempest-GroupSnapshotsTest-1687554935 tempest-GroupSnapshotsTest-1687554935-project] http://10.222.0.68/volume/v3/d0aab24748704f8ab417cdcad2945ca5/snapshots/detail returned with HTTP 200
Jul 16 18:36:02.181995 dv-cinder-786932-5-iscsi devstack@c-api.service[100046]: [pid: 100046|app: 0|req: 33/69] 10.222.0.68 () {58 vars in 1241 bytes} [Fri Jul 16 18:36:02 2021] GET /volume/v3/d0aab24748704f8ab417cdcad2945ca5/snapshots/detail => generated 454 bytes in 107 msecs (HTTP/1.1 200) 7 headers in 285 bytes (2 switches on core 0)
Jul 16 18:36:02.183449 dv-cinder-786932-5-iscsi devstack@c-api.service[100045]: DEBUG cinder.volume.api [None req-a9a222cd-6f38-4cb3-a30e-f0fb99e86830 tempest-GroupsV314Test-450307735 tempest-GroupsV314Test-450307735-project] Task 'cinder.volume.flows.api.create_volume.QuotaCommitTask;volume:create' (cd5b7546-443d-4d5b-ab8e-807a2a18d764) transitioned into state 'RUNNING' from state 'PENDING' {{(pid=100045) _task_receiver /usr/local/lib/python3.8/dist-packages/taskflow/listeners/logging.py:190}}
Jul 16 18:36:02.197776 dv-cinder-786932-5-iscsi devstack@c-api.service[100046]: INFO cinder.api.openstack.wsgi [None req-a1bfe422-ad43-4fb3-ae3c-fb6b4be0844b tempest-GroupSnapshotsTest-1687554935 tempest-GroupSnapshotsTest-1687554935-project] GET http://10.222.0.68/volume/v3/d0aab24748704f8ab417cdcad2945ca5/snapshots/8c654a61-6c5f-4421-a62b-6d4b235b9da7
Jul 16 18:36:02.198445 dv-cinder-786932-5-iscsi devstack@c-api.service[100046]: DEBUG cinder.api.openstack.wsgi [None req-a1bfe422-ad43-4fb3-ae3c-fb6b4be0844b tempest-GroupSnapshotsTest-1687554935 tempest-GroupSnapshotsTest-1687554935-project] Empty body provided in request {{(pid=100046) get_body /opt/stack/cinder/cinder/api/openstack/wsgi.py:713}}
Jul 16 18:36:02.198670 dv-cinder-786932-5-iscsi devstack@c-api.service[100046]: /usr/local/lib/python3.8/dist-packages/webob/acceptparse.py:1047: DeprecationWarning: The behavior of AcceptValidHeader.best_match is currently being maintained for backward compatibility, but it will be deprecated in the future, as it does not conform to the RFC.
Jul 16 18:36:02.198670 dv-cinder-786932-5-iscsi devstack@c-api.service[100046]: warnings.warn(
Jul 16 18:36:02.200123 dv-cinder-786932-5-iscsi devstack@c-api.service[100046]: DEBUG cinder.api.openstack.wsgi [None req-a1bfe422-ad43-4fb3-ae3c-fb6b4be0844b tempest-GroupSnapshotsTest-1687554935 tempest-GroupSnapshotsTest-1687554935-project] Calling method 'show' {{(pid=100046) _process_stack /opt/stack/cinder/cinder/api/openstack/wsgi.py:866}}
Jul 16 18:36:02.210888 dv-cinder-786932-5-iscsi devstack@c-api.service[100046]: /usr/local/lib/python3.8/dist-packages/oslo_context/context.py:105: DeprecationWarning: Policy enforcement is depending on the value of is_admin. This key is deprecated. Please update your policy file to use the standard policy values.
Jul 16 18:36:02.210888 dv-cinder-786932-5-iscsi devstack@c-api.service[100046]: warnings.warn('Policy enforcement is depending on the value of '
Jul 16 18:36:02.211937 dv-cinder-786932-5-iscsi devstack@c-api.service[100046]: INFO cinder.volume.api [None req-a1bfe422-ad43-4fb3-ae3c-fb6b4be0844b tempest-GroupSnapshotsTest-1687554935 tempest-GroupSnapshotsTest-1687554935-project] Snapshot retrieved successfully.
Jul 16 18:36:02.214463 dv-cinder-786932-5-iscsi devstack@c-api.service[100046]: INFO cinder.api.openstack.wsgi [None req-a1bfe422-ad43-4fb3-ae3c-fb6b4be0844b tempest-GroupSnapshotsTest-1687554935 tempest-GroupSnapshotsTest-1687554935-project] http://10.222.0.68/volume/v3/d0aab24748704f8ab417cdcad2945ca5/snapshots/8c654a61-6c5f-4421-a62b-6d4b235b9da7 returned with HTTP 200
Jul 16 18:36:02.215537 dv-cinder-786932-5-iscsi devstack@c-api.service[100046]: [pid: 100046|app: 0|req: 34/70] 10.222.0.68 () {58 vars in 1331 bytes} [Fri Jul 16 18:36:02 2021] GET /volume/v3/d0aab24748704f8ab417cdcad2945ca5/snapshots/8c654a61-6c5f-4421-a62b-6d4b235b9da7 => generated 451 bytes in 28 msecs (HTTP/1.1 200) 7 headers in 285 bytes (1 switches on core 0)
Jul 16 18:36:02.234237 dv-cinder-786932-5-iscsi devstack@c-api.service[100046]: INFO cinder.api.openstack.wsgi [None req-9ae3e07d-82af-4409-abaa-8c0447adf362 tempest-GroupSnapshotsTest-1687554935 tempest-GroupSnapshotsTest-1687554935-project] POST http://10.222.0.68/volume/v3/d0aab24748704f8ab417cdcad2945ca5/groups/action
Jul 16 18:36:02.234726 dv-cinder-786932-5-iscsi devstack@c-api.service[100046]: /usr/local/lib/python3.8/dist-packages/webob/acceptparse.py:1047: DeprecationWarning: The behavior of AcceptValidHeader.best_match is currently being maintained for backward compatibility, but it will be deprecated in the future, as it does not conform to the RFC.
Jul 16 18:36:02.234726 dv-cinder-786932-5-iscsi devstack@c-api.service[100046]: warnings.warn(
Jul 16 18:36:02.235671 dv-cinder-786932-5-iscsi devstack@c-api.service[100046]: DEBUG cinder.api.openstack.wsgi [None req-9ae3e07d-82af-4409-abaa-8c0447adf362 tempest-GroupSnapshotsTest-1687554935 tempest-GroupSnapshotsTest-1687554935-project] Action body: b'{"create-from-src": {"group_snapshot_id": "67590c78-0c5b-4095-b836-351876f73481", "name": "tempest-Group_from_snap-2108120048"}}' {{(pid=100046) get_method /opt/stack/cinder/cinder/api/openstack/wsgi.py:981}}
Jul 16 18:36:02.236022 dv-cinder-786932-5-iscsi devstack@c-api.service[100046]: DEBUG cinder.api.openstack.wsgi [None req-9ae3e07d-82af-4409-abaa-8c0447adf362 tempest-GroupSnapshotsTest-1687554935 tempest-GroupSnapshotsTest-1687554935-project] Action: 'action', calling method: version_select, body: {"create-from-src": {"group_snapshot_id": "67590c78-0c5b-4095-b836-351876f73481", "name": "tempest-Group_from_snap-2108120048"}} {{(pid=100046) _process_stack /opt/stack/cinder/cinder/api/openstack/wsgi.py:864}}
Jul 16 18:36:02.237057 dv-cinder-786932-5-iscsi devstack@c-api.service[100046]: DEBUG cinder.api.v3.groups [None req-9ae3e07d-82af-4409-abaa-8c0447adf362 tempest-GroupSnapshotsTest-1687554935 tempest-GroupSnapshotsTest-1687554935-project] Creating new group {'create-from-src': {'group_snapshot_id': '67590c78-0c5b-4095-b836-351876f73481', 'name': 'tempest-Group_from_snap-2108120048'}}. {{(pid=100046) create_from_src /opt/stack/cinder/cinder/api/v3/groups.py:236}}
Jul 16 18:36:02.237548 dv-cinder-786932-5-iscsi devstack@c-api.service[100046]: INFO cinder.api.v3.groups [None req-9ae3e07d-82af-4409-abaa-8c0447adf362 tempest-GroupSnapshotsTest-1687554935 tempest-GroupSnapshotsTest-1687554935-project] Creating group tempest-Group_from_snap-2108120048 from group_snapshot 67590c78-0c5b-4095-b836-351876f73481.
Jul 16 18:36:02.246377 dv-cinder-786932-5-iscsi devstack@c-api.service[100045]: DEBUG cinder.volume.api [None req-a9a222cd-6f38-4cb3-a30e-f0fb99e86830 tempest-GroupsV314Test-450307735 tempest-GroupsV314Test-450307735-project] Task 'cinder.volume.flows.api.create_volume.QuotaCommitTask;volume:create' (cd5b7546-443d-4d5b-ab8e-807a2a18d764) transitioned into state 'SUCCESS' from state 'RUNNING' with result '{'volume_properties': VolumeProperties(attach_status='detached',availability_zone='nova',cgsnapshot_id=None,consistencygroup_id=None,display_description=None,display_name='tempest-GroupsV314Test-Volume-583107619',encryption_key_id=None,group_id=882e86c5-6ecc-4cd2-9164-2c75f3d650b3,group_type_id=,metadata={},multiattach=False,project_id='03b56de2edc54bb89b2964b45cfc0ebe',qos_specs=None,replication_status=,reservations=['e8b00941-e429-4b85-a803-adbe0e606869','4b0125c8-375f-4c37-bf48-7158bc8afd23','880a0482-5470-446b-be02-8fb572f5c991','7e27173a-b834-43c5-b932-84b4f2a5a396'],size=1,snapshot_id=None,source_replicaid=,source_volid=None,status='creating',user_id='9f34750fb8f44c179398b08b24832f13',volume_type_id=6cdf16e6-7f26-471d-8a2d-3ad046f55d15)}' {{(pid=100045) _task_receiver /usr/local/lib/python3.8/dist-packages/taskflow/listeners/logging.py:178}}
Jul 16 18:36:02.251380 dv-cinder-786932-5-iscsi devstack@c-api.service[100045]: DEBUG cinder.volume.api [None req-a9a222cd-6f38-4cb3-a30e-f0fb99e86830 tempest-GroupsV314Test-450307735 tempest-GroupsV314Test-450307735-project] Task 'cinder.volume.flows.api.create_volume.VolumeCastTask;volume:create' (a30f79ac-8583-4e58-b740-4f93f270adf7) transitioned into state 'RUNNING' from state 'PENDING' {{(pid=100045) _task_receiver /usr/local/lib/python3.8/dist-packages/taskflow/listeners/logging.py:190}}
Jul 16 18:36:02.264591 dv-cinder-786932-5-iscsi devstack@c-api.service[100046]: /usr/local/lib/python3.8/dist-packages/oslo_context/context.py:105: DeprecationWarning: Policy enforcement is depending on the value of is_admin. This key is deprecated. Please update your policy file to use the standard policy values.
Jul 16 18:36:02.264591 dv-cinder-786932-5-iscsi devstack@c-api.service[100046]: warnings.warn('Policy enforcement is depending on the value of '
Jul 16 18:36:02.299342 dv-cinder-786932-5-iscsi devstack@c-api.service[100045]: DEBUG cinder.volume.api [None req-a9a222cd-6f38-4cb3-a30e-f0fb99e86830 tempest-GroupsV314Test-450307735 tempest-GroupsV314Test-450307735-project] Task 'cinder.volume.flows.api.create_volume.VolumeCastTask;volume:create' (a30f79ac-8583-4e58-b740-4f93f270adf7) transitioned into state 'SUCCESS' from state 'RUNNING' with result 'None' {{(pid=100045) _task_receiver /usr/local/lib/python3.8/dist-packages/taskflow/listeners/logging.py:178}}
Jul 16 18:36:02.302198 dv-cinder-786932-5-iscsi devstack@c-api.service[100045]: DEBUG cinder.volume.api [None req-a9a222cd-6f38-4cb3-a30e-f0fb99e86830 tempest-GroupsV314Test-450307735 tempest-GroupsV314Test-450307735-project] Flow 'volume_create_api' (5876ceee-505d-45a1-9645-d31b68d2a458) transitioned into state 'SUCCESS' from state 'RUNNING' {{(pid=100045) _flow_receiver /usr/local/lib/python3.8/dist-packages/taskflow/listeners/logging.py:141}}
Jul 16 18:36:02.306239 dv-cinder-786932-5-iscsi devstack@c-api.service[100045]: INFO cinder.volume.api [None req-a9a222cd-6f38-4cb3-a30e-f0fb99e86830 tempest-GroupsV314Test-450307735 tempest-GroupsV314Test-450307735-project] Create volume request issued successfully.
Jul 16 18:36:02.310491 dv-cinder-786932-5-iscsi devstack@c-api.service[100046]: /usr/local/lib/python3.8/dist-packages/oslo_context/context.py:105: DeprecationWarning: Policy enforcement is depending on the value of is_admin. This key is deprecated. Please update your policy file to use the standard policy values.
Jul 16 18:36:02.310491 dv-cinder-786932-5-iscsi devstack@c-api.service[100046]: warnings.warn('Policy enforcement is depending on the value of '
Jul 16 18:36:02.322324 dv-cinder-786932-5-iscsi devstack@c-api.service[100045]: WARNING stevedore.named [None req-a9a222cd-6f38-4cb3-a30e-f0fb99e86830 tempest-GroupsV314Test-450307735 tempest-GroupsV314Test-450307735-project] Could not load cinder.keymgr.conf_key_mgr.ConfKeyManager
Jul 16 18:36:02.325621 dv-cinder-786932-5-iscsi devstack@c-api.service[100045]: WARNING castellan.key_manager [None req-a9a222cd-6f38-4cb3-a30e-f0fb99e86830 tempest-GroupsV314Test-450307735 tempest-GroupsV314Test-450307735-project] Deprecation Warning : cinder.keymgr.conf_key_mgr.ConfKeyManager is not a stevedore based driver, trying to load it as a class: stevedore.exception.NoMatches: No 'castellan.drivers' driver found, looking for 'cinder.keymgr.conf_key_mgr.ConfKeyManager'
Jul 16 18:36:02.328132 dv-cinder-786932-5-iscsi devstack@c-api.service[100046]: /usr/local/lib/python3.8/dist-packages/oslo_context/context.py:105: DeprecationWarning: Policy enforcement is depending on the value of is_admin. This key is deprecated. Please update your policy file to use the standard policy values.
Jul 16 18:36:02.328132 dv-cinder-786932-5-iscsi devstack@c-api.service[100046]: warnings.warn('Policy enforcement is depending on the value of '
Jul 16 18:36:02.338941 dv-cinder-786932-5-iscsi devstack@c-api.service[100045]: DEBUG oslo_db.sqlalchemy.engines [None req-a9a222cd-6f38-4cb3-a30e-f0fb99e86830 tempest-GroupsV314Test-450307735 tempest-GroupsV314Test-450307735-project] MySQL server mode set to STRICT_TRANS_TABLES,STRICT_ALL_TABLES,NO_ZERO_IN_DATE,NO_ZERO_DATE,ERROR_FOR_DIVISION_BY_ZERO,TRADITIONAL,NO_ENGINE_SUBSTITUTION {{(pid=100045) _check_effective_sql_mode /usr/local/lib/python3.8/dist-packages/oslo_db/sqlalchemy/engines.py:314}}
Jul 16 18:36:02.355141 dv-cinder-786932-5-iscsi devstack@c-api.service[100045]: /usr/local/lib/python3.8/dist-packages/oslo_context/context.py:105: DeprecationWarning: Policy enforcement is depending on the value of is_admin. This key is deprecated. Please update your policy file to use the standard policy values.
Jul 16 18:36:02.355141 dv-cinder-786932-5-iscsi devstack@c-api.service[100045]: warnings.warn('Policy enforcement is depending on the value of '
Jul 16 18:36:02.365610 dv-cinder-786932-5-iscsi devstack@c-api.service[100045]: INFO cinder.api.openstack.wsgi [None req-a9a222cd-6f38-4cb3-a30e-f0fb99e86830 tempest-GroupsV314Test-450307735 tempest-GroupsV314Test-450307735-project] http://10.222.0.68/volume/v3/03b56de2edc54bb89b2964b45cfc0ebe/volumes returned with HTTP 202
Jul 16 18:36:02.370569 dv-cinder-786932-5-iscsi devstack@c-api.service[100045]: [pid: 100045|app: 0|req: 37/71] 10.222.0.68 () {62 vars in 1277 bytes} [Fri Jul 16 18:36:01 2021] POST /volume/v3/03b56de2edc54bb89b2964b45cfc0ebe/volumes => generated 898 bytes in 632 msecs (HTTP/1.1 202) 7 headers in 292 bytes (1 switches on core 0)
Jul 16 18:36:02.381735 dv-cinder-786932-5-iscsi devstack@c-api.service[100045]: INFO cinder.api.openstack.wsgi [None req-7ed1f7dd-2bb4-419c-8e4a-558ccc487f29 tempest-VolumesTestJSON-554865569 tempest-VolumesTestJSON-554865569-project] GET http://10.222.0.68/volume/v3/d55c67ed556c42aeb910e89aef0542d6/volumes/93390c6e-85eb-4878-a478-e65970b09f14
Jul 16 18:36:02.385299 dv-cinder-786932-5-iscsi devstack@c-api.service[100045]: DEBUG cinder.api.openstack.wsgi [None req-7ed1f7dd-2bb4-419c-8e4a-558ccc487f29 tempest-VolumesTestJSON-554865569 tempest-VolumesTestJSON-554865569-project] Empty body provided in request {{(pid=100045) get_body /opt/stack/cinder/cinder/api/openstack/wsgi.py:713}}
Jul 16 18:36:02.385753 dv-cinder-786932-5-iscsi devstack@c-api.service[100045]: /usr/local/lib/python3.8/dist-packages/webob/acceptparse.py:1047: DeprecationWarning: The behavior of AcceptValidHeader.best_match is currently being maintained for backward compatibility, but it will be deprecated in the future, as it does not conform to the RFC.
Jul 16 18:36:02.385753 dv-cinder-786932-5-iscsi devstack@c-api.service[100045]: warnings.warn(
Jul 16 18:36:02.386366 dv-cinder-786932-5-iscsi devstack@c-api.service[100045]: DEBUG cinder.api.openstack.wsgi [None req-7ed1f7dd-2bb4-419c-8e4a-558ccc487f29 tempest-VolumesTestJSON-554865569 tempest-VolumesTestJSON-554865569-project] Calling method 'show' {{(pid=100045) _process_stack /opt/stack/cinder/cinder/api/openstack/wsgi.py:866}}
Jul 16 18:36:02.412458 dv-cinder-786932-5-iscsi devstack@c-api.service[100045]: INFO cinder.api.openstack.wsgi [None req-7ed1f7dd-2bb4-419c-8e4a-558ccc487f29 tempest-VolumesTestJSON-554865569 tempest-VolumesTestJSON-554865569-project] http://10.222.0.68/volume/v3/d55c67ed556c42aeb910e89aef0542d6/volumes/93390c6e-85eb-4878-a478-e65970b09f14 returned with HTTP 404
Jul 16 18:36:02.414569 dv-cinder-786932-5-iscsi devstack@c-api.service[100045]: [pid: 100045|app: 0|req: 38/72] 10.222.0.68 () {58 vars in 1325 bytes} [Fri Jul 16 18:36:02 2021] GET /volume/v3/d55c67ed556c42aeb910e89aef0542d6/volumes/93390c6e-85eb-4878-a478-e65970b09f14 => generated 109 bytes in 43 msecs (HTTP/1.1 404) 7 headers in 292 bytes (1 switches on core 0)
Jul 16 18:36:02.424711 dv-cinder-786932-5-iscsi devstack@c-api.service[100045]: INFO cinder.api.openstack.wsgi [None req-b65c9285-fb8e-4799-ae8d-5451e22514fe tempest-GroupsV314Test-450307735 tempest-GroupsV314Test-450307735-project] GET http://10.222.0.68/volume/v3/03b56de2edc54bb89b2964b45cfc0ebe/volumes/5c5fa17c-b3a8-47ab-9d05-be137172716d
Jul 16 18:36:02.425617 dv-cinder-786932-5-iscsi devstack@c-api.service[100045]: DEBUG cinder.api.openstack.wsgi [None req-b65c9285-fb8e-4799-ae8d-5451e22514fe tempest-GroupsV314Test-450307735 tempest-GroupsV314Test-450307735-project] Empty body provided in request {{(pid=100045) get_body /opt/stack/cinder/cinder/api/openstack/wsgi.py:713}}
Jul 16 18:36:02.426270 dv-cinder-786932-5-iscsi devstack@c-api.service[100045]: DEBUG cinder.api.openstack.wsgi [None req-b65c9285-fb8e-4799-ae8d-5451e22514fe tempest-GroupsV314Test-450307735 tempest-GroupsV314Test-450307735-project] Calling method 'show' {{(pid=100045) _process_stack /opt/stack/cinder/cinder/api/openstack/wsgi.py:866}}
Jul 16 18:36:02.466936 dv-cinder-786932-5-iscsi devstack@c-api.service[100045]: /usr/local/lib/python3.8/dist-packages/oslo_context/context.py:105: DeprecationWarning: Policy enforcement is depending on the value of is_admin. This key is deprecated. Please update your policy file to use the standard policy values.
Jul 16 18:36:02.466936 dv-cinder-786932-5-iscsi devstack@c-api.service[100045]: warnings.warn('Policy enforcement is depending on the value of '
Jul 16 18:36:02.485835 dv-cinder-786932-5-iscsi devstack@c-api.service[100045]: INFO cinder.volume.api [None req-b65c9285-fb8e-4799-ae8d-5451e22514fe tempest-GroupsV314Test-450307735 tempest-GroupsV314Test-450307735-project] Volume info retrieved successfully.
Jul 16 18:36:02.492030 dv-cinder-786932-5-iscsi devstack@c-api.service[100046]: DEBUG cinder.quota [None req-9ae3e07d-82af-4409-abaa-8c0447adf362 tempest-GroupSnapshotsTest-1687554935 tempest-GroupSnapshotsTest-1687554935-project] Created reservations ['41295613-cec3-4bf9-ab8a-17d8c414dd0e'] {{(pid=100046) reserve /opt/stack/cinder/cinder/quota.py:755}}
Jul 16 18:36:02.506812 dv-cinder-786932-5-iscsi devstack@c-api.service[100045]: WARNING stevedore.named [None req-b65c9285-fb8e-4799-ae8d-5451e22514fe tempest-GroupsV314Test-450307735 tempest-GroupsV314Test-450307735-project] Could not load cinder.keymgr.conf_key_mgr.ConfKeyManager
Jul 16 18:36:02.507688 dv-cinder-786932-5-iscsi devstack@c-api.service[100045]: WARNING castellan.key_manager [None req-b65c9285-fb8e-4799-ae8d-5451e22514fe tempest-GroupsV314Test-450307735 tempest-GroupsV314Test-450307735-project] Deprecation Warning : cinder.keymgr.conf_key_mgr.ConfKeyManager is not a stevedore based driver, trying to load it as a class: stevedore.exception.NoMatches: No 'castellan.drivers' driver found, looking for 'cinder.keymgr.conf_key_mgr.ConfKeyManager'
Jul 16 18:36:02.525932 dv-cinder-786932-5-iscsi devstack@c-api.service[100045]: DEBUG oslo_db.sqlalchemy.engines [None req-b65c9285-fb8e-4799-ae8d-5451e22514fe tempest-GroupsV314Test-450307735 tempest-GroupsV314Test-450307735-project] MySQL server mode set to STRICT_TRANS_TABLES,STRICT_ALL_TABLES,NO_ZERO_IN_DATE,NO_ZERO_DATE,ERROR_FOR_DIVISION_BY_ZERO,TRADITIONAL,NO_ENGINE_SUBSTITUTION {{(pid=100045) _check_effective_sql_mode /usr/local/lib/python3.8/dist-packages/oslo_db/sqlalchemy/engines.py:314}}
Jul 16 18:36:02.541550 dv-cinder-786932-5-iscsi devstack@c-api.service[100045]: /usr/local/lib/python3.8/dist-packages/oslo_context/context.py:105: DeprecationWarning: Policy enforcement is depending on the value of is_admin. This key is deprecated. Please update your policy file to use the standard policy values.
Jul 16 18:36:02.541550 dv-cinder-786932-5-iscsi devstack@c-api.service[100045]: warnings.warn('Policy enforcement is depending on the value of '
Jul 16 18:36:02.570620 dv-cinder-786932-5-iscsi devstack@c-api.service[100045]: INFO cinder.api.openstack.wsgi [None req-b65c9285-fb8e-4799-ae8d-5451e22514fe tempest-GroupsV314Test-450307735 tempest-GroupsV314Test-450307735-project] http://10.222.0.68/volume/v3/03b56de2edc54bb89b2964b45cfc0ebe/volumes/5c5fa17c-b3a8-47ab-9d05-be137172716d returned with HTTP 200
Jul 16 18:36:02.571918 dv-cinder-786932-5-iscsi devstack@c-api.service[100045]: [pid: 100045|app: 0|req: 39/73] 10.222.0.68 () {60 vars in 1366 bytes} [Fri Jul 16 18:36:02 2021] GET /volume/v3/03b56de2edc54bb89b2964b45cfc0ebe/volumes/5c5fa17c-b3a8-47ab-9d05-be137172716d => generated 966 bytes in 156 msecs (HTTP/1.1 200) 7 headers in 286 bytes (1 switches on core 0)
Jul 16 18:36:02.575904 dv-cinder-786932-5-iscsi devstack@c-api.service[100045]: INFO cinder.api.openstack.wsgi [None req-ecb53161-8080-48f6-84e5-631553dd42e4 tempest-VolumesTestJSON-554865569 tempest-VolumesTestJSON-554865569-project] DELETE http://10.222.0.68/volume/v3/d55c67ed556c42aeb910e89aef0542d6/volumes/72cf09f9-434a-4add-a501-85e1d428e7f8
Jul 16 18:36:02.582027 dv-cinder-786932-5-iscsi devstack@c-api.service[100045]: DEBUG cinder.api.openstack.wsgi [None req-ecb53161-8080-48f6-84e5-631553dd42e4 tempest-VolumesTestJSON-554865569 tempest-VolumesTestJSON-554865569-project] Empty body provided in request {{(pid=100045) get_body /opt/stack/cinder/cinder/api/openstack/wsgi.py:713}}
Jul 16 18:36:02.582525 dv-cinder-786932-5-iscsi devstack@c-api.service[100045]: /usr/local/lib/python3.8/dist-packages/webob/acceptparse.py:1047: DeprecationWarning: The behavior of AcceptValidHeader.best_match is currently being maintained for backward compatibility, but it will be deprecated in the future, as it does not conform to the RFC.
Jul 16 18:36:02.582525 dv-cinder-786932-5-iscsi devstack@c-api.service[100045]: warnings.warn(
Jul 16 18:36:02.583125 dv-cinder-786932-5-iscsi devstack@c-api.service[100045]: DEBUG cinder.api.openstack.wsgi [None req-ecb53161-8080-48f6-84e5-631553dd42e4 tempest-VolumesTestJSON-554865569 tempest-VolumesTestJSON-554865569-project] Calling method 'delete' {{(pid=100045) _process_stack /opt/stack/cinder/cinder/api/openstack/wsgi.py:866}}
Jul 16 18:36:02.583767 dv-cinder-786932-5-iscsi devstack@c-api.service[100045]: INFO cinder.api.v3.volumes [None req-ecb53161-8080-48f6-84e5-631553dd42e4 tempest-VolumesTestJSON-554865569 tempest-VolumesTestJSON-554865569-project] Delete volume with id: 72cf09f9-434a-4add-a501-85e1d428e7f8
Jul 16 18:36:02.624737 dv-cinder-786932-5-iscsi devstack@c-api.service[100045]: /usr/local/lib/python3.8/dist-packages/oslo_context/context.py:105: DeprecationWarning: Policy enforcement is depending on the value of is_admin. This key is deprecated. Please update your policy file to use the standard policy values.
Jul 16 18:36:02.624737 dv-cinder-786932-5-iscsi devstack@c-api.service[100045]: warnings.warn('Policy enforcement is depending on the value of '
Jul 16 18:36:02.626333 dv-cinder-786932-5-iscsi devstack@c-api.service[100045]: INFO cinder.volume.api [None req-ecb53161-8080-48f6-84e5-631553dd42e4 tempest-VolumesTestJSON-554865569 tempest-VolumesTestJSON-554865569-project] Volume info retrieved successfully.
Jul 16 18:36:02.734198 dv-cinder-786932-5-iscsi devstack@c-api.service[100045]: INFO cinder.volume.api [None req-ecb53161-8080-48f6-84e5-631553dd42e4 tempest-VolumesTestJSON-554865569 tempest-VolumesTestJSON-554865569-project] Delete volume request issued successfully.
Jul 16 18:36:02.734740 dv-cinder-786932-5-iscsi devstack@c-api.service[100045]: INFO cinder.api.openstack.wsgi [None req-ecb53161-8080-48f6-84e5-631553dd42e4 tempest-VolumesTestJSON-554865569 tempest-VolumesTestJSON-554865569-project] http://10.222.0.68/volume/v3/d55c67ed556c42aeb910e89aef0542d6/volumes/72cf09f9-434a-4add-a501-85e1d428e7f8 returned with HTTP 202
Jul 16 18:36:02.736113 dv-cinder-786932-5-iscsi devstack@c-api.service[100045]: [pid: 100045|app: 0|req: 40/74] 10.222.0.68 () {58 vars in 1328 bytes} [Fri Jul 16 18:36:02 2021] DELETE /volume/v3/d55c67ed556c42aeb910e89aef0542d6/volumes/72cf09f9-434a-4add-a501-85e1d428e7f8 => generated 0 bytes in 163 msecs (HTTP/1.1 202) 6 headers in 233 bytes (1 switches on core 0)
Jul 16 18:36:02.744758 dv-cinder-786932-5-iscsi devstack@c-api.service[100045]: INFO cinder.api.openstack.wsgi [None req-c5bc99cb-e782-493e-a5f5-63dd1a7ca859 tempest-VolumesTestJSON-554865569 tempest-VolumesTestJSON-554865569-project] GET http://10.222.0.68/volume/v3/d55c67ed556c42aeb910e89aef0542d6/volumes/72cf09f9-434a-4add-a501-85e1d428e7f8
Jul 16 18:36:02.745662 dv-cinder-786932-5-iscsi devstack@c-api.service[100045]: DEBUG cinder.api.openstack.wsgi [None req-c5bc99cb-e782-493e-a5f5-63dd1a7ca859 tempest-VolumesTestJSON-554865569 tempest-VolumesTestJSON-554865569-project] Empty body provided in request {{(pid=100045) get_body /opt/stack/cinder/cinder/api/openstack/wsgi.py:713}}
Jul 16 18:36:02.746321 dv-cinder-786932-5-iscsi devstack@c-api.service[100045]: /usr/local/lib/python3.8/dist-packages/webob/acceptparse.py:1047: DeprecationWarning: The behavior of AcceptValidHeader.best_match is currently being maintained for backward compatibility, but it will be deprecated in the future, as it does not conform to the RFC.
Jul 16 18:36:02.746321 dv-cinder-786932-5-iscsi devstack@c-api.service[100045]: warnings.warn(
Jul 16 18:36:02.748158 dv-cinder-786932-5-iscsi devstack@c-api.service[100045]: DEBUG cinder.api.openstack.wsgi [None req-c5bc99cb-e782-493e-a5f5-63dd1a7ca859 tempest-VolumesTestJSON-554865569 tempest-VolumesTestJSON-554865569-project] Calling method 'show' {{(pid=100045) _process_stack /opt/stack/cinder/cinder/api/openstack/wsgi.py:866}}
Jul 16 18:36:02.781622 dv-cinder-786932-5-iscsi devstack@c-api.service[100046]: INFO cinder.group.api [None req-9ae3e07d-82af-4409-abaa-8c0447adf362 tempest-GroupSnapshotsTest-1687554935 tempest-GroupSnapshotsTest-1687554935-project] A mapping entry already exists for group e70a3064-83f1-413d-b146-7ae0c44c5305 and volume type 387b1bbb-0efe-4985-baa4-b3e5cea6640b. Do not need to create again.
Jul 16 18:36:02.782636 dv-cinder-786932-5-iscsi devstack@c-api.service[100046]: /usr/local/lib/python3.8/dist-packages/oslo_context/context.py:105: DeprecationWarning: Policy enforcement is depending on the value of is_admin. This key is deprecated. Please update your policy file to use the standard policy values.
Jul 16 18:36:02.782636 dv-cinder-786932-5-iscsi devstack@c-api.service[100046]: warnings.warn('Policy enforcement is depending on the value of '
Jul 16 18:36:02.786624 dv-cinder-786932-5-iscsi devstack@c-api.service[100046]: INFO cinder.volume.api [None req-9ae3e07d-82af-4409-abaa-8c0447adf362 tempest-GroupSnapshotsTest-1687554935 tempest-GroupSnapshotsTest-1687554935-project] Availability Zones retrieved successfully.
Jul 16 18:36:02.794457 dv-cinder-786932-5-iscsi devstack@c-api.service[100045]: /usr/local/lib/python3.8/dist-packages/oslo_context/context.py:105: DeprecationWarning: Policy enforcement is depending on the value of is_admin. This key is deprecated. Please update your policy file to use the standard policy values.
Jul 16 18:36:02.794457 dv-cinder-786932-5-iscsi devstack@c-api.service[100045]: warnings.warn('Policy enforcement is depending on the value of '
Jul 16 18:36:02.812764 dv-cinder-786932-5-iscsi devstack@c-api.service[100045]: INFO cinder.volume.api [None req-c5bc99cb-e782-493e-a5f5-63dd1a7ca859 tempest-VolumesTestJSON-554865569 tempest-VolumesTestJSON-554865569-project] Volume info retrieved successfully.
Jul 16 18:36:02.843169 dv-cinder-786932-5-iscsi devstack@c-api.service[100046]: DEBUG cinder.volume.api [None req-9ae3e07d-82af-4409-abaa-8c0447adf362 tempest-GroupSnapshotsTest-1687554935 tempest-GroupSnapshotsTest-1687554935-project] Flow 'volume_create_api' (e5d63565-6ca6-4dd5-81f1-1014c0127191) transitioned into state 'RUNNING' from state 'PENDING' {{(pid=100046) _flow_receiver /usr/local/lib/python3.8/dist-packages/taskflow/listeners/logging.py:141}}
Jul 16 18:36:02.847173 dv-cinder-786932-5-iscsi devstack@c-api.service[100045]: INFO cinder.api.openstack.wsgi [None req-c5bc99cb-e782-493e-a5f5-63dd1a7ca859 tempest-VolumesTestJSON-554865569 tempest-VolumesTestJSON-554865569-project] http://10.222.0.68/volume/v3/d55c67ed556c42aeb910e89aef0542d6/volumes/72cf09f9-434a-4add-a501-85e1d428e7f8 returned with HTTP 200
Jul 16 18:36:02.849639 dv-cinder-786932-5-iscsi devstack@c-api.service[100045]: [pid: 100045|app: 0|req: 41/75] 10.222.0.68 () {58 vars in 1325 bytes} [Fri Jul 16 18:36:02 2021] GET /volume/v3/d55c67ed556c42aeb910e89aef0542d6/volumes/72cf09f9-434a-4add-a501-85e1d428e7f8 => generated 920 bytes in 109 msecs (HTTP/1.1 200) 7 headers in 285 bytes (1 switches on core 0)
Jul 16 18:36:02.860757 dv-cinder-786932-5-iscsi devstack@c-api.service[100046]: DEBUG cinder.volume.api [None req-9ae3e07d-82af-4409-abaa-8c0447adf362 tempest-GroupSnapshotsTest-1687554935 tempest-GroupSnapshotsTest-1687554935-project] Task 'cinder.volume.flows.api.create_volume.ExtractVolumeRequestTask;volume:create' (2524a84d-7ae8-4488-a371-ed4b047e62ab) transitioned into state 'RUNNING' from state 'PENDING' {{(pid=100046) _task_receiver /usr/local/lib/python3.8/dist-packages/taskflow/listeners/logging.py:190}}
