Jul 14 12:31:45.802449 dv-cinder-786932-4-iscsi devstack@c-api.service[99824]: warnings.warn('Policy enforcement is depending on the value of '
Jul 14 12:31:45.825088 dv-cinder-786932-4-iscsi devstack@c-api.service[99824]: INFO cinder.volume.api [None req-94d8e039-f634-4d7a-a763-045f7dc3a3a9 tempest-VolumesTestJSON-1190041669 tempest-VolumesTestJSON-1190041669-project] Volume info retrieved successfully.
Jul 14 12:31:45.862090 dv-cinder-786932-4-iscsi devstack@c-api.service[99824]: INFO cinder.api.openstack.wsgi [None req-94d8e039-f634-4d7a-a763-045f7dc3a3a9 tempest-VolumesTestJSON-1190041669 tempest-VolumesTestJSON-1190041669-project] http://10.222.0.63/volume/v3/cccf9fa7b7a44169893c97170ce8c0fe/volumes/c98cc286-4cd7-4e97-8e6c-c1c607367e98 returned with HTTP 200
Jul 14 12:31:45.887817 dv-cinder-786932-4-iscsi devstack@c-api.service[99824]: [pid: 99824|app: 0|req: 33/78] 10.222.0.63 () {58 vars in 1325 bytes} [Wed Jul 14 12:31:45 2021] GET /volume/v3/cccf9fa7b7a44169893c97170ce8c0fe/volumes/c98cc286-4cd7-4e97-8e6c-c1c607367e98 => generated 919 bytes in 115 msecs (HTTP/1.1 200) 7 headers in 285 bytes (1 switches on core 0)
Jul 14 12:31:46.541280 dv-cinder-786932-4-iscsi devstack@c-api.service[99823]: INFO cinder.api.openstack.wsgi [None req-fc1ca309-1886-4fa2-9c2d-20f5ce48318b tempest-GroupsTest-684775590 tempest-GroupsTest-684775590-project] GET http://10.222.0.63/volume/v3/375a50dc787a4077a73201ea2ed34011/volumes/099649d4-36de-481f-8250-2c5876313cd3
Jul 14 12:31:46.541833 dv-cinder-786932-4-iscsi devstack@c-api.service[99823]: DEBUG cinder.api.openstack.wsgi [None req-fc1ca309-1886-4fa2-9c2d-20f5ce48318b tempest-GroupsTest-684775590 tempest-GroupsTest-684775590-project] Empty body provided in request {{(pid=99823) get_body /opt/stack/cinder/cinder/api/openstack/wsgi.py:713}}
Jul 14 12:31:46.541950 dv-cinder-786932-4-iscsi devstack@c-api.service[99823]: /usr/local/lib/python3.8/dist-packages/webob/acceptparse.py:1047: DeprecationWarning: The behavior of AcceptValidHeader.best_match is currently being maintained for backward compatibility, but it will be deprecated in the future, as it does not conform to the RFC.
Jul 14 12:31:46.541950 dv-cinder-786932-4-iscsi devstack@c-api.service[99823]: warnings.warn(
Jul 14 12:31:46.542262 dv-cinder-786932-4-iscsi devstack@c-api.service[99823]: DEBUG cinder.api.openstack.wsgi [None req-fc1ca309-1886-4fa2-9c2d-20f5ce48318b tempest-GroupsTest-684775590 tempest-GroupsTest-684775590-project] Calling method 'show' {{(pid=99823) _process_stack /opt/stack/cinder/cinder/api/openstack/wsgi.py:866}}
Jul 14 12:31:46.589145 dv-cinder-786932-4-iscsi devstack@c-api.service[99824]: INFO cinder.api.openstack.wsgi [req-27abf44f-95bc-4b87-a6dd-6e09f4efe747 req-01d9a690-8f54-40a8-999d-41798df399ae tempest-VolumesSnapshotsTestJSON-1218047485 tempest-VolumesSnapshotsTestJSON-1218047485-project] GET http://10.222.0.63/volume/v3/c23e0ea66bad4bfbac9c61bd9a046af6/volumes/079de803-8ee3-47bd-b441-db74242e2ce6
Jul 14 12:31:46.590280 dv-cinder-786932-4-iscsi devstack@c-api.service[99824]: DEBUG cinder.api.openstack.wsgi [req-27abf44f-95bc-4b87-a6dd-6e09f4efe747 req-01d9a690-8f54-40a8-999d-41798df399ae tempest-VolumesSnapshotsTestJSON-1218047485 tempest-VolumesSnapshotsTestJSON-1218047485-project] Empty body provided in request {{(pid=99824) get_body /opt/stack/cinder/cinder/api/openstack/wsgi.py:713}}
Jul 14 12:31:46.590661 dv-cinder-786932-4-iscsi devstack@c-api.service[99824]: /usr/local/lib/python3.8/dist-packages/webob/acceptparse.py:1047: DeprecationWarning: The behavior of AcceptValidHeader.best_match is currently being maintained for backward compatibility, but it will be deprecated in the future, as it does not conform to the RFC.
Jul 14 12:31:46.590661 dv-cinder-786932-4-iscsi devstack@c-api.service[99824]: warnings.warn(
Jul 14 12:31:46.591287 dv-cinder-786932-4-iscsi devstack@c-api.service[99824]: DEBUG cinder.api.openstack.wsgi [req-27abf44f-95bc-4b87-a6dd-6e09f4efe747 req-01d9a690-8f54-40a8-999d-41798df399ae tempest-VolumesSnapshotsTestJSON-1218047485 tempest-VolumesSnapshotsTestJSON-1218047485-project] Calling method 'show' {{(pid=99824) _process_stack /opt/stack/cinder/cinder/api/openstack/wsgi.py:866}}
Jul 14 12:31:46.621756 dv-cinder-786932-4-iscsi devstack@c-api.service[99824]: INFO cinder.api.openstack.wsgi [req-27abf44f-95bc-4b87-a6dd-6e09f4efe747 req-01d9a690-8f54-40a8-999d-41798df399ae tempest-VolumesSnapshotsTestJSON-1218047485 tempest-VolumesSnapshotsTestJSON-1218047485-project] http://10.222.0.63/volume/v3/c23e0ea66bad4bfbac9c61bd9a046af6/volumes/079de803-8ee3-47bd-b441-db74242e2ce6 returned with HTTP 404
Jul 14 12:31:46.622209 dv-cinder-786932-4-iscsi devstack@c-api.service[99823]: INFO cinder.api.openstack.wsgi [None req-fc1ca309-1886-4fa2-9c2d-20f5ce48318b tempest-GroupsTest-684775590 tempest-GroupsTest-684775590-project] http://10.222.0.63/volume/v3/375a50dc787a4077a73201ea2ed34011/volumes/099649d4-36de-481f-8250-2c5876313cd3 returned with HTTP 404
Jul 14 12:31:46.625740 dv-cinder-786932-4-iscsi devstack@c-api.service[99824]: [pid: 99824|app: 0|req: 34/79] 10.222.0.63 () {60 vars in 1579 bytes} [Wed Jul 14 12:31:46 2021] GET /volume/v3/c23e0ea66bad4bfbac9c61bd9a046af6/volumes/079de803-8ee3-47bd-b441-db74242e2ce6 => generated 109 bytes in 41 msecs (HTTP/1.1 404) 7 headers in 292 bytes (1 switches on core 0)
Jul 14 12:31:46.632560 dv-cinder-786932-4-iscsi devstack@c-api.service[99823]: [pid: 99823|app: 0|req: 46/80] 10.222.0.63 () {60 vars in 1366 bytes} [Wed Jul 14 12:31:46 2021] GET /volume/v3/375a50dc787a4077a73201ea2ed34011/volumes/099649d4-36de-481f-8250-2c5876313cd3 => generated 109 bytes in 96 msecs (HTTP/1.1 404) 7 headers in 293 bytes (1 switches on core 0)
Jul 14 12:31:46.661275 dv-cinder-786932-4-iscsi devstack@c-api.service[99823]: INFO cinder.api.openstack.wsgi [None req-a1e7e87a-629f-401c-9f34-709a51f87ae3 tempest-GroupsTest-684775590 tempest-GroupsTest-684775590-project] GET http://10.222.0.63/volume/v3/375a50dc787a4077a73201ea2ed34011/groups/01f8a381-b877-46e7-9baf-80d36566b90e
Jul 14 12:31:46.662922 dv-cinder-786932-4-iscsi devstack@c-api.service[99823]: DEBUG cinder.api.openstack.wsgi [None req-a1e7e87a-629f-401c-9f34-709a51f87ae3 tempest-GroupsTest-684775590 tempest-GroupsTest-684775590-project] Empty body provided in request {{(pid=99823) get_body /opt/stack/cinder/cinder/api/openstack/wsgi.py:713}}
Jul 14 12:31:46.669333 dv-cinder-786932-4-iscsi devstack@c-api.service[99823]: DEBUG cinder.api.openstack.wsgi [None req-a1e7e87a-629f-401c-9f34-709a51f87ae3 tempest-GroupsTest-684775590 tempest-GroupsTest-684775590-project] Calling method 'version_select' {{(pid=99823) _process_stack /opt/stack/cinder/cinder/api/openstack/wsgi.py:866}}
Jul 14 12:31:46.672149 dv-cinder-786932-4-iscsi devstack@c-api.service[99823]: DEBUG cinder.api.v3.groups [None req-a1e7e87a-629f-401c-9f34-709a51f87ae3 tempest-GroupsTest-684775590 tempest-GroupsTest-684775590-project] show called for member 01f8a381-b877-46e7-9baf-80d36566b90e {{(pid=99823) show /opt/stack/cinder/cinder/api/v3/groups.py:58}}
Jul 14 12:31:46.680478 dv-cinder-786932-4-iscsi devstack@c-api.service[99824]: INFO cinder.api.openstack.wsgi [req-0ccd694a-743d-43a6-be87-301eb5f609cc req-17cbfe79-b24d-4dba-a542-41dca3932faa tempest-VolumesSnapshotsTestJSON-1218047485 tempest-VolumesSnapshotsTestJSON-1218047485-project] DELETE http://10.222.0.63/volume/v3/c23e0ea66bad4bfbac9c61bd9a046af6/volumes/079de803-8ee3-47bd-b441-db74242e2ce6
Jul 14 12:31:46.681312 dv-cinder-786932-4-iscsi devstack@c-api.service[99824]: DEBUG cinder.api.openstack.wsgi [req-0ccd694a-743d-43a6-be87-301eb5f609cc req-17cbfe79-b24d-4dba-a542-41dca3932faa tempest-VolumesSnapshotsTestJSON-1218047485 tempest-VolumesSnapshotsTestJSON-1218047485-project] Empty body provided in request {{(pid=99824) get_body /opt/stack/cinder/cinder/api/openstack/wsgi.py:713}}
Jul 14 12:31:46.682025 dv-cinder-786932-4-iscsi devstack@c-api.service[99824]: DEBUG cinder.api.openstack.wsgi [req-0ccd694a-743d-43a6-be87-301eb5f609cc req-17cbfe79-b24d-4dba-a542-41dca3932faa tempest-VolumesSnapshotsTestJSON-1218047485 tempest-VolumesSnapshotsTestJSON-1218047485-project] Calling method 'delete' {{(pid=99824) _process_stack /opt/stack/cinder/cinder/api/openstack/wsgi.py:866}}
Jul 14 12:31:46.682672 dv-cinder-786932-4-iscsi devstack@c-api.service[99824]: INFO cinder.api.v3.volumes [req-0ccd694a-743d-43a6-be87-301eb5f609cc req-17cbfe79-b24d-4dba-a542-41dca3932faa tempest-VolumesSnapshotsTestJSON-1218047485 tempest-VolumesSnapshotsTestJSON-1218047485-project] Delete volume with id: 079de803-8ee3-47bd-b441-db74242e2ce6
Jul 14 12:31:46.693247 dv-cinder-786932-4-iscsi devstack@c-api.service[99823]: INFO cinder.api.openstack.wsgi [None req-a1e7e87a-629f-401c-9f34-709a51f87ae3 tempest-GroupsTest-684775590 tempest-GroupsTest-684775590-project] http://10.222.0.63/volume/v3/375a50dc787a4077a73201ea2ed34011/groups/01f8a381-b877-46e7-9baf-80d36566b90e returned with HTTP 404
Jul 14 12:31:46.704805 dv-cinder-786932-4-iscsi devstack@c-api.service[99823]: [pid: 99823|app: 0|req: 47/81] 10.222.0.63 () {60 vars in 1363 bytes} [Wed Jul 14 12:31:46 2021] GET /volume/v3/375a50dc787a4077a73201ea2ed34011/groups/01f8a381-b877-46e7-9baf-80d36566b90e => generated 108 bytes in 71 msecs (HTTP/1.1 404) 7 headers in 293 bytes (1 switches on core 0)
Jul 14 12:31:46.722909 dv-cinder-786932-4-iscsi devstack@c-api.service[99823]: INFO cinder.api.openstack.wsgi [None req-89c877c8-a756-42ee-abab-b104b84d157c tempest-GroupsTest-684775590 tempest-GroupsTest-684775590-project] POST http://10.222.0.63/volume/v3/375a50dc787a4077a73201ea2ed34011/groups/86b05cfa-4648-48e4-8bd8-1364d5db8b56/action
Jul 14 12:31:46.725960 dv-cinder-786932-4-iscsi devstack@c-api.service[99824]: INFO cinder.api.openstack.wsgi [req-0ccd694a-743d-43a6-be87-301eb5f609cc req-17cbfe79-b24d-4dba-a542-41dca3932faa tempest-VolumesSnapshotsTestJSON-1218047485 tempest-VolumesSnapshotsTestJSON-1218047485-project] http://10.222.0.63/volume/v3/c23e0ea66bad4bfbac9c61bd9a046af6/volumes/079de803-8ee3-47bd-b441-db74242e2ce6 returned with HTTP 404
Jul 14 12:31:46.726701 dv-cinder-786932-4-iscsi devstack@c-api.service[99823]: DEBUG cinder.api.openstack.wsgi [None req-89c877c8-a756-42ee-abab-b104b84d157c tempest-GroupsTest-684775590 tempest-GroupsTest-684775590-project] Action body: b'{"delete": {"delete-volumes": false}}' {{(pid=99823) get_method /opt/stack/cinder/cinder/api/openstack/wsgi.py:981}}
Jul 14 12:31:46.727312 dv-cinder-786932-4-iscsi devstack@c-api.service[99823]: DEBUG cinder.api.openstack.wsgi [None req-89c877c8-a756-42ee-abab-b104b84d157c tempest-GroupsTest-684775590 tempest-GroupsTest-684775590-project] Action: 'action', calling method: delete_group, body: {"delete": {"delete-volumes": false}} {{(pid=99823) _process_stack /opt/stack/cinder/cinder/api/openstack/wsgi.py:864}}
Jul 14 12:31:46.733894 dv-cinder-786932-4-iscsi devstack@c-api.service[99823]: DEBUG cinder.api.v3.groups [None req-89c877c8-a756-42ee-abab-b104b84d157c tempest-GroupsTest-684775590 tempest-GroupsTest-684775590-project] delete called for group 86b05cfa-4648-48e4-8bd8-1364d5db8b56 {{(pid=99823) _delete /opt/stack/cinder/cinder/api/v3/groups.py:117}}
Jul 14 12:31:46.736011 dv-cinder-786932-4-iscsi devstack@c-api.service[99823]: INFO cinder.api.v3.groups [None req-89c877c8-a756-42ee-abab-b104b84d157c tempest-GroupsTest-684775590 tempest-GroupsTest-684775590-project] Delete group with id: 86b05cfa-4648-48e4-8bd8-1364d5db8b56
Jul 14 12:31:46.738986 dv-cinder-786932-4-iscsi devstack@c-api.service[99824]: [pid: 99824|app: 0|req: 35/82] 10.222.0.63 () {62 vars in 1601 bytes} [Wed Jul 14 12:31:46 2021] DELETE /volume/v3/c23e0ea66bad4bfbac9c61bd9a046af6/volumes/079de803-8ee3-47bd-b441-db74242e2ce6 => generated 109 bytes in 63 msecs (HTTP/1.1 404) 7 headers in 292 bytes (1 switches on core 0)
Jul 14 12:31:46.751339 dv-cinder-786932-4-iscsi devstack@c-api.service[99823]: /usr/local/lib/python3.8/dist-packages/oslo_context/context.py:105: DeprecationWarning: Policy enforcement is depending on the value of is_admin. This key is deprecated. Please update your policy file to use the standard policy values.
Jul 14 12:31:46.751339 dv-cinder-786932-4-iscsi devstack@c-api.service[99823]: warnings.warn('Policy enforcement is depending on the value of '
Jul 14 12:31:46.825915 dv-cinder-786932-4-iscsi devstack@c-api.service[99824]: INFO cinder.api.openstack.wsgi [req-4b4f7e66-7037-4908-9d02-d5b17f251342 req-669f8cbe-2bb2-4a62-a604-20b1beb8d6a7 tempest-VolumesSnapshotsTestJSON-1218047485 tempest-VolumesSnapshotsTestJSON-1218047485-project] GET http://10.222.0.63/volume/v3/c23e0ea66bad4bfbac9c61bd9a046af6/volumes/079de803-8ee3-47bd-b441-db74242e2ce6
Jul 14 12:31:46.826432 dv-cinder-786932-4-iscsi devstack@c-api.service[99824]: DEBUG cinder.api.openstack.wsgi [req-4b4f7e66-7037-4908-9d02-d5b17f251342 req-669f8cbe-2bb2-4a62-a604-20b1beb8d6a7 tempest-VolumesSnapshotsTestJSON-1218047485 tempest-VolumesSnapshotsTestJSON-1218047485-project] Empty body provided in request {{(pid=99824) get_body /opt/stack/cinder/cinder/api/openstack/wsgi.py:713}}
Jul 14 12:31:46.827046 dv-cinder-786932-4-iscsi devstack@c-api.service[99824]: DEBUG cinder.api.openstack.wsgi [req-4b4f7e66-7037-4908-9d02-d5b17f251342 req-669f8cbe-2bb2-4a62-a604-20b1beb8d6a7 tempest-VolumesSnapshotsTestJSON-1218047485 tempest-VolumesSnapshotsTestJSON-1218047485-project] Calling method 'show' {{(pid=99824) _process_stack /opt/stack/cinder/cinder/api/openstack/wsgi.py:866}}
Jul 14 12:31:46.865047 dv-cinder-786932-4-iscsi devstack@c-api.service[99824]: INFO cinder.api.openstack.wsgi [req-4b4f7e66-7037-4908-9d02-d5b17f251342 req-669f8cbe-2bb2-4a62-a604-20b1beb8d6a7 tempest-VolumesSnapshotsTestJSON-1218047485 tempest-VolumesSnapshotsTestJSON-1218047485-project] http://10.222.0.63/volume/v3/c23e0ea66bad4bfbac9c61bd9a046af6/volumes/079de803-8ee3-47bd-b441-db74242e2ce6 returned with HTTP 404
Jul 14 12:31:46.875412 dv-cinder-786932-4-iscsi devstack@c-api.service[99823]: INFO cinder.api.openstack.wsgi [None req-89c877c8-a756-42ee-abab-b104b84d157c tempest-GroupsTest-684775590 tempest-GroupsTest-684775590-project] http://10.222.0.63/volume/v3/375a50dc787a4077a73201ea2ed34011/groups/86b05cfa-4648-48e4-8bd8-1364d5db8b56/action returned with HTTP 202
Jul 14 12:31:46.877324 dv-cinder-786932-4-iscsi devstack@c-api.service[99823]: [pid: 99823|app: 0|req: 48/83] 10.222.0.63 () {62 vars in 1405 bytes} [Wed Jul 14 12:31:46 2021] POST /volume/v3/375a50dc787a4077a73201ea2ed34011/groups/86b05cfa-4648-48e4-8bd8-1364d5db8b56/action => generated 0 bytes in 170 msecs (HTTP/1.1 202) 6 headers in 234 bytes (1 switches on core 0)
Jul 14 12:31:46.897337 dv-cinder-786932-4-iscsi devstack@c-api.service[99824]: [pid: 99824|app: 0|req: 36/84] 10.222.0.63 () {60 vars in 1579 bytes} [Wed Jul 14 12:31:46 2021] GET /volume/v3/c23e0ea66bad4bfbac9c61bd9a046af6/volumes/079de803-8ee3-47bd-b441-db74242e2ce6 => generated 109 bytes in 70 msecs (HTTP/1.1 404) 7 headers in 292 bytes (2 switches on core 0)
Jul 14 12:31:46.900954 dv-cinder-786932-4-iscsi devstack@c-api.service[99823]: INFO cinder.api.openstack.wsgi [None req-e6b9c4cc-be81-488e-87d4-0524daec7bbd tempest-GroupsTest-684775590 tempest-GroupsTest-684775590-project] GET http://10.222.0.63/volume/v3/375a50dc787a4077a73201ea2ed34011/groups/86b05cfa-4648-48e4-8bd8-1364d5db8b56
Jul 14 12:31:46.902265 dv-cinder-786932-4-iscsi devstack@c-api.service[99823]: DEBUG cinder.api.openstack.wsgi [None req-e6b9c4cc-be81-488e-87d4-0524daec7bbd tempest-GroupsTest-684775590 tempest-GroupsTest-684775590-project] Empty body provided in request {{(pid=99823) get_body /opt/stack/cinder/cinder/api/openstack/wsgi.py:713}}
Jul 14 12:31:46.902837 dv-cinder-786932-4-iscsi devstack@c-api.service[99823]: /usr/local/lib/python3.8/dist-packages/webob/acceptparse.py:1047: DeprecationWarning: The behavior of AcceptValidHeader.best_match is currently being maintained for backward compatibility, but it will be deprecated in the future, as it does not conform to the RFC.
Jul 14 12:31:46.902837 dv-cinder-786932-4-iscsi devstack@c-api.service[99823]: warnings.warn(
Jul 14 12:31:46.914130 dv-cinder-786932-4-iscsi devstack@c-api.service[99823]: DEBUG cinder.api.openstack.wsgi [None req-e6b9c4cc-be81-488e-87d4-0524daec7bbd tempest-GroupsTest-684775590 tempest-GroupsTest-684775590-project] Calling method 'version_select' {{(pid=99823) _process_stack /opt/stack/cinder/cinder/api/openstack/wsgi.py:866}}
Jul 14 12:31:46.914956 dv-cinder-786932-4-iscsi devstack@c-api.service[99823]: DEBUG cinder.api.v3.groups [None req-e6b9c4cc-be81-488e-87d4-0524daec7bbd tempest-GroupsTest-684775590 tempest-GroupsTest-684775590-project] show called for member 86b05cfa-4648-48e4-8bd8-1364d5db8b56 {{(pid=99823) show /opt/stack/cinder/cinder/api/v3/groups.py:58}}
Jul 14 12:31:46.921683 dv-cinder-786932-4-iscsi devstack@c-api.service[99824]: INFO cinder.api.openstack.wsgi [None req-12e30d43-34c2-4486-88f3-060c645f6dd3 tempest-VolumesTestJSON-1190041669 tempest-VolumesTestJSON-1190041669-project] GET http://10.222.0.63/volume/v3/cccf9fa7b7a44169893c97170ce8c0fe/volumes/c98cc286-4cd7-4e97-8e6c-c1c607367e98
Jul 14 12:31:46.922284 dv-cinder-786932-4-iscsi devstack@c-api.service[99824]: DEBUG cinder.api.openstack.wsgi [None req-12e30d43-34c2-4486-88f3-060c645f6dd3 tempest-VolumesTestJSON-1190041669 tempest-VolumesTestJSON-1190041669-project] Empty body provided in request {{(pid=99824) get_body /opt/stack/cinder/cinder/api/openstack/wsgi.py:713}}
Jul 14 12:31:46.922724 dv-cinder-786932-4-iscsi devstack@c-api.service[99824]: DEBUG cinder.api.openstack.wsgi [None req-12e30d43-34c2-4486-88f3-060c645f6dd3 tempest-VolumesTestJSON-1190041669 tempest-VolumesTestJSON-1190041669-project] Calling method 'show' {{(pid=99824) _process_stack /opt/stack/cinder/cinder/api/openstack/wsgi.py:866}}
Jul 14 12:31:46.923016 dv-cinder-786932-4-iscsi devstack@c-api.service[99823]: /usr/local/lib/python3.8/dist-packages/oslo_context/context.py:105: DeprecationWarning: Policy enforcement is depending on the value of is_admin. This key is deprecated. Please update your policy file to use the standard policy values.
Jul 14 12:31:46.923016 dv-cinder-786932-4-iscsi devstack@c-api.service[99823]: warnings.warn('Policy enforcement is depending on the value of '
Jul 14 12:31:46.947320 dv-cinder-786932-4-iscsi devstack@c-api.service[99823]: INFO cinder.api.openstack.wsgi [None req-e6b9c4cc-be81-488e-87d4-0524daec7bbd tempest-GroupsTest-684775590 tempest-GroupsTest-684775590-project] http://10.222.0.63/volume/v3/375a50dc787a4077a73201ea2ed34011/groups/86b05cfa-4648-48e4-8bd8-1364d5db8b56 returned with HTTP 200
Jul 14 12:31:46.953096 dv-cinder-786932-4-iscsi devstack@c-api.service[99823]: [pid: 99823|app: 0|req: 49/85] 10.222.0.63 () {60 vars in 1363 bytes} [Wed Jul 14 12:31:46 2021] GET /volume/v3/375a50dc787a4077a73201ea2ed34011/groups/86b05cfa-4648-48e4-8bd8-1364d5db8b56 => generated 321 bytes in 53 msecs (HTTP/1.1 200) 7 headers in 286 bytes (1 switches on core 0)
Jul 14 12:31:46.983374 dv-cinder-786932-4-iscsi devstack@c-api.service[99824]: INFO cinder.api.openstack.wsgi [None req-12e30d43-34c2-4486-88f3-060c645f6dd3 tempest-VolumesTestJSON-1190041669 tempest-VolumesTestJSON-1190041669-project] http://10.222.0.63/volume/v3/cccf9fa7b7a44169893c97170ce8c0fe/volumes/c98cc286-4cd7-4e97-8e6c-c1c607367e98 returned with HTTP 404
Jul 14 12:31:46.987914 dv-cinder-786932-4-iscsi devstack@c-api.service[99824]: [pid: 99824|app: 0|req: 37/86] 10.222.0.63 () {58 vars in 1325 bytes} [Wed Jul 14 12:31:46 2021] GET /volume/v3/cccf9fa7b7a44169893c97170ce8c0fe/volumes/c98cc286-4cd7-4e97-8e6c-c1c607367e98 => generated 109 bytes in 90 msecs (HTTP/1.1 404) 7 headers in 292 bytes (1 switches on core 0)
Jul 14 12:31:47.961526 dv-cinder-786932-4-iscsi devstack@c-api.service[99823]: INFO cinder.api.openstack.wsgi [None req-43a4abd3-e8cf-43c0-aba9-fc1712cfbd16 tempest-GroupsTest-684775590 tempest-GroupsTest-684775590-project] GET http://10.222.0.63/volume/v3/375a50dc787a4077a73201ea2ed34011/groups/86b05cfa-4648-48e4-8bd8-1364d5db8b56
Jul 14 12:31:47.968183 dv-cinder-786932-4-iscsi devstack@c-api.service[99823]: DEBUG cinder.api.openstack.wsgi [None req-43a4abd3-e8cf-43c0-aba9-fc1712cfbd16 tempest-GroupsTest-684775590 tempest-GroupsTest-684775590-project] Empty body provided in request {{(pid=99823) get_body /opt/stack/cinder/cinder/api/openstack/wsgi.py:713}}
Jul 14 12:31:47.968386 dv-cinder-786932-4-iscsi devstack@c-api.service[99823]: /usr/local/lib/python3.8/dist-packages/webob/acceptparse.py:1047: DeprecationWarning: The behavior of AcceptValidHeader.best_match is currently being maintained for backward compatibility, but it will be deprecated in the future, as it does not conform to the RFC.
Jul 14 12:31:47.968386 dv-cinder-786932-4-iscsi devstack@c-api.service[99823]: warnings.warn(
Jul 14 12:31:47.972851 dv-cinder-786932-4-iscsi devstack@c-api.service[99823]: DEBUG cinder.api.openstack.wsgi [None req-43a4abd3-e8cf-43c0-aba9-fc1712cfbd16 tempest-GroupsTest-684775590 tempest-GroupsTest-684775590-project] Calling method 'version_select' {{(pid=99823) _process_stack /opt/stack/cinder/cinder/api/openstack/wsgi.py:866}}
Jul 14 12:31:47.973358 dv-cinder-786932-4-iscsi devstack@c-api.service[99823]: DEBUG cinder.api.v3.groups [None req-43a4abd3-e8cf-43c0-aba9-fc1712cfbd16 tempest-GroupsTest-684775590 tempest-GroupsTest-684775590-project] show called for member 86b05cfa-4648-48e4-8bd8-1364d5db8b56 {{(pid=99823) show /opt/stack/cinder/cinder/api/v3/groups.py:58}}
Jul 14 12:31:48.002112 dv-cinder-786932-4-iscsi devstack@c-api.service[99823]: INFO cinder.api.openstack.wsgi [None req-43a4abd3-e8cf-43c0-aba9-fc1712cfbd16 tempest-GroupsTest-684775590 tempest-GroupsTest-684775590-project] http://10.222.0.63/volume/v3/375a50dc787a4077a73201ea2ed34011/groups/86b05cfa-4648-48e4-8bd8-1364d5db8b56 returned with HTTP 404
Jul 14 12:31:48.002961 dv-cinder-786932-4-iscsi devstack@c-api.service[99823]: [pid: 99823|app: 0|req: 50/87] 10.222.0.63 () {60 vars in 1363 bytes} [Wed Jul 14 12:31:47 2021] GET /volume/v3/375a50dc787a4077a73201ea2ed34011/groups/86b05cfa-4648-48e4-8bd8-1364d5db8b56 => generated 108 bytes in 46 msecs (HTTP/1.1 404) 7 headers in 293 bytes (1 switches on core 0)
Jul 14 12:31:48.024407 dv-cinder-786932-4-iscsi devstack@c-api.service[99824]: INFO cinder.api.openstack.wsgi [None req-7845a222-3702-405c-92e9-f192918e7cda tempest-GroupsTest-684775590 tempest-GroupsTest-684775590-project] GET http://10.222.0.63/volume/v3/375a50dc787a4077a73201ea2ed34011/groups/detail
Jul 14 12:31:48.025722 dv-cinder-786932-4-iscsi devstack@c-api.service[99824]: DEBUG cinder.api.openstack.wsgi [None req-7845a222-3702-405c-92e9-f192918e7cda tempest-GroupsTest-684775590 tempest-GroupsTest-684775590-project] Empty body provided in request {{(pid=99824) get_body /opt/stack/cinder/cinder/api/openstack/wsgi.py:713}}
Jul 14 12:31:48.027419 dv-cinder-786932-4-iscsi devstack@c-api.service[99824]: DEBUG cinder.api.openstack.wsgi [None req-7845a222-3702-405c-92e9-f192918e7cda tempest-GroupsTest-684775590 tempest-GroupsTest-684775590-project] Calling method 'version_select' {{(pid=99824) _process_stack /opt/stack/cinder/cinder/api/openstack/wsgi.py:866}}
Jul 14 12:31:48.068709 dv-cinder-786932-4-iscsi devstack@c-api.service[99824]: INFO cinder.api.openstack.wsgi [None req-7845a222-3702-405c-92e9-f192918e7cda tempest-GroupsTest-684775590 tempest-GroupsTest-684775590-project] http://10.222.0.63/volume/v3/375a50dc787a4077a73201ea2ed34011/groups/detail returned with HTTP 200
Jul 14 12:31:48.074620 dv-cinder-786932-4-iscsi devstack@c-api.service[99824]: [pid: 99824|app: 0|req: 38/88] 10.222.0.63 () {60 vars in 1273 bytes} [Wed Jul 14 12:31:48 2021] GET /volume/v3/375a50dc787a4077a73201ea2ed34011/groups/detail => generated 14 bytes in 56 msecs (HTTP/1.1 200) 7 headers in 285 bytes (1 switches on core 0)
Jul 14 12:31:48.081843 dv-cinder-786932-4-iscsi devstack@c-api.service[99823]: INFO cinder.api.openstack.wsgi [None req-32c14bd3-0da8-4c33-b5fe-b590c41432ad tempest-GroupsTest-684775590 tempest-GroupsTest-684775590-project] GET http://10.222.0.63/volume/v3/375a50dc787a4077a73201ea2ed34011/volumes/detail
Jul 14 12:31:48.082616 dv-cinder-786932-4-iscsi devstack@c-api.service[99823]: DEBUG cinder.api.openstack.wsgi [None req-32c14bd3-0da8-4c33-b5fe-b590c41432ad tempest-GroupsTest-684775590 tempest-GroupsTest-684775590-project] Empty body provided in request {{(pid=99823) get_body /opt/stack/cinder/cinder/api/openstack/wsgi.py:713}}
Jul 14 12:31:48.083164 dv-cinder-786932-4-iscsi devstack@c-api.service[99823]: DEBUG cinder.api.openstack.wsgi [None req-32c14bd3-0da8-4c33-b5fe-b590c41432ad tempest-GroupsTest-684775590 tempest-GroupsTest-684775590-project] Calling method 'detail' {{(pid=99823) _process_stack /opt/stack/cinder/cinder/api/openstack/wsgi.py:866}}
Jul 14 12:31:48.083816 dv-cinder-786932-4-iscsi devstack@c-api.service[99823]: DEBUG cinder.api.api_utils [None req-32c14bd3-0da8-4c33-b5fe-b590c41432ad tempest-GroupsTest-684775590 tempest-GroupsTest-684775590-project] Removing options '' from query. {{(pid=99823) remove_invalid_filter_options /opt/stack/cinder/cinder/api/api_utils.py:73}}
Jul 14 12:31:48.085276 dv-cinder-786932-4-iscsi devstack@c-api.service[99823]: /usr/local/lib/python3.8/dist-packages/oslo_context/context.py:105: DeprecationWarning: Policy enforcement is depending on the value of is_admin. This key is deprecated. Please update your policy file to use the standard policy values.
Jul 14 12:31:48.085276 dv-cinder-786932-4-iscsi devstack@c-api.service[99823]: warnings.warn('Policy enforcement is depending on the value of '
Jul 14 12:31:48.087874 dv-cinder-786932-4-iscsi devstack@c-api.service[99823]: DEBUG cinder.volume.api [None req-32c14bd3-0da8-4c33-b5fe-b590c41432ad tempest-GroupsTest-684775590 tempest-GroupsTest-684775590-project] Searching by: MultiDict([('no_migration_targets', True)]). {{(pid=99823) get_all /opt/stack/cinder/cinder/volume/api.py:617}}
Jul 14 12:31:48.232706 dv-cinder-786932-4-iscsi devstack@c-api.service[99823]: INFO cinder.volume.api [None req-32c14bd3-0da8-4c33-b5fe-b590c41432ad tempest-GroupsTest-684775590 tempest-GroupsTest-684775590-project] Get all volumes completed successfully.
Jul 14 12:31:48.246963 dv-cinder-786932-4-iscsi devstack@c-api.service[99823]: INFO cinder.api.openstack.wsgi [None req-32c14bd3-0da8-4c33-b5fe-b590c41432ad tempest-GroupsTest-684775590 tempest-GroupsTest-684775590-project] http://10.222.0.63/volume/v3/375a50dc787a4077a73201ea2ed34011/volumes/detail returned with HTTP 200
Jul 14 12:31:48.249518 dv-cinder-786932-4-iscsi devstack@c-api.service[99823]: [pid: 99823|app: 0|req: 51/89] 10.222.0.63 () {60 vars in 1276 bytes} [Wed Jul 14 12:31:48 2021] GET /volume/v3/375a50dc787a4077a73201ea2ed34011/volumes/detail => generated 15 bytes in 172 msecs (HTTP/1.1 200) 7 headers in 285 bytes (1 switches on core 0)
Jul 14 12:31:48.264512 dv-cinder-786932-4-iscsi devstack@c-api.service[99824]: INFO cinder.api.openstack.wsgi [None req-d673b422-adb5-475f-bf6f-5775e1624e41 tempest-GroupsTest-684775590 tempest-GroupsTest-684775590-project] POST http://10.222.0.63/volume/v3/375a50dc787a4077a73201ea2ed34011/groups/86b05cfa-4648-48e4-8bd8-1364d5db8b56/action
Jul 14 12:31:48.265526 dv-cinder-786932-4-iscsi devstack@c-api.service[99824]: DEBUG cinder.api.openstack.wsgi [None req-d673b422-adb5-475f-bf6f-5775e1624e41 tempest-GroupsTest-684775590 tempest-GroupsTest-684775590-project] Action body: b'{"delete": {"delete-volumes": true}}' {{(pid=99824) get_method /opt/stack/cinder/cinder/api/openstack/wsgi.py:981}}
Jul 14 12:31:48.265839 dv-cinder-786932-4-iscsi devstack@c-api.service[99824]: DEBUG cinder.api.openstack.wsgi [None req-d673b422-adb5-475f-bf6f-5775e1624e41 tempest-GroupsTest-684775590 tempest-GroupsTest-684775590-project] Action: 'action', calling method: version_select, body: {"delete": {"delete-volumes": true}} {{(pid=99824) _process_stack /opt/stack/cinder/cinder/api/openstack/wsgi.py:864}}
Jul 14 12:31:48.267004 dv-cinder-786932-4-iscsi devstack@c-api.service[99824]: DEBUG cinder.api.v3.groups [None req-d673b422-adb5-475f-bf6f-5775e1624e41 tempest-GroupsTest-684775590 tempest-GroupsTest-684775590-project] delete called for group 86b05cfa-4648-48e4-8bd8-1364d5db8b56 {{(pid=99824) _delete /opt/stack/cinder/cinder/api/v3/groups.py:117}}
Jul 14 12:31:48.267299 dv-cinder-786932-4-iscsi devstack@c-api.service[99824]: INFO cinder.api.v3.groups [None req-d673b422-adb5-475f-bf6f-5775e1624e41 tempest-GroupsTest-684775590 tempest-GroupsTest-684775590-project] Delete group with id: 86b05cfa-4648-48e4-8bd8-1364d5db8b56
Jul 14 12:31:48.278445 dv-cinder-786932-4-iscsi devstack@c-api.service[99824]: INFO cinder.api.openstack.wsgi [None req-d673b422-adb5-475f-bf6f-5775e1624e41 tempest-GroupsTest-684775590 tempest-GroupsTest-684775590-project] http://10.222.0.63/volume/v3/375a50dc787a4077a73201ea2ed34011/groups/86b05cfa-4648-48e4-8bd8-1364d5db8b56/action returned with HTTP 404
Jul 14 12:31:48.289710 dv-cinder-786932-4-iscsi devstack@c-api.service[99823]: INFO cinder.api.openstack.wsgi [None req-4285d60c-d231-4d0b-96b8-ef73cec5a44b tempest-GroupsTest-684775590 tempest-GroupsTest-684775590-project] GET http://10.222.0.63/volume/v3/375a50dc787a4077a73201ea2ed34011/volumes/detail
Jul 14 12:31:48.290229 dv-cinder-786932-4-iscsi devstack@c-api.service[99823]: DEBUG cinder.api.openstack.wsgi [None req-4285d60c-d231-4d0b-96b8-ef73cec5a44b tempest-GroupsTest-684775590 tempest-GroupsTest-684775590-project] Empty body provided in request {{(pid=99823) get_body /opt/stack/cinder/cinder/api/openstack/wsgi.py:713}}
Jul 14 12:31:48.290833 dv-cinder-786932-4-iscsi devstack@c-api.service[99823]: DEBUG cinder.api.openstack.wsgi [None req-4285d60c-d231-4d0b-96b8-ef73cec5a44b tempest-GroupsTest-684775590 tempest-GroupsTest-684775590-project] Calling method 'detail' {{(pid=99823) _process_stack /opt/stack/cinder/cinder/api/openstack/wsgi.py:866}}
Jul 14 12:31:48.291861 dv-cinder-786932-4-iscsi devstack@c-api.service[99823]: DEBUG cinder.api.api_utils [None req-4285d60c-d231-4d0b-96b8-ef73cec5a44b tempest-GroupsTest-684775590 tempest-GroupsTest-684775590-project] Removing options '' from query. {{(pid=99823) remove_invalid_filter_options /opt/stack/cinder/cinder/api/api_utils.py:73}}
Jul 14 12:31:48.294413 dv-cinder-786932-4-iscsi devstack@c-api.service[99823]: DEBUG cinder.volume.api [None req-4285d60c-d231-4d0b-96b8-ef73cec5a44b tempest-GroupsTest-684775590 tempest-GroupsTest-684775590-project] Searching by: MultiDict([('no_migration_targets', True)]). {{(pid=99823) get_all /opt/stack/cinder/cinder/volume/api.py:617}}
Jul 14 12:31:48.297323 dv-cinder-786932-4-iscsi devstack@c-api.service[99824]: [pid: 99824|app: 0|req: 39/90] 10.222.0.63 () {62 vars in 1405 bytes} [Wed Jul 14 12:31:48 2021] POST /volume/v3/375a50dc787a4077a73201ea2ed34011/groups/86b05cfa-4648-48e4-8bd8-1364d5db8b56/action => generated 108 bytes in 38 msecs (HTTP/1.1 404) 7 headers in 293 bytes (1 switches on core 0)
Jul 14 12:31:48.396516 dv-cinder-786932-4-iscsi devstack@c-api.service[99823]: INFO cinder.volume.api [None req-4285d60c-d231-4d0b-96b8-ef73cec5a44b tempest-GroupsTest-684775590 tempest-GroupsTest-684775590-project] Get all volumes completed successfully.
Jul 14 12:31:48.410363 dv-cinder-786932-4-iscsi devstack@c-api.service[99823]: INFO cinder.api.openstack.wsgi [None req-4285d60c-d231-4d0b-96b8-ef73cec5a44b tempest-GroupsTest-684775590 tempest-GroupsTest-684775590-project] http://10.222.0.63/volume/v3/375a50dc787a4077a73201ea2ed34011/volumes/detail returned with HTTP 200
Jul 14 12:31:48.415346 dv-cinder-786932-4-iscsi devstack@c-api.service[99823]: [pid: 99823|app: 0|req: 52/91] 10.222.0.63 () {60 vars in 1276 bytes} [Wed Jul 14 12:31:48 2021] GET /volume/v3/375a50dc787a4077a73201ea2ed34011/volumes/detail => generated 15 bytes in 129 msecs (HTTP/1.1 200) 7 headers in 285 bytes (1 switches on core 0)
Jul 14 12:31:48.432436 dv-cinder-786932-4-iscsi devstack@c-api.service[99824]: INFO cinder.api.openstack.wsgi [None req-47c4fc6f-2245-415c-b0d0-d4c0b0daa7b2 tempest-GroupsTest-684775590 tempest-GroupsTest-684775590-project] POST http://10.222.0.63/volume/v3/375a50dc787a4077a73201ea2ed34011/groups/01f8a381-b877-46e7-9baf-80d36566b90e/action
Jul 14 12:31:48.438859 dv-cinder-786932-4-iscsi devstack@c-api.service[99824]: DEBUG cinder.api.openstack.wsgi [None req-47c4fc6f-2245-415c-b0d0-d4c0b0daa7b2 tempest-GroupsTest-684775590 tempest-GroupsTest-684775590-project] Action body: b'{"delete": {"delete-volumes": true}}' {{(pid=99824) get_method /opt/stack/cinder/cinder/api/openstack/wsgi.py:981}}
Jul 14 12:31:48.439575 dv-cinder-786932-4-iscsi devstack@c-api.service[99824]: DEBUG cinder.api.openstack.wsgi [None req-47c4fc6f-2245-415c-b0d0-d4c0b0daa7b2 tempest-GroupsTest-684775590 tempest-GroupsTest-684775590-project] Action: 'action', calling method: delete_group, body: {"delete": {"delete-volumes": true}} {{(pid=99824) _process_stack /opt/stack/cinder/cinder/api/openstack/wsgi.py:864}}
Jul 14 12:31:48.453404 dv-cinder-786932-4-iscsi devstack@c-api.service[99824]: DEBUG cinder.api.v3.groups [None req-47c4fc6f-2245-415c-b0d0-d4c0b0daa7b2 tempest-GroupsTest-684775590 tempest-GroupsTest-684775590-project] delete called for group 01f8a381-b877-46e7-9baf-80d36566b90e {{(pid=99824) _delete /opt/stack/cinder/cinder/api/v3/groups.py:117}}
Jul 14 12:31:48.454004 dv-cinder-786932-4-iscsi devstack@c-api.service[99824]: INFO cinder.api.v3.groups [None req-47c4fc6f-2245-415c-b0d0-d4c0b0daa7b2 tempest-GroupsTest-684775590 tempest-GroupsTest-684775590-project] Delete group with id: 01f8a381-b877-46e7-9baf-80d36566b90e
Jul 14 12:31:48.482849 dv-cinder-786932-4-iscsi devstack@c-api.service[99824]: INFO cinder.api.openstack.wsgi [None req-47c4fc6f-2245-415c-b0d0-d4c0b0daa7b2 tempest-GroupsTest-684775590 tempest-GroupsTest-684775590-project] http://10.222.0.63/volume/v3/375a50dc787a4077a73201ea2ed34011/groups/01f8a381-b877-46e7-9baf-80d36566b90e/action returned with HTTP 404
Jul 14 12:31:48.485992 dv-cinder-786932-4-iscsi devstack@c-api.service[99824]: [pid: 99824|app: 0|req: 40/92] 10.222.0.63 () {62 vars in 1405 bytes} [Wed Jul 14 12:31:48 2021] POST /volume/v3/375a50dc787a4077a73201ea2ed34011/groups/01f8a381-b877-46e7-9baf-80d36566b90e/action => generated 108 bytes in 58 msecs (HTTP/1.1 404) 7 headers in 293 bytes (2 switches on core 0)
Jul 14 12:31:48.494148 dv-cinder-786932-4-iscsi devstack@c-api.service[99823]: INFO cinder.api.openstack.wsgi [None req-5cf5ea9e-8f82-4b0e-8a66-f797bdff2d3b tempest-GroupsTest-1146138935 tempest-GroupsTest-1146138935-project-admin] DELETE http://10.222.0.63/volume/v3/4e52af40cd1a4903b63588ff7889ee04/group_types/e89e9ff2-2ccc-4ecd-99d4-960413f4b344
Jul 14 12:31:48.495064 dv-cinder-786932-4-iscsi devstack@c-api.service[99823]: DEBUG cinder.api.openstack.wsgi [None req-5cf5ea9e-8f82-4b0e-8a66-f797bdff2d3b tempest-GroupsTest-1146138935 tempest-GroupsTest-1146138935-project-admin] Empty body provided in request {{(pid=99823) get_body /opt/stack/cinder/cinder/api/openstack/wsgi.py:713}}
Jul 14 12:31:48.497938 dv-cinder-786932-4-iscsi devstack@c-api.service[99823]: DEBUG cinder.api.openstack.wsgi [None req-5cf5ea9e-8f82-4b0e-8a66-f797bdff2d3b tempest-GroupsTest-1146138935 tempest-GroupsTest-1146138935-project-admin] Calling method 'version_select' {{(pid=99823) _process_stack /opt/stack/cinder/cinder/api/openstack/wsgi.py:866}}
Jul 14 12:31:48.567680 dv-cinder-786932-4-iscsi devstack@c-api.service[99823]: INFO cinder.api.openstack.wsgi [None req-5cf5ea9e-8f82-4b0e-8a66-f797bdff2d3b tempest-GroupsTest-1146138935 tempest-GroupsTest-1146138935-project-admin] http://10.222.0.63/volume/v3/4e52af40cd1a4903b63588ff7889ee04/group_types/e89e9ff2-2ccc-4ecd-99d4-960413f4b344 returned with HTTP 202
Jul 14 12:31:48.570147 dv-cinder-786932-4-iscsi devstack@c-api.service[99823]: [pid: 99823|app: 0|req: 53/93] 10.222.0.63 () {60 vars in 1381 bytes} [Wed Jul 14 12:31:48 2021] DELETE /volume/v3/4e52af40cd1a4903b63588ff7889ee04/group_types/e89e9ff2-2ccc-4ecd-99d4-960413f4b344 => generated 0 bytes in 79 msecs (HTTP/1.1 202) 6 headers in 234 bytes (1 switches on core 0)
Jul 14 12:31:48.580452 dv-cinder-786932-4-iscsi devstack@c-api.service[99824]: INFO cinder.api.openstack.wsgi [None req-7a9c5f8b-90e9-4d2e-9ecf-5810166aecff tempest-GroupsTest-1146138935 tempest-GroupsTest-1146138935-project-admin] POST http://10.222.0.63/volume/v3/4e52af40cd1a4903b63588ff7889ee04/types
Jul 14 12:31:48.581218 dv-cinder-786932-4-iscsi devstack@c-api.service[99824]: DEBUG cinder.api.openstack.wsgi [None req-7a9c5f8b-90e9-4d2e-9ecf-5810166aecff tempest-GroupsTest-1146138935 tempest-GroupsTest-1146138935-project-admin] Action: 'create', calling method: _create, body: {"volume_type": {"name": "tempest-GroupsTest-volume-type-892698855"}} {{(pid=99824) _process_stack /opt/stack/cinder/cinder/api/openstack/wsgi.py:864}}
Jul 14 12:31:48.736500 dv-cinder-786932-4-iscsi devstack@c-api.service[99824]: INFO cinder.api.openstack.wsgi [None req-7a9c5f8b-90e9-4d2e-9ecf-5810166aecff tempest-GroupsTest-1146138935 tempest-GroupsTest-1146138935-project-admin] http://10.222.0.63/volume/v3/4e52af40cd1a4903b63588ff7889ee04/types returned with HTTP 200
Jul 14 12:31:48.748890 dv-cinder-786932-4-iscsi devstack@c-api.service[99824]: [pid: 99824|app: 0|req: 41/94] 10.222.0.63 () {60 vars in 1229 bytes} [Wed Jul 14 12:31:48 2021] POST /volume/v3/4e52af40cd1a4903b63588ff7889ee04/types => generated 215 bytes in 172 msecs (HTTP/1.1 200) 7 headers in 285 bytes (1 switches on core 0)
Jul 14 12:31:48.762669 dv-cinder-786932-4-iscsi devstack@c-api.service[99823]: INFO cinder.api.openstack.wsgi [None req-f40a5129-a6d4-4c43-bc53-c0e1f226a18b tempest-GroupsTest-1146138935 tempest-GroupsTest-1146138935-project-admin] POST http://10.222.0.63/volume/v3/4e52af40cd1a4903b63588ff7889ee04/group_types
Jul 14 12:31:48.763656 dv-cinder-786932-4-iscsi devstack@c-api.service[99823]: DEBUG cinder.api.openstack.wsgi [None req-f40a5129-a6d4-4c43-bc53-c0e1f226a18b tempest-GroupsTest-1146138935 tempest-GroupsTest-1146138935-project-admin] Action: 'create', calling method: version_select, body: {"group_type": {"name": "tempest-GroupsTest-group-type-782564560"}} {{(pid=99823) _process_stack /opt/stack/cinder/cinder/api/openstack/wsgi.py:864}}
Jul 14 12:31:48.810648 dv-cinder-786932-4-iscsi devstack@c-api.service[99823]: INFO cinder.api.openstack.wsgi [None req-f40a5129-a6d4-4c43-bc53-c0e1f226a18b tempest-GroupsTest-1146138935 tempest-GroupsTest-1146138935-project-admin] http://10.222.0.63/volume/v3/4e52af40cd1a4903b63588ff7889ee04/group_types returned with HTTP 202
Jul 14 12:31:48.817869 dv-cinder-786932-4-iscsi devstack@c-api.service[99823]: [pid: 99823|app: 0|req: 54/95] 10.222.0.63 () {62 vars in 1288 bytes} [Wed Jul 14 12:31:48 2021] POST /volume/v3/4e52af40cd1a4903b63588ff7889ee04/group_types => generated 172 bytes in 59 msecs (HTTP/1.1 202) 7 headers in 292 bytes (1 switches on core 0)
Jul 14 12:31:48.837003 dv-cinder-786932-4-iscsi devstack@c-api.service[99824]: INFO cinder.api.openstack.wsgi [None req-2d767a7d-631d-4b85-a307-cd04a28997a3 tempest-GroupsTest-684775590 tempest-GroupsTest-684775590-project] POST http://10.222.0.63/volume/v3/375a50dc787a4077a73201ea2ed34011/groups
Jul 14 12:31:48.838208 dv-cinder-786932-4-iscsi devstack@c-api.service[99824]: DEBUG cinder.api.openstack.wsgi [None req-2d767a7d-631d-4b85-a307-cd04a28997a3 tempest-GroupsTest-684775590 tempest-GroupsTest-684775590-project] Action: 'create', calling method: version_select, body: {"group": {"group_type": "a330c230-a306-4cb4-960a-bcd21a6c0f47", "volume_types": ["494186db-5b41-4101-8dae-b4075f1c2460"], "name": "tempest-GroupsTest-Group-202002545"}} {{(pid=99824) _process_stack /opt/stack/cinder/cinder/api/openstack/wsgi.py:864}}
Jul 14 12:31:48.839410 dv-cinder-786932-4-iscsi devstack@c-api.service[99824]: DEBUG cinder.api.v3.groups [None req-2d767a7d-631d-4b85-a307-cd04a28997a3 tempest-GroupsTest-684775590 tempest-GroupsTest-684775590-project] Creating new group {'group': {'group_type': 'a330c230-a306-4cb4-960a-bcd21a6c0f47', 'volume_types': ['494186db-5b41-4101-8dae-b4075f1c2460'], 'name': 'tempest-GroupsTest-Group-202002545'}} {{(pid=99824) create /opt/stack/cinder/cinder/api/v3/groups.py:190}}
Jul 14 12:31:48.856478 dv-cinder-786932-4-iscsi devstack@c-api.service[99824]: INFO cinder.api.v3.groups [None req-2d767a7d-631d-4b85-a307-cd04a28997a3 tempest-GroupsTest-684775590 tempest-GroupsTest-684775590-project] Creating group tempest-GroupsTest-Group-202002545.
Jul 14 12:31:48.969428 dv-cinder-786932-4-iscsi devstack@c-api.service[99824]: DEBUG cinder.volume.api [None req-2d767a7d-631d-4b85-a307-cd04a28997a3 tempest-GroupsTest-684775590 tempest-GroupsTest-684775590-project] Availability zone cache updated, next update will occur around 2021-07-14 13:31:48.968579. {{(pid=99824) list_availability_zones /opt/stack/cinder/cinder/volume/api.py:148}}
Jul 14 12:31:48.970215 dv-cinder-786932-4-iscsi devstack@c-api.service[99824]: INFO cinder.volume.api [None req-2d767a7d-631d-4b85-a307-cd04a28997a3 tempest-GroupsTest-684775590 tempest-GroupsTest-684775590-project] Availability Zones retrieved successfully.
Jul 14 12:31:49.045375 dv-cinder-786932-4-iscsi devstack@c-api.service[99824]: DEBUG cinder.quota [None req-2d767a7d-631d-4b85-a307-cd04a28997a3 tempest-GroupsTest-684775590 tempest-GroupsTest-684775590-project] Created reservations ['cc6d9c9a-9651-4703-a711-5433846e67e4'] {{(pid=99824) reserve /opt/stack/cinder/cinder/quota.py:755}}
Jul 14 12:31:49.238665 dv-cinder-786932-4-iscsi devstack@c-api.service[99824]: INFO cinder.api.openstack.wsgi [None req-2d767a7d-631d-4b85-a307-cd04a28997a3 tempest-GroupsTest-684775590 tempest-GroupsTest-684775590-project] http://10.222.0.63/volume/v3/375a50dc787a4077a73201ea2ed34011/groups returned with HTTP 202
Jul 14 12:31:49.240054 dv-cinder-786932-4-iscsi devstack@c-api.service[99824]: [pid: 99824|app: 0|req: 42/96] 10.222.0.63 () {62 vars in 1274 bytes} [Wed Jul 14 12:31:48 2021] POST /volume/v3/375a50dc787a4077a73201ea2ed34011/groups => generated 103 bytes in 421 msecs (HTTP/1.1 202) 7 headers in 292 bytes (2 switches on core 0)
Jul 14 12:31:49.249710 dv-cinder-786932-4-iscsi devstack@c-api.service[99823]: INFO cinder.api.openstack.wsgi [None req-aae13726-c886-437c-ae9f-c967b0300f24 tempest-GroupsTest-684775590 tempest-GroupsTest-684775590-project] GET http://10.222.0.63/volume/v3/375a50dc787a4077a73201ea2ed34011/groups/c322002f-723b-43d2-964d-b887015c405b
Jul 14 12:31:49.251130 dv-cinder-786932-4-iscsi devstack@c-api.service[99823]: DEBUG cinder.api.openstack.wsgi [None req-aae13726-c886-437c-ae9f-c967b0300f24 tempest-GroupsTest-684775590 tempest-GroupsTest-684775590-project] Empty body provided in request {{(pid=99823) get_body /opt/stack/cinder/cinder/api/openstack/wsgi.py:713}}
Jul 14 12:31:49.251923 dv-cinder-786932-4-iscsi devstack@c-api.service[99823]: DEBUG cinder.api.openstack.wsgi [None req-aae13726-c886-437c-ae9f-c967b0300f24 tempest-GroupsTest-684775590 tempest-GroupsTest-684775590-project] Calling method 'version_select' {{(pid=99823) _process_stack /opt/stack/cinder/cinder/api/openstack/wsgi.py:866}}
Jul 14 12:31:49.252577 dv-cinder-786932-4-iscsi devstack@c-api.service[99823]: DEBUG cinder.api.v3.groups [None req-aae13726-c886-437c-ae9f-c967b0300f24 tempest-GroupsTest-684775590 tempest-GroupsTest-684775590-project] show called for member c322002f-723b-43d2-964d-b887015c405b {{(pid=99823) show /opt/stack/cinder/cinder/api/v3/groups.py:58}}
Jul 14 12:31:49.280696 dv-cinder-786932-4-iscsi devstack@c-api.service[99823]: /usr/local/lib/python3.8/dist-packages/oslo_context/context.py:105: DeprecationWarning: Policy enforcement is depending on the value of is_admin. This key is deprecated. Please update your policy file to use the standard policy values.
Jul 14 12:31:49.280696 dv-cinder-786932-4-iscsi devstack@c-api.service[99823]: warnings.warn('Policy enforcement is depending on the value of '
Jul 14 12:31:49.313365 dv-cinder-786932-4-iscsi devstack@c-api.service[99823]: INFO cinder.api.openstack.wsgi [None req-aae13726-c886-437c-ae9f-c967b0300f24 tempest-GroupsTest-684775590 tempest-GroupsTest-684775590-project] http://10.222.0.63/volume/v3/375a50dc787a4077a73201ea2ed34011/groups/c322002f-723b-43d2-964d-b887015c405b returned with HTTP 200
Jul 14 12:31:49.321894 dv-cinder-786932-4-iscsi devstack@c-api.service[99823]: [pid: 99823|app: 0|req: 55/97] 10.222.0.63 () {60 vars in 1363 bytes} [Wed Jul 14 12:31:49 2021] GET /volume/v3/375a50dc787a4077a73201ea2ed34011/groups/c322002f-723b-43d2-964d-b887015c405b => generated 331 bytes in 71 msecs (HTTP/1.1 200) 7 headers in 286 bytes (2 switches on core 0)
Jul 14 12:31:50.271497 dv-cinder-786932-4-iscsi devstack@c-api.service[99824]: INFO cinder.api.openstack.wsgi [req-71db2d56-5e07-47c5-8e60-d8374f398466 req-98883e6b-8b16-4284-a340-cbe2ace622d7 tempest-VolumesNegativeTest-1824853139 tempest-VolumesNegativeTest-1824853139-project] DELETE http://10.222.0.63/volume/v3/a867695af47d45dea69942c086ffeaf4/volumes/tempest-invalid-17540312
Jul 14 12:31:50.272712 dv-cinder-786932-4-iscsi devstack@c-api.service[99824]: DEBUG cinder.api.openstack.wsgi [req-71db2d56-5e07-47c5-8e60-d8374f398466 req-98883e6b-8b16-4284-a340-cbe2ace622d7 tempest-VolumesNegativeTest-1824853139 tempest-VolumesNegativeTest-1824853139-project] Empty body provided in request {{(pid=99824) get_body /opt/stack/cinder/cinder/api/openstack/wsgi.py:713}}
Jul 14 12:31:50.272911 dv-cinder-786932-4-iscsi devstack@c-api.service[99824]: /usr/local/lib/python3.8/dist-packages/webob/acceptparse.py:1047: DeprecationWarning: The behavior of AcceptValidHeader.best_match is currently being maintained for backward compatibility, but it will be deprecated in the future, as it does not conform to the RFC.
Jul 14 12:31:50.272911 dv-cinder-786932-4-iscsi devstack@c-api.service[99824]: warnings.warn(
Jul 14 12:31:50.273657 dv-cinder-786932-4-iscsi devstack@c-api.service[99824]: DEBUG cinder.api.openstack.wsgi [req-71db2d56-5e07-47c5-8e60-d8374f398466 req-98883e6b-8b16-4284-a340-cbe2ace622d7 tempest-VolumesNegativeTest-1824853139 tempest-VolumesNegativeTest-1824853139-project] Calling method 'delete' {{(pid=99824) _process_stack /opt/stack/cinder/cinder/api/openstack/wsgi.py:866}}
Jul 14 12:31:50.274258 dv-cinder-786932-4-iscsi devstack@c-api.service[99824]: INFO cinder.api.v3.volumes [req-71db2d56-5e07-47c5-8e60-d8374f398466 req-98883e6b-8b16-4284-a340-cbe2ace622d7 tempest-VolumesNegativeTest-1824853139 tempest-VolumesNegativeTest-1824853139-project] Delete volume with id: tempest-invalid-17540312
Jul 14 12:31:50.335897 dv-cinder-786932-4-iscsi devstack@c-api.service[99823]: INFO cinder.api.openstack.wsgi [None req-246cdb42-88f3-4a88-a42c-d022a7bd1dab tempest-GroupsTest-684775590 tempest-GroupsTest-684775590-project] GET http://10.222.0.63/volume/v3/375a50dc787a4077a73201ea2ed34011/groups/c322002f-723b-43d2-964d-b887015c405b
Jul 14 12:31:50.337086 dv-cinder-786932-4-iscsi devstack@c-api.service[99823]: DEBUG cinder.api.openstack.wsgi [None req-246cdb42-88f3-4a88-a42c-d022a7bd1dab tempest-GroupsTest-684775590 tempest-GroupsTest-684775590-project] Empty body provided in request {{(pid=99823) get_body /opt/stack/cinder/cinder/api/openstack/wsgi.py:713}}
Jul 14 12:31:50.337416 dv-cinder-786932-4-iscsi devstack@c-api.service[99823]: /usr/local/lib/python3.8/dist-packages/webob/acceptparse.py:1047: DeprecationWarning: The behavior of AcceptValidHeader.best_match is currently being maintained for backward compatibility, but it will be deprecated in the future, as it does not conform to the RFC.
Jul 14 12:31:50.337416 dv-cinder-786932-4-iscsi devstack@c-api.service[99823]: warnings.warn(
Jul 14 12:31:50.337975 dv-cinder-786932-4-iscsi devstack@c-api.service[99823]: DEBUG cinder.api.openstack.wsgi [None req-246cdb42-88f3-4a88-a42c-d022a7bd1dab tempest-GroupsTest-684775590 tempest-GroupsTest-684775590-project] Calling method 'version_select' {{(pid=99823) _process_stack /opt/stack/cinder/cinder/api/openstack/wsgi.py:866}}
Jul 14 12:31:50.340104 dv-cinder-786932-4-iscsi devstack@c-api.service[99823]: DEBUG cinder.api.v3.groups [None req-246cdb42-88f3-4a88-a42c-d022a7bd1dab tempest-GroupsTest-684775590 tempest-GroupsTest-684775590-project] show called for member c322002f-723b-43d2-964d-b887015c405b {{(pid=99823) show /opt/stack/cinder/cinder/api/v3/groups.py:58}}
Jul 14 12:31:50.340831 dv-cinder-786932-4-iscsi devstack@c-api.service[99824]: INFO cinder.api.openstack.wsgi [req-71db2d56-5e07-47c5-8e60-d8374f398466 req-98883e6b-8b16-4284-a340-cbe2ace622d7 tempest-VolumesNegativeTest-1824853139 tempest-VolumesNegativeTest-1824853139-project] http://10.222.0.63/volume/v3/a867695af47d45dea69942c086ffeaf4/volumes/tempest-invalid-17540312 returned with HTTP 404
Jul 14 12:31:50.345411 dv-cinder-786932-4-iscsi devstack@c-api.service[99824]: [pid: 99824|app: 0|req: 43/98] 10.222.0.63 () {62 vars in 1565 bytes} [Wed Jul 14 12:31:50 2021] DELETE /volume/v3/a867695af47d45dea69942c086ffeaf4/volumes/tempest-invalid-17540312 => generated 97 bytes in 78 msecs (HTTP/1.1 404) 7 headers in 291 bytes (1 switches on core 0)
Jul 14 12:31:50.359242 dv-cinder-786932-4-iscsi devstack@c-api.service[99823]: /usr/local/lib/python3.8/dist-packages/oslo_context/context.py:105: DeprecationWarning: Policy enforcement is depending on the value of is_admin. This key is deprecated. Please update your policy file to use the standard policy values.
Jul 14 12:31:50.359242 dv-cinder-786932-4-iscsi devstack@c-api.service[99823]: warnings.warn('Policy enforcement is depending on the value of '
