Jul 16 18:33:29.576547 dv-cinder-786931-5-smb neutron-server[93040]: DEBUG neutron.api.rpc.handlers.l3_rpc [None req-3b96fdba-3c18-4341-bd63-4d5573cb5001 None None] The sync data for ids ['630a5d58-058e-4950-94c4-cbe589c52485'] in dv-cinder-786931-5-smb is: [{'id': '630a5d58-058e-4950-94c4-cbe589c52485', 'name': 'tempest-AttachVolumeTestJSON-1059978409-router', 'tenant_id': 'fac28aa3f68b46cda18a40903832b040', 'admin_state_up': True, 'status': 'ACTIVE', 'external_gateway_info': {'network_id': 'd6cae2ed-2979-41b2-ba60-6d3bdcd4ecb1', 'external_fixed_ips': [{'subnet_id': 'fced20ba-3af1-4683-9e83-498894f9f85d', 'ip_address': '172.28.1.221'}], 'enable_snat': True}, 'gw_port_id': '9ee9be9f-d370-426a-b3b0-adb19818f407', 'description': '', 'availability_zones': ['nova'], 'distributed': False, 'ha': False, 'ha_vr_id': 0, 'availability_zone_hints': [], 'routes': [], 'flavor_id': None, 'tags': [], 'created_at': '2021-07-16T18:32:41Z', 'updated_at': '2021-07-16T18:32:48Z', 'revision_number': 4, 'project_id': 'fac28aa3f68b46cda18a40903832b040', 'gw_port': {'id': '9ee9be9f-d370-426a-b3b0-adb19818f407', 'name': '', 'network_id': 'd6cae2ed-2979-41b2-ba60-6d3bdcd4ecb1', 'tenant_id': '', 'mac_address': 'fa:16:3e:1b:e3:a7', 'admin_state_up': True, 'status': 'ACTIVE', 'device_id': '630a5d58-058e-4950-94c4-cbe589c52485', 'device_owner': 'network:router_gateway', 'standard_attr_id': 67, 'fixed_ips': [{'subnet_id': 'fced20ba-3af1-4683-9e83-498894f9f85d', 'ip_address': '172.28.1.221', 'prefixlen': 24}], 'allowed_address_pairs': [], 'extra_dhcp_opts': [], 'security_groups': [], 'description': '', 'binding:vnic_type': 'normal', 'binding:profile': {}, 'binding:host_id': 'dv-cinder-786931-5-smb', 'binding:vif_type': 'ovs', 'binding:vif_details': {'connectivity': 'l2', 'port_filter': True, 'ovs_hybrid_plug': False, 'datapath_type': 'system', 'bridge_name': 'br-int'}, 'port_security_enabled': False, 'tags': [], 'created_at': '2021-07-16T18:32:42Z', 'updated_at': '2021-07-16T18:32:52Z', 'revision_number': 4, 'project_id': '', 'subnets': [{'id': 'fced20ba-3af1-4683-9e83-498894f9f85d', 'cidr': '172.28.1.0/24', 'gateway_ip': '172.28.1.1', 'dns_nameservers': [], 'ipv6_ra_mode': None, 'subnetpool_id': None}], 'extra_subnets': [], 'address_scopes': {4: None, 6: None}, 'mtu': 1500}, 'enable_snat': True, 'gw_port_host': 'dv-cinder-786931-5-smb', '_floatingips': [{'id': '2cc4e1f6-cb85-480f-9447-f37bffd1715c', 'tenant_id': 'fac28aa3f68b46cda18a40903832b040', 'floating_ip_address': '172.28.1.104', 'floating_network_id': 'd6cae2ed-2979-41b2-ba60-6d3bdcd4ecb1', 'router_id': '630a5d58-058e-4950-94c4-cbe589c52485', 'port_id': '60ad5a1e-06a1-40c6-9607-881f6430f523', 'fixed_ip_address': '172.20.0.14', 'status': 'DOWN', 'standard_attr_id': 106, 'description': '', 'qos_policy_id': None, 'port_details': {'name': '', 'network_id': 'b64d464f-24ca-4515-8a4a-5028cc0319d7', 'mac_address': 'fa:16:3e:cf:69:e2', 'admin_state_up': True, 'status': 'ACTIVE', 'device_id': 'f5a1647c-2b61-41b9-847f-75fb7d2ff93d', 'device_owner': 'compute:nova'}, 'dns_domain': '', 'dns_name': '', 'tags': [], 'created_at': '2021-07-16T18:32:57Z', 'updated_at': '2021-07-16T18:33:26Z', 'revision_number': 1, 'project_id': 'fac28aa3f68b46cda18a40903832b040', 'fixed_ip_address_scope': None}], '_interfaces': [{'id': '4dad9d86-5730-4830-9fbb-3f9cab17df7d', 'name': '', 'network_id': 'b64d464f-24ca-4515-8a4a-5028cc0319d7', 'tenant_id': 'fac28aa3f68b46cda18a40903832b040', 'mac_address': 'fa:16:3e:27:b1:7c', 'admin_state_up': True, 'status': 'ACTIVE', 'device_id': '630a5d58-058e-4950-94c4-cbe589c52485', 'device_owner': 'network:router_interface', 'standard_attr_id': 81, 'fixed_ips': [{'subnet_id': '80f57abf-c90d-4f57-8e98-b071abd6f215', 'ip_address': '172.20.0.1', 'prefixlen': 28}], 'allowed_address_pairs': [], 'extra_dhcp_opts': [], 'security_groups': [], 'description': '', 'binding:vnic_type': 'normal', 'binding:profile': {}, 'binding:host_id': 'dv-cinder-786931-5-smb', 'binding:vif_type': 'ovs', 'binding:vif_details': {'connectivity': 'l2', 'port_filter': True, 'ovs_hybrid_plug': False, 'datapath_type': 'system', 'bridge_name': 'br-int'}, 'port_security_enabled': False, 'tags': [], 'created_at': '2021-07-16T18:32:46Z', 'updated_at': '2021-07-16T18:32:58Z', 'revision_number': 5, 'project_id': 'fac28aa3f68b46cda18a40903832b040', 'subnets': [{'id': '80f57abf-c90d-4f57-8e98-b071abd6f215', 'cidr': '172.20.0.0/28', 'gateway_ip': '172.20.0.1', 'dns_nameservers': [], 'ipv6_ra_mode': None, 'subnetpool_id': None}], 'extra_subnets': [], 'address_scopes': {4: None, 6: None}, 'mtu': 1500}]}] {{(pid=93040) sync_routers /opt/stack/neutron/neutron/api/rpc/handlers/l3_rpc.py:137}}
Jul 16 18:33:29.757814 dv-cinder-786931-5-smb neutron-server[93039]: DEBUG neutron.plugins.ml2.rpc [None req-2ca850a5-241e-4d35-a0d1-f67653991620 None None] Device d4ebc3e5-209c-4410-864a-ce684227ac1d up at agent hyperv_hv-cinder-78693 {{(pid=93039) update_device_up /opt/stack/neutron/neutron/plugins/ml2/rpc.py:296}}
Jul 16 18:33:29.780507 dv-cinder-786931-5-smb neutron-server[93037]: DEBUG neutron_lib.callbacks.manager [None req-89b254b6-8f3f-4ccb-8bbb-82c7f6a2ce25 admin admin] Notify callbacks [] for security_group, before_create {{(pid=93037) _notify_loop /usr/local/lib/python3.8/dist-packages/neutron_lib/callbacks/manager.py:192}}
Jul 16 18:33:29.865323 dv-cinder-786931-5-smb neutron-server[93039]: DEBUG neutron.db.provisioning_blocks [None req-2ca850a5-241e-4d35-a0d1-f67653991620 None None] Provisioning for port d4ebc3e5-209c-4410-864a-ce684227ac1d completed by entity L2. {{(pid=93039) provisioning_complete /opt/stack/neutron/neutron/db/provisioning_blocks.py:133}}
Jul 16 18:33:29.871116 dv-cinder-786931-5-smb neutron-server[93039]: DEBUG neutron.db.provisioning_blocks [None req-2ca850a5-241e-4d35-a0d1-f67653991620 None None] Provisioning complete for port d4ebc3e5-209c-4410-864a-ce684227ac1d triggered by entity L2. {{(pid=93039) provisioning_complete /opt/stack/neutron/neutron/db/provisioning_blocks.py:139}}
Jul 16 18:33:29.871668 dv-cinder-786931-5-smb neutron-server[93039]: DEBUG neutron_lib.callbacks.manager [None req-2ca850a5-241e-4d35-a0d1-f67653991620 None None] Notify callbacks ['neutron.plugins.ml2.plugin.Ml2Plugin._port_provisioned-1432873'] for port, provisioning_complete {{(pid=93039) _notify_loop /usr/local/lib/python3.8/dist-packages/neutron_lib/callbacks/manager.py:192}}
Jul 16 18:33:29.928561 dv-cinder-786931-5-smb neutron-server[93037]: DEBUG neutron_lib.callbacks.manager [None req-89b254b6-8f3f-4ccb-8bbb-82c7f6a2ce25 admin admin] Notify callbacks [] for security_group, precommit_create {{(pid=93037) _notify_loop /usr/local/lib/python3.8/dist-packages/neutron_lib/callbacks/manager.py:192}}
Jul 16 18:33:29.940832 dv-cinder-786931-5-smb neutron-server[93037]: DEBUG neutron_lib.callbacks.manager [None req-89b254b6-8f3f-4ccb-8bbb-82c7f6a2ce25 admin admin] Notify callbacks ['neutron.plugins.ml2.ovo_rpc._ObjectChangeHandler.handle_event-743264'] for security_group, after_create {{(pid=93037) _notify_loop /usr/local/lib/python3.8/dist-packages/neutron_lib/callbacks/manager.py:192}}
Jul 16 18:33:29.998673 dv-cinder-786931-5-smb neutron-server[93037]: DEBUG neutron.api.rpc.handlers.resources_rpc [None req-89b254b6-8f3f-4ccb-8bbb-82c7f6a2ce25 admin admin] Pushing event updated for resources: {'SecurityGroup': ['ID=3602a66b-9288-4605-8218-adea4137f973,revision_number=1']} {{(pid=93037) push /opt/stack/neutron/neutron/api/rpc/handlers/resources_rpc.py:237}}
Jul 16 18:33:30.026856 dv-cinder-786931-5-smb neutron-server[93037]: INFO neutron.wsgi [None req-89b254b6-8f3f-4ccb-8bbb-82c7f6a2ce25 admin admin] 10.222.0.66 "GET /v2.0/security-groups?tenant_id=82eccfb6fff74000bb479517b759af14&name=default HTTP/1.1" status: 200 len: 2979 time: 0.5775180
Jul 16 18:33:30.031072 dv-cinder-786931-5-smb neutron-server[93037]: DEBUG neutron.wsgi [-] (93037) accepted ('10.222.0.66', 50224) {{(pid=93037) server /usr/local/lib/python3.8/dist-packages/eventlet/wsgi.py:982}}
Jul 16 18:33:30.082874 dv-cinder-786931-5-smb neutron-server[93039]: DEBUG neutron_lib.callbacks.manager [None req-2ca850a5-241e-4d35-a0d1-f67653991620 None None] Notify callbacks ['neutron.plugins.ml2.plugin.SecurityGroupDbMixin._ensure_default_security_group_handler-1598681'] for port, before_update {{(pid=93039) _notify_loop /usr/local/lib/python3.8/dist-packages/neutron_lib/callbacks/manager.py:192}}
Jul 16 18:33:30.105949 dv-cinder-786931-5-smb neutron-server[93039]: DEBUG neutron.api.rpc.handlers.l3_rpc [None req-78d057c0-4c68-4654-a789-c6bc5045f9e7 None None] New status for floating IP 2cc4e1f6-cb85-480f-9447-f37bffd1715c: ACTIVE {{(pid=93039) update_floatingip_statuses /opt/stack/neutron/neutron/api/rpc/handlers/l3_rpc.py:270}}
Jul 16 18:33:30.154063 dv-cinder-786931-5-smb neutron-server[93038]: DEBUG neutron.pecan_wsgi.hooks.policy_enforcement [req-eaa84c49-afb1-428e-8102-b7b4a69532b7 req-a5dc34ad-ae7e-4769-ad87-45e610e9c587 service neutron] Attributes excluded by policy engine: ['standard_attr_id', 'vlan_transparent'] {{(pid=93038) _exclude_attributes_by_policy /opt/stack/neutron/neutron/pecan_wsgi/hooks/policy_enforcement.py:255}}
Jul 16 18:33:30.154629 dv-cinder-786931-5-smb neutron-server[93037]: DEBUG neutron_lib.callbacks.manager [None req-477116ac-e3a1-47d2-aefd-cf541075f4ed admin admin] Notify callbacks [] for security_group, before_delete {{(pid=93037) _notify_loop /usr/local/lib/python3.8/dist-packages/neutron_lib/callbacks/manager.py:192}}
Jul 16 18:33:30.157457 dv-cinder-786931-5-smb neutron-server[93038]: INFO neutron.wsgi [req-eaa84c49-afb1-428e-8102-b7b4a69532b7 req-a5dc34ad-ae7e-4769-ad87-45e610e9c587 service neutron] 10.222.0.76 "GET /v2.0/networks?id=b64d464f-24ca-4515-8a4a-5028cc0319d7 HTTP/1.1" status: 200 len: 912 time: 0.4208608
Jul 16 18:33:30.183951 dv-cinder-786931-5-smb neutron-server[93038]: DEBUG neutron.pecan_wsgi.hooks.policy_enforcement [req-edfddd24-587f-405e-9886-e3d91c927d66 req-3e3ad310-706f-4164-9ece-c7db41f237fa tempest-AttachVolumeShelveTestJSON-1965917850 tempest-AttachVolumeShelveTestJSON-1965917850-project] Attributes excluded by policy engine: ['standard_attr_id', 'binding:profile', 'binding:host_id', 'binding:vif_type', 'binding:vif_details'] {{(pid=93038) _exclude_attributes_by_policy /opt/stack/neutron/neutron/pecan_wsgi/hooks/policy_enforcement.py:255}}
Jul 16 18:33:30.187612 dv-cinder-786931-5-smb neutron-server[93039]: DEBUG neutron.plugins.ml2.db [None req-2ca850a5-241e-4d35-a0d1-f67653991620 None None] For port d4ebc3e5-209c-4410-864a-ce684227ac1d, host hv-cinder-78693, got binding levels [PortBindingLevel(driver='hyperv',host='hv-cinder-78693',level=0,port_id=d4ebc3e5-209c-4410-864a-ce684227ac1d,segment=NetworkSegment(35f03579-b94a-4cae-bf94-5c8fbfa168d4),segment_id=35f03579-b94a-4cae-bf94-5c8fbfa168d4)] {{(pid=93039) get_binding_level_objs /opt/stack/neutron/neutron/plugins/ml2/db.py:74}}
Jul 16 18:33:30.204221 dv-cinder-786931-5-smb neutron-server[93038]: INFO neutron.wsgi [req-edfddd24-587f-405e-9886-e3d91c927d66 req-3e3ad310-706f-4164-9ece-c7db41f237fa tempest-AttachVolumeShelveTestJSON-1965917850 tempest-AttachVolumeShelveTestJSON-1965917850-project] 10.222.0.66 "GET /v2.0/ports?device_id=cb16cc93-eba1-46fa-8a48-d1c3954b14c8 HTTP/1.1" status: 200 len: 944 time: 0.4070559
Jul 16 18:33:30.227189 dv-cinder-786931-5-smb neutron-server[93039]: DEBUG neutron_lib.callbacks.manager [None req-2ca850a5-241e-4d35-a0d1-f67653991620 None None] Notify callbacks ['neutron.plugins.ml2.plugin.SecurityGroupServerNotifierRpcMixin._notify_sg_on_port_change-1603618', 'neutron.plugins.ml2.ovo_rpc._ObjectChangeHandler.handle_event-945468', 'neutron.api.rpc.agentnotifiers.dhcp_rpc_agent_api.DhcpAgentNotifyAPI._native_event_send_dhcp_notification-584466', 'neutron.db.l3_db.L3RpcNotifierMixin._notify_gateway_port_ip_changed-8758395145813', 'neutron.db.l3_dvrscheduler_db._notify_l3_agent_port_update-8758394745245', 'neutron.db.l3_hascheduler_db._notify_l3_agent_ha_port_update-8758394745263'] for port, after_update {{(pid=93039) _notify_loop /usr/local/lib/python3.8/dist-packages/neutron_lib/callbacks/manager.py:192}}
Jul 16 18:33:30.228517 dv-cinder-786931-5-smb neutron-server[93039]: DEBUG neutron.plugins.ml2.rpc [None req-2ca850a5-241e-4d35-a0d1-f67653991620 None None] Device 2820171b-afa7-44b0-abde-52420410a0f4 no longer exists at agent hyperv_hv-cinder-78693 {{(pid=93039) update_device_down /opt/stack/neutron/neutron/plugins/ml2/rpc.py:259}}
Jul 16 18:33:30.231143 dv-cinder-786931-5-smb neutron-server[93037]: DEBUG neutron_lib.callbacks.manager [None req-477116ac-e3a1-47d2-aefd-cf541075f4ed admin admin] Notify callbacks [] for security_group, precommit_delete {{(pid=93037) _notify_loop /usr/local/lib/python3.8/dist-packages/neutron_lib/callbacks/manager.py:192}}
Jul 16 18:33:30.245139 dv-cinder-786931-5-smb neutron-server[93038]: DEBUG neutron.pecan_wsgi.hooks.policy_enforcement [req-12f951e5-5d32-4c84-bb96-11aceb6e8a55 req-d0ed3e41-8b8b-40ab-afe0-6fcc3e602272 tempest-ServerRescueNegativeTestJSON-179756451 tempest-ServerRescueNegativeTestJSON-179756451-project] Attributes excluded by policy engine: ['standard_attr_id', 'binding:profile', 'binding:host_id', 'binding:vif_type', 'binding:vif_details'] {{(pid=93038) _exclude_attributes_by_policy /opt/stack/neutron/neutron/pecan_wsgi/hooks/policy_enforcement.py:255}}
Jul 16 18:33:30.258593 dv-cinder-786931-5-smb neutron-server[93038]: INFO neutron.wsgi [req-12f951e5-5d32-4c84-bb96-11aceb6e8a55 req-d0ed3e41-8b8b-40ab-afe0-6fcc3e602272 tempest-ServerRescueNegativeTestJSON-179756451 tempest-ServerRescueNegativeTestJSON-179756451-project] 10.222.0.66 "GET /v2.0/ports?device_id=4de7297b-9e8a-440e-8490-cb74dd4bcb71 HTTP/1.1" status: 200 len: 945 time: 0.4591122
Jul 16 18:33:30.306027 dv-cinder-786931-5-smb neutron-server[93037]: DEBUG neutron_lib.callbacks.manager [None req-477116ac-e3a1-47d2-aefd-cf541075f4ed admin admin] Notify callbacks ['neutron.plugins.ml2.ovo_rpc._ObjectChangeHandler.handle_event-743264'] for security_group, after_delete {{(pid=93037) _notify_loop /usr/local/lib/python3.8/dist-packages/neutron_lib/callbacks/manager.py:192}}
Jul 16 18:33:30.309060 dv-cinder-786931-5-smb neutron-server[93037]: DEBUG neutron_lib.callbacks.manager [None req-477116ac-e3a1-47d2-aefd-cf541075f4ed admin admin] Notify callbacks [] for security_group, before_response {{(pid=93037) _notify_loop /usr/local/lib/python3.8/dist-packages/neutron_lib/callbacks/manager.py:192}}
Jul 16 18:33:30.311857 dv-cinder-786931-5-smb neutron-server[93037]: INFO neutron.wsgi [None req-477116ac-e3a1-47d2-aefd-cf541075f4ed admin admin] 10.222.0.66 "DELETE /v2.0/security-groups/3602a66b-9288-4605-8218-adea4137f973 HTTP/1.1" status: 204 len: 168 time: 0.2796371
Jul 16 18:33:30.330106 dv-cinder-786931-5-smb neutron-server[93037]: DEBUG neutron.api.rpc.handlers.resources_rpc [None req-477116ac-e3a1-47d2-aefd-cf541075f4ed admin admin] Pushing event deleted for resources: {'SecurityGroup': ['ID=3602a66b-9288-4605-8218-adea4137f973,revision_number=None']} {{(pid=93037) push /opt/stack/neutron/neutron/api/rpc/handlers/resources_rpc.py:237}}
Jul 16 18:33:30.425373 dv-cinder-786931-5-smb neutron-server[93039]: DEBUG neutron.plugins.ml2.plugin [None req-2ca850a5-241e-4d35-a0d1-f67653991620 None None] No Port match for: 2820171b-afa7-44b0-abde-52420410a0f4 {{(pid=93039) port_bound_to_host /opt/stack/neutron/neutron/plugins/ml2/plugin.py:2250}}
Jul 16 18:33:30.425715 dv-cinder-786931-5-smb neutron-server[93039]: DEBUG neutron.plugins.ml2.rpc [None req-2ca850a5-241e-4d35-a0d1-f67653991620 None None] Device 2820171b-afa7-44b0-abde-52420410a0f4 not bound to the agent host hv-cinder-78693 {{(pid=93039) update_device_down /opt/stack/neutron/neutron/plugins/ml2/rpc.py:269}}
Jul 16 18:33:30.515712 dv-cinder-786931-5-smb neutron-server[93038]: INFO neutron.wsgi [req-eaa84c49-afb1-428e-8102-b7b4a69532b7 req-cb2a8a72-0ca5-4c2e-8476-2d64f585a078 service neutron] 10.222.0.76 "GET /v2.0/floatingips?fixed_ip_address=172.20.0.14&port_id=60ad5a1e-06a1-40c6-9607-881f6430f523 HTTP/1.1" status: 200 len: 1000 time: 0.3036873
Jul 16 18:33:30.537286 dv-cinder-786931-5-smb neutron-server[93038]: INFO neutron.wsgi [req-12f951e5-5d32-4c84-bb96-11aceb6e8a55 req-8c3c50b9-61c1-4355-9da0-80d48569001b tempest-ServerRescueNegativeTestJSON-179756451 tempest-ServerRescueNegativeTestJSON-179756451-project] 10.222.0.66 "GET /v2.0/security-groups?id=e2d982b2-8917-4edb-89d9-c789df4e840f&fields=id&fields=name HTTP/1.1" status: 200 len: 286 time: 0.2786765
Jul 16 18:33:30.552537 dv-cinder-786931-5-smb neutron-server[93039]: DEBUG neutron.api.rpc.handlers.resources_rpc [None req-2ca850a5-241e-4d35-a0d1-f67653991620 None None] Pushing event updated for resources: {'Port': ['ID=d4ebc3e5-209c-4410-864a-ce684227ac1d,revision_number=5']} {{(pid=93039) push /opt/stack/neutron/neutron/api/rpc/handlers/resources_rpc.py:237}}
Jul 16 18:33:30.582258 dv-cinder-786931-5-smb neutron-server[93038]: INFO neutron.wsgi [req-edfddd24-587f-405e-9886-e3d91c927d66 req-0efeb6c5-857d-40d9-9ad0-e2687c89647d tempest-AttachVolumeShelveTestJSON-1965917850 tempest-AttachVolumeShelveTestJSON-1965917850-project] 10.222.0.66 "GET /v2.0/security-groups?id=1a31a463-3145-42e7-89c6-0e5ca86d93b3&fields=id&fields=name HTTP/1.1" status: 200 len: 313 time: 0.3770661
Jul 16 18:33:30.678278 dv-cinder-786931-5-smb neutron-server[93038]: DEBUG neutron.pecan_wsgi.hooks.policy_enforcement [req-eaa84c49-afb1-428e-8102-b7b4a69532b7 req-e6d3dcdd-dad7-4571-8bb8-2b80efd26887 service neutron] Attributes excluded by policy engine: ['standard_attr_id', 'shared'] {{(pid=93038) _exclude_attributes_by_policy /opt/stack/neutron/neutron/pecan_wsgi/hooks/policy_enforcement.py:255}}
Jul 16 18:33:30.679786 dv-cinder-786931-5-smb neutron-server[93038]: INFO neutron.wsgi [req-eaa84c49-afb1-428e-8102-b7b4a69532b7 req-e6d3dcdd-dad7-4571-8bb8-2b80efd26887 service neutron] 10.222.0.76 "GET /v2.0/subnets?id=80f57abf-c90d-4f57-8e98-b071abd6f215 HTTP/1.1" status: 200 len: 850 time: 0.1342881
Jul 16 18:33:30.741182 dv-cinder-786931-5-smb neutron-server[93037]: DEBUG neutron.wsgi [-] (93037) accepted ('10.222.0.66', 50258) {{(pid=93037) server /usr/local/lib/python3.8/dist-packages/eventlet/wsgi.py:982}}
Jul 16 18:33:30.857435 dv-cinder-786931-5-smb neutron-server[93038]: DEBUG neutron.pecan_wsgi.hooks.policy_enforcement [req-eaa84c49-afb1-428e-8102-b7b4a69532b7 req-732abc4c-01a5-4026-a88d-17f210b1db55 service neutron] Attributes excluded by policy engine: ['standard_attr_id'] {{(pid=93038) _exclude_attributes_by_policy /opt/stack/neutron/neutron/pecan_wsgi/hooks/policy_enforcement.py:255}}
Jul 16 18:33:30.859325 dv-cinder-786931-5-smb neutron-server[93038]: INFO neutron.wsgi [req-eaa84c49-afb1-428e-8102-b7b4a69532b7 req-732abc4c-01a5-4026-a88d-17f210b1db55 service neutron] 10.222.0.76 "GET /v2.0/ports?network_id=b64d464f-24ca-4515-8a4a-5028cc0319d7&device_owner=network%3Adhcp HTTP/1.1" status: 200 len: 1173 time: 0.1645784
Jul 16 18:33:30.894155 dv-cinder-786931-5-smb neutron-server[93038]: INFO neutron.wsgi [req-c1b3f4be-786b-4f8b-a804-298faddeffd4 req-fe243f7d-a91f-4e1a-a65e-d4e8b511db27 tempest-DeleteServersTestJSON-985689349 tempest-DeleteServersTestJSON-985689349-project] 10.222.0.66 "GET /v2.0/ports?device_id=615ff2af-2964-447a-95ee-21b4d8e536ec HTTP/1.1" status: 200 len: 210 time: 0.0337455
Jul 16 18:33:31.016022 dv-cinder-786931-5-smb neutron-server[93038]: INFO neutron.wsgi [req-eaa84c49-afb1-428e-8102-b7b4a69532b7 req-ffc0377e-78dd-46d4-b034-70b96d004fe3 service neutron] 10.222.0.76 "GET /v2.0/networks/b64d464f-24ca-4515-8a4a-5028cc0319d7?fields=segments HTTP/1.1" status: 200 len: 212 time: 0.1056614
Jul 16 18:33:31.029196 dv-cinder-786931-5-smb neutron-server[93039]: DEBUG neutron.notifiers.nova [-] Sending events: [{'server_uuid': 'cb16cc93-eba1-46fa-8a48-d1c3954b14c8', 'name': 'network-vif-plugged', 'status': 'completed', 'tag': 'd4ebc3e5-209c-4410-864a-ce684227ac1d'}] {{(pid=93039) send_events /opt/stack/neutron/neutron/notifiers/nova.py:262}}
Jul 16 18:33:31.032177 dv-cinder-786931-5-smb neutron-server[93039]: DEBUG novaclient.v2.client [-] REQ: curl -g -i --cacert "/opt/stack/data/ca-bundle.pem" -X POST http://10.222.0.66/compute/v2.1/os-server-external-events -H "Accept: application/json" -H "Content-Type: application/json" -H "User-Agent: python-novaclient" -H "X-Auth-Token: {SHA256}22d434d260edca69368236f68a22a6f1dae06db419e455302c55b09cab9ce6bf" -H "X-OpenStack-Nova-API-Version: 2.1" -H "X-OpenStack-Request-ID: req-8a5207ce-4dd4-4ecb-ad59-d97b7b61b437" -d '{"events": [{"server_uuid": "cb16cc93-eba1-46fa-8a48-d1c3954b14c8", "name": "network-vif-plugged", "status": "completed", "tag": "d4ebc3e5-209c-4410-864a-ce684227ac1d"}]}' {{(pid=93039) _http_log_request /usr/local/lib/python3.8/dist-packages/keystoneauth1/session.py:519}}
Jul 16 18:33:31.038538 dv-cinder-786931-5-smb neutron-server[93037]: DEBUG neutron_lib.callbacks.manager [None req-746233fe-668c-4d76-900a-badaf9111de9 admin admin] Notify callbacks [] for security_group, before_create {{(pid=93037) _notify_loop /usr/local/lib/python3.8/dist-packages/neutron_lib/callbacks/manager.py:192}}
Jul 16 18:33:31.111371 dv-cinder-786931-5-smb neutron-server[93039]: DEBUG novaclient.v2.client [-] RESP: [200] Connection: close Content-Length: 183 Content-Type: application/json Date: Fri, 16 Jul 2021 18:33:31 GMT OpenStack-API-Version: compute 2.1 Server: Apache/2.4.41 (Ubuntu) Vary: OpenStack-API-Version,X-OpenStack-Nova-API-Version X-OpenStack-Nova-API-Version: 2.1 x-compute-request-id: req-5b4c63b3-80ca-4f48-9110-f3435a6e6b22 x-openstack-request-id: req-5b4c63b3-80ca-4f48-9110-f3435a6e6b22 {{(pid=93039) _http_log_response /usr/local/lib/python3.8/dist-packages/keystoneauth1/session.py:550}}
Jul 16 18:33:31.111897 dv-cinder-786931-5-smb neutron-server[93039]: DEBUG novaclient.v2.client [-] RESP BODY: {"events": [{"server_uuid": "cb16cc93-eba1-46fa-8a48-d1c3954b14c8", "name": "network-vif-plugged", "status": "completed", "tag": "d4ebc3e5-209c-4410-864a-ce684227ac1d", "code": 200}]} {{(pid=93039) _http_log_response /usr/local/lib/python3.8/dist-packages/keystoneauth1/session.py:582}}
Jul 16 18:33:31.113054 dv-cinder-786931-5-smb neutron-server[93039]: DEBUG novaclient.v2.client [-] POST call to compute for http://10.222.0.66/compute/v2.1/os-server-external-events used request id req-5b4c63b3-80ca-4f48-9110-f3435a6e6b22 {{(pid=93039) request /usr/local/lib/python3.8/dist-packages/keystoneauth1/session.py:954}}
Jul 16 18:33:31.113561 dv-cinder-786931-5-smb neutron-server[93039]: INFO neutron.notifiers.nova [-] Nova event response: {'server_uuid': 'cb16cc93-eba1-46fa-8a48-d1c3954b14c8', 'name': 'network-vif-plugged', 'status': 'completed', 'tag': 'd4ebc3e5-209c-4410-864a-ce684227ac1d', 'code': 200}
Jul 16 18:33:31.180581 dv-cinder-786931-5-smb neutron-server[93038]: INFO neutron.wsgi [req-eaa84c49-afb1-428e-8102-b7b4a69532b7 req-122bc2a2-7c1d-4e2d-a4a7-85ae3b580727 service neutron] 10.222.0.76 "GET /v2.0/networks/b64d464f-24ca-4515-8a4a-5028cc0319d7?fields=provider%3Aphysical_network&fields=provider%3Anetwork_type HTTP/1.1" status: 200 len: 281 time: 0.1581905
Jul 16 18:33:31.200735 dv-cinder-786931-5-smb neutron-server[93038]: DEBUG neutron.wsgi [-] (93038) accepted ('10.222.0.66', 50272) {{(pid=93038) server /usr/local/lib/python3.8/dist-packages/eventlet/wsgi.py:982}}
Jul 16 18:33:31.215078 dv-cinder-786931-5-smb neutron-server[93038]: DEBUG neutron_lib.callbacks.manager [None req-b4cb2a56-7fc9-4e8e-8d9e-4935bde2dda8 admin admin] Notify callbacks [] for security_group, before_create {{(pid=93038) _notify_loop /usr/local/lib/python3.8/dist-packages/neutron_lib/callbacks/manager.py:192}}
Jul 16 18:33:31.231935 dv-cinder-786931-5-smb neutron-server[93037]: DEBUG neutron_lib.callbacks.manager [None req-746233fe-668c-4d76-900a-badaf9111de9 admin admin] Notify callbacks [] for security_group, precommit_create {{(pid=93037) _notify_loop /usr/local/lib/python3.8/dist-packages/neutron_lib/callbacks/manager.py:192}}
Jul 16 18:33:31.238199 dv-cinder-786931-5-smb neutron-server[93037]: DEBUG neutron_lib.callbacks.manager [None req-746233fe-668c-4d76-900a-badaf9111de9 admin admin] Notify callbacks ['neutron.plugins.ml2.ovo_rpc._ObjectChangeHandler.handle_event-743264'] for security_group, after_create {{(pid=93037) _notify_loop /usr/local/lib/python3.8/dist-packages/neutron_lib/callbacks/manager.py:192}}
Jul 16 18:33:31.281529 dv-cinder-786931-5-smb neutron-server[93037]: INFO neutron.wsgi [None req-746233fe-668c-4d76-900a-badaf9111de9 admin admin] 10.222.0.66 "GET /v2.0/security-groups?tenant_id=42535d449be14300b8d3bf9b84e0971a&name=default HTTP/1.1" status: 200 len: 2979 time: 0.5390794
Jul 16 18:33:31.284342 dv-cinder-786931-5-smb neutron-server[93037]: DEBUG neutron.wsgi [-] (93037) accepted ('10.222.0.66', 50276) {{(pid=93037) server /usr/local/lib/python3.8/dist-packages/eventlet/wsgi.py:982}}
Jul 16 18:33:31.293425 dv-cinder-786931-5-smb neutron-server[93037]: DEBUG neutron.api.rpc.handlers.resources_rpc [None req-746233fe-668c-4d76-900a-badaf9111de9 admin admin] Pushing event updated for resources: {'SecurityGroup': ['ID=37966d8d-f302-4a9c-9f37-090b1d92fc74,revision_number=1']} {{(pid=93037) push /opt/stack/neutron/neutron/api/rpc/handlers/resources_rpc.py:237}}
Jul 16 18:33:31.338239 dv-cinder-786931-5-smb neutron-server[93038]: DEBUG neutron_lib.callbacks.manager [None req-b4cb2a56-7fc9-4e8e-8d9e-4935bde2dda8 admin admin] Notify callbacks [] for security_group, precommit_create {{(pid=93038) _notify_loop /usr/local/lib/python3.8/dist-packages/neutron_lib/callbacks/manager.py:192}}
Jul 16 18:33:31.344211 dv-cinder-786931-5-smb neutron-server[93038]: DEBUG neutron_lib.callbacks.manager [None req-b4cb2a56-7fc9-4e8e-8d9e-4935bde2dda8 admin admin] Notify callbacks ['neutron.plugins.ml2.ovo_rpc._ObjectChangeHandler.handle_event-743264'] for security_group, after_create {{(pid=93038) _notify_loop /usr/local/lib/python3.8/dist-packages/neutron_lib/callbacks/manager.py:192}}
Jul 16 18:33:31.357541 dv-cinder-786931-5-smb neutron-server[93037]: DEBUG neutron_lib.callbacks.manager [None req-70b3a522-9a50-492c-8b2e-f2c5c2d46cc8 admin admin] Notify callbacks [] for security_group, before_delete {{(pid=93037) _notify_loop /usr/local/lib/python3.8/dist-packages/neutron_lib/callbacks/manager.py:192}}
Jul 16 18:33:31.382256 dv-cinder-786931-5-smb neutron-server[93037]: DEBUG neutron_lib.callbacks.manager [None req-70b3a522-9a50-492c-8b2e-f2c5c2d46cc8 admin admin] Notify callbacks [] for security_group, precommit_delete {{(pid=93037) _notify_loop /usr/local/lib/python3.8/dist-packages/neutron_lib/callbacks/manager.py:192}}
Jul 16 18:33:31.391075 dv-cinder-786931-5-smb neutron-server[93038]: DEBUG neutron.api.rpc.handlers.resources_rpc [None req-b4cb2a56-7fc9-4e8e-8d9e-4935bde2dda8 admin admin] Pushing event updated for resources: {'SecurityGroup': ['ID=545706b9-9992-40b0-bd00-bc020ad59bbd,revision_number=1']} {{(pid=93038) push /opt/stack/neutron/neutron/api/rpc/handlers/resources_rpc.py:237}}
Jul 16 18:33:31.395876 dv-cinder-786931-5-smb neutron-server[93038]: INFO neutron.wsgi [None req-b4cb2a56-7fc9-4e8e-8d9e-4935bde2dda8 admin admin] 10.222.0.66 "GET /v2.0/security-groups?tenant_id=0020e16f6c6747b9be0208885e4dce8e&name=default HTTP/1.1" status: 200 len: 2979 time: 0.1939523
Jul 16 18:33:31.398715 dv-cinder-786931-5-smb neutron-server[93037]: DEBUG neutron.wsgi [-] (93037) accepted ('10.222.0.66', 50280) {{(pid=93037) server /usr/local/lib/python3.8/dist-packages/eventlet/wsgi.py:982}}
Jul 16 18:33:31.456538 dv-cinder-786931-5-smb neutron-server[93038]: DEBUG neutron.pecan_wsgi.hooks.policy_enforcement [req-20692a81-c1f4-4463-9a95-5eb29e3c2f9e req-fdbb3312-ce6f-435a-896d-9e7491691f25 service neutron] Attributes excluded by policy engine: ['standard_attr_id'] {{(pid=93038) _exclude_attributes_by_policy /opt/stack/neutron/neutron/pecan_wsgi/hooks/policy_enforcement.py:255}}
Jul 16 18:33:31.458459 dv-cinder-786931-5-smb neutron-server[93038]: INFO neutron.wsgi [req-20692a81-c1f4-4463-9a95-5eb29e3c2f9e req-fdbb3312-ce6f-435a-896d-9e7491691f25 service neutron] 10.222.0.76 "GET /v2.0/ports?device_id=cb16cc93-eba1-46fa-8a48-d1c3954b14c8 HTTP/1.1" status: 200 len: 1098 time: 0.0537136
Jul 16 18:33:31.465531 dv-cinder-786931-5-smb neutron-server[93037]: DEBUG neutron_lib.callbacks.manager [None req-70b3a522-9a50-492c-8b2e-f2c5c2d46cc8 admin admin] Notify callbacks ['neutron.plugins.ml2.ovo_rpc._ObjectChangeHandler.handle_event-743264'] for security_group, after_delete {{(pid=93037) _notify_loop /usr/local/lib/python3.8/dist-packages/neutron_lib/callbacks/manager.py:192}}
Jul 16 18:33:31.468915 dv-cinder-786931-5-smb neutron-server[93037]: DEBUG neutron_lib.callbacks.manager [None req-70b3a522-9a50-492c-8b2e-f2c5c2d46cc8 admin admin] Notify callbacks [] for security_group, before_response {{(pid=93037) _notify_loop /usr/local/lib/python3.8/dist-packages/neutron_lib/callbacks/manager.py:192}}
Jul 16 18:33:31.470222 dv-cinder-786931-5-smb neutron-server[93037]: INFO neutron.wsgi [None req-70b3a522-9a50-492c-8b2e-f2c5c2d46cc8 admin admin] 10.222.0.66 "DELETE /v2.0/security-groups/37966d8d-f302-4a9c-9f37-090b1d92fc74 HTTP/1.1" status: 204 len: 168 time: 0.1848028
Jul 16 18:33:31.471348 dv-cinder-786931-5-smb neutron-server[93037]: DEBUG neutron_lib.callbacks.manager [None req-1ee565b4-7c57-488a-b897-538ce918bd2d admin admin] Notify callbacks [] for security_group, before_delete {{(pid=93037) _notify_loop /usr/local/lib/python3.8/dist-packages/neutron_lib/callbacks/manager.py:192}}
Jul 16 18:33:31.489544 dv-cinder-786931-5-smb neutron-server[93037]: DEBUG neutron.api.rpc.handlers.resources_rpc [None req-70b3a522-9a50-492c-8b2e-f2c5c2d46cc8 admin admin] Pushing event deleted for resources: {'SecurityGroup': ['ID=37966d8d-f302-4a9c-9f37-090b1d92fc74,revision_number=None']} {{(pid=93037) push /opt/stack/neutron/neutron/api/rpc/handlers/resources_rpc.py:237}}
Jul 16 18:33:31.495798 dv-cinder-786931-5-smb neutron-server[93038]: INFO neutron.wsgi [req-20692a81-c1f4-4463-9a95-5eb29e3c2f9e req-0fcf05e9-c865-479c-8578-3d3a296aa2b7 service neutron] 10.222.0.76 "GET /v2.0/security-groups?id=1a31a463-3145-42e7-89c6-0e5ca86d93b3&fields=id&fields=name HTTP/1.1" status: 200 len: 313 time: 0.0309966
Jul 16 18:33:31.509991 dv-cinder-786931-5-smb neutron-server[93037]: DEBUG neutron_lib.callbacks.manager [None req-1ee565b4-7c57-488a-b897-538ce918bd2d admin admin] Notify callbacks [] for security_group, precommit_delete {{(pid=93037) _notify_loop /usr/local/lib/python3.8/dist-packages/neutron_lib/callbacks/manager.py:192}}
Jul 16 18:33:31.562009 dv-cinder-786931-5-smb neutron-server[93037]: DEBUG neutron_lib.callbacks.manager [None req-1ee565b4-7c57-488a-b897-538ce918bd2d admin admin] Notify callbacks ['neutron.plugins.ml2.ovo_rpc._ObjectChangeHandler.handle_event-743264'] for security_group, after_delete {{(pid=93037) _notify_loop /usr/local/lib/python3.8/dist-packages/neutron_lib/callbacks/manager.py:192}}
Jul 16 18:33:31.564982 dv-cinder-786931-5-smb neutron-server[93037]: DEBUG neutron_lib.callbacks.manager [None req-1ee565b4-7c57-488a-b897-538ce918bd2d admin admin] Notify callbacks [] for security_group, before_response {{(pid=93037) _notify_loop /usr/local/lib/python3.8/dist-packages/neutron_lib/callbacks/manager.py:192}}
Jul 16 18:33:31.566160 dv-cinder-786931-5-smb neutron-server[93037]: INFO neutron.wsgi [None req-1ee565b4-7c57-488a-b897-538ce918bd2d admin admin] 10.222.0.66 "DELETE /v2.0/security-groups/545706b9-9992-40b0-bd00-bc020ad59bbd HTTP/1.1" status: 204 len: 168 time: 0.1664598
Jul 16 18:33:31.574695 dv-cinder-786931-5-smb neutron-server[93037]: DEBUG neutron.api.rpc.handlers.resources_rpc [None req-1ee565b4-7c57-488a-b897-538ce918bd2d admin admin] Pushing event deleted for resources: {'SecurityGroup': ['ID=545706b9-9992-40b0-bd00-bc020ad59bbd,revision_number=None']} {{(pid=93037) push /opt/stack/neutron/neutron/api/rpc/handlers/resources_rpc.py:237}}
Jul 16 18:33:31.818345 dv-cinder-786931-5-smb neutron-server[93038]: DEBUG neutron.pecan_wsgi.hooks.policy_enforcement [req-96028ddc-6284-4f97-9e1c-5c7f7a5f8caf req-bc9876a8-2b20-4701-b04a-d67e5222d53f tempest-ServerRescueNegativeTestJSON-179756451 tempest-ServerRescueNegativeTestJSON-179756451-project] Attributes excluded by policy engine: ['standard_attr_id', 'binding:profile', 'binding:host_id', 'binding:vif_type', 'binding:vif_details'] {{(pid=93038) _exclude_attributes_by_policy /opt/stack/neutron/neutron/pecan_wsgi/hooks/policy_enforcement.py:255}}
Jul 16 18:33:31.819843 dv-cinder-786931-5-smb neutron-server[93038]: INFO neutron.wsgi [req-96028ddc-6284-4f97-9e1c-5c7f7a5f8caf req-bc9876a8-2b20-4701-b04a-d67e5222d53f tempest-ServerRescueNegativeTestJSON-179756451 tempest-ServerRescueNegativeTestJSON-179756451-project] 10.222.0.66 "GET /v2.0/ports?device_id=4de7297b-9e8a-440e-8490-cb74dd4bcb71 HTTP/1.1" status: 200 len: 945 time: 0.1219664
Jul 16 18:33:31.876819 dv-cinder-786931-5-smb neutron-server[93038]: DEBUG neutron.pecan_wsgi.hooks.policy_enforcement [req-ef9e92bc-7eb9-4598-811f-54be34ee0888 req-194d53ae-7745-4c3d-a728-001c08e42ef3 tempest-AttachVolumeShelveTestJSON-1965917850 tempest-AttachVolumeShelveTestJSON-1965917850-project] Attributes excluded by policy engine: ['standard_attr_id', 'binding:profile', 'binding:host_id', 'binding:vif_type', 'binding:vif_details'] {{(pid=93038) _exclude_attributes_by_policy /opt/stack/neutron/neutron/pecan_wsgi/hooks/policy_enforcement.py:255}}
Jul 16 18:33:31.878326 dv-cinder-786931-5-smb neutron-server[93038]: INFO neutron.wsgi [req-ef9e92bc-7eb9-4598-811f-54be34ee0888 req-194d53ae-7745-4c3d-a728-001c08e42ef3 tempest-AttachVolumeShelveTestJSON-1965917850 tempest-AttachVolumeShelveTestJSON-1965917850-project] 10.222.0.66 "GET /v2.0/ports?device_id=cb16cc93-eba1-46fa-8a48-d1c3954b14c8 HTTP/1.1" status: 200 len: 945 time: 0.1100998
Jul 16 18:33:31.888897 dv-cinder-786931-5-smb neutron-server[93038]: INFO neutron.wsgi [req-96028ddc-6284-4f97-9e1c-5c7f7a5f8caf req-425b382b-6130-45b4-bf5e-34515145d35d tempest-ServerRescueNegativeTestJSON-179756451 tempest-ServerRescueNegativeTestJSON-179756451-project] 10.222.0.66 "GET /v2.0/security-groups?id=e2d982b2-8917-4edb-89d9-c789df4e840f&fields=id&fields=name HTTP/1.1" status: 200 len: 286 time: 0.0596347
Jul 16 18:33:31.935204 dv-cinder-786931-5-smb neutron-server[93038]: INFO neutron.wsgi [req-ef9e92bc-7eb9-4598-811f-54be34ee0888 req-8dc292f3-cf3f-4cec-a7ca-93a02bac59ff tempest-AttachVolumeShelveTestJSON-1965917850 tempest-AttachVolumeShelveTestJSON-1965917850-project] 10.222.0.66 "GET /v2.0/security-groups?id=1a31a463-3145-42e7-89c6-0e5ca86d93b3&fields=id&fields=name HTTP/1.1" status: 200 len: 313 time: 0.0439579
Jul 16 18:33:31.994362 dv-cinder-786931-5-smb neutron-server[93038]: DEBUG neutron.wsgi [-] (93038) accepted ('10.222.0.66', 50318) {{(pid=93038) server /usr/local/lib/python3.8/dist-packages/eventlet/wsgi.py:982}}
Jul 16 18:33:32.014214 dv-cinder-786931-5-smb neutron-server[93038]: DEBUG neutron_lib.callbacks.manager [None req-f36d97f5-faa3-4495-999a-68308815acb5 admin admin] Notify callbacks [] for security_group, before_create {{(pid=93038) _notify_loop /usr/local/lib/python3.8/dist-packages/neutron_lib/callbacks/manager.py:192}}
Jul 16 18:33:32.187122 dv-cinder-786931-5-smb neutron-server[93038]: DEBUG neutron_lib.callbacks.manager [None req-f36d97f5-faa3-4495-999a-68308815acb5 admin admin] Notify callbacks [] for security_group, precommit_create {{(pid=93038) _notify_loop /usr/local/lib/python3.8/dist-packages/neutron_lib/callbacks/manager.py:192}}
Jul 16 18:33:32.193447 dv-cinder-786931-5-smb neutron-server[93038]: DEBUG neutron_lib.callbacks.manager [None req-f36d97f5-faa3-4495-999a-68308815acb5 admin admin] Notify callbacks ['neutron.plugins.ml2.ovo_rpc._ObjectChangeHandler.handle_event-743264'] for security_group, after_create {{(pid=93038) _notify_loop /usr/local/lib/python3.8/dist-packages/neutron_lib/callbacks/manager.py:192}}
Jul 16 18:33:32.302590 dv-cinder-786931-5-smb neutron-server[93038]: INFO neutron.wsgi [None req-f36d97f5-faa3-4495-999a-68308815acb5 admin admin] 10.222.0.66 "GET /v2.0/security-groups?tenant_id=e1488f1f6d384d4599ac4314cfc0c8f7&name=default HTTP/1.1" status: 200 len: 2979 time: 0.3070979
Jul 16 18:33:32.305254 dv-cinder-786931-5-smb neutron-server[93038]: DEBUG neutron.api.rpc.handlers.resources_rpc [None req-f36d97f5-faa3-4495-999a-68308815acb5 admin admin] Pushing event updated for resources: {'SecurityGroup': ['ID=f8f237ba-4bc9-48d8-b1e8-538d33b62a3d,revision_number=1']} {{(pid=93038) push /opt/stack/neutron/neutron/api/rpc/handlers/resources_rpc.py:237}}
Jul 16 18:33:32.305895 dv-cinder-786931-5-smb neutron-server[93037]: DEBUG neutron.wsgi [-] (93037) accepted ('10.222.0.66', 50332) {{(pid=93037) server /usr/local/lib/python3.8/dist-packages/eventlet/wsgi.py:982}}
Jul 16 18:33:32.329058 dv-cinder-786931-5-smb neutron-server[93039]: DEBUG neutron_lib.callbacks.manager [None req-f770ff7c-e933-4b75-971d-fba7e8b2c5ae None None] Notify callbacks ['neutron.services.segments.db._update_segment_host_mapping_for_agent-8758395258938', 'neutron.plugins.ml2.plugin.Ml2Plugin._retry_binding_revived_agents-1433342'] for agent, after_update {{(pid=93039) _notify_loop /usr/local/lib/python3.8/dist-packages/neutron_lib/callbacks/manager.py:192}}
Jul 16 18:33:32.402891 dv-cinder-786931-5-smb neutron-server[93037]: DEBUG neutron_lib.callbacks.manager [None req-8127da4b-cd14-4cb4-9365-687c64a21dbd admin admin] Notify callbacks [] for security_group, before_delete {{(pid=93037) _notify_loop /usr/local/lib/python3.8/dist-packages/neutron_lib/callbacks/manager.py:192}}
Jul 16 18:33:32.433940 dv-cinder-786931-5-smb neutron-server[93037]: DEBUG neutron_lib.callbacks.manager [None req-8127da4b-cd14-4cb4-9365-687c64a21dbd admin admin] Notify callbacks [] for security_group, precommit_delete {{(pid=93037) _notify_loop /usr/local/lib/python3.8/dist-packages/neutron_lib/callbacks/manager.py:192}}
Jul 16 18:33:32.472786 dv-cinder-786931-5-smb neutron-server[93037]: DEBUG neutron.wsgi [-] (93037) accepted ('10.222.0.66', 50340) {{(pid=93037) server /usr/local/lib/python3.8/dist-packages/eventlet/wsgi.py:982}}
Jul 16 18:33:32.510128 dv-cinder-786931-5-smb neutron-server[93037]: DEBUG neutron_lib.callbacks.manager [None req-8127da4b-cd14-4cb4-9365-687c64a21dbd admin admin] Notify callbacks ['neutron.plugins.ml2.ovo_rpc._ObjectChangeHandler.handle_event-743264'] for security_group, after_delete {{(pid=93037) _notify_loop /usr/local/lib/python3.8/dist-packages/neutron_lib/callbacks/manager.py:192}}
Jul 16 18:33:32.513602 dv-cinder-786931-5-smb neutron-server[93037]: DEBUG neutron_lib.callbacks.manager [None req-8127da4b-cd14-4cb4-9365-687c64a21dbd admin admin] Notify callbacks [] for security_group, before_response {{(pid=93037) _notify_loop /usr/local/lib/python3.8/dist-packages/neutron_lib/callbacks/manager.py:192}}
Jul 16 18:33:32.519133 dv-cinder-786931-5-smb neutron-server[93037]: INFO neutron.wsgi [None req-8127da4b-cd14-4cb4-9365-687c64a21dbd admin admin] 10.222.0.66 "DELETE /v2.0/security-groups/f8f237ba-4bc9-48d8-b1e8-538d33b62a3d HTTP/1.1" status: 204 len: 168 time: 0.2087705
Jul 16 18:33:32.528398 dv-cinder-786931-5-smb neutron-server[93037]: DEBUG neutron.api.rpc.handlers.resources_rpc [None req-8127da4b-cd14-4cb4-9365-687c64a21dbd admin admin] Pushing event deleted for resources: {'SecurityGroup': ['ID=f8f237ba-4bc9-48d8-b1e8-538d33b62a3d,revision_number=None']} {{(pid=93037) push /opt/stack/neutron/neutron/api/rpc/handlers/resources_rpc.py:237}}
Jul 16 18:33:32.595004 dv-cinder-786931-5-smb neutron-server[93038]: DEBUG neutron.pecan_wsgi.hooks.policy_enforcement [req-d9fd47b0-f2f3-4b08-b16e-be843e4478da req-84561a34-a679-4a89-9155-dfdb0442d086 service neutron] Attributes excluded by policy engine: ['standard_attr_id'] {{(pid=93038) _exclude_attributes_by_policy /opt/stack/neutron/neutron/pecan_wsgi/hooks/policy_enforcement.py:255}}
Jul 16 18:33:32.596769 dv-cinder-786931-5-smb neutron-server[93038]: INFO neutron.wsgi [req-d9fd47b0-f2f3-4b08-b16e-be843e4478da req-84561a34-a679-4a89-9155-dfdb0442d086 service neutron] 10.222.0.76 "GET /v2.0/ports?tenant_id=6da2b741e51e4aef8723f41dcdd9a36e&device_id=4de7297b-9e8a-440e-8490-cb74dd4bcb71 HTTP/1.1" status: 200 len: 1098 time: 0.1643870
Jul 16 18:33:32.606011 dv-cinder-786931-5-smb neutron-server[93038]: DEBUG neutron.pecan_wsgi.hooks.policy_enforcement [req-11ab0875-5aef-4541-9672-260be265c961 req-d0fc3e16-6a7e-4ef4-b9e7-738899a8c217 tempest-ServerRescueNegativeTestJSON-179756451 tempest-ServerRescueNegativeTestJSON-179756451-project] Attributes excluded by policy engine: ['standard_attr_id', 'binding:profile', 'binding:host_id', 'binding:vif_type', 'binding:vif_details'] {{(pid=93038) _exclude_attributes_by_policy /opt/stack/neutron/neutron/pecan_wsgi/hooks/policy_enforcement.py:255}}
Jul 16 18:33:32.607443 dv-cinder-786931-5-smb neutron-server[93038]: INFO neutron.wsgi [req-11ab0875-5aef-4541-9672-260be265c961 req-d0fc3e16-6a7e-4ef4-b9e7-738899a8c217 tempest-ServerRescueNegativeTestJSON-179756451 tempest-ServerRescueNegativeTestJSON-179756451-project] 10.222.0.66 "GET /v2.0/ports?device_id=4de7297b-9e8a-440e-8490-cb74dd4bcb71 HTTP/1.1" status: 200 len: 945 time: 0.1147537
Jul 16 18:33:32.652281 dv-cinder-786931-5-smb neutron-server[93038]: INFO neutron.wsgi [req-11ab0875-5aef-4541-9672-260be265c961 req-d308eb3a-e5b0-46a0-b120-3f1018323269 tempest-ServerRescueNegativeTestJSON-179756451 tempest-ServerRescueNegativeTestJSON-179756451-project] 10.222.0.66 "GET /v2.0/security-groups?id=e2d982b2-8917-4edb-89d9-c789df4e840f&fields=id&fields=name HTTP/1.1" status: 200 len: 286 time: 0.0369596
Jul 16 18:33:32.721859 dv-cinder-786931-5-smb neutron-server[93037]: DEBUG neutron_lib.callbacks.manager [None req-b58b1d19-ef6a-4e8b-9756-2649bb131242 admin admin] Notify callbacks [] for security_group, before_create {{(pid=93037) _notify_loop /usr/local/lib/python3.8/dist-packages/neutron_lib/callbacks/manager.py:192}}
Jul 16 18:33:32.826152 dv-cinder-786931-5-smb neutron-server[93038]: DEBUG neutron.pecan_wsgi.hooks.policy_enforcement [req-d9fd47b0-f2f3-4b08-b16e-be843e4478da req-b3f2178a-ecc5-4abd-b22b-d1e4c0cb99c8 service neutron] Attributes excluded by policy engine: ['standard_attr_id', 'vlan_transparent'] {{(pid=93038) _exclude_attributes_by_policy /opt/stack/neutron/neutron/pecan_wsgi/hooks/policy_enforcement.py:255}}
Jul 16 18:33:32.829207 dv-cinder-786931-5-smb neutron-server[93038]: INFO neutron.wsgi [req-d9fd47b0-f2f3-4b08-b16e-be843e4478da req-b3f2178a-ecc5-4abd-b22b-d1e4c0cb99c8 service neutron] 10.222.0.76 "GET /v2.0/networks?id=de2d972c-e35e-4d2d-b53e-2cdcd2bb3f4b HTTP/1.1" status: 200 len: 919 time: 0.1555781
Jul 16 18:33:32.889318 dv-cinder-786931-5-smb neutron-server[93038]: INFO neutron.wsgi [req-d9fd47b0-f2f3-4b08-b16e-be843e4478da req-9ddf22b0-68bf-46d1-9bbd-e5f7bcca3765 service neutron] 10.222.0.76 "GET /v2.0/floatingips?fixed_ip_address=172.20.0.4&port_id=52cf8bb4-64ba-4ffd-966d-d7c9b096727b HTTP/1.1" status: 200 len: 217 time: 0.0491014
Jul 16 18:33:32.919748 dv-cinder-786931-5-smb neutron-server[93037]: DEBUG neutron_lib.callbacks.manager [None req-b58b1d19-ef6a-4e8b-9756-2649bb131242 admin admin] Notify callbacks [] for security_group, precommit_create {{(pid=93037) _notify_loop /usr/local/lib/python3.8/dist-packages/neutron_lib/callbacks/manager.py:192}}
Jul 16 18:33:32.925359 dv-cinder-786931-5-smb neutron-server[93037]: DEBUG neutron_lib.callbacks.manager [None req-b58b1d19-ef6a-4e8b-9756-2649bb131242 admin admin] Notify callbacks ['neutron.plugins.ml2.ovo_rpc._ObjectChangeHandler.handle_event-743264'] for security_group, after_create {{(pid=93037) _notify_loop /usr/local/lib/python3.8/dist-packages/neutron_lib/callbacks/manager.py:192}}
Jul 16 18:33:32.960944 dv-cinder-786931-5-smb neutron-server[93038]: DEBUG neutron.pecan_wsgi.hooks.policy_enforcement [req-d9fd47b0-f2f3-4b08-b16e-be843e4478da req-d47d6c70-7ba7-4991-a920-3bc7dec95528 service neutron] Attributes excluded by policy engine: ['standard_attr_id', 'shared'] {{(pid=93038) _exclude_attributes_by_policy /opt/stack/neutron/neutron/pecan_wsgi/hooks/policy_enforcement.py:255}}
Jul 16 18:33:32.962482 dv-cinder-786931-5-smb neutron-server[93038]: INFO neutron.wsgi [req-d9fd47b0-f2f3-4b08-b16e-be843e4478da req-d47d6c70-7ba7-4991-a920-3bc7dec95528 service neutron] 10.222.0.76 "GET /v2.0/subnets?id=53b93bac-ccb8-4385-aa4d-912659be9729 HTTP/1.1" status: 200 len: 858 time: 0.0550659
Jul 16 18:33:32.971106 dv-cinder-786931-5-smb neutron-server[93037]: DEBUG neutron.api.rpc.handlers.resources_rpc [None req-b58b1d19-ef6a-4e8b-9756-2649bb131242 admin admin] Pushing event updated for resources: {'SecurityGroup': ['ID=ee27d515-d0f4-498d-9369-9ec0c914a536,revision_number=1']} {{(pid=93037) push /opt/stack/neutron/neutron/api/rpc/handlers/resources_rpc.py:237}}
Jul 16 18:33:32.998654 dv-cinder-786931-5-smb neutron-server[93037]: INFO neutron.wsgi [None req-b58b1d19-ef6a-4e8b-9756-2649bb131242 admin admin] 10.222.0.66 "GET /v2.0/security-groups?tenant_id=8aa5fa23f4584219b3f1eeec8348d3ab&name=default HTTP/1.1" status: 200 len: 2979 time: 0.5220723
Jul 16 18:33:32.999497 dv-cinder-786931-5-smb neutron-server[93037]: DEBUG neutron.wsgi [-] (93037) accepted ('10.222.0.66', 50366) {{(pid=93037) server /usr/local/lib/python3.8/dist-packages/eventlet/wsgi.py:982}}
Jul 16 18:33:33.004364 dv-cinder-786931-5-smb neutron-server[93038]: INFO neutron.wsgi [req-d9fd47b0-f2f3-4b08-b16e-be843e4478da req-7c06388c-0763-4374-b8df-b7a75c637afa service neutron] 10.222.0.76 "GET /v2.0/ports?network_id=de2d972c-e35e-4d2d-b53e-2cdcd2bb3f4b&device_owner=network%3Adhcp HTTP/1.1" status: 200 len: 210 time: 0.0324268
Jul 16 18:33:33.058523 dv-cinder-786931-5-smb neutron-server[93037]: DEBUG neutron_lib.callbacks.manager [None req-801ee5f1-55cc-43d1-a0f2-9acff05b931c admin admin] Notify callbacks [] for security_group, before_delete {{(pid=93037) _notify_loop /usr/local/lib/python3.8/dist-packages/neutron_lib/callbacks/manager.py:192}}
Jul 16 18:33:33.078562 dv-cinder-786931-5-smb neutron-server[93038]: DEBUG neutron.wsgi [-] (93038) accepted ('10.222.0.66', 50368) {{(pid=93038) server /usr/local/lib/python3.8/dist-packages/eventlet/wsgi.py:982}}
Jul 16 18:33:33.088656 dv-cinder-786931-5-smb neutron-server[93037]: DEBUG neutron_lib.callbacks.manager [None req-801ee5f1-55cc-43d1-a0f2-9acff05b931c admin admin] Notify callbacks [] for security_group, precommit_delete {{(pid=93037) _notify_loop /usr/local/lib/python3.8/dist-packages/neutron_lib/callbacks/manager.py:192}}
Jul 16 18:33:33.092620 dv-cinder-786931-5-smb neutron-server[93038]: DEBUG neutron_lib.callbacks.manager [None req-5a88d525-7848-4cbd-92e3-ce3c801c811c admin admin] Notify callbacks [] for security_group, before_create {{(pid=93038) _notify_loop /usr/local/lib/python3.8/dist-packages/neutron_lib/callbacks/manager.py:192}}
Jul 16 18:33:33.151843 dv-cinder-786931-5-smb neutron-server[93037]: DEBUG neutron_lib.callbacks.manager [None req-801ee5f1-55cc-43d1-a0f2-9acff05b931c admin admin] Notify callbacks ['neutron.plugins.ml2.ovo_rpc._ObjectChangeHandler.handle_event-743264'] for security_group, after_delete {{(pid=93037) _notify_loop /usr/local/lib/python3.8/dist-packages/neutron_lib/callbacks/manager.py:192}}
Jul 16 18:33:33.154626 dv-cinder-786931-5-smb neutron-server[93037]: DEBUG neutron_lib.callbacks.manager [None req-801ee5f1-55cc-43d1-a0f2-9acff05b931c admin admin] Notify callbacks [] for security_group, before_response {{(pid=93037) _notify_loop /usr/local/lib/python3.8/dist-packages/neutron_lib/callbacks/manager.py:192}}
Jul 16 18:33:33.157430 dv-cinder-786931-5-smb neutron-server[93037]: INFO neutron.wsgi [None req-801ee5f1-55cc-43d1-a0f2-9acff05b931c admin admin] 10.222.0.66 "DELETE /v2.0/security-groups/ee27d515-d0f4-498d-9369-9ec0c914a536 HTTP/1.1" status: 204 len: 168 time: 0.1569099
Jul 16 18:33:33.168259 dv-cinder-786931-5-smb neutron-server[93037]: DEBUG neutron.api.rpc.handlers.resources_rpc [None req-801ee5f1-55cc-43d1-a0f2-9acff05b931c admin admin] Pushing event deleted for resources: {'SecurityGroup': ['ID=ee27d515-d0f4-498d-9369-9ec0c914a536,revision_number=None']} {{(pid=93037) push /opt/stack/neutron/neutron/api/rpc/handlers/resources_rpc.py:237}}
Jul 16 18:33:33.237134 dv-cinder-786931-5-smb neutron-server[93038]: INFO neutron.wsgi [req-d9fd47b0-f2f3-4b08-b16e-be843e4478da req-0b649c3d-d828-4f52-91e0-d2b0e7dcbce7 service neutron] 10.222.0.76 "GET /v2.0/networks/de2d972c-e35e-4d2d-b53e-2cdcd2bb3f4b?fields=segments HTTP/1.1" status: 200 len: 212 time: 0.2229464
Jul 16 18:33:33.313473 dv-cinder-786931-5-smb neutron-server[93038]: DEBUG neutron.pecan_wsgi.hooks.policy_enforcement [req-0d950594-2861-4306-8369-ead234996afe req-5f112470-89f2-45ce-9b67-a357cb5ddae1 tempest-AttachVolumeShelveTestJSON-1965917850 tempest-AttachVolumeShelveTestJSON-1965917850-project] Attributes excluded by policy engine: ['standard_attr_id', 'binding:profile', 'binding:host_id', 'binding:vif_type', 'binding:vif_details'] {{(pid=93038) _exclude_attributes_by_policy /opt/stack/neutron/neutron/pecan_wsgi/hooks/policy_enforcement.py:255}}
Jul 16 18:33:33.314869 dv-cinder-786931-5-smb neutron-server[93038]: INFO neutron.wsgi [req-0d950594-2861-4306-8369-ead234996afe req-5f112470-89f2-45ce-9b67-a357cb5ddae1 tempest-AttachVolumeShelveTestJSON-1965917850 tempest-AttachVolumeShelveTestJSON-1965917850-project] 10.222.0.66 "GET /v2.0/ports?device_id=cb16cc93-eba1-46fa-8a48-d1c3954b14c8 HTTP/1.1" status: 200 len: 945 time: 0.2156534
Jul 16 18:33:33.435915 dv-cinder-786931-5-smb neutron-server[93038]: DEBUG neutron_lib.callbacks.manager [None req-5a88d525-7848-4cbd-92e3-ce3c801c811c admin admin] Notify callbacks [] for security_group, precommit_create {{(pid=93038) _notify_loop /usr/local/lib/python3.8/dist-packages/neutron_lib/callbacks/manager.py:192}}
