Jul 16 18:35:00.905013 dv-cinder-786930-5-iscsi neutron-server[93225]: DEBUG neutron.wsgi [-] (93225) accepted ('10.222.0.65', 57182) {{(pid=93225) server /usr/local/lib/python3.8/dist-packages/eventlet/wsgi.py:982}}
Jul 16 18:35:00.928850 dv-cinder-786930-5-iscsi neutron-server[93225]: DEBUG neutron.scheduler.dhcp_agent_scheduler [None req-77b09901-f6d5-4f3a-835f-50ca8dab1d9e admin admin] Network f3e42a00-58fb-4c73-9afe-6520394cc3f7 is already hosted by enough agents. {{(pid=93225) _get_dhcp_agents_hosting_network /opt/stack/neutron/neutron/scheduler/dhcp_agent_scheduler.py:275}}
Jul 16 18:35:00.940446 dv-cinder-786930-5-iscsi neutron-server[93226]: DEBUG neutron_lib.callbacks.manager [None req-db62cf29-1597-4903-981a-685f9a1b553a admin admin] Notify callbacks [] for security_group, before_delete {{(pid=93226) _notify_loop /usr/local/lib/python3.8/dist-packages/neutron_lib/callbacks/manager.py:192}}
Jul 16 18:35:00.961596 dv-cinder-786930-5-iscsi neutron-server[93225]: DEBUG neutron.scheduler.base_scheduler [None req-77b09901-f6d5-4f3a-835f-50ca8dab1d9e admin admin] Resources bound (agent type, host, resource id): {{(pid=93225) schedule /opt/stack/neutron/neutron/scheduler/base_scheduler.py:57}}
Jul 16 18:35:00.982857 dv-cinder-786930-5-iscsi neutron-server[93225]: DEBUG neutron.db.l3_dvrscheduler_db [None req-77b09901-f6d5-4f3a-835f-50ca8dab1d9e admin admin] Received port after_create {{(pid=93225) _notify_l3_agent_new_port /opt/stack/neutron/neutron/db/l3_dvrscheduler_db.py:535}}
Jul 16 18:35:01.039846 dv-cinder-786930-5-iscsi neutron-server[93226]: DEBUG neutron_lib.callbacks.manager [None req-db62cf29-1597-4903-981a-685f9a1b553a admin admin] Notify callbacks [] for security_group, precommit_delete {{(pid=93226) _notify_loop /usr/local/lib/python3.8/dist-packages/neutron_lib/callbacks/manager.py:192}}
Jul 16 18:35:01.050738 dv-cinder-786930-5-iscsi neutron-server[93227]: DEBUG neutron.api.rpc.handlers.resources_rpc [None req-a98636f7-7261-4510-8b45-1cf3f030dcf1 None None] Pushing event updated for resources: {'Port': ['ID=1c23fc77-7c3f-4bc9-8fdb-3edd794a1652,revision_number=2']} {{(pid=93227) push /opt/stack/neutron/neutron/api/rpc/handlers/resources_rpc.py:237}}
Jul 16 18:35:01.087122 dv-cinder-786930-5-iscsi neutron-server[93227]: DEBUG neutron.api.rpc.handlers.dhcp_rpc [None req-91233f1c-ce60-4b17-b4e7-85af2afc71ba None None] Network d40d571d-0d1e-458a-8ac0-93dd5e725f46 requested from dv-cinder-786930-5-iscsi {{(pid=93227) get_network_info /opt/stack/neutron/neutron/api/rpc/handlers/dhcp_rpc.py:218}}
Jul 16 18:35:01.163029 dv-cinder-786930-5-iscsi neutron-server[93226]: DEBUG neutron_lib.callbacks.manager [None req-8a2856b6-041f-4f39-af95-6b6059495f2c admin admin] Notify callbacks [] for port, precommit_create {{(pid=93226) _notify_loop /usr/local/lib/python3.8/dist-packages/neutron_lib/callbacks/manager.py:192}}
Jul 16 18:35:01.229078 dv-cinder-786930-5-iscsi neutron-server[93226]: DEBUG neutron_lib.callbacks.manager [None req-db62cf29-1597-4903-981a-685f9a1b553a admin admin] Notify callbacks ['neutron.plugins.ml2.ovo_rpc._ObjectChangeHandler.handle_event-301943'] for security_group, after_delete {{(pid=93226) _notify_loop /usr/local/lib/python3.8/dist-packages/neutron_lib/callbacks/manager.py:192}}
Jul 16 18:35:01.234659 dv-cinder-786930-5-iscsi neutron-server[93226]: DEBUG neutron_lib.callbacks.manager [None req-db62cf29-1597-4903-981a-685f9a1b553a admin admin] Notify callbacks [] for security_group, before_response {{(pid=93226) _notify_loop /usr/local/lib/python3.8/dist-packages/neutron_lib/callbacks/manager.py:192}}
Jul 16 18:35:01.240761 dv-cinder-786930-5-iscsi neutron-server[93226]: INFO neutron.wsgi [None req-db62cf29-1597-4903-981a-685f9a1b553a admin admin] 10.222.0.65 "DELETE /v2.0/security-groups/46823ab6-f748-42bf-b79d-4a2542e8c95a HTTP/1.1" status: 204 len: 168 time: 0.5193803
Jul 16 18:35:01.272234 dv-cinder-786930-5-iscsi neutron-server[93226]: DEBUG neutron.api.rpc.handlers.resources_rpc [None req-db62cf29-1597-4903-981a-685f9a1b553a admin admin] Pushing event deleted for resources: {'SecurityGroup': ['ID=46823ab6-f748-42bf-b79d-4a2542e8c95a,revision_number=None']} {{(pid=93226) push /opt/stack/neutron/neutron/api/rpc/handlers/resources_rpc.py:237}}
Jul 16 18:35:01.273835 dv-cinder-786930-5-iscsi neutron-server[93227]: DEBUG neutron.db.provisioning_blocks [None req-61cbcfa8-6e04-4cb9-8b4a-8a66f871f0cc None None] Provisioning for port eafa51f6-3274-4fd7-bceb-c5e3bf90bcf3 completed by entity DHCP. {{(pid=93227) provisioning_complete /opt/stack/neutron/neutron/db/provisioning_blocks.py:133}}
Jul 16 18:35:01.281210 dv-cinder-786930-5-iscsi neutron-server[93227]: DEBUG neutron.db.provisioning_blocks [None req-61cbcfa8-6e04-4cb9-8b4a-8a66f871f0cc None None] Provisioning complete for port eafa51f6-3274-4fd7-bceb-c5e3bf90bcf3 triggered by entity DHCP. {{(pid=93227) provisioning_complete /opt/stack/neutron/neutron/db/provisioning_blocks.py:139}}
Jul 16 18:35:01.281841 dv-cinder-786930-5-iscsi neutron-server[93227]: DEBUG neutron_lib.callbacks.manager [None req-61cbcfa8-6e04-4cb9-8b4a-8a66f871f0cc None None] Notify callbacks ['neutron.plugins.ml2.plugin.Ml2Plugin._port_provisioned-1397790'] for port, provisioning_complete {{(pid=93227) _notify_loop /usr/local/lib/python3.8/dist-packages/neutron_lib/callbacks/manager.py:192}}
Jul 16 18:35:01.297222 dv-cinder-786930-5-iscsi neutron-server[93226]: DEBUG neutron_lib.callbacks.manager [None req-8a2856b6-041f-4f39-af95-6b6059495f2c admin admin] Notify callbacks ['neutron.plugins.ml2.plugin.SecurityGroupServerNotifierRpcMixin._notify_sg_on_port_change-550933', 'neutron.plugins.ml2.ovo_rpc._ObjectChangeHandler.handle_event-126259', 'neutron.api.rpc.agentnotifiers.dhcp_rpc_agent_api.DhcpAgentNotifyAPI._native_event_send_dhcp_notification-1582629', 'neutron.db.l3_dvrscheduler_db._notify_l3_agent_new_port-8760869902246'] for port, after_create {{(pid=93226) _notify_loop /usr/local/lib/python3.8/dist-packages/neutron_lib/callbacks/manager.py:192}}
Jul 16 18:35:01.318760 dv-cinder-786930-5-iscsi neutron-server[93225]: DEBUG neutron_lib.callbacks.manager [None req-66ce6fe1-4757-4f72-87d9-60664b2ff789 admin admin] Notify callbacks [] for router_controller, precommit_add_association {{(pid=93225) _notify_loop /usr/local/lib/python3.8/dist-packages/neutron_lib/callbacks/manager.py:192}}
Jul 16 18:35:01.391111 dv-cinder-786930-5-iscsi neutron-server[93226]: DEBUG neutron.scheduler.dhcp_agent_scheduler [None req-8a2856b6-041f-4f39-af95-6b6059495f2c admin admin] Network f3e42a00-58fb-4c73-9afe-6520394cc3f7 is already hosted by enough agents. {{(pid=93226) _get_dhcp_agents_hosting_network /opt/stack/neutron/neutron/scheduler/dhcp_agent_scheduler.py:275}}
Jul 16 18:35:01.442609 dv-cinder-786930-5-iscsi neutron-server[93225]: INFO neutron.wsgi [req-6dff83b6-a834-44f6-814b-fae149d77c53 req-88ebcd4b-dc40-4ebc-beec-f8c631f9c9b4 tempest-DeleteServersTestJSON-1651039658 tempest-DeleteServersTestJSON-1651039658-project] 10.222.0.65 "GET /v2.0/ports?device_id=464fbe68-94d7-4d2c-ac32-38263cdff831 HTTP/1.1" status: 200 len: 210 time: 0.3991187
Jul 16 18:35:01.493996 dv-cinder-786930-5-iscsi neutron-server[93226]: DEBUG neutron.scheduler.base_scheduler [None req-8a2856b6-041f-4f39-af95-6b6059495f2c admin admin] Resources bound (agent type, host, resource id): {{(pid=93226) schedule /opt/stack/neutron/neutron/scheduler/base_scheduler.py:57}}
Jul 16 18:35:01.502152 dv-cinder-786930-5-iscsi neutron-server[93226]: DEBUG neutron.db.l3_dvrscheduler_db [None req-8a2856b6-041f-4f39-af95-6b6059495f2c admin admin] Received port after_create {{(pid=93226) _notify_l3_agent_new_port /opt/stack/neutron/neutron/db/l3_dvrscheduler_db.py:535}}
Jul 16 18:35:01.571044 dv-cinder-786930-5-iscsi neutron-server[93227]: DEBUG neutron_lib.callbacks.manager [None req-61cbcfa8-6e04-4cb9-8b4a-8a66f871f0cc None None] Notify callbacks ['neutron.plugins.ml2.plugin.SecurityGroupDbMixin._ensure_default_security_group_handler-552942'] for port, before_update {{(pid=93227) _notify_loop /usr/local/lib/python3.8/dist-packages/neutron_lib/callbacks/manager.py:192}}
Jul 16 18:35:01.586665 dv-cinder-786930-5-iscsi neutron-server[93226]: DEBUG neutron.api.rpc.handlers.resources_rpc [None req-8a2856b6-041f-4f39-af95-6b6059495f2c admin admin] Pushing event updated for resources: {'Port': ['ID=6430497d-f7d9-4d3c-a9f4-d597d8b4eead,revision_number=1']} {{(pid=93226) push /opt/stack/neutron/neutron/api/rpc/handlers/resources_rpc.py:237}}
Jul 16 18:35:01.646904 dv-cinder-786930-5-iscsi neutron-server[93225]: DEBUG neutron_lib.callbacks.manager [None req-f84b3041-97fe-41db-86a7-0d1a9856946e admin admin] Notify callbacks ['neutron.plugins.ml2.plugin.External_net_db_mixin._before_network_delete_handler-786076'] for network, before_delete {{(pid=93225) _notify_loop /usr/local/lib/python3.8/dist-packages/neutron_lib/callbacks/manager.py:192}}
Jul 16 18:35:01.653553 dv-cinder-786930-5-iscsi neutron-server[93225]: DEBUG neutron_lib.callbacks.manager [None req-b10c3d92-d125-4bbb-90af-ba39867849f8 admin admin] Notify callbacks [] for security_group, before_delete {{(pid=93225) _notify_loop /usr/local/lib/python3.8/dist-packages/neutron_lib/callbacks/manager.py:192}}
Jul 16 18:35:01.679733 dv-cinder-786930-5-iscsi neutron-server[93227]: DEBUG neutron.plugins.ml2.db [None req-61cbcfa8-6e04-4cb9-8b4a-8a66f871f0cc None None] For port eafa51f6-3274-4fd7-bceb-c5e3bf90bcf3, host dv-cinder-786930-5-iscsi, got binding levels [PortBindingLevel(driver='openvswitch',host='dv-cinder-786930-5-iscsi',level=0,port_id=eafa51f6-3274-4fd7-bceb-c5e3bf90bcf3,segment=NetworkSegment(4be5886b-33e4-4f24-9910-6ff37e9859db),segment_id=4be5886b-33e4-4f24-9910-6ff37e9859db)] {{(pid=93227) get_binding_level_objs /opt/stack/neutron/neutron/plugins/ml2/db.py:74}}
Jul 16 18:35:01.688018 dv-cinder-786930-5-iscsi neutron-server[93227]: DEBUG neutron_lib.callbacks.manager [None req-61cbcfa8-6e04-4cb9-8b4a-8a66f871f0cc None None] Notify callbacks ['neutron.plugins.ml2.plugin.SecurityGroupServerNotifierRpcMixin._notify_sg_on_port_change-550933', 'neutron.plugins.ml2.ovo_rpc._ObjectChangeHandler.handle_event-126259', 'neutron.api.rpc.agentnotifiers.dhcp_rpc_agent_api.DhcpAgentNotifyAPI._native_event_send_dhcp_notification-1582629', 'neutron.db.l3_db.L3RpcNotifierMixin._notify_gateway_port_ip_changed-8760870302293', 'neutron.db.l3_dvrscheduler_db._notify_l3_agent_port_update-8760869902264', 'neutron.db.l3_hascheduler_db._notify_l3_agent_ha_port_update-8760869902282'] for port, after_update {{(pid=93227) _notify_loop /usr/local/lib/python3.8/dist-packages/neutron_lib/callbacks/manager.py:192}}
Jul 16 18:35:01.706272 dv-cinder-786930-5-iscsi neutron-server[93225]: DEBUG neutron_lib.callbacks.manager [None req-b10c3d92-d125-4bbb-90af-ba39867849f8 admin admin] Notify callbacks [] for security_group, precommit_delete {{(pid=93225) _notify_loop /usr/local/lib/python3.8/dist-packages/neutron_lib/callbacks/manager.py:192}}
Jul 16 18:35:01.806051 dv-cinder-786930-5-iscsi neutron-server[93227]: DEBUG neutron.api.rpc.handlers.resources_rpc [None req-61cbcfa8-6e04-4cb9-8b4a-8a66f871f0cc None None] Pushing event updated for resources: {'Port': ['ID=eafa51f6-3274-4fd7-bceb-c5e3bf90bcf3,revision_number=3']} {{(pid=93227) push /opt/stack/neutron/neutron/api/rpc/handlers/resources_rpc.py:237}}
Jul 16 18:35:01.918734 dv-cinder-786930-5-iscsi neutron-server[93226]: DEBUG neutron.wsgi [-] (93226) accepted ('10.222.0.65', 57234) {{(pid=93226) server /usr/local/lib/python3.8/dist-packages/eventlet/wsgi.py:982}}
Jul 16 18:35:01.989970 dv-cinder-786930-5-iscsi neutron-server[93226]: INFO neutron.wsgi [req-a6803ff4-7eb5-4d32-9a9b-78a5ab51fe88 req-a91d1405-ee9c-4451-b6a9-97f1d55aee5c tempest-AttachVolumeNegativeTest-929512734 tempest-AttachVolumeNegativeTest-929512734-project] 10.222.0.65 "GET /v2.0/ports?device_id=dedf0f47-0533-4a26-a6c7-57496b9603f9 HTTP/1.1" status: 200 len: 210 time: 0.0699410
Jul 16 18:35:01.990953 dv-cinder-786930-5-iscsi neutron-server[93226]: DEBUG neutron_lib.callbacks.manager [None req-b57d0fcf-995f-4e4e-af06-05be60b75d59 admin admin] Notify callbacks [] for security_group, before_create {{(pid=93226) _notify_loop /usr/local/lib/python3.8/dist-packages/neutron_lib/callbacks/manager.py:192}}
Jul 16 18:35:02.043542 dv-cinder-786930-5-iscsi neutron-server[93226]: DEBUG neutron_lib.callbacks.manager [None req-8a2856b6-041f-4f39-af95-6b6059495f2c admin admin] Notify callbacks [] for router_gateway, after_create {{(pid=93226) _notify_loop /usr/local/lib/python3.8/dist-packages/neutron_lib/callbacks/manager.py:192}}
Jul 16 18:35:02.071118 dv-cinder-786930-5-iscsi neutron-server[93225]: DEBUG neutron_lib.callbacks.manager [None req-66ce6fe1-4757-4f72-87d9-60664b2ff789 admin admin] Notify callbacks ['neutron.services.l3_router.l3_router_plugin.DVRResourceOperationHandler._handle_distributed_migration-1791275', 'neutron.services.l3_router.l3_router_plugin.L3_HA_NAT_db_mixin._validate_migration-1791387', 'neutron.services.l3_router.service_providers.driver_controller.DriverController._update_router_provider-63093'] for router, precommit_update {{(pid=93225) _notify_loop /usr/local/lib/python3.8/dist-packages/neutron_lib/callbacks/manager.py:192}}
Jul 16 18:35:02.133066 dv-cinder-786930-5-iscsi neutron-server[93227]: DEBUG neutron.db.provisioning_blocks [None req-efca5803-e271-4db3-b0d0-df73a3478add None None] Provisioning complete for port eafa51f6-3274-4fd7-bceb-c5e3bf90bcf3 triggered by entity DHCP. {{(pid=93227) provisioning_complete /opt/stack/neutron/neutron/db/provisioning_blocks.py:139}}
Jul 16 18:35:02.133496 dv-cinder-786930-5-iscsi neutron-server[93227]: DEBUG neutron_lib.callbacks.manager [None req-efca5803-e271-4db3-b0d0-df73a3478add None None] Notify callbacks ['neutron.plugins.ml2.plugin.Ml2Plugin._port_provisioned-1397790'] for port, provisioning_complete {{(pid=93227) _notify_loop /usr/local/lib/python3.8/dist-packages/neutron_lib/callbacks/manager.py:192}}
Jul 16 18:35:02.299085 dv-cinder-786930-5-iscsi neutron-server[93227]: DEBUG neutron.plugins.ml2.rpc [None req-c631665f-4568-4a95-a143-569c78af9a52 None None] Device 1c23fc77-7c3f-4bc9-8fdb-3edd794a1652 up at agent ovs-agent-dv-cinder-786930-5-iscsi {{(pid=93227) update_device_up /opt/stack/neutron/neutron/plugins/ml2/rpc.py:296}}
Jul 16 18:35:02.326399 dv-cinder-786930-5-iscsi neutron-server[93225]: DEBUG neutron_lib.callbacks.manager [None req-b10c3d92-d125-4bbb-90af-ba39867849f8 admin admin] Notify callbacks ['neutron.plugins.ml2.ovo_rpc._ObjectChangeHandler.handle_event-301943'] for security_group, after_delete {{(pid=93225) _notify_loop /usr/local/lib/python3.8/dist-packages/neutron_lib/callbacks/manager.py:192}}
Jul 16 18:35:02.331770 dv-cinder-786930-5-iscsi neutron-server[93225]: DEBUG neutron_lib.callbacks.manager [None req-b10c3d92-d125-4bbb-90af-ba39867849f8 admin admin] Notify callbacks [] for security_group, before_response {{(pid=93225) _notify_loop /usr/local/lib/python3.8/dist-packages/neutron_lib/callbacks/manager.py:192}}
Jul 16 18:35:02.333543 dv-cinder-786930-5-iscsi neutron-server[93225]: INFO neutron.wsgi [None req-b10c3d92-d125-4bbb-90af-ba39867849f8 admin admin] 10.222.0.65 "DELETE /v2.0/security-groups/3f070d47-21e9-45f1-aa96-0a47b83a10e0 HTTP/1.1" status: 204 len: 168 time: 1.5364428
Jul 16 18:35:02.479039 dv-cinder-786930-5-iscsi neutron-server[93227]: DEBUG neutron.db.provisioning_blocks [None req-c631665f-4568-4a95-a143-569c78af9a52 None None] Provisioning for port 1c23fc77-7c3f-4bc9-8fdb-3edd794a1652 completed by entity L2. {{(pid=93227) provisioning_complete /opt/stack/neutron/neutron/db/provisioning_blocks.py:133}}
Jul 16 18:35:02.483717 dv-cinder-786930-5-iscsi neutron-server[93227]: DEBUG neutron.plugins.ml2.rpc [None req-c631665f-4568-4a95-a143-569c78af9a52 None None] Device eafa51f6-3274-4fd7-bceb-c5e3bf90bcf3 up at agent ovs-agent-dv-cinder-786930-5-iscsi {{(pid=93227) update_device_up /opt/stack/neutron/neutron/plugins/ml2/rpc.py:296}}
Jul 16 18:35:02.538611 dv-cinder-786930-5-iscsi neutron-server[93225]: DEBUG neutron_lib.callbacks.manager [None req-f84b3041-97fe-41db-86a7-0d1a9856946e admin admin] Notify callbacks ['neutron.plugins.ml2.plugin.Ml2Plugin._network_delete_precommit_handler-1396115', 'neutron.services.segments.db._delete_segments_for_network-8760870431052'] for network, precommit_delete {{(pid=93225) _notify_loop /usr/local/lib/python3.8/dist-packages/neutron_lib/callbacks/manager.py:192}}
Jul 16 18:35:02.575192 dv-cinder-786930-5-iscsi neutron-server[93227]: DEBUG neutron.db.provisioning_blocks [None req-c631665f-4568-4a95-a143-569c78af9a52 None None] Provisioning complete for port eafa51f6-3274-4fd7-bceb-c5e3bf90bcf3 triggered by entity L2. {{(pid=93227) provisioning_complete /opt/stack/neutron/neutron/db/provisioning_blocks.py:139}}
Jul 16 18:35:02.575609 dv-cinder-786930-5-iscsi neutron-server[93227]: DEBUG neutron_lib.callbacks.manager [None req-c631665f-4568-4a95-a143-569c78af9a52 None None] Notify callbacks ['neutron.plugins.ml2.plugin.Ml2Plugin._port_provisioned-1397790'] for port, provisioning_complete {{(pid=93227) _notify_loop /usr/local/lib/python3.8/dist-packages/neutron_lib/callbacks/manager.py:192}}
Jul 16 18:35:02.580108 dv-cinder-786930-5-iscsi neutron-server[93225]: DEBUG neutron.services.segments.db [None req-f84b3041-97fe-41db-86a7-0d1a9856946e admin admin] neutron.services.segments.plugin.Plugin method get_segments called with arguments (,) {'filters': {'network_id': ['050ef644-ef7b-4472-80b1-8a0720454080']}} {{(pid=93225) wrapper /usr/local/lib/python3.8/dist-packages/oslo_log/helpers.py:65}}
Jul 16 18:35:02.628555 dv-cinder-786930-5-iscsi neutron-server[93226]: DEBUG neutron_lib.callbacks.manager [None req-b57d0fcf-995f-4e4e-af06-05be60b75d59 admin admin] Notify callbacks [] for security_group, precommit_create {{(pid=93226) _notify_loop /usr/local/lib/python3.8/dist-packages/neutron_lib/callbacks/manager.py:192}}
Jul 16 18:35:02.636756 dv-cinder-786930-5-iscsi neutron-server[93226]: DEBUG neutron_lib.callbacks.manager [None req-b57d0fcf-995f-4e4e-af06-05be60b75d59 admin admin] Notify callbacks ['neutron.plugins.ml2.ovo_rpc._ObjectChangeHandler.handle_event-301943'] for security_group, after_create {{(pid=93226) _notify_loop /usr/local/lib/python3.8/dist-packages/neutron_lib/callbacks/manager.py:192}}
Jul 16 18:35:02.658532 dv-cinder-786930-5-iscsi neutron-server[93225]: DEBUG neutron.api.rpc.handlers.resources_rpc [None req-b10c3d92-d125-4bbb-90af-ba39867849f8 admin admin] Pushing event deleted for resources: {'SecurityGroup': ['ID=3f070d47-21e9-45f1-aa96-0a47b83a10e0,revision_number=None']} {{(pid=93225) push /opt/stack/neutron/neutron/api/rpc/handlers/resources_rpc.py:237}}
Jul 16 18:35:02.669288 dv-cinder-786930-5-iscsi neutron-server[93226]: DEBUG neutron.api.rpc.handlers.resources_rpc [None req-b57d0fcf-995f-4e4e-af06-05be60b75d59 admin admin] Pushing event updated for resources: {'SecurityGroup': ['ID=f47c01e4-91c7-4b60-83b2-df036b1d9c76,revision_number=1']} {{(pid=93226) push /opt/stack/neutron/neutron/api/rpc/handlers/resources_rpc.py:237}}
Jul 16 18:35:02.685457 dv-cinder-786930-5-iscsi neutron-server[93226]: DEBUG neutron_lib.callbacks.manager [None req-8a2856b6-041f-4f39-af95-6b6059495f2c admin admin] Notify callbacks ['neutron.services.l3_router.l3_router_plugin.L3_HA_NAT_db_mixin._after_router_create-1791477', 'neutron.services.l3_router.l3_router_plugin.DVRResourceOperationHandler._create_snat_interfaces_after_change-1791246'] for router, after_create {{(pid=93226) _notify_loop /usr/local/lib/python3.8/dist-packages/neutron_lib/callbacks/manager.py:192}}
Jul 16 18:35:02.729828 dv-cinder-786930-5-iscsi neutron-server[93225]: DEBUG neutron.services.segments.db [None req-f84b3041-97fe-41db-86a7-0d1a9856946e admin admin] neutron.services.segments.plugin.Plugin method delete_segment called with arguments (, '43face43-dd5e-4844-9b20-67f6be4489cb') {'for_net_delete': True} {{(pid=93225) wrapper /usr/local/lib/python3.8/dist-packages/oslo_log/helpers.py:65}}
Jul 16 18:35:02.730196 dv-cinder-786930-5-iscsi neutron-server[93225]: DEBUG neutron.services.segments.db [None req-f84b3041-97fe-41db-86a7-0d1a9856946e admin admin] neutron.services.segments.plugin.Plugin method get_segment called with arguments (, '43face43-dd5e-4844-9b20-67f6be4489cb') {} {{(pid=93225) wrapper /usr/local/lib/python3.8/dist-packages/oslo_log/helpers.py:65}}
Jul 16 18:35:02.731168 dv-cinder-786930-5-iscsi neutron-server[93227]: DEBUG neutron.api.rpc.handlers.dhcp_rpc [None req-cacf7132-b7a4-4fa7-9098-897647fe3613 None None] Network ebe85b25-7829-4146-acda-392b34f87559 requested from dv-cinder-786930-5-iscsi {{(pid=93227) get_network_info /opt/stack/neutron/neutron/api/rpc/handlers/dhcp_rpc.py:218}}
Jul 16 18:35:02.807580 dv-cinder-786930-5-iscsi neutron-server[93227]: DEBUG neutron.db.provisioning_blocks [None req-6445823d-4007-4fa7-9b03-d00f1c3fd223 None None] Provisioning for port 1c23fc77-7c3f-4bc9-8fdb-3edd794a1652 completed by entity DHCP. {{(pid=93227) provisioning_complete /opt/stack/neutron/neutron/db/provisioning_blocks.py:133}}
Jul 16 18:35:02.818340 dv-cinder-786930-5-iscsi neutron-server[93227]: DEBUG neutron.db.provisioning_blocks [None req-6445823d-4007-4fa7-9b03-d00f1c3fd223 None None] Provisioning complete for port 1c23fc77-7c3f-4bc9-8fdb-3edd794a1652 triggered by entity DHCP. {{(pid=93227) provisioning_complete /opt/stack/neutron/neutron/db/provisioning_blocks.py:139}}
Jul 16 18:35:02.818340 dv-cinder-786930-5-iscsi neutron-server[93227]: DEBUG neutron_lib.callbacks.manager [None req-6445823d-4007-4fa7-9b03-d00f1c3fd223 None None] Notify callbacks ['neutron.plugins.ml2.plugin.Ml2Plugin._port_provisioned-1397790'] for port, provisioning_complete {{(pid=93227) _notify_loop /usr/local/lib/python3.8/dist-packages/neutron_lib/callbacks/manager.py:192}}
Jul 16 18:35:02.820761 dv-cinder-786930-5-iscsi neutron-server[93225]: DEBUG neutron_lib.callbacks.manager [None req-f84b3041-97fe-41db-86a7-0d1a9856946e admin admin] Notify callbacks ['neutron.plugins.ml2.db._prevent_segment_delete_with_port_bound-8760870433621', 'neutron.services.segments.plugin.Plugin._prevent_segment_delete_with_subnet_associated-14841865'] for segment, before_delete {{(pid=93225) _notify_loop /usr/local/lib/python3.8/dist-packages/neutron_lib/callbacks/manager.py:192}}
Jul 16 18:35:02.822664 dv-cinder-786930-5-iscsi neutron-server[93226]: INFO neutron.wsgi [None req-b57d0fcf-995f-4e4e-af06-05be60b75d59 admin admin] 10.222.0.65 "GET /v2.0/security-groups?tenant_id=78ba8935b2ea41588f2da38afb5560a2&name=default HTTP/1.1" status: 200 len: 2979 time: 0.9014382
Jul 16 18:35:02.825114 dv-cinder-786930-5-iscsi neutron-server[93226]: DEBUG neutron.wsgi [-] (93226) accepted ('10.222.0.65', 57254) {{(pid=93226) server /usr/local/lib/python3.8/dist-packages/eventlet/wsgi.py:982}}
Jul 16 18:35:02.838281 dv-cinder-786930-5-iscsi neutron-server[93225]: DEBUG neutron_lib.callbacks.manager [None req-f84b3041-97fe-41db-86a7-0d1a9856946e admin admin] Notify callbacks ['neutron.plugins.ml2.plugin.Ml2Plugin._handle_segment_change-1423023'] for segment, precommit_delete {{(pid=93225) _notify_loop /usr/local/lib/python3.8/dist-packages/neutron_lib/callbacks/manager.py:192}}
Jul 16 18:35:02.845292 dv-cinder-786930-5-iscsi neutron-server[93225]: DEBUG neutron.plugins.ml2.drivers.type_vlan [None req-f84b3041-97fe-41db-86a7-0d1a9856946e admin admin] Releasing vlan 744 on physical network physnet1 to pool {{(pid=93225) release_segment /opt/stack/neutron/neutron/plugins/ml2/drivers/type_vlan.py:304}}
Jul 16 18:35:02.845717 dv-cinder-786930-5-iscsi neutron-server[93225]: DEBUG neutron_lib.callbacks.manager [None req-f84b3041-97fe-41db-86a7-0d1a9856946e admin admin] Notify callbacks ['neutron.plugins.ml2.plugin.Ml2Plugin._handle_segment_change-1423023', 'neutron.services.segments.plugin.NovaSegmentNotifier._notify_segment_deleted-14822298'] for segment, after_delete {{(pid=93225) _notify_loop /usr/local/lib/python3.8/dist-packages/neutron_lib/callbacks/manager.py:192}}
Jul 16 18:35:02.896634 dv-cinder-786930-5-iscsi neutron-server[93226]: DEBUG neutron_lib.callbacks.manager [None req-fd1dd55f-cb21-46c1-b946-7dc2fa4d344b admin admin] Notify callbacks [] for security_group, before_delete {{(pid=93226) _notify_loop /usr/local/lib/python3.8/dist-packages/neutron_lib/callbacks/manager.py:192}}
Jul 16 18:35:02.913358 dv-cinder-786930-5-iscsi neutron-server[93225]: Traceback (most recent call last):
Jul 16 18:35:02.913358 dv-cinder-786930-5-iscsi neutron-server[93225]: File "/usr/local/lib/python3.8/dist-packages/eventlet/hubs/hub.py", line 476, in fire_timers
Jul 16 18:35:02.913358 dv-cinder-786930-5-iscsi neutron-server[93225]: timer()
Jul 16 18:35:02.913358 dv-cinder-786930-5-iscsi neutron-server[93225]: File "/usr/local/lib/python3.8/dist-packages/eventlet/hubs/timer.py", line 59, in __call__
Jul 16 18:35:02.913358 dv-cinder-786930-5-iscsi neutron-server[93225]: cb(*args, **kw)
Jul 16 18:35:02.913358 dv-cinder-786930-5-iscsi neutron-server[93225]: File "/opt/stack/neutron/neutron/common/utils.py", line 905, in wrapper
Jul 16 18:35:02.913358 dv-cinder-786930-5-iscsi neutron-server[93225]: return func(*args, **kwargs)
Jul 16 18:35:02.913358 dv-cinder-786930-5-iscsi neutron-server[93225]: File "/opt/stack/neutron/neutron/notifiers/batch_notifier.py", line 58, in synced_send
Jul 16 18:35:02.913358 dv-cinder-786930-5-iscsi neutron-server[93225]: self._notify()
Jul 16 18:35:02.913358 dv-cinder-786930-5-iscsi neutron-server[93225]: File "/opt/stack/neutron/neutron/notifiers/batch_notifier.py", line 69, in _notify
Jul 16 18:35:02.913358 dv-cinder-786930-5-iscsi neutron-server[93225]: self.callback(batched_events)
Jul 16 18:35:02.913358 dv-cinder-786930-5-iscsi neutron-server[93225]: File "/opt/stack/neutron/neutron/services/segments/plugin.py", line 211, in _send_notifications
Jul 16 18:35:02.913358 dv-cinder-786930-5-iscsi neutron-server[93225]: event.method(event)
Jul 16 18:35:02.913358 dv-cinder-786930-5-iscsi neutron-server[93225]: File "/opt/stack/neutron/neutron/services/segments/plugin.py", line 383, in _delete_nova_inventory
Jul 16 18:35:02.913358 dv-cinder-786930-5-iscsi neutron-server[93225]: aggregate_id = self._get_aggregate_id(event.segment_id)
Jul 16 18:35:02.913358 dv-cinder-786930-5-iscsi neutron-server[93225]: File "/opt/stack/neutron/neutron/services/segments/plugin.py", line 370, in _get_aggregate_id
Jul 16 18:35:02.913358 dv-cinder-786930-5-iscsi neutron-server[93225]: aggregate_uuid = self.p_client.list_aggregates(
Jul 16 18:35:02.913358 dv-cinder-786930-5-iscsi neutron-server[93225]: File "/usr/local/lib/python3.8/dist-packages/neutron_lib/placement/client.py", line 57, in wrapper
Jul 16 18:35:02.913358 dv-cinder-786930-5-iscsi neutron-server[93225]: return f(self, *a, **k)
Jul 16 18:35:02.913358 dv-cinder-786930-5-iscsi neutron-server[93225]: File "/usr/local/lib/python3.8/dist-packages/neutron_lib/placement/client.py", line 553, in list_aggregates
Jul 16 18:35:02.913358 dv-cinder-786930-5-iscsi neutron-server[93225]: return self._get(url).json()
Jul 16 18:35:02.913358 dv-cinder-786930-5-iscsi neutron-server[93225]: File "/usr/local/lib/python3.8/dist-packages/neutron_lib/placement/client.py", line 189, in _get
Jul 16 18:35:02.913358 dv-cinder-786930-5-iscsi neutron-server[93225]: return self._client.get(url, endpoint_filter=self._ks_filter,
Jul 16 18:35:02.913358 dv-cinder-786930-5-iscsi neutron-server[93225]: File "/usr/local/lib/python3.8/dist-packages/keystoneauth1/session.py", line 1141, in get
Jul 16 18:35:02.913358 dv-cinder-786930-5-iscsi neutron-server[93225]: return self.request(url, 'GET', **kwargs)
Jul 16 18:35:02.913358 dv-cinder-786930-5-iscsi neutron-server[93225]: File "/usr/local/lib/python3.8/dist-packages/keystoneauth1/session.py", line 811, in request
Jul 16 18:35:02.913358 dv-cinder-786930-5-iscsi neutron-server[93225]: base_url = self.get_endpoint(auth, allow=allow,
Jul 16 18:35:02.913358 dv-cinder-786930-5-iscsi neutron-server[93225]: File "/usr/local/lib/python3.8/dist-packages/keystoneauth1/session.py", line 1241, in get_endpoint
Jul 16 18:35:02.913358 dv-cinder-786930-5-iscsi neutron-server[93225]: auth = self._auth_required(auth, 'determine endpoint URL')
Jul 16 18:35:02.913358 dv-cinder-786930-5-iscsi neutron-server[93225]: File "/usr/local/lib/python3.8/dist-packages/keystoneauth1/session.py", line 1181, in _auth_required
Jul 16 18:35:02.913358 dv-cinder-786930-5-iscsi neutron-server[93225]: raise exceptions.MissingAuthPlugin(msg_fmt % msg)
Jul 16 18:35:02.913358 dv-cinder-786930-5-iscsi neutron-server[93225]: keystoneauth1.exceptions.auth_plugins.MissingAuthPlugin: An auth plugin is required to determine endpoint URL
Jul 16 18:35:02.926446 dv-cinder-786930-5-iscsi neutron-server[93226]: DEBUG neutron_lib.callbacks.manager [None req-fd1dd55f-cb21-46c1-b946-7dc2fa4d344b admin admin] Notify callbacks [] for security_group, precommit_delete {{(pid=93226) _notify_loop /usr/local/lib/python3.8/dist-packages/neutron_lib/callbacks/manager.py:192}}
Jul 16 18:35:02.974486 dv-cinder-786930-5-iscsi neutron-server[93225]: DEBUG neutron_lib.callbacks.manager [None req-f84b3041-97fe-41db-86a7-0d1a9856946e admin admin] Notify callbacks ['neutron.plugins.ml2.plugin.Ml2Plugin._network_delete_after_delete_handler-1396106', 'neutron.plugins.ml2.ovo_rpc._ObjectChangeHandler.handle_event-298434', 'neutron.api.rpc.agentnotifiers.dhcp_rpc_agent_api.DhcpAgentNotifyAPI._native_event_send_dhcp_notification-1582629', 'neutron.services.l3_router.l3_router_plugin.DVRResourceOperationHandler.delete_fip_namespaces_for_ext_net-1791414'] for network, after_delete {{(pid=93225) _notify_loop /usr/local/lib/python3.8/dist-packages/neutron_lib/callbacks/manager.py:192}}
Jul 16 18:35:03.007189 dv-cinder-786930-5-iscsi neutron-server[93226]: DEBUG neutron_lib.callbacks.manager [None req-fd1dd55f-cb21-46c1-b946-7dc2fa4d344b admin admin] Notify callbacks ['neutron.plugins.ml2.ovo_rpc._ObjectChangeHandler.handle_event-301943'] for security_group, after_delete {{(pid=93226) _notify_loop /usr/local/lib/python3.8/dist-packages/neutron_lib/callbacks/manager.py:192}}
Jul 16 18:35:03.015338 dv-cinder-786930-5-iscsi neutron-server[93226]: DEBUG neutron_lib.callbacks.manager [None req-fd1dd55f-cb21-46c1-b946-7dc2fa4d344b admin admin] Notify callbacks [] for security_group, before_response {{(pid=93226) _notify_loop /usr/local/lib/python3.8/dist-packages/neutron_lib/callbacks/manager.py:192}}
Jul 16 18:35:03.016533 dv-cinder-786930-5-iscsi neutron-server[93226]: INFO neutron.wsgi [None req-fd1dd55f-cb21-46c1-b946-7dc2fa4d344b admin admin] 10.222.0.65 "DELETE /v2.0/security-groups/f47c01e4-91c7-4b60-83b2-df036b1d9c76 HTTP/1.1" status: 204 len: 168 time: 0.1903143
Jul 16 18:35:03.035383 dv-cinder-786930-5-iscsi neutron-server[93226]: DEBUG neutron.scheduler.l3_agent_scheduler [None req-8a2856b6-041f-4f39-af95-6b6059495f2c admin admin] Router 70bfd842-7d1c-4377-83c0-9bb84b3af451 is scheduled to L3 agent 98e63039-c246-4ce4-be33-91f55f24efc9 with binding_index 1 {{(pid=93226) bind_router /opt/stack/neutron/neutron/scheduler/l3_agent_scheduler.py:210}}
Jul 16 18:35:03.043191 dv-cinder-786930-5-iscsi neutron-server[93226]: DEBUG neutron.api.rpc.handlers.resources_rpc [None req-fd1dd55f-cb21-46c1-b946-7dc2fa4d344b admin admin] Pushing event deleted for resources: {'SecurityGroup': ['ID=f47c01e4-91c7-4b60-83b2-df036b1d9c76,revision_number=None']} {{(pid=93226) push /opt/stack/neutron/neutron/api/rpc/handlers/resources_rpc.py:237}}
Jul 16 18:35:03.060186 dv-cinder-786930-5-iscsi neutron-server[93225]: INFO neutron.wsgi [req-cd784181-95b1-4ce7-a4f6-e4554d4e0a3f req-22800fdd-1940-4f59-8f66-6ae111d599c1 tempest-DeleteServersTestJSON-1651039658 tempest-DeleteServersTestJSON-1651039658-project] 10.222.0.65 "GET /v2.0/ports?device_id=464fbe68-94d7-4d2c-ac32-38263cdff831 HTTP/1.1" status: 200 len: 210 time: 0.1318953
Jul 16 18:35:03.063064 dv-cinder-786930-5-iscsi neutron-server[93225]: DEBUG neutron_lib.callbacks.manager [None req-f84b3041-97fe-41db-86a7-0d1a9856946e admin admin] Notify callbacks ['neutron.api.rpc.agentnotifiers.dhcp_rpc_agent_api.DhcpAgentNotifyAPI._send_dhcp_notification-1582675'] for network, before_response {{(pid=93225) _notify_loop /usr/local/lib/python3.8/dist-packages/neutron_lib/callbacks/manager.py:192}}
Jul 16 18:35:03.074335 dv-cinder-786930-5-iscsi neutron-server[93225]: INFO neutron.wsgi [None req-f84b3041-97fe-41db-86a7-0d1a9856946e admin admin] 10.222.0.65 "DELETE /v2.0/networks/050ef644-ef7b-4472-80b1-8a0720454080 HTTP/1.1" status: 204 len: 168 time: 2.1597223
Jul 16 18:35:03.091717 dv-cinder-786930-5-iscsi neutron-server[93225]: DEBUG neutron.api.rpc.handlers.resources_rpc [None req-f84b3041-97fe-41db-86a7-0d1a9856946e admin admin] Pushing event deleted for resources: {'Network': ['ID=050ef644-ef7b-4472-80b1-8a0720454080,revision_number=None']} {{(pid=93225) push /opt/stack/neutron/neutron/api/rpc/handlers/resources_rpc.py:237}}
Jul 16 18:35:03.143695 dv-cinder-786930-5-iscsi neutron-server[93227]: DEBUG neutron_lib.callbacks.manager [None req-6445823d-4007-4fa7-9b03-d00f1c3fd223 None None] Notify callbacks ['neutron.plugins.ml2.plugin.SecurityGroupDbMixin._ensure_default_security_group_handler-552942'] for port, before_update {{(pid=93227) _notify_loop /usr/local/lib/python3.8/dist-packages/neutron_lib/callbacks/manager.py:192}}
Jul 16 18:35:03.197078 dv-cinder-786930-5-iscsi neutron-server[93227]: DEBUG neutron.plugins.ml2.db [None req-6445823d-4007-4fa7-9b03-d00f1c3fd223 None None] For port 1c23fc77-7c3f-4bc9-8fdb-3edd794a1652, host dv-cinder-786930-5-iscsi, got binding levels [PortBindingLevel(driver='openvswitch',host='dv-cinder-786930-5-iscsi',level=0,port_id=1c23fc77-7c3f-4bc9-8fdb-3edd794a1652,segment=NetworkSegment(8357926f-ecf5-4612-bcca-4be5cf30beda),segment_id=8357926f-ecf5-4612-bcca-4be5cf30beda)] {{(pid=93227) get_binding_level_objs /opt/stack/neutron/neutron/plugins/ml2/db.py:74}}
Jul 16 18:35:03.205524 dv-cinder-786930-5-iscsi neutron-server[93227]: DEBUG neutron_lib.callbacks.manager [None req-6445823d-4007-4fa7-9b03-d00f1c3fd223 None None] Notify callbacks ['neutron.plugins.ml2.plugin.SecurityGroupServerNotifierRpcMixin._notify_sg_on_port_change-550933', 'neutron.plugins.ml2.ovo_rpc._ObjectChangeHandler.handle_event-126259', 'neutron.api.rpc.agentnotifiers.dhcp_rpc_agent_api.DhcpAgentNotifyAPI._native_event_send_dhcp_notification-1582629', 'neutron.db.l3_db.L3RpcNotifierMixin._notify_gateway_port_ip_changed-8760870302293', 'neutron.db.l3_dvrscheduler_db._notify_l3_agent_port_update-8760869902264', 'neutron.db.l3_hascheduler_db._notify_l3_agent_ha_port_update-8760869902282'] for port, after_update {{(pid=93227) _notify_loop /usr/local/lib/python3.8/dist-packages/neutron_lib/callbacks/manager.py:192}}
Jul 16 18:35:03.271261 dv-cinder-786930-5-iscsi neutron-server[93226]: DEBUG neutron.api.rpc.agentnotifiers.l3_rpc_agent_api [None req-8a2856b6-041f-4f39-af95-6b6059495f2c admin admin] Notify agent at l3_agent.dv-cinder-786930-5-iscsi the message routers_updated {{(pid=93226) _agent_notification /opt/stack/neutron/neutron/api/rpc/agentnotifiers/l3_rpc_agent_api.py:65}}
Jul 16 18:35:03.285683 dv-cinder-786930-5-iscsi neutron-server[93228]: DEBUG neutron.api.rpc.handlers.l3_rpc [None req-fbf877bb-0f1f-4867-87a7-2562bdb591fa None None] Sync routers for ids ['70bfd842-7d1c-4377-83c0-9bb84b3af451'] in dv-cinder-786930-5-iscsi {{(pid=93228) sync_routers /opt/stack/neutron/neutron/api/rpc/handlers/l3_rpc.py:125}}
Jul 16 18:35:03.304023 dv-cinder-786930-5-iscsi neutron-server[93228]: DEBUG neutron.db.l3_dvrscheduler_db [None req-fbf877bb-0f1f-4867-87a7-2562bdb591fa None None] Routers {'70bfd842-7d1c-4377-83c0-9bb84b3af451'} bound to L3 agent in host dv-cinder-786930-5-iscsi {{(pid=93228) _get_router_ids_for_agent /opt/stack/neutron/neutron/db/l3_dvrscheduler_db.py:420}}
Jul 16 18:35:03.304718 dv-cinder-786930-5-iscsi neutron-server[93228]: DEBUG neutron.db.l3_hamode_db [None req-fbf877bb-0f1f-4867-87a7-2562bdb591fa None None] neutron.services.l3_router.l3_router_plugin.L3RouterPlugin method get_ha_sync_data_for_host called with arguments (, 'dv-cinder-786930-5-iscsi', Agent(admin_state_up=True,agent_type='L3 agent',availability_zone='nova',binary='neutron-l3-agent',configurations={"agent_mode": "legacy", "ex_gw_ports": 1, "extensions": [], "floating_ips": 0, "handle_internal_only_routers": true, "interface_driver": "openvswitch", "interfaces": 1, "log_agent_heartbeats": false, "routers": 1},created_at=2021-07-16T18:27:18Z,description=,heartbeat_timestamp=2021-07-16T18:34:48Z,host='dv-cinder-786930-5-iscsi',id=98e63039-c246-4ce4-be33-91f55f24efc9,load=0,resource_versions=,resources_synced=,started_at=2021-07-16T18:27:18Z,topic='l3_agent')) {'router_ids': ['70bfd842-7d1c-4377-83c0-9bb84b3af451'], 'active': True} {{(pid=93228) wrapper /usr/local/lib/python3.8/dist-packages/oslo_log/helpers.py:65}}
Jul 16 18:35:03.312755 dv-cinder-786930-5-iscsi neutron-server[93227]: DEBUG neutron.api.rpc.handlers.resources_rpc [None req-6445823d-4007-4fa7-9b03-d00f1c3fd223 None None] Pushing event updated for resources: {'Port': ['ID=1c23fc77-7c3f-4bc9-8fdb-3edd794a1652,revision_number=3']} {{(pid=93227) push /opt/stack/neutron/neutron/api/rpc/handlers/resources_rpc.py:237}}
Jul 16 18:35:03.316631 dv-cinder-786930-5-iscsi neutron-server[93226]: DEBUG neutron_lib.callbacks.manager [None req-8a2856b6-041f-4f39-af95-6b6059495f2c admin admin] Notify callbacks [] for router, before_response {{(pid=93226) _notify_loop /usr/local/lib/python3.8/dist-packages/neutron_lib/callbacks/manager.py:192}}
Jul 16 18:35:03.317963 dv-cinder-786930-5-iscsi neutron-server[93226]: INFO neutron.wsgi [None req-8a2856b6-041f-4f39-af95-6b6059495f2c admin admin] 10.222.0.65 "POST /v2.0/routers HTTP/1.1" status: 201 len: 931 time: 5.3654444
Jul 16 18:35:03.320645 dv-cinder-786930-5-iscsi neutron-server[93226]: DEBUG neutron.wsgi [-] (93226) accepted ('10.222.0.65', 57270) {{(pid=93226) server /usr/local/lib/python3.8/dist-packages/eventlet/wsgi.py:982}}
Jul 16 18:35:03.387003 dv-cinder-786930-5-iscsi neutron-server[93225]: DEBUG neutron.wsgi [-] (93225) accepted ('10.222.0.65', 57272) {{(pid=93225) server /usr/local/lib/python3.8/dist-packages/eventlet/wsgi.py:982}}
Jul 16 18:35:03.463827 dv-cinder-786930-5-iscsi neutron-server[93225]: DEBUG neutron_lib.callbacks.manager [None req-77b09901-f6d5-4f3a-835f-50ca8dab1d9e admin admin] Notify callbacks [] for router_gateway, after_create {{(pid=93225) _notify_loop /usr/local/lib/python3.8/dist-packages/neutron_lib/callbacks/manager.py:192}}
Jul 16 18:35:03.479718 dv-cinder-786930-5-iscsi neutron-server[93226]: INFO neutron.wsgi [req-9d8b85f7-64b0-4814-a9aa-f9e88a581e0c req-66e6263f-7157-48dd-b7f6-d7d5299182ca tempest-AttachVolumeNegativeTest-929512734 tempest-AttachVolumeNegativeTest-929512734-project] 10.222.0.65 "GET /v2.0/ports?device_id=dedf0f47-0533-4a26-a6c7-57496b9603f9 HTTP/1.1" status: 200 len: 210 time: 0.0660586
Jul 16 18:35:03.492340 dv-cinder-786930-5-iscsi neutron-server[93228]: DEBUG neutron.db.l3_dvr_db [None req-fbf877bb-0f1f-4867-87a7-2562bdb591fa None None] Set router 70bfd842-7d1c-4377-83c0-9bb84b3af451 gateway port host: dv-cinder-786930-5-iscsi {{(pid=93228) _build_routers_list /opt/stack/neutron/neutron/db/l3_dvr_db.py:894}}
Jul 16 18:35:03.536613 dv-cinder-786930-5-iscsi neutron-server[93227]: DEBUG neutron.db.provisioning_blocks [None req-96561c0f-b753-49f9-9f37-979c6dea99af None None] Provisioning complete for port 1c23fc77-7c3f-4bc9-8fdb-3edd794a1652 triggered by entity DHCP. {{(pid=93227) provisioning_complete /opt/stack/neutron/neutron/db/provisioning_blocks.py:139}}
Jul 16 18:35:03.539076 dv-cinder-786930-5-iscsi neutron-server[93227]: DEBUG neutron_lib.callbacks.manager [None req-96561c0f-b753-49f9-9f37-979c6dea99af None None] Notify callbacks ['neutron.plugins.ml2.plugin.Ml2Plugin._port_provisioned-1397790'] for port, provisioning_complete {{(pid=93227) _notify_loop /usr/local/lib/python3.8/dist-packages/neutron_lib/callbacks/manager.py:192}}
Jul 16 18:35:03.632132 dv-cinder-786930-5-iscsi neutron-server[93225]: INFO neutron.wsgi [None req-8777a651-c280-4774-8d78-df29405f54fa admin admin] 10.222.0.65 "GET /v2.0/security-groups?tenant_id=e345c178926e45f4b76d242da850ef39&name=default HTTP/1.1" status: 200 len: 2975 time: 0.2408063
Jul 16 18:35:03.642534 dv-cinder-786930-5-iscsi neutron-server[93226]: DEBUG neutron.wsgi [-] (93226) accepted ('10.222.0.65', 57280) {{(pid=93226) server /usr/local/lib/python3.8/dist-packages/eventlet/wsgi.py:982}}
Jul 16 18:35:03.759139 dv-cinder-786930-5-iscsi neutron-server[93225]: DEBUG neutron.wsgi [-] (93225) accepted ('10.222.0.73', 64896) {{(pid=93225) server /usr/local/lib/python3.8/dist-packages/eventlet/wsgi.py:982}}
Jul 16 18:35:03.969789 dv-cinder-786930-5-iscsi neutron-server[93228]: DEBUG neutron.db.l3_hamode_db [None req-fbf877bb-0f1f-4867-87a7-2562bdb591fa None None] neutron.services.l3_router.l3_router_plugin.L3RouterPlugin method _process_sync_ha_data called with arguments (, [{'id': '70bfd842-7d1c-4377-83c0-9bb84b3af451', 'name': 'tempest-ServerRescueNegativeTestJSON-1669834646-router', 'tenant_id': 'ede2160a7f534c68962cacf711433381', 'admin_state_up': True, 'status': 'ACTIVE', 'external_gateway_info': {'network_id': 'f3e42a00-58fb-4c73-9afe-6520394cc3f7', 'external_fixed_ips': [{'subnet_id': 'a6a86e4a-cb9a-4c3a-9f5d-fc1ca04b7026', 'ip_address': '172.27.1.228'}], 'enable_snat': True}, 'gw_port_id': '6430497d-f7d9-4d3c-a9f4-d597d8b4eead', 'description': '', 'availability_zones': ['nova'], 'distributed': False, 'ha': False, 'ha_vr_id': 0, 'availability_zone_hints': [], 'routes': [], 'flavor_id': None, 'tags': [], 'created_at': '2021-07-16T18:34:58Z', 'updated_at': '2021-07-16T18:35:01Z', 'revision_number': 3, 'project_id': 'ede2160a7f534c68962cacf711433381', 'gw_port': {'id': '6430497d-f7d9-4d3c-a9f4-d597d8b4eead', 'name': '', 'network_id': 'f3e42a00-58fb-4c73-9afe-6520394cc3f7', 'tenant_id': '', 'mac_address': 'fa:16:3e:18:58:0f', 'admin_state_up': True, 'status': 'DOWN', 'device_id': '70bfd842-7d1c-4377-83c0-9bb84b3af451', 'device_owner': 'network:router_gateway', 'standard_attr_id': 96, 'fixed_ips': [{'subnet_id': 'a6a86e4a-cb9a-4c3a-9f5d-fc1ca04b7026', 'ip_address': '172.27.1.228', 'prefixlen': 24}], 'allowed_address_pairs': [], 'extra_dhcp_opts': [], 'security_groups': [], 'description': '', 'binding:vnic_type': 'normal', 'binding:profile': {}, 'binding:host_id': '', 'binding:vif_type': 'unbound', 'binding:vif_details': {}, 'port_security_enabled': False, 'tags': [], 'created_at': '2021-07-16T18:34:59Z', 'updated_at': '2021-07-16T18:35:00Z', 'revision_number': 1, 'project_id': '', 'subnets': [{'id': 'a6a86e4a-cb9a-4c3a-9f5d-fc1ca04b7026', 'cidr': '172.27.1.0/24', 'gateway_ip': '172.27.1.1', 'dns_nameservers': [], 'ipv6_ra_mode': None, 'subnetpool_id': None}], 'extra_subnets': [], 'address_scopes': {4: None, 6: None}, 'mtu': 1500}, 'enable_snat': True, 'gw_port_host': 'dv-cinder-786930-5-iscsi'}], 'dv-cinder-786930-5-iscsi', False) {} {{(pid=93228) wrapper /usr/local/lib/python3.8/dist-packages/oslo_log/helpers.py:65}}
Jul 16 18:35:04.000257 dv-cinder-786930-5-iscsi neutron-server[93228]: DEBUG neutron.api.rpc.handlers.l3_rpc [None req-fbf877bb-0f1f-4867-87a7-2562bdb591fa None None] Checking router: 70bfd842-7d1c-4377-83c0-9bb84b3af451 for host: dv-cinder-786930-5-iscsi {{(pid=93228) _ensure_host_set_on_ports /opt/stack/neutron/neutron/api/rpc/handlers/l3_rpc.py:155}}
Jul 16 18:35:04.001915 dv-cinder-786930-5-iscsi neutron-server[93228]: DEBUG neutron.api.rpc.handlers.l3_rpc [None req-fbf877bb-0f1f-4867-87a7-2562bdb591fa None None] Updating router 70bfd842-7d1c-4377-83c0-9bb84b3af451 port 6430497d-f7d9-4d3c-a9f4-d597d8b4eead binding host dv-cinder-786930-5-iscsi {{(pid=93228) _ensure_host_set_on_port /opt/stack/neutron/neutron/api/rpc/handlers/l3_rpc.py:205}}
Jul 16 18:35:04.023529 dv-cinder-786930-5-iscsi neutron-server[93225]: DEBUG neutron.pecan_wsgi.hooks.policy_enforcement [req-3cd29aba-0897-4526-8788-4902fc251597 req-a749524e-4298-41dc-938e-ac27437926b3 tempest-AttachVolumeNegativeTest-929512734 tempest-AttachVolumeNegativeTest-929512734-project] Attributes excluded by policy engine: ['standard_attr_id', 'vlan_transparent', 'provider:network_type', 'provider:physical_network', 'provider:segmentation_id'] {{(pid=93225) _exclude_attributes_by_policy /opt/stack/neutron/neutron/pecan_wsgi/hooks/policy_enforcement.py:255}}
Jul 16 18:35:04.025181 dv-cinder-786930-5-iscsi neutron-server[93225]: INFO neutron.wsgi [req-3cd29aba-0897-4526-8788-4902fc251597 req-a749524e-4298-41dc-938e-ac27437926b3 tempest-AttachVolumeNegativeTest-929512734 tempest-AttachVolumeNegativeTest-929512734-project] 10.222.0.73 "GET /v2.0/networks?id=50fb38e6-1f79-4af3-af9b-eb5150201aa1 HTTP/1.1" status: 200 len: 815 time: 0.2625785
Jul 16 18:35:04.058423 dv-cinder-786930-5-iscsi neutron-server[93228]: DEBUG neutron_lib.callbacks.manager [None req-fbf877bb-0f1f-4867-87a7-2562bdb591fa None None] Notify callbacks ['neutron.plugins.ml2.plugin.SecurityGroupDbMixin._ensure_default_security_group_handler-552942'] for port, before_update {{(pid=93228) _notify_loop /usr/local/lib/python3.8/dist-packages/neutron_lib/callbacks/manager.py:192}}
Jul 16 18:35:04.069467 dv-cinder-786930-5-iscsi neutron-server[93226]: DEBUG neutron_lib.callbacks.manager [None req-2fcf519f-953e-467d-bfde-f4d34d6e2424 admin admin] Notify callbacks [] for security_group, before_delete {{(pid=93226) _notify_loop /usr/local/lib/python3.8/dist-packages/neutron_lib/callbacks/manager.py:192}}
Jul 16 18:35:04.084677 dv-cinder-786930-5-iscsi neutron-server[93225]: DEBUG neutron.api.v2.base [req-3cd29aba-0897-4526-8788-4902fc251597 req-b586b17e-231d-4efb-a6e5-750f624eac60 tempest-AttachVolumeNegativeTest-929512734 tempest-AttachVolumeNegativeTest-929512734-project] Request body: {'port': {'device_id': 'dedf0f47-0533-4a26-a6c7-57496b9603f9', 'network_id': '50fb38e6-1f79-4af3-af9b-eb5150201aa1', 'admin_state_up': True, 'tenant_id': 'd064cc9a2e144aa9a893f17de0112fc2'}} {{(pid=93225) prepare_request_body /opt/stack/neutron/neutron/api/v2/base.py:729}}
Jul 16 18:35:04.138469 dv-cinder-786930-5-iscsi neutron-server[93227]: DEBUG neutron.plugins.ml2.rpc [None req-c631665f-4568-4a95-a143-569c78af9a52 None None] Device 1c23fc77-7c3f-4bc9-8fdb-3edd794a1652 up at agent ovs-agent-dv-cinder-786930-5-iscsi {{(pid=93227) update_device_up /opt/stack/neutron/neutron/plugins/ml2/rpc.py:296}}
Jul 16 18:35:04.224403 dv-cinder-786930-5-iscsi neutron-server[93227]: DEBUG neutron.db.provisioning_blocks [None req-c631665f-4568-4a95-a143-569c78af9a52 None None] Provisioning complete for port 1c23fc77-7c3f-4bc9-8fdb-3edd794a1652 triggered by entity L2. {{(pid=93227) provisioning_complete /opt/stack/neutron/neutron/db/provisioning_blocks.py:139}}
Jul 16 18:35:04.227754 dv-cinder-786930-5-iscsi neutron-server[93227]: DEBUG neutron_lib.callbacks.manager [None req-c631665f-4568-4a95-a143-569c78af9a52 None None] Notify callbacks ['neutron.plugins.ml2.plugin.Ml2Plugin._port_provisioned-1397790'] for port, provisioning_complete {{(pid=93227) _notify_loop /usr/local/lib/python3.8/dist-packages/neutron_lib/callbacks/manager.py:192}}
Jul 16 18:35:04.296699 dv-cinder-786930-5-iscsi neutron-server[93226]: DEBUG neutron_lib.callbacks.manager [None req-2fcf519f-953e-467d-bfde-f4d34d6e2424 admin admin] Notify callbacks [] for security_group, precommit_delete {{(pid=93226) _notify_loop /usr/local/lib/python3.8/dist-packages/neutron_lib/callbacks/manager.py:192}}
Jul 16 18:35:04.404187 dv-cinder-786930-5-iscsi neutron-server[93226]: DEBUG neutron.wsgi [-] (93226) accepted ('10.222.0.73', 64898) {{(pid=93226) server /usr/local/lib/python3.8/dist-packages/eventlet/wsgi.py:982}}
Jul 16 18:35:04.551574 dv-cinder-786930-5-iscsi neutron-server[93225]: DEBUG neutron_lib.callbacks.manager [None req-66ce6fe1-4757-4f72-87d9-60664b2ff789 admin admin] Notify callbacks [] for router_gateway, before_create {{(pid=93225) _notify_loop /usr/local/lib/python3.8/dist-packages/neutron_lib/callbacks/manager.py:192}}
Jul 16 18:35:04.654632 dv-cinder-786930-5-iscsi neutron-server[93225]: DEBUG neutron_lib.callbacks.manager [None req-66ce6fe1-4757-4f72-87d9-60664b2ff789 admin admin] Notify callbacks ['neutron.plugins.ml2.plugin.SecurityGroupDbMixin._ensure_default_security_group_handler-552942'] for port, before_create {{(pid=93225) _notify_loop /usr/local/lib/python3.8/dist-packages/neutron_lib/callbacks/manager.py:192}}
Jul 16 18:35:04.665020 dv-cinder-786930-5-iscsi neutron-server[93228]: DEBUG neutron_lib.callbacks.manager [None req-fbf877bb-0f1f-4867-87a7-2562bdb591fa None None] Notify callbacks [] for port, precommit_update {{(pid=93228) _notify_loop /usr/local/lib/python3.8/dist-packages/neutron_lib/callbacks/manager.py:192}}
Jul 16 18:35:04.676658 dv-cinder-786930-5-iscsi neutron-server[93225]: INFO neutron.wsgi [req-311d189b-ae30-4f59-ac86-426fb1f47f05 req-7de76218-d317-4f30-8d97-c67e263c5bb8 tempest-DeleteServersTestJSON-1651039658 tempest-DeleteServersTestJSON-1651039658-project] 10.222.0.65 "GET /v2.0/ports?device_id=464fbe68-94d7-4d2c-ac32-38263cdff831 HTTP/1.1" status: 200 len: 210 time: 0.1995614
Jul 16 18:35:04.683955 dv-cinder-786930-5-iscsi neutron-server[93228]: DEBUG neutron.db.provisioning_blocks [None req-fbf877bb-0f1f-4867-87a7-2562bdb591fa None None] Transition to ACTIVE for port object 6430497d-f7d9-4d3c-a9f4-d597d8b4eead will not be triggered until provisioned by entity L2. {{(pid=93228) add_provisioning_component /opt/stack/neutron/neutron/db/provisioning_blocks.py:73}}
