Jul 13 19:15:58.030966 dv-cinder-786930-3-iscsi neutron-server[93115]: INFO neutron.wsgi [req-11f8463a-13a0-43d3-ac21-f375423633d6 req-48a939bf-5bdf-4ec1-a6ec-295d85cc1a80 tempest-AttachVolumeShelveTestJSON-749325529 tempest-AttachVolumeShelveTestJSON-749325529-project] 10.222.0.62 "GET /v2.0/ports?device_id=c760f00b-0cff-498f-aaa1-5c0ebd08a3fd HTTP/1.1" status: 200 len: 210 time: 0.0328975
Jul 13 19:15:58.058611 dv-cinder-786930-3-iscsi neutron-server[93115]: DEBUG neutron.pecan_wsgi.hooks.policy_enforcement [req-5b704dc6-d6be-4d11-9ab3-3748a69e572a req-cdaa7de6-d130-4991-99f8-fa159d67ecc8 tempest-ServerRescueNegativeTestJSON-1380623702 tempest-ServerRescueNegativeTestJSON-1380623702-project] Attributes excluded by policy engine: ['standard_attr_id', 'binding:profile', 'binding:host_id', 'binding:vif_type', 'binding:vif_details'] {{(pid=93115) _exclude_attributes_by_policy /opt/stack/neutron/neutron/pecan_wsgi/hooks/policy_enforcement.py:255}}
Jul 13 19:15:58.060061 dv-cinder-786930-3-iscsi neutron-server[93115]: INFO neutron.wsgi [req-5b704dc6-d6be-4d11-9ab3-3748a69e572a req-cdaa7de6-d130-4991-99f8-fa159d67ecc8 tempest-ServerRescueNegativeTestJSON-1380623702 tempest-ServerRescueNegativeTestJSON-1380623702-project] 10.222.0.62 "GET /v2.0/ports?device_id=40a6e254-ee56-4db3-a708-f4de4a943d48 HTTP/1.1" status: 200 len: 931 time: 0.0986936
Jul 13 19:15:58.103598 dv-cinder-786930-3-iscsi neutron-server[93115]: INFO neutron.wsgi [req-5b704dc6-d6be-4d11-9ab3-3748a69e572a req-087df898-ae5f-46e2-b089-373bd942cca8 tempest-ServerRescueNegativeTestJSON-1380623702 tempest-ServerRescueNegativeTestJSON-1380623702-project] 10.222.0.62 "GET /v2.0/security-groups?id=a2a24717-3c84-4383-bb51-861a810d3800&fields=id&fields=name HTTP/1.1" status: 200 len: 286 time: 0.0357285
Jul 13 19:15:58.330005 dv-cinder-786930-3-iscsi neutron-server[93115]: DEBUG neutron.pecan_wsgi.hooks.policy_enforcement [req-9138d1b9-2c57-4bdd-963c-2b8e6138d217 req-ccc4ecf9-1342-41e8-af9d-2ee7f372c1ad tempest-DeleteServersTestJSON-1734994371 tempest-DeleteServersTestJSON-1734994371-project] Attributes excluded by policy engine: ['standard_attr_id', 'binding:profile', 'binding:host_id', 'binding:vif_type', 'binding:vif_details'] {{(pid=93115) _exclude_attributes_by_policy /opt/stack/neutron/neutron/pecan_wsgi/hooks/policy_enforcement.py:255}}
Jul 13 19:15:58.331522 dv-cinder-786930-3-iscsi neutron-server[93115]: INFO neutron.wsgi [req-9138d1b9-2c57-4bdd-963c-2b8e6138d217 req-ccc4ecf9-1342-41e8-af9d-2ee7f372c1ad tempest-DeleteServersTestJSON-1734994371 tempest-DeleteServersTestJSON-1734994371-project] 10.222.0.62 "GET /v2.0/ports?device_id=b4651c8d-6225-4693-8c5d-4b11f852dcd1 HTTP/1.1" status: 200 len: 944 time: 0.0635474
Jul 13 19:15:58.370282 dv-cinder-786930-3-iscsi neutron-server[93115]: INFO neutron.wsgi [req-9138d1b9-2c57-4bdd-963c-2b8e6138d217 req-eadeed3b-1357-4659-9860-472adde3427e tempest-DeleteServersTestJSON-1734994371 tempest-DeleteServersTestJSON-1734994371-project] 10.222.0.62 "GET /v2.0/security-groups?id=548d9c77-0865-4cb2-bc99-2bd1d59fd99b&fields=id&fields=name HTTP/1.1" status: 200 len: 286 time: 0.0330565
Jul 13 19:15:58.767728 dv-cinder-786930-3-iscsi neutron-server[93115]: DEBUG neutron.pecan_wsgi.hooks.policy_enforcement [req-072a9e85-8aa1-493b-85f3-7a94b171b7f5 req-27a12681-1540-41f9-bf8d-0983e518022c tempest-AttachVolumeNegativeTest-315143235 tempest-AttachVolumeNegativeTest-315143235-project] Attributes excluded by policy engine: ['standard_attr_id', 'binding:profile', 'binding:host_id', 'binding:vif_type', 'binding:vif_details'] {{(pid=93115) _exclude_attributes_by_policy /opt/stack/neutron/neutron/pecan_wsgi/hooks/policy_enforcement.py:255}}
Jul 13 19:15:58.769136 dv-cinder-786930-3-iscsi neutron-server[93115]: INFO neutron.wsgi [req-072a9e85-8aa1-493b-85f3-7a94b171b7f5 req-27a12681-1540-41f9-bf8d-0983e518022c tempest-AttachVolumeNegativeTest-315143235 tempest-AttachVolumeNegativeTest-315143235-project] 10.222.0.62 "GET /v2.0/ports?device_id=d77b0a0c-5da9-4eb0-878a-bcbaf6c2575c HTTP/1.1" status: 200 len: 944 time: 0.0646927
Jul 13 19:15:58.807690 dv-cinder-786930-3-iscsi neutron-server[93115]: INFO neutron.wsgi [req-072a9e85-8aa1-493b-85f3-7a94b171b7f5 req-8c8bef89-d605-4f69-8c3e-2ce9e9419575 tempest-AttachVolumeNegativeTest-315143235 tempest-AttachVolumeNegativeTest-315143235-project] 10.222.0.62 "GET /v2.0/security-groups?id=db01ede2-9dbb-43df-a31c-8ba41d0c9c88&fields=id&fields=name HTTP/1.1" status: 200 len: 286 time: 0.0329828
Jul 13 19:15:59.040113 dv-cinder-786930-3-iscsi neutron-server[93116]: DEBUG neutron.plugins.ml2.rpc [None req-5d81e980-7fcd-409f-a62d-aaab5a7a36a7 None None] Device 78a29a90-a22a-473c-a951-c3f19e40aaf8 details requested by agent hyperv_hv-cinder-78693 with host hv-cinder-78693 {{(pid=93116) get_device_details /opt/stack/neutron/neutron/plugins/ml2/rpc.py:102}}
Jul 13 19:15:59.078943 dv-cinder-786930-3-iscsi neutron-server[93114]: DEBUG neutron.api.v2.base [req-90d324bf-2ff4-4877-9cb9-21af30948ad9 req-632f52e8-75a3-470d-8211-04be8dae3b39 service neutron] Request body: {'port': {'device_id': '40a6e254-ee56-4db3-a708-f4de4a943d48', 'device_owner': 'compute:nova', 'binding:host_id': 'hv-cinder-78693'}} {{(pid=93114) prepare_request_body /opt/stack/neutron/neutron/api/v2/base.py:729}}
Jul 13 19:15:59.150300 dv-cinder-786930-3-iscsi neutron-server[93116]: DEBUG neutron.plugins.ml2.db [None req-5d81e980-7fcd-409f-a62d-aaab5a7a36a7 None None] For port 78a29a90-a22a-473c-a951-c3f19e40aaf8, host hv-cinder-78693, got binding levels [PortBindingLevel(driver='hyperv',host='hv-cinder-78693',level=0,port_id=78a29a90-a22a-473c-a951-c3f19e40aaf8,segment=NetworkSegment(ff8d0810-c632-4715-b829-12084a0cd188),segment_id=ff8d0810-c632-4715-b829-12084a0cd188)] {{(pid=93116) get_binding_level_objs /opt/stack/neutron/neutron/plugins/ml2/db.py:74}}
Jul 13 19:15:59.163947 dv-cinder-786930-3-iscsi neutron-server[93116]: DEBUG neutron.plugins.ml2.rpc [None req-5d81e980-7fcd-409f-a62d-aaab5a7a36a7 None None] Returning: {'device': '78a29a90-a22a-473c-a951-c3f19e40aaf8', 'network_id': '850985c3-a320-4455-9ecb-f7eb12f7325c', 'port_id': '78a29a90-a22a-473c-a951-c3f19e40aaf8', 'mac_address': 'fa:16:3e:81:28:47', 'admin_state_up': True, 'network_type': 'vlan', 'segmentation_id': 856, 'physical_network': 'physnet1', 'mtu': 1500, 'fixed_ips': [{'subnet_id': '045f3d82-b9e0-4327-aec7-f9d3a83629c3', 'ip_address': '172.20.0.11'}], 'device_owner': 'compute:nova', 'allowed_address_pairs': [], 'port_security_enabled': True, 'qos_policy_id': None, 'network_qos_policy_id': None, 'profile': {}, 'propagate_uplink_status': False} {{(pid=93116) _get_device_details /opt/stack/neutron/neutron/plugins/ml2/rpc.py:184}}
Jul 13 19:15:59.215320 dv-cinder-786930-3-iscsi neutron-server[93116]: DEBUG neutron_lib.callbacks.manager [None req-b437306a-009e-4147-8b66-c0994b67152b None None] Notify callbacks ['neutron.services.segments.db._update_segment_host_mapping_for_agent-8779765742062', 'neutron.plugins.ml2.plugin.Ml2Plugin._retry_binding_revived_agents-1389676'] for agent, after_update {{(pid=93116) _notify_loop /usr/local/lib/python3.8/dist-packages/neutron_lib/callbacks/manager.py:192}}
Jul 13 19:15:59.241393 dv-cinder-786930-3-iscsi neutron-server[93114]: DEBUG neutron_lib.callbacks.manager [req-90d324bf-2ff4-4877-9cb9-21af30948ad9 req-632f52e8-75a3-470d-8211-04be8dae3b39 service neutron] Notify callbacks ['neutron.plugins.ml2.plugin.SecurityGroupDbMixin._ensure_default_security_group_handler-544876'] for port, before_update {{(pid=93114) _notify_loop /usr/local/lib/python3.8/dist-packages/neutron_lib/callbacks/manager.py:192}}
Jul 13 19:15:59.247847 dv-cinder-786930-3-iscsi neutron-server[93116]: DEBUG neutron_lib.callbacks.manager [None req-5d81e980-7fcd-409f-a62d-aaab5a7a36a7 None None] Notify callbacks ['neutron.plugins.ml2.plugin.SecurityGroupDbMixin._ensure_default_security_group_handler-544876'] for port, before_update {{(pid=93116) _notify_loop /usr/local/lib/python3.8/dist-packages/neutron_lib/callbacks/manager.py:192}}
Jul 13 19:15:59.262440 dv-cinder-786930-3-iscsi neutron-server[93116]: DEBUG neutron.notifiers.nova [None req-5d81e980-7fcd-409f-a62d-aaab5a7a36a7 None None] Ignoring state change previous_port_status: DOWN current_port_status: BUILD port_id 78a29a90-a22a-473c-a951-c3f19e40aaf8 {{(pid=93116) record_port_status_changed /opt/stack/neutron/neutron/notifiers/nova.py:224}}
Jul 13 19:15:59.266823 dv-cinder-786930-3-iscsi neutron-server[93115]: DEBUG neutron.pecan_wsgi.hooks.policy_enforcement [req-f695dd8b-1119-43b3-abfc-3617504fd184 req-b0ea9dd8-35b9-4407-94de-f0faa106f054 service neutron] Attributes excluded by policy engine: ['standard_attr_id'] {{(pid=93115) _exclude_attributes_by_policy /opt/stack/neutron/neutron/pecan_wsgi/hooks/policy_enforcement.py:255}}
Jul 13 19:15:59.270998 dv-cinder-786930-3-iscsi neutron-server[93115]: INFO neutron.wsgi [req-f695dd8b-1119-43b3-abfc-3617504fd184 req-b0ea9dd8-35b9-4407-94de-f0faa106f054 service neutron] 10.222.0.61 "GET /v2.0/ports?tenant_id=73adb7d85b2143419a5d825c5bcc59db&device_id=bce178b8-30e1-4fbc-b5a8-e1a353b3f4b0 HTTP/1.1" status: 200 len: 1097 time: 0.1345832
Jul 13 19:15:59.293842 dv-cinder-786930-3-iscsi neutron-server[93116]: DEBUG neutron.plugins.ml2.db [None req-5d81e980-7fcd-409f-a62d-aaab5a7a36a7 None None] For port 78a29a90-a22a-473c-a951-c3f19e40aaf8, host hv-cinder-78693, got binding levels [PortBindingLevel(driver='hyperv',host='hv-cinder-78693',level=0,port_id=78a29a90-a22a-473c-a951-c3f19e40aaf8,segment=NetworkSegment(ff8d0810-c632-4715-b829-12084a0cd188),segment_id=ff8d0810-c632-4715-b829-12084a0cd188)] {{(pid=93116) get_binding_level_objs /opt/stack/neutron/neutron/plugins/ml2/db.py:74}}
Jul 13 19:15:59.311391 dv-cinder-786930-3-iscsi neutron-server[93116]: DEBUG neutron_lib.callbacks.manager [None req-5d81e980-7fcd-409f-a62d-aaab5a7a36a7 None None] Notify callbacks ['neutron.plugins.ml2.plugin.SecurityGroupServerNotifierRpcMixin._notify_sg_on_port_change-544813', 'neutron.plugins.ml2.ovo_rpc._ObjectChangeHandler.handle_event-2027606', 'neutron.api.rpc.agentnotifiers.dhcp_rpc_agent_api.DhcpAgentNotifyAPI._native_event_send_dhcp_notification-1778624', 'neutron.db.l3_db.L3RpcNotifierMixin._notify_gateway_port_ip_changed-8779765642743', 'neutron.db.l3_dvrscheduler_db._notify_l3_agent_port_update-8779765254337', 'neutron.db.l3_hascheduler_db._notify_l3_agent_ha_port_update-8779765254355'] for port, after_update {{(pid=93116) _notify_loop /usr/local/lib/python3.8/dist-packages/neutron_lib/callbacks/manager.py:192}}
Jul 13 19:15:59.314865 dv-cinder-786930-3-iscsi neutron-server[93116]: DEBUG neutron.plugins.ml2.rpc [None req-5d81e980-7fcd-409f-a62d-aaab5a7a36a7 None None] Device 51f9e6b7-1a1e-4121-be57-e05acdbf2897 details requested by agent hyperv_hv-cinder-78693 with host hv-cinder-78693 {{(pid=93116) get_device_details /opt/stack/neutron/neutron/plugins/ml2/rpc.py:102}}
Jul 13 19:15:59.390216 dv-cinder-786930-3-iscsi neutron-server[93114]: DEBUG neutron.wsgi [-] (93114) accepted ('10.222.0.62', 55872) {{(pid=93114) server /usr/local/lib/python3.8/dist-packages/eventlet/wsgi.py:982}}
Jul 13 19:15:59.467741 dv-cinder-786930-3-iscsi neutron-server[93115]: INFO neutron.wsgi [req-0e8ac789-4d93-457b-9ff0-0c939284569a req-02abbde2-e78a-49c1-aef8-c2b0ab6aab5e tempest-AttachVolumeShelveTestJSON-749325529 tempest-AttachVolumeShelveTestJSON-749325529-project] 10.222.0.62 "GET /v2.0/ports?device_id=c760f00b-0cff-498f-aaa1-5c0ebd08a3fd HTTP/1.1" status: 200 len: 210 time: 0.1943562
Jul 13 19:15:59.514975 dv-cinder-786930-3-iscsi neutron-server[93116]: DEBUG neutron.api.rpc.handlers.resources_rpc [None req-5d81e980-7fcd-409f-a62d-aaab5a7a36a7 None None] Pushing event updated for resources: {'Port': ['ID=78a29a90-a22a-473c-a951-c3f19e40aaf8,revision_number=4']} {{(pid=93116) push /opt/stack/neutron/neutron/api/rpc/handlers/resources_rpc.py:237}}
Jul 13 19:15:59.597152 dv-cinder-786930-3-iscsi neutron-server[93114]: DEBUG neutron_lib.callbacks.manager [None req-5d205400-ba26-4c87-999d-135d134e1fb2 admin admin] Notify callbacks [] for security_group, before_create {{(pid=93114) _notify_loop /usr/local/lib/python3.8/dist-packages/neutron_lib/callbacks/manager.py:192}}
Jul 13 19:15:59.608460 dv-cinder-786930-3-iscsi neutron-server[93115]: DEBUG neutron.pecan_wsgi.hooks.policy_enforcement [req-f695dd8b-1119-43b3-abfc-3617504fd184 req-8e0e5e7d-4cca-4d7e-8f0d-a556646e423b service neutron] Attributes excluded by policy engine: ['standard_attr_id', 'vlan_transparent'] {{(pid=93115) _exclude_attributes_by_policy /opt/stack/neutron/neutron/pecan_wsgi/hooks/policy_enforcement.py:255}}
Jul 13 19:15:59.610337 dv-cinder-786930-3-iscsi neutron-server[93115]: INFO neutron.wsgi [req-f695dd8b-1119-43b3-abfc-3617504fd184 req-8e0e5e7d-4cca-4d7e-8f0d-a556646e423b service neutron] 10.222.0.61 "GET /v2.0/networks?tenant_id=73adb7d85b2143419a5d825c5bcc59db&shared=False HTTP/1.1" status: 200 len: 920 time: 0.3302186
Jul 13 19:15:59.642159 dv-cinder-786930-3-iscsi neutron-server[93116]: DEBUG neutron.plugins.ml2.db [None req-5d81e980-7fcd-409f-a62d-aaab5a7a36a7 None None] For port 51f9e6b7-1a1e-4121-be57-e05acdbf2897, host hv-cinder-78693, got binding levels [PortBindingLevel(driver='hyperv',host='hv-cinder-78693',level=0,port_id=51f9e6b7-1a1e-4121-be57-e05acdbf2897,segment=NetworkSegment(26183d6e-8e0d-4768-9251-cbc8b83e8423),segment_id=26183d6e-8e0d-4768-9251-cbc8b83e8423)] {{(pid=93116) get_binding_level_objs /opt/stack/neutron/neutron/plugins/ml2/db.py:74}}
Jul 13 19:15:59.660110 dv-cinder-786930-3-iscsi neutron-server[93116]: DEBUG neutron.plugins.ml2.rpc [None req-5d81e980-7fcd-409f-a62d-aaab5a7a36a7 None None] Returning: {'device': '51f9e6b7-1a1e-4121-be57-e05acdbf2897', 'network_id': '0224397c-6566-4e1e-baca-949043b27f7f', 'port_id': '51f9e6b7-1a1e-4121-be57-e05acdbf2897', 'mac_address': 'fa:16:3e:03:99:9d', 'admin_state_up': True, 'network_type': 'vlan', 'segmentation_id': 871, 'physical_network': 'physnet1', 'mtu': 1500, 'fixed_ips': [{'subnet_id': '048f866b-2ce1-4fb1-bb08-b389711f39d8', 'ip_address': '172.20.0.10'}], 'device_owner': 'compute:nova', 'allowed_address_pairs': [], 'port_security_enabled': True, 'qos_policy_id': None, 'network_qos_policy_id': None, 'profile': {}, 'propagate_uplink_status': False} {{(pid=93116) _get_device_details /opt/stack/neutron/neutron/plugins/ml2/rpc.py:184}}
Jul 13 19:15:59.708650 dv-cinder-786930-3-iscsi neutron-server[93116]: DEBUG neutron_lib.callbacks.manager [None req-5d81e980-7fcd-409f-a62d-aaab5a7a36a7 None None] Notify callbacks ['neutron.plugins.ml2.plugin.SecurityGroupDbMixin._ensure_default_security_group_handler-544876'] for port, before_update {{(pid=93116) _notify_loop /usr/local/lib/python3.8/dist-packages/neutron_lib/callbacks/manager.py:192}}
Jul 13 19:15:59.730003 dv-cinder-786930-3-iscsi neutron-server[93116]: DEBUG neutron.notifiers.nova [None req-5d81e980-7fcd-409f-a62d-aaab5a7a36a7 None None] Ignoring state change previous_port_status: DOWN current_port_status: BUILD port_id 51f9e6b7-1a1e-4121-be57-e05acdbf2897 {{(pid=93116) record_port_status_changed /opt/stack/neutron/neutron/notifiers/nova.py:224}}
Jul 13 19:15:59.767485 dv-cinder-786930-3-iscsi neutron-server[93116]: DEBUG neutron.plugins.ml2.db [None req-5d81e980-7fcd-409f-a62d-aaab5a7a36a7 None None] For port 51f9e6b7-1a1e-4121-be57-e05acdbf2897, host hv-cinder-78693, got binding levels [PortBindingLevel(driver='hyperv',host='hv-cinder-78693',level=0,port_id=51f9e6b7-1a1e-4121-be57-e05acdbf2897,segment=NetworkSegment(26183d6e-8e0d-4768-9251-cbc8b83e8423),segment_id=26183d6e-8e0d-4768-9251-cbc8b83e8423)] {{(pid=93116) get_binding_level_objs /opt/stack/neutron/neutron/plugins/ml2/db.py:74}}
Jul 13 19:15:59.777014 dv-cinder-786930-3-iscsi neutron-server[93116]: DEBUG neutron_lib.callbacks.manager [None req-5d81e980-7fcd-409f-a62d-aaab5a7a36a7 None None] Notify callbacks ['neutron.plugins.ml2.plugin.SecurityGroupServerNotifierRpcMixin._notify_sg_on_port_change-544813', 'neutron.plugins.ml2.ovo_rpc._ObjectChangeHandler.handle_event-2027606', 'neutron.api.rpc.agentnotifiers.dhcp_rpc_agent_api.DhcpAgentNotifyAPI._native_event_send_dhcp_notification-1778624', 'neutron.db.l3_db.L3RpcNotifierMixin._notify_gateway_port_ip_changed-8779765642743', 'neutron.db.l3_dvrscheduler_db._notify_l3_agent_port_update-8779765254337', 'neutron.db.l3_hascheduler_db._notify_l3_agent_ha_port_update-8779765254355'] for port, after_update {{(pid=93116) _notify_loop /usr/local/lib/python3.8/dist-packages/neutron_lib/callbacks/manager.py:192}}
Jul 13 19:15:59.790180 dv-cinder-786930-3-iscsi neutron-server[93115]: DEBUG neutron.pecan_wsgi.hooks.policy_enforcement [req-dffa2384-5a41-4965-a793-8ac387a403f7 req-9334dc36-ac6b-4bab-a9be-dc079664d202 tempest-ServerRescueNegativeTestJSON-1380623702 tempest-ServerRescueNegativeTestJSON-1380623702-project] Attributes excluded by policy engine: ['standard_attr_id', 'binding:profile', 'binding:host_id', 'binding:vif_type', 'binding:vif_details'] {{(pid=93115) _exclude_attributes_by_policy /opt/stack/neutron/neutron/pecan_wsgi/hooks/policy_enforcement.py:255}}
Jul 13 19:15:59.797725 dv-cinder-786930-3-iscsi neutron-server[93115]: INFO neutron.wsgi [req-dffa2384-5a41-4965-a793-8ac387a403f7 req-9334dc36-ac6b-4bab-a9be-dc079664d202 tempest-ServerRescueNegativeTestJSON-1380623702 tempest-ServerRescueNegativeTestJSON-1380623702-project] 10.222.0.62 "GET /v2.0/ports?device_id=40a6e254-ee56-4db3-a708-f4de4a943d48 HTTP/1.1" status: 200 len: 931 time: 0.3946669
Jul 13 19:15:59.815475 dv-cinder-786930-3-iscsi neutron-server[93114]: DEBUG neutron.notifiers.nova [req-90d324bf-2ff4-4877-9cb9-21af30948ad9 req-632f52e8-75a3-470d-8211-04be8dae3b39 service neutron] Ignoring state change previous_port_status: DOWN current_port_status: DOWN port_id 40f58ed6-b4d0-4c85-b401-bc8507279690 {{(pid=93114) record_port_status_changed /opt/stack/neutron/neutron/notifiers/nova.py:224}}
Jul 13 19:15:59.835574 dv-cinder-786930-3-iscsi neutron-server[93116]: DEBUG neutron.api.rpc.handlers.resources_rpc [None req-5d81e980-7fcd-409f-a62d-aaab5a7a36a7 None None] Pushing event updated for resources: {'Port': ['ID=51f9e6b7-1a1e-4121-be57-e05acdbf2897,revision_number=4']} {{(pid=93116) push /opt/stack/neutron/neutron/api/rpc/handlers/resources_rpc.py:237}}
Jul 13 19:15:59.835920 dv-cinder-786930-3-iscsi neutron-server[93114]: DEBUG neutron_lib.callbacks.manager [req-90d324bf-2ff4-4877-9cb9-21af30948ad9 req-632f52e8-75a3-470d-8211-04be8dae3b39 service neutron] Notify callbacks [] for port, precommit_update {{(pid=93114) _notify_loop /usr/local/lib/python3.8/dist-packages/neutron_lib/callbacks/manager.py:192}}
Jul 13 19:15:59.863914 dv-cinder-786930-3-iscsi neutron-server[93114]: DEBUG neutron.db.provisioning_blocks [req-90d324bf-2ff4-4877-9cb9-21af30948ad9 req-632f52e8-75a3-470d-8211-04be8dae3b39 service neutron] Transition to ACTIVE for port object 40f58ed6-b4d0-4c85-b401-bc8507279690 will not be triggered until provisioned by entity L2. {{(pid=93114) add_provisioning_component /opt/stack/neutron/neutron/db/provisioning_blocks.py:73}}
Jul 13 19:15:59.888668 dv-cinder-786930-3-iscsi neutron-server[93114]: DEBUG neutron_lib.callbacks.manager [None req-5d205400-ba26-4c87-999d-135d134e1fb2 admin admin] Notify callbacks [] for security_group, precommit_create {{(pid=93114) _notify_loop /usr/local/lib/python3.8/dist-packages/neutron_lib/callbacks/manager.py:192}}
Jul 13 19:15:59.889906 dv-cinder-786930-3-iscsi neutron-server[93114]: DEBUG neutron_lib.callbacks.manager [req-90d324bf-2ff4-4877-9cb9-21af30948ad9 req-632f52e8-75a3-470d-8211-04be8dae3b39 service neutron] Notify callbacks ['neutron.plugins.ml2.plugin.SecurityGroupServerNotifierRpcMixin._notify_sg_on_port_change-544813', 'neutron.plugins.ml2.ovo_rpc._ObjectChangeHandler.handle_event-2027606', 'neutron.api.rpc.agentnotifiers.dhcp_rpc_agent_api.DhcpAgentNotifyAPI._native_event_send_dhcp_notification-1778624', 'neutron.db.l3_db.L3RpcNotifierMixin._notify_gateway_port_ip_changed-8779765642743', 'neutron.db.l3_dvrscheduler_db._notify_l3_agent_port_update-8779765254337', 'neutron.db.l3_hascheduler_db._notify_l3_agent_ha_port_update-8779765254355'] for port, after_update {{(pid=93114) _notify_loop /usr/local/lib/python3.8/dist-packages/neutron_lib/callbacks/manager.py:192}}
Jul 13 19:15:59.928551 dv-cinder-786930-3-iscsi neutron-server[93114]: DEBUG neutron_lib.callbacks.manager [None req-5d205400-ba26-4c87-999d-135d134e1fb2 admin admin] Notify callbacks ['neutron.plugins.ml2.ovo_rpc._ObjectChangeHandler.handle_event-1596187'] for security_group, after_create {{(pid=93114) _notify_loop /usr/local/lib/python3.8/dist-packages/neutron_lib/callbacks/manager.py:192}}
Jul 13 19:15:59.935536 dv-cinder-786930-3-iscsi neutron-server[93115]: INFO neutron.wsgi [req-dffa2384-5a41-4965-a793-8ac387a403f7 req-bc8ba955-3108-4fb6-84c5-b828647dc4f1 tempest-ServerRescueNegativeTestJSON-1380623702 tempest-ServerRescueNegativeTestJSON-1380623702-project] 10.222.0.62 "GET /v2.0/security-groups?id=a2a24717-3c84-4383-bb51-861a810d3800&fields=id&fields=name HTTP/1.1" status: 200 len: 286 time: 0.1366041
Jul 13 19:16:00.011873 dv-cinder-786930-3-iscsi neutron-server[93114]: INFO neutron.wsgi [None req-5d205400-ba26-4c87-999d-135d134e1fb2 admin admin] 10.222.0.62 "GET /v2.0/security-groups?tenant_id=c91c534d280b46479c0fddbacb790b4d&name=default HTTP/1.1" status: 200 len: 2979 time: 0.6217940
Jul 13 19:16:00.016709 dv-cinder-786930-3-iscsi neutron-server[93115]: DEBUG neutron.wsgi [-] (93115) accepted ('10.222.0.62', 55894) {{(pid=93115) server /usr/local/lib/python3.8/dist-packages/eventlet/wsgi.py:982}}
Jul 13 19:16:00.070758 dv-cinder-786930-3-iscsi neutron-server[93115]: DEBUG neutron.pecan_wsgi.hooks.policy_enforcement [req-f695dd8b-1119-43b3-abfc-3617504fd184 req-10ad0dc0-9f36-4de2-94c8-d1a7c02b1cbf service neutron] Attributes excluded by policy engine: ['standard_attr_id', 'vlan_transparent'] {{(pid=93115) _exclude_attributes_by_policy /opt/stack/neutron/neutron/pecan_wsgi/hooks/policy_enforcement.py:255}}
Jul 13 19:16:00.072316 dv-cinder-786930-3-iscsi neutron-server[93115]: INFO neutron.wsgi [req-f695dd8b-1119-43b3-abfc-3617504fd184 req-10ad0dc0-9f36-4de2-94c8-d1a7c02b1cbf service neutron] 10.222.0.61 "GET /v2.0/networks?shared=True HTTP/1.1" status: 200 len: 870 time: 0.4464869
Jul 13 19:16:00.088694 dv-cinder-786930-3-iscsi neutron-server[93115]: DEBUG neutron.pecan_wsgi.hooks.policy_enforcement [req-48dc4b37-3733-42c7-87e0-7cb3fcddb4f4 req-c1931e45-f5b5-4409-8812-36e3b522eab2 tempest-DeleteServersTestJSON-1734994371 tempest-DeleteServersTestJSON-1734994371-project] Attributes excluded by policy engine: ['standard_attr_id', 'binding:profile', 'binding:host_id', 'binding:vif_type', 'binding:vif_details'] {{(pid=93115) _exclude_attributes_by_policy /opt/stack/neutron/neutron/pecan_wsgi/hooks/policy_enforcement.py:255}}
Jul 13 19:16:00.092764 dv-cinder-786930-3-iscsi neutron-server[93116]: DEBUG neutron.plugins.ml2.db [None req-5d81e980-7fcd-409f-a62d-aaab5a7a36a7 None None] get_ports_and_sgs() called for port_ids ['51f9e6b7-1a1e-4121-be57-e05acdbf2897'] {{(pid=93116) get_ports_and_sgs /opt/stack/neutron/neutron/plugins/ml2/db.py:156}}
Jul 13 19:16:00.102175 dv-cinder-786930-3-iscsi neutron-server[93115]: INFO neutron.wsgi [req-48dc4b37-3733-42c7-87e0-7cb3fcddb4f4 req-c1931e45-f5b5-4409-8812-36e3b522eab2 tempest-DeleteServersTestJSON-1734994371 tempest-DeleteServersTestJSON-1734994371-project] 10.222.0.62 "GET /v2.0/ports?device_id=b4651c8d-6225-4693-8c5d-4b11f852dcd1 HTTP/1.1" status: 200 len: 944 time: 0.4179630
Jul 13 19:16:00.137327 dv-cinder-786930-3-iscsi neutron-server[93116]: DEBUG neutron.plugins.ml2.db [None req-5d81e980-7fcd-409f-a62d-aaab5a7a36a7 None None] get_ports_and_sgs() called for port_ids ['78a29a90-a22a-473c-a951-c3f19e40aaf8'] {{(pid=93116) get_ports_and_sgs /opt/stack/neutron/neutron/plugins/ml2/db.py:156}}
Jul 13 19:16:00.245963 dv-cinder-786930-3-iscsi neutron-server[93115]: INFO neutron.wsgi [req-48dc4b37-3733-42c7-87e0-7cb3fcddb4f4 req-1ce98c2e-b258-4a3f-910e-7a4ae1140f26 tempest-DeleteServersTestJSON-1734994371 tempest-DeleteServersTestJSON-1734994371-project] 10.222.0.62 "GET /v2.0/security-groups?id=548d9c77-0865-4cb2-bc99-2bd1d59fd99b&fields=id&fields=name HTTP/1.1" status: 200 len: 286 time: 0.1415589
Jul 13 19:16:00.310351 dv-cinder-786930-3-iscsi neutron-server[93115]: DEBUG neutron_lib.callbacks.manager [None req-a28b0115-eb8e-4dfc-88b1-2c29835645ea admin admin] Notify callbacks [] for security_group, before_delete {{(pid=93115) _notify_loop /usr/local/lib/python3.8/dist-packages/neutron_lib/callbacks/manager.py:192}}
Jul 13 19:16:00.365584 dv-cinder-786930-3-iscsi neutron-server[93115]: DEBUG neutron.pecan_wsgi.hooks.policy_enforcement [req-c21b8a13-a335-47ae-8d9c-10a8da879937 req-e9b5bd2e-8dcf-4250-80d1-5f3cce29e168 tempest-AttachVolumeNegativeTest-315143235 tempest-AttachVolumeNegativeTest-315143235-project] Attributes excluded by policy engine: ['standard_attr_id', 'binding:profile', 'binding:host_id', 'binding:vif_type', 'binding:vif_details'] {{(pid=93115) _exclude_attributes_by_policy /opt/stack/neutron/neutron/pecan_wsgi/hooks/policy_enforcement.py:255}}
Jul 13 19:16:00.374487 dv-cinder-786930-3-iscsi neutron-server[93115]: INFO neutron.wsgi [req-c21b8a13-a335-47ae-8d9c-10a8da879937 req-e9b5bd2e-8dcf-4250-80d1-5f3cce29e168 tempest-AttachVolumeNegativeTest-315143235 tempest-AttachVolumeNegativeTest-315143235-project] 10.222.0.62 "GET /v2.0/ports?device_id=d77b0a0c-5da9-4eb0-878a-bcbaf6c2575c HTTP/1.1" status: 200 len: 945 time: 0.2315097
Jul 13 19:16:00.390642 dv-cinder-786930-3-iscsi neutron-server[93115]: DEBUG neutron_lib.callbacks.manager [None req-a28b0115-eb8e-4dfc-88b1-2c29835645ea admin admin] Notify callbacks [] for security_group, precommit_delete {{(pid=93115) _notify_loop /usr/local/lib/python3.8/dist-packages/neutron_lib/callbacks/manager.py:192}}
Jul 13 19:16:00.392697 dv-cinder-786930-3-iscsi neutron-server[93115]: DEBUG neutron.pecan_wsgi.hooks.policy_enforcement [req-86dd9734-842c-403c-bef4-0c5ea4da3b24 req-843faa13-11cf-46d4-9745-03df65fc219c service neutron] Attributes excluded by policy engine: ['standard_attr_id'] {{(pid=93115) _exclude_attributes_by_policy /opt/stack/neutron/neutron/pecan_wsgi/hooks/policy_enforcement.py:255}}
Jul 13 19:16:00.393974 dv-cinder-786930-3-iscsi neutron-server[93115]: INFO neutron.wsgi [req-86dd9734-842c-403c-bef4-0c5ea4da3b24 req-843faa13-11cf-46d4-9745-03df65fc219c service neutron] 10.222.0.61 "GET /v2.0/ports?tenant_id=73adb7d85b2143419a5d825c5bcc59db&device_id=bce178b8-30e1-4fbc-b5a8-e1a353b3f4b0 HTTP/1.1" status: 200 len: 1097 time: 0.2344470
Jul 13 19:16:00.437692 dv-cinder-786930-3-iscsi neutron-server[93114]: DEBUG neutron.api.rpc.handlers.resources_rpc [None req-5d205400-ba26-4c87-999d-135d134e1fb2 admin admin] Pushing event updated for resources: {'SecurityGroup': ['ID=7154908c-95dc-4855-ad77-58dbbb64e3a9,revision_number=1']} {{(pid=93114) push /opt/stack/neutron/neutron/api/rpc/handlers/resources_rpc.py:237}}
Jul 13 19:16:00.447476 dv-cinder-786930-3-iscsi neutron-server[93114]: DEBUG neutron.api.rpc.handlers.resources_rpc [None req-632f52e8-75a3-470d-8211-04be8dae3b39 service neutron] Pushing event updated for resources: {'Port': ['ID=40f58ed6-b4d0-4c85-b401-bc8507279690,revision_number=2']} {{(pid=93114) push /opt/stack/neutron/neutron/api/rpc/handlers/resources_rpc.py:237}}
Jul 13 19:16:00.457629 dv-cinder-786930-3-iscsi neutron-server[93114]: DEBUG neutron.pecan_wsgi.hooks.policy_enforcement [req-bc91c8f9-18d8-4f4e-bf76-c66c948740bf req-c533a288-81ca-4adf-a524-7eddff11e3d5 tempest-AttachVolumeShelveTestJSON-749325529 tempest-AttachVolumeShelveTestJSON-749325529-project] Attributes excluded by policy engine: ['standard_attr_id', 'vlan_transparent', 'provider:network_type', 'provider:physical_network', 'provider:segmentation_id'] {{(pid=93114) _exclude_attributes_by_policy /opt/stack/neutron/neutron/pecan_wsgi/hooks/policy_enforcement.py:255}}
Jul 13 19:16:00.459158 dv-cinder-786930-3-iscsi neutron-server[93114]: INFO neutron.wsgi [req-bc91c8f9-18d8-4f4e-bf76-c66c948740bf req-c533a288-81ca-4adf-a524-7eddff11e3d5 tempest-AttachVolumeShelveTestJSON-749325529 tempest-AttachVolumeShelveTestJSON-749325529-project] 10.222.0.61 "GET /v2.0/networks?id=4cd79301-d87a-4d0a-8170-40824eeac598 HTTP/1.1" status: 200 len: 817 time: 0.7044830
Jul 13 19:16:00.464264 dv-cinder-786930-3-iscsi neutron-server[93114]: DEBUG neutron.plugins.ml2.managers [req-90d324bf-2ff4-4877-9cb9-21af30948ad9 req-632f52e8-75a3-470d-8211-04be8dae3b39 service neutron] Attempting to bind port 40f58ed6-b4d0-4c85-b401-bc8507279690 on host hv-cinder-78693 for vnic_type normal with profile {{(pid=93114) bind_port /opt/stack/neutron/neutron/plugins/ml2/managers.py:790}}
Jul 13 19:16:00.464665 dv-cinder-786930-3-iscsi neutron-server[93114]: DEBUG neutron.plugins.ml2.managers [req-90d324bf-2ff4-4877-9cb9-21af30948ad9 req-632f52e8-75a3-470d-8211-04be8dae3b39 service neutron] Attempting to bind port 40f58ed6-b4d0-4c85-b401-bc8507279690 by drivers openvswitch,hyperv on host hv-cinder-78693 at level 0 using segments [{'id': 'cecbb32c-d77c-4760-8873-f33315b89141', 'network_type': 'vlan', 'physical_network': 'physnet1', 'segmentation_id': 892, 'network_id': 'ea1d1b2e-c5b8-4671-8c05-39b21c3980e6'}] {{(pid=93114) _bind_port_level /opt/stack/neutron/neutron/plugins/ml2/managers.py:815}}
Jul 13 19:16:00.465061 dv-cinder-786930-3-iscsi neutron-server[93114]: DEBUG neutron.plugins.ml2.drivers.mech_agent [req-90d324bf-2ff4-4877-9cb9-21af30948ad9 req-632f52e8-75a3-470d-8211-04be8dae3b39 service neutron] Attempting to bind port 40f58ed6-b4d0-4c85-b401-bc8507279690 on network ea1d1b2e-c5b8-4671-8c05-39b21c3980e6 {{(pid=93114) bind_port /opt/stack/neutron/neutron/plugins/ml2/drivers/mech_agent.py:86}}
Jul 13 19:16:00.477777 dv-cinder-786930-3-iscsi neutron-server[93114]: DEBUG neutron.plugins.ml2.drivers.mech_agent [req-90d324bf-2ff4-4877-9cb9-21af30948ad9 req-632f52e8-75a3-470d-8211-04be8dae3b39 service neutron] Port 40f58ed6-b4d0-4c85-b401-bc8507279690 on network ea1d1b2e-c5b8-4671-8c05-39b21c3980e6 not bound, no agent of type Open vSwitch agent registered on host hv-cinder-78693 {{(pid=93114) bind_port /opt/stack/neutron/neutron/plugins/ml2/drivers/mech_agent.py:98}}
Jul 13 19:16:00.478230 dv-cinder-786930-3-iscsi neutron-server[93114]: DEBUG neutron.plugins.ml2.drivers.mech_agent [req-90d324bf-2ff4-4877-9cb9-21af30948ad9 req-632f52e8-75a3-470d-8211-04be8dae3b39 service neutron] Attempting to bind port 40f58ed6-b4d0-4c85-b401-bc8507279690 on network ea1d1b2e-c5b8-4671-8c05-39b21c3980e6 {{(pid=93114) bind_port /opt/stack/neutron/neutron/plugins/ml2/drivers/mech_agent.py:86}}
Jul 13 19:16:00.491252 dv-cinder-786930-3-iscsi neutron-server[93114]: DEBUG neutron.plugins.ml2.drivers.mech_agent [req-90d324bf-2ff4-4877-9cb9-21af30948ad9 req-632f52e8-75a3-470d-8211-04be8dae3b39 service neutron] Checking agent: {'id': '00cc7e7d-15ce-492b-b4c6-e3e63d0aab95', 'agent_type': 'HyperV agent', 'binary': 'neutron-hyperv-agent', 'topic': 'N/A', 'host': 'hv-cinder-78693', 'admin_state_up': True, 'created_at': datetime.datetime(2021, 7, 13, 19, 13, 56), 'started_at': datetime.datetime(2021, 7, 13, 19, 13, 56), 'heartbeat_timestamp': datetime.datetime(2021, 7, 13, 19, 15, 56), 'description': None, 'resources_synced': None, 'availability_zone': None, 'alive': True, 'configurations': {'vswitch_mappings': {'physnet1$': 'br-data'}}, 'resource_versions': {}} {{(pid=93114) bind_port /opt/stack/neutron/neutron/plugins/ml2/drivers/mech_agent.py:105}}
Jul 13 19:16:00.491593 dv-cinder-786930-3-iscsi neutron-server[93114]: DEBUG neutron.plugins.ml2.drivers.mech_agent [req-90d324bf-2ff4-4877-9cb9-21af30948ad9 req-632f52e8-75a3-470d-8211-04be8dae3b39 service neutron] Checking segment: {'id': 'cecbb32c-d77c-4760-8873-f33315b89141', 'network_type': 'vlan', 'physical_network': 'physnet1', 'segmentation_id': 892, 'network_id': 'ea1d1b2e-c5b8-4671-8c05-39b21c3980e6'} for mappings: {'physnet1$': 'br-data'} with network types: ['local', 'flat', 'vlan'] {{(pid=93114) check_segment_for_agent /opt/stack/neutron/neutron/plugins/ml2/drivers/mech_agent.py:341}}
Jul 13 19:16:00.491979 dv-cinder-786930-3-iscsi neutron-server[93114]: DEBUG neutron.plugins.ml2.drivers.mech_agent [req-90d324bf-2ff4-4877-9cb9-21af30948ad9 req-632f52e8-75a3-470d-8211-04be8dae3b39 service neutron] Bound using segment: {'id': 'cecbb32c-d77c-4760-8873-f33315b89141', 'network_type': 'vlan', 'physical_network': 'physnet1', 'segmentation_id': 892, 'network_id': 'ea1d1b2e-c5b8-4671-8c05-39b21c3980e6'} {{(pid=93114) bind_port /opt/stack/neutron/neutron/plugins/ml2/drivers/mech_agent.py:115}}
Jul 13 19:16:00.492407 dv-cinder-786930-3-iscsi neutron-server[93114]: DEBUG neutron.plugins.ml2.managers [req-90d324bf-2ff4-4877-9cb9-21af30948ad9 req-632f52e8-75a3-470d-8211-04be8dae3b39 service neutron] Bound port: 40f58ed6-b4d0-4c85-b401-bc8507279690, host: hv-cinder-78693, vif_type: hyperv, vif_details: {"connectivity": "legacy", "port_filter": false}, binding_levels: [{'bound_driver': 'hyperv', 'bound_segment': {'id': 'cecbb32c-d77c-4760-8873-f33315b89141', 'network_type': 'vlan', 'physical_network': 'physnet1', 'segmentation_id': 892, 'network_id': 'ea1d1b2e-c5b8-4671-8c05-39b21c3980e6'}}] {{(pid=93114) _bind_port_level /opt/stack/neutron/neutron/plugins/ml2/managers.py:928}}
Jul 13 19:16:00.492897 dv-cinder-786930-3-iscsi neutron-server[93114]: DEBUG neutron_lib.callbacks.manager [req-90d324bf-2ff4-4877-9cb9-21af30948ad9 req-632f52e8-75a3-470d-8211-04be8dae3b39 service neutron] Notify callbacks ['neutron.plugins.ml2.plugin.SecurityGroupDbMixin._ensure_default_security_group_handler-544876'] for port, before_update {{(pid=93114) _notify_loop /usr/local/lib/python3.8/dist-packages/neutron_lib/callbacks/manager.py:192}}
Jul 13 19:16:00.551624 dv-cinder-786930-3-iscsi neutron-server[93114]: INFO neutron.wsgi [req-bc91c8f9-18d8-4f4e-bf76-c66c948740bf req-aa00f9c2-63be-46f0-9bbe-59e4c576f8c6 tempest-AttachVolumeShelveTestJSON-749325529 tempest-AttachVolumeShelveTestJSON-749325529-project] 10.222.0.61 "GET /v2.0/security-groups?fields=id&fields=name&tenant_id=5e6b8bbfe0ef46c787ecb467cd99983a HTTP/1.1" status: 200 len: 380 time: 0.0827365
Jul 13 19:16:00.577122 dv-cinder-786930-3-iscsi neutron-server[93115]: INFO neutron.wsgi [req-86dd9734-842c-403c-bef4-0c5ea4da3b24 req-8d11ef33-e518-452e-8558-32c484c3e6ee service neutron] 10.222.0.61 "GET /v2.0/floatingips?fixed_ip_address=172.20.0.10&port_id=736c6364-c82d-4441-b752-6065c24da862 HTTP/1.1" status: 200 len: 217 time: 0.1423900
Jul 13 19:16:00.577867 dv-cinder-786930-3-iscsi neutron-server[93114]: DEBUG neutron.api.v2.base [req-bc91c8f9-18d8-4f4e-bf76-c66c948740bf req-49951475-362e-4fe2-a339-8dcbc4e92778 tempest-AttachVolumeShelveTestJSON-749325529 tempest-AttachVolumeShelveTestJSON-749325529-project] Request body: {'port': {'device_id': 'c760f00b-0cff-498f-aaa1-5c0ebd08a3fd', 'network_id': '4cd79301-d87a-4d0a-8170-40824eeac598', 'admin_state_up': True, 'tenant_id': '5e6b8bbfe0ef46c787ecb467cd99983a', 'security_groups': ['1950ecc8-5807-4d63-9aa5-49143e9a95ee']}} {{(pid=93114) prepare_request_body /opt/stack/neutron/neutron/api/v2/base.py:729}}
Jul 13 19:16:00.677979 dv-cinder-786930-3-iscsi neutron-server[93114]: DEBUG neutron.plugins.ml2.db [req-90d324bf-2ff4-4877-9cb9-21af30948ad9 req-632f52e8-75a3-470d-8211-04be8dae3b39 service neutron] For port 40f58ed6-b4d0-4c85-b401-bc8507279690, host hv-cinder-78693, cleared binding levels {{(pid=93114) clear_binding_levels /opt/stack/neutron/neutron/plugins/ml2/db.py:87}}
Jul 13 19:16:00.682392 dv-cinder-786930-3-iscsi neutron-server[93114]: DEBUG neutron.plugins.ml2.db [req-90d324bf-2ff4-4877-9cb9-21af30948ad9 req-632f52e8-75a3-470d-8211-04be8dae3b39 service neutron] For port 40f58ed6-b4d0-4c85-b401-bc8507279690, host hv-cinder-78693, set binding levels [PortBindingLevel(driver='hyperv',host='hv-cinder-78693',level=0,port_id=40f58ed6-b4d0-4c85-b401-bc8507279690,segment=NetworkSegment(cecbb32c-d77c-4760-8873-f33315b89141),segment_id=cecbb32c-d77c-4760-8873-f33315b89141)] {{(pid=93114) set_binding_levels /opt/stack/neutron/neutron/plugins/ml2/db.py:59}}
Jul 13 19:16:00.687246 dv-cinder-786930-3-iscsi neutron-server[93115]: DEBUG neutron.pecan_wsgi.hooks.policy_enforcement [req-86dd9734-842c-403c-bef4-0c5ea4da3b24 req-be497a5e-9224-4043-bf33-dccfcbd74602 service neutron] Attributes excluded by policy engine: ['standard_attr_id', 'shared'] {{(pid=93115) _exclude_attributes_by_policy /opt/stack/neutron/neutron/pecan_wsgi/hooks/policy_enforcement.py:255}}
Jul 13 19:16:00.688734 dv-cinder-786930-3-iscsi neutron-server[93115]: INFO neutron.wsgi [req-86dd9734-842c-403c-bef4-0c5ea4da3b24 req-be497a5e-9224-4043-bf33-dccfcbd74602 service neutron] 10.222.0.61 "GET /v2.0/subnets?id=90e0cf07-4a1f-49dd-8847-45ddf936b9b8 HTTP/1.1" status: 200 len: 859 time: 0.0912542
Jul 13 19:16:00.695925 dv-cinder-786930-3-iscsi neutron-server[93114]: DEBUG neutron_lib.callbacks.manager [req-90d324bf-2ff4-4877-9cb9-21af30948ad9 req-632f52e8-75a3-470d-8211-04be8dae3b39 service neutron] Notify callbacks ['neutron.plugins.ml2.plugin.SecurityGroupServerNotifierRpcMixin._notify_sg_on_port_change-544813', 'neutron.plugins.ml2.ovo_rpc._ObjectChangeHandler.handle_event-2027606', 'neutron.api.rpc.agentnotifiers.dhcp_rpc_agent_api.DhcpAgentNotifyAPI._native_event_send_dhcp_notification-1778624', 'neutron.db.l3_db.L3RpcNotifierMixin._notify_gateway_port_ip_changed-8779765642743', 'neutron.db.l3_dvrscheduler_db._notify_l3_agent_port_update-8779765254337', 'neutron.db.l3_hascheduler_db._notify_l3_agent_ha_port_update-8779765254355'] for port, after_update {{(pid=93114) _notify_loop /usr/local/lib/python3.8/dist-packages/neutron_lib/callbacks/manager.py:192}}
Jul 13 19:16:00.696114 dv-cinder-786930-3-iscsi neutron-server[93115]: INFO neutron.wsgi [req-c21b8a13-a335-47ae-8d9c-10a8da879937 req-ef732dcf-caa5-40d0-bd05-10cdf1264575 tempest-AttachVolumeNegativeTest-315143235 tempest-AttachVolumeNegativeTest-315143235-project] 10.222.0.62 "GET /v2.0/security-groups?id=db01ede2-9dbb-43df-a31c-8ba41d0c9c88&fields=id&fields=name HTTP/1.1" status: 200 len: 286 time: 0.3221884
Jul 13 19:16:00.743526 dv-cinder-786930-3-iscsi neutron-server[93114]: DEBUG neutron.pecan_wsgi.hooks.policy_enforcement [req-90d324bf-2ff4-4877-9cb9-21af30948ad9 req-632f52e8-75a3-470d-8211-04be8dae3b39 service neutron] Attributes excluded by policy engine: ['standard_attr_id'] {{(pid=93114) _exclude_attributes_by_policy /opt/stack/neutron/neutron/pecan_wsgi/hooks/policy_enforcement.py:255}}
Jul 13 19:16:00.744304 dv-cinder-786930-3-iscsi neutron-server[93114]: DEBUG neutron_lib.callbacks.manager [req-90d324bf-2ff4-4877-9cb9-21af30948ad9 req-632f52e8-75a3-470d-8211-04be8dae3b39 service neutron] Notify callbacks ['neutron.notifiers.nova.Notifier._send_nova_notification-2054361', 'neutron.api.rpc.agentnotifiers.dhcp_rpc_agent_api.DhcpAgentNotifyAPI._send_dhcp_notification-1778614'] for port, before_response {{(pid=93114) _notify_loop /usr/local/lib/python3.8/dist-packages/neutron_lib/callbacks/manager.py:192}}
Jul 13 19:16:00.745839 dv-cinder-786930-3-iscsi neutron-server[93114]: INFO neutron.wsgi [req-90d324bf-2ff4-4877-9cb9-21af30948ad9 req-632f52e8-75a3-470d-8211-04be8dae3b39 service neutron] 10.222.0.61 "PUT /v2.0/ports/40f58ed6-b4d0-4c85-b401-bc8507279690 HTTP/1.1" status: 200 len: 1093 time: 1.6851919
Jul 13 19:16:00.748660 dv-cinder-786930-3-iscsi neutron-server[93114]: DEBUG neutron.notifiers.nova [-] Sending events: [{'name': 'network-changed', 'server_uuid': '40a6e254-ee56-4db3-a708-f4de4a943d48', 'tag': '40f58ed6-b4d0-4c85-b401-bc8507279690'}] {{(pid=93114) send_events /opt/stack/neutron/neutron/notifiers/nova.py:262}}
Jul 13 19:16:00.751369 dv-cinder-786930-3-iscsi neutron-server[93114]: DEBUG novaclient.v2.client [-] REQ: curl -g -i --cacert "/opt/stack/data/ca-bundle.pem" -X POST http://10.222.0.62/compute/v2.1/os-server-external-events -H "Accept: application/json" -H "Content-Type: application/json" -H "User-Agent: python-novaclient" -H "X-Auth-Token: {SHA256}7376ce36d3eca4f7b2771fbecf3bd1d1ad78b9e926f38f635dfe5e3b93708133" -H "X-OpenStack-Nova-API-Version: 2.1" -H "X-OpenStack-Request-ID: req-58a86234-7ad9-4793-b21b-556ca1479238" -d '{"events": [{"name": "network-changed", "server_uuid": "40a6e254-ee56-4db3-a708-f4de4a943d48", "tag": "40f58ed6-b4d0-4c85-b401-bc8507279690"}]}' {{(pid=93114) _http_log_request /usr/local/lib/python3.8/dist-packages/keystoneauth1/session.py:519}}
Jul 13 19:16:00.763003 dv-cinder-786930-3-iscsi neutron-server[93115]: INFO neutron.wsgi [req-86dd9734-842c-403c-bef4-0c5ea4da3b24 req-6cf0c07b-e0db-4215-9798-f74b1ac6e74d service neutron] 10.222.0.61 "GET /v2.0/ports?network_id=ea1d1b2e-c5b8-4671-8c05-39b21c3980e6&device_owner=network%3Adhcp HTTP/1.1" status: 200 len: 210 time: 0.0652037
Jul 13 19:16:00.774538 dv-cinder-786930-3-iscsi neutron-server[93115]: INFO neutron.wsgi [req-50a3a1fc-e9a0-4e35-a6d1-b4534628767a req-2babe19a-f346-465a-a5bd-b06e02578dc7 tempest-AttachVolumeShelveTestJSON-749325529 tempest-AttachVolumeShelveTestJSON-749325529-project] 10.222.0.62 "GET /v2.0/ports?device_id=c760f00b-0cff-498f-aaa1-5c0ebd08a3fd HTTP/1.1" status: 200 len: 210 time: 0.0818679
Jul 13 19:16:00.824078 dv-cinder-786930-3-iscsi neutron-server[93114]: DEBUG neutron.api.rpc.handlers.resources_rpc [None req-632f52e8-75a3-470d-8211-04be8dae3b39 service neutron] Pushing event updated for resources: {'Port': ['ID=40f58ed6-b4d0-4c85-b401-bc8507279690,revision_number=3']} {{(pid=93114) push /opt/stack/neutron/neutron/api/rpc/handlers/resources_rpc.py:237}}
Jul 13 19:16:00.838240 dv-cinder-786930-3-iscsi neutron-server[93114]: DEBUG neutron.pecan_wsgi.hooks.quota_enforcement [req-bc91c8f9-18d8-4f4e-bf76-c66c948740bf req-49951475-362e-4fe2-a339-8dcbc4e92778 tempest-AttachVolumeShelveTestJSON-749325529 tempest-AttachVolumeShelveTestJSON-749325529-project] Made reservation on behalf of 5e6b8bbfe0ef46c787ecb467cd99983a for: {'port': 1} {{(pid=93114) before /opt/stack/neutron/neutron/pecan_wsgi/hooks/quota_enforcement.py:53}}
Jul 13 19:16:00.842340 dv-cinder-786930-3-iscsi neutron-server[93114]: DEBUG neutron_lib.callbacks.manager [req-bc91c8f9-18d8-4f4e-bf76-c66c948740bf req-49951475-362e-4fe2-a339-8dcbc4e92778 tempest-AttachVolumeShelveTestJSON-749325529 tempest-AttachVolumeShelveTestJSON-749325529-project] Notify callbacks ['neutron.plugins.ml2.plugin.SecurityGroupDbMixin._ensure_default_security_group_handler-544876'] for port, before_create {{(pid=93114) _notify_loop /usr/local/lib/python3.8/dist-packages/neutron_lib/callbacks/manager.py:192}}
Jul 13 19:16:00.856941 dv-cinder-786930-3-iscsi neutron-server[93115]: DEBUG neutron_lib.callbacks.manager [None req-a28b0115-eb8e-4dfc-88b1-2c29835645ea admin admin] Notify callbacks ['neutron.plugins.ml2.ovo_rpc._ObjectChangeHandler.handle_event-1596187'] for security_group, after_delete {{(pid=93115) _notify_loop /usr/local/lib/python3.8/dist-packages/neutron_lib/callbacks/manager.py:192}}
Jul 13 19:16:00.860017 dv-cinder-786930-3-iscsi neutron-server[93115]: DEBUG neutron_lib.callbacks.manager [None req-a28b0115-eb8e-4dfc-88b1-2c29835645ea admin admin] Notify callbacks [] for security_group, before_response {{(pid=93115) _notify_loop /usr/local/lib/python3.8/dist-packages/neutron_lib/callbacks/manager.py:192}}
Jul 13 19:16:00.861398 dv-cinder-786930-3-iscsi neutron-server[93115]: INFO neutron.wsgi [None req-a28b0115-eb8e-4dfc-88b1-2c29835645ea admin admin] 10.222.0.62 "DELETE /v2.0/security-groups/7154908c-95dc-4855-ad77-58dbbb64e3a9 HTTP/1.1" status: 204 len: 168 time: 0.8437483
Jul 13 19:16:00.875480 dv-cinder-786930-3-iscsi neutron-server[93115]: DEBUG neutron.api.rpc.handlers.resources_rpc [None req-a28b0115-eb8e-4dfc-88b1-2c29835645ea admin admin] Pushing event deleted for resources: {'SecurityGroup': ['ID=7154908c-95dc-4855-ad77-58dbbb64e3a9,revision_number=None']} {{(pid=93115) push /opt/stack/neutron/neutron/api/rpc/handlers/resources_rpc.py:237}}
Jul 13 19:16:00.888994 dv-cinder-786930-3-iscsi neutron-server[93114]: DEBUG novaclient.v2.client [-] RESP: [200] Connection: close Content-Length: 179 Content-Type: application/json Date: Tue, 13 Jul 2021 19:16:00 GMT OpenStack-API-Version: compute 2.1 Server: Apache/2.4.41 (Ubuntu) Vary: OpenStack-API-Version,X-OpenStack-Nova-API-Version X-OpenStack-Nova-API-Version: 2.1 x-compute-request-id: req-c85c1c84-b771-4dfa-8911-939b83e96cce x-openstack-request-id: req-c85c1c84-b771-4dfa-8911-939b83e96cce {{(pid=93114) _http_log_response /usr/local/lib/python3.8/dist-packages/keystoneauth1/session.py:550}}
Jul 13 19:16:00.889282 dv-cinder-786930-3-iscsi neutron-server[93114]: DEBUG novaclient.v2.client [-] RESP BODY: {"events": [{"name": "network-changed", "server_uuid": "40a6e254-ee56-4db3-a708-f4de4a943d48", "tag": "40f58ed6-b4d0-4c85-b401-bc8507279690", "status": "completed", "code": 200}]} {{(pid=93114) _http_log_response /usr/local/lib/python3.8/dist-packages/keystoneauth1/session.py:582}}
Jul 13 19:16:00.889528 dv-cinder-786930-3-iscsi neutron-server[93114]: DEBUG novaclient.v2.client [-] POST call to compute for http://10.222.0.62/compute/v2.1/os-server-external-events used request id req-c85c1c84-b771-4dfa-8911-939b83e96cce {{(pid=93114) request /usr/local/lib/python3.8/dist-packages/keystoneauth1/session.py:954}}
Jul 13 19:16:00.890059 dv-cinder-786930-3-iscsi neutron-server[93114]: INFO neutron.notifiers.nova [-] Nova event response: {'name': 'network-changed', 'server_uuid': '40a6e254-ee56-4db3-a708-f4de4a943d48', 'tag': '40f58ed6-b4d0-4c85-b401-bc8507279690', 'status': 'completed', 'code': 200}
Jul 13 19:16:00.926468 dv-cinder-786930-3-iscsi neutron-server[93115]: INFO neutron.wsgi [req-86dd9734-842c-403c-bef4-0c5ea4da3b24 req-6af53dde-9b9b-4520-92ce-44bce7444f23 service neutron] 10.222.0.61 "GET /v2.0/networks/ea1d1b2e-c5b8-4671-8c05-39b21c3980e6?fields=segments HTTP/1.1" status: 200 len: 212 time: 0.1499860
Jul 13 19:16:01.012546 dv-cinder-786930-3-iscsi neutron-server[93114]: DEBUG neutron.pecan_wsgi.hooks.policy_enforcement [req-90d324bf-2ff4-4877-9cb9-21af30948ad9 req-4130e965-750c-4c02-90a6-9b8b247ba33a service neutron] Attributes excluded by policy engine: ['standard_attr_id'] {{(pid=93114) _exclude_attributes_by_policy /opt/stack/neutron/neutron/pecan_wsgi/hooks/policy_enforcement.py:255}}
Jul 13 19:16:01.014284 dv-cinder-786930-3-iscsi neutron-server[93114]: INFO neutron.wsgi [req-90d324bf-2ff4-4877-9cb9-21af30948ad9 req-4130e965-750c-4c02-90a6-9b8b247ba33a service neutron] 10.222.0.61 "GET /v2.0/ports?tenant_id=73adb7d85b2143419a5d825c5bcc59db&device_id=40a6e254-ee56-4db3-a708-f4de4a943d48 HTTP/1.1" status: 200 len: 1096 time: 0.1689517
Jul 13 19:16:01.042792 dv-cinder-786930-3-iscsi neutron-server[93116]: DEBUG neutron.plugins.ml2.rpc [None req-5d81e980-7fcd-409f-a62d-aaab5a7a36a7 None None] Device 78a29a90-a22a-473c-a951-c3f19e40aaf8 up at agent hyperv_hv-cinder-78693 {{(pid=93116) update_device_up /opt/stack/neutron/neutron/plugins/ml2/rpc.py:296}}
Jul 13 19:16:01.101803 dv-cinder-786930-3-iscsi neutron-server[93114]: INFO neutron.wsgi [req-90d324bf-2ff4-4877-9cb9-21af30948ad9 req-8f8b20e5-f9f1-4224-ab0b-2d8139a4abd4 service neutron] 10.222.0.61 "GET /v2.0/floatingips?fixed_ip_address=172.20.0.3&port_id=40f58ed6-b4d0-4c85-b401-bc8507279690 HTTP/1.1" status: 200 len: 217 time: 0.0700932
Jul 13 19:16:01.102947 dv-cinder-786930-3-iscsi neutron-server[93114]: DEBUG neutron.db.db_base_plugin_common [req-bc91c8f9-18d8-4f4e-bf76-c66c948740bf req-49951475-362e-4fe2-a339-8dcbc4e92778 tempest-AttachVolumeShelveTestJSON-749325529 tempest-AttachVolumeShelveTestJSON-749325529-project] Allocated IP 172.20.0.4 (4cd79301-d87a-4d0a-8170-40824eeac598/fafb84d5-9cd7-4c6e-b7d0-c8d1a99693d2/b37972d9-fee7-497e-a5c2-2a762de510d7) {{(pid=93114) _store_ip_allocation /opt/stack/neutron/neutron/db/db_base_plugin_common.py:131}}
Jul 13 19:16:01.165911 dv-cinder-786930-3-iscsi neutron-server[93116]: DEBUG neutron.db.provisioning_blocks [None req-5d81e980-7fcd-409f-a62d-aaab5a7a36a7 None None] Provisioning for port 78a29a90-a22a-473c-a951-c3f19e40aaf8 completed by entity L2. {{(pid=93116) provisioning_complete /opt/stack/neutron/neutron/db/provisioning_blocks.py:133}}
Jul 13 19:16:01.170067 dv-cinder-786930-3-iscsi neutron-server[93116]: DEBUG neutron.db.provisioning_blocks [None req-5d81e980-7fcd-409f-a62d-aaab5a7a36a7 None None] Provisioning complete for port 78a29a90-a22a-473c-a951-c3f19e40aaf8 triggered by entity L2. {{(pid=93116) provisioning_complete /opt/stack/neutron/neutron/db/provisioning_blocks.py:139}}
Jul 13 19:16:01.170511 dv-cinder-786930-3-iscsi neutron-server[93116]: DEBUG neutron_lib.callbacks.manager [None req-5d81e980-7fcd-409f-a62d-aaab5a7a36a7 None None] Notify callbacks ['neutron.plugins.ml2.plugin.Ml2Plugin._port_provisioned-1389241'] for port, provisioning_complete {{(pid=93116) _notify_loop /usr/local/lib/python3.8/dist-packages/neutron_lib/callbacks/manager.py:192}}
Jul 13 19:16:01.192234 dv-cinder-786930-3-iscsi neutron-server[93115]: INFO neutron.wsgi [req-86dd9734-842c-403c-bef4-0c5ea4da3b24 req-5e92f89c-eeab-40db-a486-885f271e272e service neutron] 10.222.0.61 "GET /v2.0/networks/ea1d1b2e-c5b8-4671-8c05-39b21c3980e6?fields=provider%3Aphysical_network&fields=provider%3Anetwork_type HTTP/1.1" status: 200 len: 281 time: 0.2579105
Jul 13 19:16:01.211134 dv-cinder-786930-3-iscsi neutron-server[93114]: DEBUG neutron.pecan_wsgi.hooks.policy_enforcement [req-90d324bf-2ff4-4877-9cb9-21af30948ad9 req-f67f207e-51ee-4e8b-a599-95ed8b540278 service neutron] Attributes excluded by policy engine: ['standard_attr_id', 'shared'] {{(pid=93114) _exclude_attributes_by_policy /opt/stack/neutron/neutron/pecan_wsgi/hooks/policy_enforcement.py:255}}
