Aug 27 15:13:29.590677 dv-cinder-786929-5-smb devstack@n-api.service[109033]: DEBUG nova.api.openstack.wsgi [None req-a9a7dfe4-0956-4911-8dd3-8137380c852d tempest-VolumesSnapshotsTestJSON-1175665934 tempest-VolumesSnapshotsTestJSON-1175665934-project] Calling method '.version_select at 0x7fca2adcf8b0>' {{(pid=109033) _process_stack /opt/stack/nova/nova/api/openstack/wsgi.py:513}}
Aug 27 15:13:29.642565 dv-cinder-786929-5-smb devstack@n-api.service[109033]: INFO nova.api.openstack.requestlog [None req-a9a7dfe4-0956-4911-8dd3-8137380c852d tempest-VolumesSnapshotsTestJSON-1175665934 tempest-VolumesSnapshotsTestJSON-1175665934-project] 10.222.0.24 "GET /compute/v2.1/os-snapshots" status: 200 len: 289 microversion: 2.1 time: 0.056062
Aug 27 15:13:29.643258 dv-cinder-786929-5-smb devstack@n-api.service[109033]: [pid: 109033|app: 0|req: 5/10] 10.222.0.24 () {58 vars in 1140 bytes} [Fri Aug 27 15:13:29 2021] GET /compute/v2.1/os-snapshots => generated 289 bytes in 57 msecs (HTTP/1.1 200) 9 headers in 357 bytes (1 switches on core 0)
Aug 27 15:13:29.653464 dv-cinder-786929-5-smb devstack@n-api.service[109034]: DEBUG nova.api.openstack.wsgi [None req-add30a23-4f0a-4381-8ac9-f29d5264c2ee tempest-VolumesSnapshotsTestJSON-1175665934 tempest-VolumesSnapshotsTestJSON-1175665934-project] Calling method '.version_select at 0x7fca29d0e820>' {{(pid=109034) _process_stack /opt/stack/nova/nova/api/openstack/wsgi.py:513}}
Aug 27 15:13:29.684947 dv-cinder-786929-5-smb devstack@n-api.service[109034]: INFO nova.api.openstack.requestlog [None req-add30a23-4f0a-4381-8ac9-f29d5264c2ee tempest-VolumesSnapshotsTestJSON-1175665934 tempest-VolumesSnapshotsTestJSON-1175665934-project] 10.222.0.24 "GET /compute/v2.1/os-snapshots/d51d18bf-800a-49be-9f8d-9f61ebea4b0a" status: 200 len: 286 microversion: 2.1 time: 0.035030
Aug 27 15:13:29.696427 dv-cinder-786929-5-smb devstack@n-api.service[109034]: [pid: 109034|app: 0|req: 6/11] 10.222.0.24 () {58 vars in 1251 bytes} [Fri Aug 27 15:13:29 2021] GET /compute/v2.1/os-snapshots/d51d18bf-800a-49be-9f8d-9f61ebea4b0a => generated 286 bytes in 38 msecs (HTTP/1.1 200) 9 headers in 357 bytes (1 switches on core 0)
Aug 27 15:13:30.423665 dv-cinder-786929-5-smb devstack@n-api.service[109033]: DEBUG nova.api.openstack.wsgi [None req-0d333fd0-18ff-4215-aaa6-38a7c8b4352f tempest-AttachVolumeNegativeTest-1706131780 tempest-AttachVolumeNegativeTest-1706131780-project] Action: 'create', calling method: >, body: {"server": {"name": "tempest-AttachVolumeNegativeTest-server-775670217", "imageRef": "b74fb12f-706d-42f0-bbde-28b916f2b915", "flavorRef": "452", "networks": [{"uuid": "04eb613a-607e-4db2-9872-fa39f136cc9e"}]}} {{(pid=109033) _process_stack /opt/stack/nova/nova/api/openstack/wsgi.py:511}}
Aug 27 15:13:30.473740 dv-cinder-786929-5-smb devstack@n-api.service[109034]: DEBUG nova.api.openstack.wsgi [None req-265f0444-8a87-4602-8f84-23018f901409 tempest-DeleteServersTestJSON-889799341 tempest-DeleteServersTestJSON-889799341-project] Calling method '>' {{(pid=109034) _process_stack /opt/stack/nova/nova/api/openstack/wsgi.py:513}}
Aug 27 15:13:30.474387 dv-cinder-786929-5-smb devstack@n-api.service[109034]: DEBUG nova.compute.api [None req-265f0444-8a87-4602-8f84-23018f901409 tempest-DeleteServersTestJSON-889799341 tempest-DeleteServersTestJSON-889799341-project] [instance: 41668593-40f1-4b13-a858-a3728af68f7c] Fetching instance by UUID {{(pid=109034) get /opt/stack/nova/nova/compute/api.py:2826}}
Aug 27 15:13:30.481720 dv-cinder-786929-5-smb devstack@n-api.service[109034]: DEBUG oslo_concurrency.lockutils [None req-265f0444-8a87-4602-8f84-23018f901409 tempest-DeleteServersTestJSON-889799341 tempest-DeleteServersTestJSON-889799341-project] Lock "bc9774f3-2228-4998-96af-d8655dabe8e4" acquired by "nova.context.set_target_cell..get_or_set_cached_cell_and_set_connections" :: waited 0.000s {{(pid=109034) inner /usr/local/lib/python3.8/dist-packages/oslo_concurrency/lockutils.py:355}}
Aug 27 15:13:30.482495 dv-cinder-786929-5-smb devstack@n-api.service[109034]: DEBUG oslo_concurrency.lockutils [None req-265f0444-8a87-4602-8f84-23018f901409 tempest-DeleteServersTestJSON-889799341 tempest-DeleteServersTestJSON-889799341-project] Lock "bc9774f3-2228-4998-96af-d8655dabe8e4" released by "nova.context.set_target_cell..get_or_set_cached_cell_and_set_connections" :: held 0.001s {{(pid=109034) inner /usr/local/lib/python3.8/dist-packages/oslo_concurrency/lockutils.py:367}}
Aug 27 15:13:30.483440 dv-cinder-786929-5-smb devstack@n-api.service[109034]: DEBUG oslo_concurrency.lockutils [None req-265f0444-8a87-4602-8f84-23018f901409 tempest-DeleteServersTestJSON-889799341 tempest-DeleteServersTestJSON-889799341-project] Lock "bc9774f3-2228-4998-96af-d8655dabe8e4" acquired by "nova.context.set_target_cell..get_or_set_cached_cell_and_set_connections" :: waited 0.000s {{(pid=109034) inner /usr/local/lib/python3.8/dist-packages/oslo_concurrency/lockutils.py:355}}
Aug 27 15:13:30.484819 dv-cinder-786929-5-smb devstack@n-api.service[109034]: DEBUG oslo_concurrency.lockutils [None req-265f0444-8a87-4602-8f84-23018f901409 tempest-DeleteServersTestJSON-889799341 tempest-DeleteServersTestJSON-889799341-project] Lock "bc9774f3-2228-4998-96af-d8655dabe8e4" released by "nova.context.set_target_cell..get_or_set_cached_cell_and_set_connections" :: held 0.001s {{(pid=109034) inner /usr/local/lib/python3.8/dist-packages/oslo_concurrency/lockutils.py:367}}
Aug 27 15:13:30.631183 dv-cinder-786929-5-smb devstack@n-api.service[109033]: DEBUG nova.network.neutron [None req-0d333fd0-18ff-4215-aaa6-38a7c8b4352f tempest-AttachVolumeNegativeTest-1706131780 tempest-AttachVolumeNegativeTest-1706131780-project] validate_networks() for [('04eb613a-607e-4db2-9872-fa39f136cc9e', None, None, None, None, None)] {{(pid=109033) validate_networks /opt/stack/nova/nova/network/neutron.py:2309}}
Aug 27 15:13:30.673760 dv-cinder-786929-5-smb devstack@n-api.service[109034]: DEBUG nova.policy [None req-265f0444-8a87-4602-8f84-23018f901409 tempest-DeleteServersTestJSON-889799341 tempest-DeleteServersTestJSON-889799341-project] Policy check for os_compute_api:os-extended-server-attributes failed with credentials {'is_admin': False, 'user_id': '110babf74f3b4ab4bddc32c309bb345c', 'user_domain_id': 'default', 'system_scope': None, 'domain_id': None, 'project_id': '42cf4174dea94b8bb4ef326a8cda01aa', 'project_domain_id': 'default', 'roles': ['member', 'reader'], 'is_admin_project': True, 'service_user_id': None, 'service_user_domain_id': None, 'service_project_id': None, 'service_project_domain_id': None, 'service_roles': []} {{(pid=109034) authorize /opt/stack/nova/nova/policy.py:199}}
Aug 27 15:13:30.690159 dv-cinder-786929-5-smb devstack@n-api.service[109034]: INFO nova.api.openstack.requestlog [None req-265f0444-8a87-4602-8f84-23018f901409 tempest-DeleteServersTestJSON-889799341 tempest-DeleteServersTestJSON-889799341-project] 10.222.0.24 "GET /compute/v2.1/servers/41668593-40f1-4b13-a858-a3728af68f7c" status: 200 len: 1218 microversion: 2.1 time: 0.220250
Aug 27 15:13:30.700767 dv-cinder-786929-5-smb devstack@n-api.service[109034]: [pid: 109034|app: 0|req: 7/12] 10.222.0.24 () {58 vars in 1236 bytes} [Fri Aug 27 15:13:30 2021] GET /compute/v2.1/servers/41668593-40f1-4b13-a858-a3728af68f7c => generated 1218 bytes in 232 msecs (HTTP/1.1 200) 9 headers in 358 bytes (1 switches on core 0)
Aug 27 15:13:30.707339 dv-cinder-786929-5-smb devstack@n-api.service[109034]: DEBUG nova.api.openstack.wsgi [None req-b501de6d-bce8-460a-81f3-bf361159cda3 tempest-VolumesSnapshotsTestJSON-1175665934 tempest-VolumesSnapshotsTestJSON-1175665934-project] Calling method '.version_select at 0x7fca29c44160>' {{(pid=109034) _process_stack /opt/stack/nova/nova/api/openstack/wsgi.py:513}}
Aug 27 15:13:30.814307 dv-cinder-786929-5-smb devstack@n-api.service[109034]: INFO nova.api.openstack.requestlog [None req-b501de6d-bce8-460a-81f3-bf361159cda3 tempest-VolumesSnapshotsTestJSON-1175665934 tempest-VolumesSnapshotsTestJSON-1175665934-project] 10.222.0.24 "GET /compute/v2.1/os-snapshots/d51d18bf-800a-49be-9f8d-9f61ebea4b0a" status: 200 len: 287 microversion: 2.1 time: 0.111658
Aug 27 15:13:30.815441 dv-cinder-786929-5-smb devstack@n-api.service[109034]: [pid: 109034|app: 0|req: 8/13] 10.222.0.24 () {58 vars in 1251 bytes} [Fri Aug 27 15:13:30 2021] GET /compute/v2.1/os-snapshots/d51d18bf-800a-49be-9f8d-9f61ebea4b0a => generated 287 bytes in 113 msecs (HTTP/1.1 200) 9 headers in 357 bytes (1 switches on core 0)
Aug 27 15:13:30.825453 dv-cinder-786929-5-smb devstack@n-api.service[109034]: DEBUG nova.api.openstack.wsgi [None req-2a8c2244-97f7-47fe-8988-ec0eaa3d565e tempest-VolumesSnapshotsTestJSON-1175665934 tempest-VolumesSnapshotsTestJSON-1175665934-project] Calling method '.version_select at 0x7fca29be2040>' {{(pid=109034) _process_stack /opt/stack/nova/nova/api/openstack/wsgi.py:513}}
Aug 27 15:13:31.085090 dv-cinder-786929-5-smb devstack@n-api.service[109034]: INFO nova.api.openstack.requestlog [None req-2a8c2244-97f7-47fe-8988-ec0eaa3d565e tempest-VolumesSnapshotsTestJSON-1175665934 tempest-VolumesSnapshotsTestJSON-1175665934-project] 10.222.0.24 "DELETE /compute/v2.1/os-snapshots/d51d18bf-800a-49be-9f8d-9f61ebea4b0a" status: 202 len: 0 microversion: 2.1 time: 0.257264
Aug 27 15:13:31.085090 dv-cinder-786929-5-smb devstack@n-api.service[109034]: [pid: 109034|app: 0|req: 9/14] 10.222.0.24 () {58 vars in 1254 bytes} [Fri Aug 27 15:13:30 2021] DELETE /compute/v2.1/os-snapshots/d51d18bf-800a-49be-9f8d-9f61ebea4b0a => generated 0 bytes in 259 msecs (HTTP/1.1 202) 9 headers in 361 bytes (1 switches on core 0)
Aug 27 15:13:31.090475 dv-cinder-786929-5-smb devstack@n-api.service[109034]: DEBUG nova.api.openstack.wsgi [None req-09c836ee-4ebf-4c46-b496-bca5402c548b tempest-VolumesSnapshotsTestJSON-1175665934 tempest-VolumesSnapshotsTestJSON-1175665934-project] Calling method '.version_select at 0x7fca29be2820>' {{(pid=109034) _process_stack /opt/stack/nova/nova/api/openstack/wsgi.py:513}}
Aug 27 15:13:31.158585 dv-cinder-786929-5-smb devstack@n-api.service[109034]: INFO nova.api.openstack.requestlog [None req-09c836ee-4ebf-4c46-b496-bca5402c548b tempest-VolumesSnapshotsTestJSON-1175665934 tempest-VolumesSnapshotsTestJSON-1175665934-project] 10.222.0.24 "GET /compute/v2.1/os-snapshots/d51d18bf-800a-49be-9f8d-9f61ebea4b0a" status: 200 len: 286 microversion: 2.1 time: 0.072359
Aug 27 15:13:31.158585 dv-cinder-786929-5-smb devstack@n-api.service[109034]: [pid: 109034|app: 0|req: 10/15] 10.222.0.24 () {58 vars in 1251 bytes} [Fri Aug 27 15:13:31 2021] GET /compute/v2.1/os-snapshots/d51d18bf-800a-49be-9f8d-9f61ebea4b0a => generated 286 bytes in 74 msecs (HTTP/1.1 200) 9 headers in 357 bytes (2 switches on core 0)
Aug 27 15:13:31.184084 dv-cinder-786929-5-smb devstack@n-api.service[109034]: DEBUG nova.api.openstack.wsgi [None req-3db1266b-80e0-4ac9-91d4-209d6c44d281 tempest-VolumesTestJSON-1219249504 tempest-VolumesTestJSON-1219249504-project] Calling method '.version_select at 0x7fca29c44d30>' {{(pid=109034) _process_stack /opt/stack/nova/nova/api/openstack/wsgi.py:513}}
Aug 27 15:13:31.315585 dv-cinder-786929-5-smb devstack@n-api.service[109034]: INFO nova.api.openstack.requestlog [None req-3db1266b-80e0-4ac9-91d4-209d6c44d281 tempest-VolumesTestJSON-1219249504 tempest-VolumesTestJSON-1219249504-project] 10.222.0.24 "GET /compute/v2.1/os-volumes/903a163e-f95f-4960-87d3-3f0e58aac90e" status: 200 len: 351 microversion: 2.1 time: 0.136330
Aug 27 15:13:31.316417 dv-cinder-786929-5-smb devstack@n-api.service[109034]: [pid: 109034|app: 0|req: 11/16] 10.222.0.24 () {58 vars in 1245 bytes} [Fri Aug 27 15:13:31 2021] GET /compute/v2.1/os-volumes/903a163e-f95f-4960-87d3-3f0e58aac90e => generated 351 bytes in 139 msecs (HTTP/1.1 200) 9 headers in 357 bytes (2 switches on core 0)
Aug 27 15:13:31.708665 dv-cinder-786929-5-smb devstack@n-api.service[109034]: DEBUG nova.api.openstack.wsgi [None req-a42abc4c-6972-4615-accd-347c542584e2 tempest-DeleteServersTestJSON-889799341 tempest-DeleteServersTestJSON-889799341-project] Calling method '>' {{(pid=109034) _process_stack /opt/stack/nova/nova/api/openstack/wsgi.py:513}}
Aug 27 15:13:31.709454 dv-cinder-786929-5-smb devstack@n-api.service[109034]: DEBUG nova.compute.api [None req-a42abc4c-6972-4615-accd-347c542584e2 tempest-DeleteServersTestJSON-889799341 tempest-DeleteServersTestJSON-889799341-project] [instance: 41668593-40f1-4b13-a858-a3728af68f7c] Fetching instance by UUID {{(pid=109034) get /opt/stack/nova/nova/compute/api.py:2826}}
Aug 27 15:13:31.717065 dv-cinder-786929-5-smb devstack@n-api.service[109034]: DEBUG oslo_concurrency.lockutils [None req-a42abc4c-6972-4615-accd-347c542584e2 tempest-DeleteServersTestJSON-889799341 tempest-DeleteServersTestJSON-889799341-project] Lock "bc9774f3-2228-4998-96af-d8655dabe8e4" acquired by "nova.context.set_target_cell..get_or_set_cached_cell_and_set_connections" :: waited 0.000s {{(pid=109034) inner /usr/local/lib/python3.8/dist-packages/oslo_concurrency/lockutils.py:355}}
Aug 27 15:13:31.720756 dv-cinder-786929-5-smb devstack@n-api.service[109034]: DEBUG oslo_concurrency.lockutils [None req-a42abc4c-6972-4615-accd-347c542584e2 tempest-DeleteServersTestJSON-889799341 tempest-DeleteServersTestJSON-889799341-project] Lock "bc9774f3-2228-4998-96af-d8655dabe8e4" released by "nova.context.set_target_cell..get_or_set_cached_cell_and_set_connections" :: held 0.004s {{(pid=109034) inner /usr/local/lib/python3.8/dist-packages/oslo_concurrency/lockutils.py:367}}
Aug 27 15:13:31.721611 dv-cinder-786929-5-smb devstack@n-api.service[109034]: DEBUG oslo_concurrency.lockutils [None req-a42abc4c-6972-4615-accd-347c542584e2 tempest-DeleteServersTestJSON-889799341 tempest-DeleteServersTestJSON-889799341-project] Lock "bc9774f3-2228-4998-96af-d8655dabe8e4" acquired by "nova.context.set_target_cell..get_or_set_cached_cell_and_set_connections" :: waited 0.000s {{(pid=109034) inner /usr/local/lib/python3.8/dist-packages/oslo_concurrency/lockutils.py:355}}
Aug 27 15:13:31.722050 dv-cinder-786929-5-smb devstack@n-api.service[109034]: DEBUG oslo_concurrency.lockutils [None req-a42abc4c-6972-4615-accd-347c542584e2 tempest-DeleteServersTestJSON-889799341 tempest-DeleteServersTestJSON-889799341-project] Lock "bc9774f3-2228-4998-96af-d8655dabe8e4" released by "nova.context.set_target_cell..get_or_set_cached_cell_and_set_connections" :: held 0.000s {{(pid=109034) inner /usr/local/lib/python3.8/dist-packages/oslo_concurrency/lockutils.py:367}}
Aug 27 15:13:31.973088 dv-cinder-786929-5-smb devstack@n-api.service[109034]: DEBUG nova.policy [None req-a42abc4c-6972-4615-accd-347c542584e2 tempest-DeleteServersTestJSON-889799341 tempest-DeleteServersTestJSON-889799341-project] Policy check for os_compute_api:os-extended-server-attributes failed with credentials {'is_admin': False, 'user_id': '110babf74f3b4ab4bddc32c309bb345c', 'user_domain_id': 'default', 'system_scope': None, 'domain_id': None, 'project_id': '42cf4174dea94b8bb4ef326a8cda01aa', 'project_domain_id': 'default', 'roles': ['member', 'reader'], 'is_admin_project': True, 'service_user_id': None, 'service_user_domain_id': None, 'service_project_id': None, 'service_project_domain_id': None, 'service_roles': []} {{(pid=109034) authorize /opt/stack/nova/nova/policy.py:199}}
Aug 27 15:13:31.988256 dv-cinder-786929-5-smb devstack@n-api.service[109034]: INFO nova.api.openstack.requestlog [None req-a42abc4c-6972-4615-accd-347c542584e2 tempest-DeleteServersTestJSON-889799341 tempest-DeleteServersTestJSON-889799341-project] 10.222.0.24 "GET /compute/v2.1/servers/41668593-40f1-4b13-a858-a3728af68f7c" status: 200 len: 1210 microversion: 2.1 time: 0.282538
Aug 27 15:13:31.991755 dv-cinder-786929-5-smb devstack@n-api.service[109034]: [pid: 109034|app: 0|req: 12/17] 10.222.0.24 () {58 vars in 1236 bytes} [Fri Aug 27 15:13:31 2021] GET /compute/v2.1/servers/41668593-40f1-4b13-a858-a3728af68f7c => generated 1210 bytes in 288 msecs (HTTP/1.1 200) 9 headers in 358 bytes (1 switches on core 0)
Aug 27 15:13:32.184925 dv-cinder-786929-5-smb devstack@n-api.service[109034]: DEBUG nova.api.openstack.wsgi [None req-9fc29079-7be6-4edf-965d-a8ecf4d912f5 tempest-VolumesSnapshotsTestJSON-1175665934 tempest-VolumesSnapshotsTestJSON-1175665934-project] Calling method '.version_select at 0x7fca29be2160>' {{(pid=109034) _process_stack /opt/stack/nova/nova/api/openstack/wsgi.py:513}}
Aug 27 15:13:32.354582 dv-cinder-786929-5-smb devstack@n-api.service[109034]: INFO nova.api.openstack.wsgi [None req-9fc29079-7be6-4edf-965d-a8ecf4d912f5 tempest-VolumesSnapshotsTestJSON-1175665934 tempest-VolumesSnapshotsTestJSON-1175665934-project] HTTP exception thrown: Snapshot d51d18bf-800a-49be-9f8d-9f61ebea4b0a could not be found.
Aug 27 15:13:32.358124 dv-cinder-786929-5-smb devstack@n-api.service[109034]: DEBUG nova.api.openstack.wsgi [None req-9fc29079-7be6-4edf-965d-a8ecf4d912f5 tempest-VolumesSnapshotsTestJSON-1175665934 tempest-VolumesSnapshotsTestJSON-1175665934-project] Returning 404 to user: Snapshot d51d18bf-800a-49be-9f8d-9f61ebea4b0a could not be found. {{(pid=109034) __call__ /opt/stack/nova/nova/api/openstack/wsgi.py:927}}
Aug 27 15:13:32.360980 dv-cinder-786929-5-smb devstack@n-api.service[109034]: INFO nova.api.openstack.requestlog [None req-9fc29079-7be6-4edf-965d-a8ecf4d912f5 tempest-VolumesSnapshotsTestJSON-1175665934 tempest-VolumesSnapshotsTestJSON-1175665934-project] 10.222.0.24 "GET /compute/v2.1/os-snapshots/d51d18bf-800a-49be-9f8d-9f61ebea4b0a" status: 404 len: 111 microversion: 2.1 time: 0.192008
Aug 27 15:13:32.362970 dv-cinder-786929-5-smb devstack@n-api.service[109034]: [pid: 109034|app: 0|req: 13/18] 10.222.0.24 () {58 vars in 1251 bytes} [Fri Aug 27 15:13:32 2021] GET /compute/v2.1/os-snapshots/d51d18bf-800a-49be-9f8d-9f61ebea4b0a => generated 111 bytes in 198 msecs (HTTP/1.1 404) 9 headers in 379 bytes (2 switches on core 0)
Aug 27 15:13:32.402766 dv-cinder-786929-5-smb devstack@n-api.service[109034]: DEBUG nova.api.openstack.wsgi [None req-5b92887f-78a2-4650-aecf-7fe05f364012 tempest-VolumesSnapshotsTestJSON-1175665934 tempest-VolumesSnapshotsTestJSON-1175665934-project] Calling method '.version_select at 0x7fca2b77e0d0>' {{(pid=109034) _process_stack /opt/stack/nova/nova/api/openstack/wsgi.py:513}}
Aug 27 15:13:32.649672 dv-cinder-786929-5-smb devstack@n-api.service[109033]: DEBUG nova.virt.hardware [None req-0d333fd0-18ff-4215-aaa6-38a7c8b4352f tempest-AttachVolumeNegativeTest-1706131780 tempest-AttachVolumeNegativeTest-1706131780-project] Flavor limits 0:0:0 {{(pid=109033) get_cpu_topology_constraints /opt/stack/nova/nova/virt/hardware.py:343}}
Aug 27 15:13:32.652219 dv-cinder-786929-5-smb devstack@n-api.service[109033]: DEBUG nova.virt.hardware [None req-0d333fd0-18ff-4215-aaa6-38a7c8b4352f tempest-AttachVolumeNegativeTest-1706131780 tempest-AttachVolumeNegativeTest-1706131780-project] Image limits 0:0:0 {{(pid=109033) get_cpu_topology_constraints /opt/stack/nova/nova/virt/hardware.py:347}}
Aug 27 15:13:32.653351 dv-cinder-786929-5-smb devstack@n-api.service[109033]: DEBUG nova.virt.hardware [None req-0d333fd0-18ff-4215-aaa6-38a7c8b4352f tempest-AttachVolumeNegativeTest-1706131780 tempest-AttachVolumeNegativeTest-1706131780-project] Flavor pref 0:0:0 {{(pid=109033) get_cpu_topology_constraints /opt/stack/nova/nova/virt/hardware.py:383}}
Aug 27 15:13:32.654229 dv-cinder-786929-5-smb devstack@n-api.service[109033]: DEBUG nova.virt.hardware [None req-0d333fd0-18ff-4215-aaa6-38a7c8b4352f tempest-AttachVolumeNegativeTest-1706131780 tempest-AttachVolumeNegativeTest-1706131780-project] Image pref 0:0:0 {{(pid=109033) get_cpu_topology_constraints /opt/stack/nova/nova/virt/hardware.py:387}}
Aug 27 15:13:32.655154 dv-cinder-786929-5-smb devstack@n-api.service[109033]: DEBUG nova.virt.hardware [None req-0d333fd0-18ff-4215-aaa6-38a7c8b4352f tempest-AttachVolumeNegativeTest-1706131780 tempest-AttachVolumeNegativeTest-1706131780-project] Chose sockets=0, cores=0, threads=0; limits were sockets=65536, cores=65536, threads=65536 {{(pid=109033) get_cpu_topology_constraints /opt/stack/nova/nova/virt/hardware.py:425}}
Aug 27 15:13:32.683807 dv-cinder-786929-5-smb devstack@n-api.service[109033]: DEBUG oslo_concurrency.lockutils [None req-0d333fd0-18ff-4215-aaa6-38a7c8b4352f tempest-AttachVolumeNegativeTest-1706131780 tempest-AttachVolumeNegativeTest-1706131780-project] Lock "00000000-0000-0000-0000-000000000000" acquired by "nova.context.set_target_cell..get_or_set_cached_cell_and_set_connections" :: waited 0.000s {{(pid=109033) inner /usr/local/lib/python3.8/dist-packages/oslo_concurrency/lockutils.py:355}}
Aug 27 15:13:32.684868 dv-cinder-786929-5-smb devstack@n-api.service[109033]: DEBUG oslo_concurrency.lockutils [None req-0d333fd0-18ff-4215-aaa6-38a7c8b4352f tempest-AttachVolumeNegativeTest-1706131780 tempest-AttachVolumeNegativeTest-1706131780-project] Lock "00000000-0000-0000-0000-000000000000" released by "nova.context.set_target_cell..get_or_set_cached_cell_and_set_connections" :: held 0.001s {{(pid=109033) inner /usr/local/lib/python3.8/dist-packages/oslo_concurrency/lockutils.py:367}}
Aug 27 15:13:32.686695 dv-cinder-786929-5-smb devstack@n-api.service[109033]: DEBUG oslo_concurrency.lockutils [None req-0d333fd0-18ff-4215-aaa6-38a7c8b4352f tempest-AttachVolumeNegativeTest-1706131780 tempest-AttachVolumeNegativeTest-1706131780-project] Lock "bc9774f3-2228-4998-96af-d8655dabe8e4" acquired by "nova.context.set_target_cell..get_or_set_cached_cell_and_set_connections" :: waited 0.000s {{(pid=109033) inner /usr/local/lib/python3.8/dist-packages/oslo_concurrency/lockutils.py:355}}
Aug 27 15:13:32.688282 dv-cinder-786929-5-smb devstack@n-api.service[109033]: DEBUG oslo_concurrency.lockutils [None req-0d333fd0-18ff-4215-aaa6-38a7c8b4352f tempest-AttachVolumeNegativeTest-1706131780 tempest-AttachVolumeNegativeTest-1706131780-project] Lock "bc9774f3-2228-4998-96af-d8655dabe8e4" released by "nova.context.set_target_cell..get_or_set_cached_cell_and_set_connections" :: held 0.002s {{(pid=109033) inner /usr/local/lib/python3.8/dist-packages/oslo_concurrency/lockutils.py:367}}
Aug 27 15:13:32.801439 dv-cinder-786929-5-smb devstack@n-api.service[109033]: DEBUG nova.quota [None req-0d333fd0-18ff-4215-aaa6-38a7c8b4352f tempest-AttachVolumeNegativeTest-1706131780 tempest-AttachVolumeNegativeTest-1706131780-project] Getting quotas for project 18764a9ae8fe477696d989b2e71a2553. Resources: {'instances', 'cores', 'ram'} {{(pid=109033) _get_quotas /opt/stack/nova/nova/quota.py:387}}
Aug 27 15:13:32.825786 dv-cinder-786929-5-smb devstack@n-api.service[109033]: DEBUG nova.quota [None req-0d333fd0-18ff-4215-aaa6-38a7c8b4352f tempest-AttachVolumeNegativeTest-1706131780 tempest-AttachVolumeNegativeTest-1706131780-project] Getting quotas for user 8a469860166d47dbb29acebdd5f31e3a and project 18764a9ae8fe477696d989b2e71a2553. Resources: {'instances', 'cores', 'ram'} {{(pid=109033) _get_quotas /opt/stack/nova/nova/quota.py:377}}
Aug 27 15:13:32.887898 dv-cinder-786929-5-smb devstack@n-api.service[109033]: DEBUG nova.compute.api [None req-0d333fd0-18ff-4215-aaa6-38a7c8b4352f tempest-AttachVolumeNegativeTest-1706131780 tempest-AttachVolumeNegativeTest-1706131780-project] Going to run 1 instances... {{(pid=109033) _provision_instances /opt/stack/nova/nova/compute/api.py:1315}}
Aug 27 15:13:32.888302 dv-cinder-786929-5-smb devstack@n-api.service[109034]: INFO nova.api.openstack.requestlog [None req-5b92887f-78a2-4650-aecf-7fe05f364012 tempest-VolumesSnapshotsTestJSON-1175665934 tempest-VolumesSnapshotsTestJSON-1175665934-project] 10.222.0.24 "DELETE /compute/v2.1/os-volumes/984b6ccb-35f9-46a0-9157-407b4434c6ba" status: 202 len: 0 microversion: 2.1 time: 0.517578
Aug 27 15:13:32.889339 dv-cinder-786929-5-smb devstack@n-api.service[109034]: [pid: 109034|app: 0|req: 14/19] 10.222.0.24 () {58 vars in 1248 bytes} [Fri Aug 27 15:13:32 2021] DELETE /compute/v2.1/os-volumes/984b6ccb-35f9-46a0-9157-407b4434c6ba => generated 0 bytes in 520 msecs (HTTP/1.1 202) 9 headers in 361 bytes (1 switches on core 0)
Aug 27 15:13:32.900657 dv-cinder-786929-5-smb devstack@n-api.service[109033]: DEBUG nova.compute.api [None req-0d333fd0-18ff-4215-aaa6-38a7c8b4352f tempest-AttachVolumeNegativeTest-1706131780 tempest-AttachVolumeNegativeTest-1706131780-project] [instance: d3d6ad04-e7c7-4255-8007-f3bf76d82ca2] block_device_mapping [BlockDeviceMapping(attachment_id=,boot_index=0,connection_info=None,created_at=,delete_on_termination=True,deleted=,deleted_at=,destination_type='local',device_name=None,device_type='disk',disk_bus=None,guest_format=None,id=,image_id='b74fb12f-706d-42f0-bbde-28b916f2b915',instance=,instance_uuid=,no_device=False,snapshot_id=None,source_type='image',tag=None,updated_at=,uuid=,volume_id=None,volume_size=None,volume_type=None)] {{(pid=109033) _bdm_validate_set_size_and_instance /opt/stack/nova/nova/compute/api.py:1720}}
Aug 27 15:13:32.903262 dv-cinder-786929-5-smb devstack@n-api.service[109034]: DEBUG nova.api.openstack.wsgi [None req-c13e88f8-dd8f-4239-9f49-6313ece9c7c0 tempest-VolumesSnapshotsTestJSON-1175665934 tempest-VolumesSnapshotsTestJSON-1175665934-project] Calling method '.version_select at 0x7fca29c441f0>' {{(pid=109034) _process_stack /opt/stack/nova/nova/api/openstack/wsgi.py:513}}
Aug 27 15:13:33.015263 dv-cinder-786929-5-smb devstack@n-api.service[109034]: INFO nova.api.openstack.requestlog [None req-c13e88f8-dd8f-4239-9f49-6313ece9c7c0 tempest-VolumesSnapshotsTestJSON-1175665934 tempest-VolumesSnapshotsTestJSON-1175665934-project] 10.222.0.24 "GET /compute/v2.1/os-volumes/984b6ccb-35f9-46a0-9157-407b4434c6ba" status: 200 len: 344 microversion: 2.1 time: 0.118495
Aug 27 15:13:33.016224 dv-cinder-786929-5-smb devstack@n-api.service[109034]: [pid: 109034|app: 0|req: 15/20] 10.222.0.24 () {58 vars in 1245 bytes} [Fri Aug 27 15:13:32 2021] GET /compute/v2.1/os-volumes/984b6ccb-35f9-46a0-9157-407b4434c6ba => generated 344 bytes in 121 msecs (HTTP/1.1 200) 9 headers in 357 bytes (2 switches on core 0)
Aug 27 15:13:33.029341 dv-cinder-786929-5-smb devstack@n-api.service[109034]: DEBUG nova.api.openstack.wsgi [None req-5b3195bd-16bf-4ccf-8b47-91657add7b4f tempest-DeleteServersTestJSON-889799341 tempest-DeleteServersTestJSON-889799341-project] Calling method '>' {{(pid=109034) _process_stack /opt/stack/nova/nova/api/openstack/wsgi.py:513}}
Aug 27 15:13:33.030377 dv-cinder-786929-5-smb devstack@n-api.service[109034]: DEBUG nova.compute.api [None req-5b3195bd-16bf-4ccf-8b47-91657add7b4f tempest-DeleteServersTestJSON-889799341 tempest-DeleteServersTestJSON-889799341-project] [instance: 41668593-40f1-4b13-a858-a3728af68f7c] Fetching instance by UUID {{(pid=109034) get /opt/stack/nova/nova/compute/api.py:2826}}
Aug 27 15:13:33.054725 dv-cinder-786929-5-smb devstack@n-api.service[109034]: DEBUG oslo_concurrency.lockutils [None req-5b3195bd-16bf-4ccf-8b47-91657add7b4f tempest-DeleteServersTestJSON-889799341 tempest-DeleteServersTestJSON-889799341-project] Lock "bc9774f3-2228-4998-96af-d8655dabe8e4" acquired by "nova.context.set_target_cell..get_or_set_cached_cell_and_set_connections" :: waited 0.000s {{(pid=109034) inner /usr/local/lib/python3.8/dist-packages/oslo_concurrency/lockutils.py:355}}
Aug 27 15:13:33.058092 dv-cinder-786929-5-smb devstack@n-api.service[109034]: DEBUG oslo_concurrency.lockutils [None req-5b3195bd-16bf-4ccf-8b47-91657add7b4f tempest-DeleteServersTestJSON-889799341 tempest-DeleteServersTestJSON-889799341-project] Lock "bc9774f3-2228-4998-96af-d8655dabe8e4" released by "nova.context.set_target_cell..get_or_set_cached_cell_and_set_connections" :: held 0.003s {{(pid=109034) inner /usr/local/lib/python3.8/dist-packages/oslo_concurrency/lockutils.py:367}}
Aug 27 15:13:33.061222 dv-cinder-786929-5-smb devstack@n-api.service[109034]: DEBUG oslo_concurrency.lockutils [None req-5b3195bd-16bf-4ccf-8b47-91657add7b4f tempest-DeleteServersTestJSON-889799341 tempest-DeleteServersTestJSON-889799341-project] Lock "bc9774f3-2228-4998-96af-d8655dabe8e4" acquired by "nova.context.set_target_cell..get_or_set_cached_cell_and_set_connections" :: waited 0.000s {{(pid=109034) inner /usr/local/lib/python3.8/dist-packages/oslo_concurrency/lockutils.py:355}}
Aug 27 15:13:33.063465 dv-cinder-786929-5-smb devstack@n-api.service[109034]: DEBUG oslo_concurrency.lockutils [None req-5b3195bd-16bf-4ccf-8b47-91657add7b4f tempest-DeleteServersTestJSON-889799341 tempest-DeleteServersTestJSON-889799341-project] Lock "bc9774f3-2228-4998-96af-d8655dabe8e4" released by "nova.context.set_target_cell..get_or_set_cached_cell_and_set_connections" :: held 0.003s {{(pid=109034) inner /usr/local/lib/python3.8/dist-packages/oslo_concurrency/lockutils.py:367}}
Aug 27 15:13:33.210146 dv-cinder-786929-5-smb devstack@n-api.service[109034]: DEBUG nova.policy [None req-5b3195bd-16bf-4ccf-8b47-91657add7b4f tempest-DeleteServersTestJSON-889799341 tempest-DeleteServersTestJSON-889799341-project] Policy check for os_compute_api:os-extended-server-attributes failed with credentials {'is_admin': False, 'user_id': '110babf74f3b4ab4bddc32c309bb345c', 'user_domain_id': 'default', 'system_scope': None, 'domain_id': None, 'project_id': '42cf4174dea94b8bb4ef326a8cda01aa', 'project_domain_id': 'default', 'roles': ['member', 'reader'], 'is_admin_project': True, 'service_user_id': None, 'service_user_domain_id': None, 'service_project_id': None, 'service_project_domain_id': None, 'service_roles': []} {{(pid=109034) authorize /opt/stack/nova/nova/policy.py:199}}
Aug 27 15:13:33.229206 dv-cinder-786929-5-smb devstack@n-api.service[109034]: INFO nova.api.openstack.requestlog [None req-5b3195bd-16bf-4ccf-8b47-91657add7b4f tempest-DeleteServersTestJSON-889799341 tempest-DeleteServersTestJSON-889799341-project] 10.222.0.24 "GET /compute/v2.1/servers/41668593-40f1-4b13-a858-a3728af68f7c" status: 200 len: 1266 microversion: 2.1 time: 0.209917
Aug 27 15:13:33.229930 dv-cinder-786929-5-smb devstack@n-api.service[109034]: [pid: 109034|app: 0|req: 16/21] 10.222.0.24 () {58 vars in 1236 bytes} [Fri Aug 27 15:13:33 2021] GET /compute/v2.1/servers/41668593-40f1-4b13-a858-a3728af68f7c => generated 1266 bytes in 213 msecs (HTTP/1.1 200) 9 headers in 358 bytes (1 switches on core 0)
Aug 27 15:13:33.295018 dv-cinder-786929-5-smb devstack@n-api.service[109033]: INFO nova.api.openstack.requestlog [None req-0d333fd0-18ff-4215-aaa6-38a7c8b4352f tempest-AttachVolumeNegativeTest-1706131780 tempest-AttachVolumeNegativeTest-1706131780-project] 10.222.0.24 "POST /compute/v2.1/servers" status: 202 len: 380 microversion: 2.1 time: 3.044317
Aug 27 15:13:33.305212 dv-cinder-786929-5-smb devstack@n-api.service[109033]: [pid: 109033|app: 0|req: 6/22] 10.222.0.24 () {60 vars in 1147 bytes} [Fri Aug 27 15:13:30 2021] POST /compute/v2.1/servers => generated 380 bytes in 3055 msecs (HTTP/1.1 202) 10 headers in 451 bytes (1 switches on core 0)
Aug 27 15:13:33.319744 dv-cinder-786929-5-smb devstack@n-api.service[109034]: DEBUG nova.api.openstack.wsgi [None req-3646d94b-361e-4109-a5fc-2753ac7c1b7c tempest-AttachVolumeNegativeTest-1706131780 tempest-AttachVolumeNegativeTest-1706131780-project] Calling method '>' {{(pid=109034) _process_stack /opt/stack/nova/nova/api/openstack/wsgi.py:513}}
Aug 27 15:13:33.320370 dv-cinder-786929-5-smb devstack@n-api.service[109034]: DEBUG nova.compute.api [None req-3646d94b-361e-4109-a5fc-2753ac7c1b7c tempest-AttachVolumeNegativeTest-1706131780 tempest-AttachVolumeNegativeTest-1706131780-project] [instance: d3d6ad04-e7c7-4255-8007-f3bf76d82ca2] Fetching instance by UUID {{(pid=109034) get /opt/stack/nova/nova/compute/api.py:2826}}
Aug 27 15:13:33.650888 dv-cinder-786929-5-smb devstack@n-api.service[109034]: DEBUG nova.policy [None req-3646d94b-361e-4109-a5fc-2753ac7c1b7c tempest-AttachVolumeNegativeTest-1706131780 tempest-AttachVolumeNegativeTest-1706131780-project] Policy check for os_compute_api:os-extended-server-attributes failed with credentials {'is_admin': False, 'user_id': '8a469860166d47dbb29acebdd5f31e3a', 'user_domain_id': 'default', 'system_scope': None, 'domain_id': None, 'project_id': '18764a9ae8fe477696d989b2e71a2553', 'project_domain_id': 'default', 'roles': ['member', 'reader'], 'is_admin_project': True, 'service_user_id': None, 'service_user_domain_id': None, 'service_project_id': None, 'service_project_domain_id': None, 'service_roles': []} {{(pid=109034) authorize /opt/stack/nova/nova/policy.py:199}}
Aug 27 15:13:33.660505 dv-cinder-786929-5-smb devstack@n-api.service[109034]: INFO nova.api.openstack.requestlog [None req-3646d94b-361e-4109-a5fc-2753ac7c1b7c tempest-AttachVolumeNegativeTest-1706131780 tempest-AttachVolumeNegativeTest-1706131780-project] 10.222.0.24 "GET /compute/v2.1/servers/d3d6ad04-e7c7-4255-8007-f3bf76d82ca2" status: 200 len: 1217 microversion: 2.1 time: 0.344115
Aug 27 15:13:33.667893 dv-cinder-786929-5-smb devstack@n-api.service[109034]: [pid: 109034|app: 0|req: 17/23] 10.222.0.24 () {58 vars in 1236 bytes} [Fri Aug 27 15:13:33 2021] GET /compute/v2.1/servers/d3d6ad04-e7c7-4255-8007-f3bf76d82ca2 => generated 1217 bytes in 352 msecs (HTTP/1.1 200) 9 headers in 358 bytes (2 switches on core 0)
Aug 27 15:13:34.036702 dv-cinder-786929-5-smb devstack@n-api.service[109033]: DEBUG nova.api.openstack.wsgi [None req-d3262d71-2a0a-4bce-a682-bc0261ea3a9a tempest-VolumesSnapshotsTestJSON-1175665934 tempest-VolumesSnapshotsTestJSON-1175665934-project] Calling method '.version_select at 0x7fca2a4bd0d0>' {{(pid=109033) _process_stack /opt/stack/nova/nova/api/openstack/wsgi.py:513}}
Aug 27 15:13:34.135080 dv-cinder-786929-5-smb devstack@n-api.service[109033]: INFO nova.api.openstack.wsgi [None req-d3262d71-2a0a-4bce-a682-bc0261ea3a9a tempest-VolumesSnapshotsTestJSON-1175665934 tempest-VolumesSnapshotsTestJSON-1175665934-project] HTTP exception thrown: Volume 984b6ccb-35f9-46a0-9157-407b4434c6ba could not be found.
Aug 27 15:13:34.135080 dv-cinder-786929-5-smb devstack@n-api.service[109033]: DEBUG nova.api.openstack.wsgi [None req-d3262d71-2a0a-4bce-a682-bc0261ea3a9a tempest-VolumesSnapshotsTestJSON-1175665934 tempest-VolumesSnapshotsTestJSON-1175665934-project] Returning 404 to user: Volume 984b6ccb-35f9-46a0-9157-407b4434c6ba could not be found. {{(pid=109033) __call__ /opt/stack/nova/nova/api/openstack/wsgi.py:927}}
Aug 27 15:13:34.135080 dv-cinder-786929-5-smb devstack@n-api.service[109033]: INFO nova.api.openstack.requestlog [None req-d3262d71-2a0a-4bce-a682-bc0261ea3a9a tempest-VolumesSnapshotsTestJSON-1175665934 tempest-VolumesSnapshotsTestJSON-1175665934-project] 10.222.0.24 "GET /compute/v2.1/os-volumes/984b6ccb-35f9-46a0-9157-407b4434c6ba" status: 404 len: 109 microversion: 2.1 time: 0.094921
Aug 27 15:13:34.135080 dv-cinder-786929-5-smb devstack@n-api.service[109033]: [pid: 109033|app: 0|req: 7/24] 10.222.0.24 () {58 vars in 1245 bytes} [Fri Aug 27 15:13:34 2021] GET /compute/v2.1/os-volumes/984b6ccb-35f9-46a0-9157-407b4434c6ba => generated 109 bytes in 98 msecs (HTTP/1.1 404) 9 headers in 379 bytes (1 switches on core 0)
Aug 27 15:13:34.150464 dv-cinder-786929-5-smb devstack@n-api.service[109034]: DEBUG nova.api.openstack.wsgi [None req-dfe4cfcb-068e-49bc-99cd-b2ba89560b73 tempest-VolumesSnapshotsTestJSON-1175665934 tempest-VolumesSnapshotsTestJSON-1175665934-project] Calling method '.version_select at 0x7fca29b970d0>' {{(pid=109034) _process_stack /opt/stack/nova/nova/api/openstack/wsgi.py:513}}
Aug 27 15:13:34.231163 dv-cinder-786929-5-smb devstack@n-api.service[109034]: INFO nova.api.openstack.wsgi [None req-dfe4cfcb-068e-49bc-99cd-b2ba89560b73 tempest-VolumesSnapshotsTestJSON-1175665934 tempest-VolumesSnapshotsTestJSON-1175665934-project] HTTP exception thrown: Volume 984b6ccb-35f9-46a0-9157-407b4434c6ba could not be found.
Aug 27 15:13:34.231857 dv-cinder-786929-5-smb devstack@n-api.service[109034]: DEBUG nova.api.openstack.wsgi [None req-dfe4cfcb-068e-49bc-99cd-b2ba89560b73 tempest-VolumesSnapshotsTestJSON-1175665934 tempest-VolumesSnapshotsTestJSON-1175665934-project] Returning 404 to user: Volume 984b6ccb-35f9-46a0-9157-407b4434c6ba could not be found. {{(pid=109034) __call__ /opt/stack/nova/nova/api/openstack/wsgi.py:927}}
Aug 27 15:13:34.232696 dv-cinder-786929-5-smb devstack@n-api.service[109034]: INFO nova.api.openstack.requestlog [None req-dfe4cfcb-068e-49bc-99cd-b2ba89560b73 tempest-VolumesSnapshotsTestJSON-1175665934 tempest-VolumesSnapshotsTestJSON-1175665934-project] 10.222.0.24 "DELETE /compute/v2.1/os-volumes/984b6ccb-35f9-46a0-9157-407b4434c6ba" status: 404 len: 109 microversion: 2.1 time: 0.094958
Aug 27 15:13:34.237115 dv-cinder-786929-5-smb devstack@n-api.service[109034]: [pid: 109034|app: 0|req: 18/25] 10.222.0.24 () {58 vars in 1248 bytes} [Fri Aug 27 15:13:34 2021] DELETE /compute/v2.1/os-volumes/984b6ccb-35f9-46a0-9157-407b4434c6ba => generated 109 bytes in 100 msecs (HTTP/1.1 404) 9 headers in 379 bytes (1 switches on core 0)
Aug 27 15:13:34.246004 dv-cinder-786929-5-smb devstack@n-api.service[109033]: DEBUG nova.api.openstack.wsgi [None req-46fe27b1-18c2-407d-809f-881125de7e3d tempest-VolumesSnapshotsTestJSON-1175665934 tempest-VolumesSnapshotsTestJSON-1175665934-project] Calling method '.version_select at 0x7fca2b77d0d0>' {{(pid=109033) _process_stack /opt/stack/nova/nova/api/openstack/wsgi.py:513}}
Aug 27 15:13:34.277063 dv-cinder-786929-5-smb devstack@n-api.service[109034]: DEBUG nova.api.openstack.wsgi [None req-9e7695f1-c5f5-4c34-b6b4-95c98ac28208 tempest-DeleteServersTestJSON-889799341 tempest-DeleteServersTestJSON-889799341-project] Calling method '>' {{(pid=109034) _process_stack /opt/stack/nova/nova/api/openstack/wsgi.py:513}}
Aug 27 15:13:34.292318 dv-cinder-786929-5-smb devstack@n-api.service[109034]: DEBUG nova.compute.api [None req-9e7695f1-c5f5-4c34-b6b4-95c98ac28208 tempest-DeleteServersTestJSON-889799341 tempest-DeleteServersTestJSON-889799341-project] [instance: 41668593-40f1-4b13-a858-a3728af68f7c] Fetching instance by UUID {{(pid=109034) get /opt/stack/nova/nova/compute/api.py:2826}}
Aug 27 15:13:34.295691 dv-cinder-786929-5-smb devstack@n-api.service[109033]: INFO nova.api.openstack.wsgi [None req-46fe27b1-18c2-407d-809f-881125de7e3d tempest-VolumesSnapshotsTestJSON-1175665934 tempest-VolumesSnapshotsTestJSON-1175665934-project] HTTP exception thrown: Volume 984b6ccb-35f9-46a0-9157-407b4434c6ba could not be found.
Aug 27 15:13:34.296588 dv-cinder-786929-5-smb devstack@n-api.service[109033]: DEBUG nova.api.openstack.wsgi [None req-46fe27b1-18c2-407d-809f-881125de7e3d tempest-VolumesSnapshotsTestJSON-1175665934 tempest-VolumesSnapshotsTestJSON-1175665934-project] Returning 404 to user: Volume 984b6ccb-35f9-46a0-9157-407b4434c6ba could not be found. {{(pid=109033) __call__ /opt/stack/nova/nova/api/openstack/wsgi.py:927}}
Aug 27 15:13:34.305146 dv-cinder-786929-5-smb devstack@n-api.service[109033]: INFO nova.api.openstack.requestlog [None req-46fe27b1-18c2-407d-809f-881125de7e3d tempest-VolumesSnapshotsTestJSON-1175665934 tempest-VolumesSnapshotsTestJSON-1175665934-project] 10.222.0.24 "GET /compute/v2.1/os-volumes/984b6ccb-35f9-46a0-9157-407b4434c6ba" status: 404 len: 109 microversion: 2.1 time: 0.058914
Aug 27 15:13:34.305146 dv-cinder-786929-5-smb devstack@n-api.service[109033]: [pid: 109033|app: 0|req: 8/26] 10.222.0.24 () {58 vars in 1245 bytes} [Fri Aug 27 15:13:34 2021] GET /compute/v2.1/os-volumes/984b6ccb-35f9-46a0-9157-407b4434c6ba => generated 109 bytes in 61 msecs (HTTP/1.1 404) 9 headers in 379 bytes (1 switches on core 0)
Aug 27 15:13:34.336126 dv-cinder-786929-5-smb devstack@n-api.service[109034]: DEBUG oslo_concurrency.lockutils [None req-9e7695f1-c5f5-4c34-b6b4-95c98ac28208 tempest-DeleteServersTestJSON-889799341 tempest-DeleteServersTestJSON-889799341-project] Lock "bc9774f3-2228-4998-96af-d8655dabe8e4" acquired by "nova.context.set_target_cell..get_or_set_cached_cell_and_set_connections" :: waited 0.000s {{(pid=109034) inner /usr/local/lib/python3.8/dist-packages/oslo_concurrency/lockutils.py:355}}
Aug 27 15:13:34.343644 dv-cinder-786929-5-smb devstack@n-api.service[109034]: DEBUG oslo_concurrency.lockutils [None req-9e7695f1-c5f5-4c34-b6b4-95c98ac28208 tempest-DeleteServersTestJSON-889799341 tempest-DeleteServersTestJSON-889799341-project] Lock "bc9774f3-2228-4998-96af-d8655dabe8e4" released by "nova.context.set_target_cell..get_or_set_cached_cell_and_set_connections" :: held 0.008s {{(pid=109034) inner /usr/local/lib/python3.8/dist-packages/oslo_concurrency/lockutils.py:367}}
Aug 27 15:13:34.347916 dv-cinder-786929-5-smb devstack@n-api.service[109034]: DEBUG oslo_concurrency.lockutils [None req-9e7695f1-c5f5-4c34-b6b4-95c98ac28208 tempest-DeleteServersTestJSON-889799341 tempest-DeleteServersTestJSON-889799341-project] Lock "bc9774f3-2228-4998-96af-d8655dabe8e4" acquired by "nova.context.set_target_cell..get_or_set_cached_cell_and_set_connections" :: waited 0.001s {{(pid=109034) inner /usr/local/lib/python3.8/dist-packages/oslo_concurrency/lockutils.py:355}}
Aug 27 15:13:34.351519 dv-cinder-786929-5-smb devstack@n-api.service[109034]: DEBUG oslo_concurrency.lockutils [None req-9e7695f1-c5f5-4c34-b6b4-95c98ac28208 tempest-DeleteServersTestJSON-889799341 tempest-DeleteServersTestJSON-889799341-project] Lock "bc9774f3-2228-4998-96af-d8655dabe8e4" released by "nova.context.set_target_cell..get_or_set_cached_cell_and_set_connections" :: held 0.003s {{(pid=109034) inner /usr/local/lib/python3.8/dist-packages/oslo_concurrency/lockutils.py:367}}
Aug 27 15:13:34.572291 dv-cinder-786929-5-smb devstack@n-api.service[109034]: DEBUG nova.policy [None req-9e7695f1-c5f5-4c34-b6b4-95c98ac28208 tempest-DeleteServersTestJSON-889799341 tempest-DeleteServersTestJSON-889799341-project] Policy check for os_compute_api:os-extended-server-attributes failed with credentials {'is_admin': False, 'user_id': '110babf74f3b4ab4bddc32c309bb345c', 'user_domain_id': 'default', 'system_scope': None, 'domain_id': None, 'project_id': '42cf4174dea94b8bb4ef326a8cda01aa', 'project_domain_id': 'default', 'roles': ['member', 'reader'], 'is_admin_project': True, 'service_user_id': None, 'service_user_domain_id': None, 'service_project_id': None, 'service_project_domain_id': None, 'service_roles': []} {{(pid=109034) authorize /opt/stack/nova/nova/policy.py:199}}
Aug 27 15:13:34.589063 dv-cinder-786929-5-smb devstack@n-api.service[109034]: INFO nova.api.openstack.requestlog [None req-9e7695f1-c5f5-4c34-b6b4-95c98ac28208 tempest-DeleteServersTestJSON-889799341 tempest-DeleteServersTestJSON-889799341-project] 10.222.0.24 "GET /compute/v2.1/servers/41668593-40f1-4b13-a858-a3728af68f7c" status: 200 len: 1272 microversion: 2.1 time: 0.337739
Aug 27 15:13:34.593089 dv-cinder-786929-5-smb devstack@n-api.service[109034]: [pid: 109034|app: 0|req: 19/27] 10.222.0.24 () {58 vars in 1236 bytes} [Fri Aug 27 15:13:34 2021] GET /compute/v2.1/servers/41668593-40f1-4b13-a858-a3728af68f7c => generated 1272 bytes in 344 msecs (HTTP/1.1 200) 9 headers in 358 bytes (2 switches on core 0)
Aug 27 15:13:34.689927 dv-cinder-786929-5-smb devstack@n-api.service[109033]: DEBUG nova.api.openstack.wsgi [None req-178b8216-7bd9-4eac-9417-d02cd5ade191 tempest-AttachVolumeNegativeTest-1706131780 tempest-AttachVolumeNegativeTest-1706131780-project] Calling method '>' {{(pid=109033) _process_stack /opt/stack/nova/nova/api/openstack/wsgi.py:513}}
Aug 27 15:13:34.690973 dv-cinder-786929-5-smb devstack@n-api.service[109033]: DEBUG nova.compute.api [None req-178b8216-7bd9-4eac-9417-d02cd5ade191 tempest-AttachVolumeNegativeTest-1706131780 tempest-AttachVolumeNegativeTest-1706131780-project] [instance: d3d6ad04-e7c7-4255-8007-f3bf76d82ca2] Fetching instance by UUID {{(pid=109033) get /opt/stack/nova/nova/compute/api.py:2826}}
Aug 27 15:13:34.911430 dv-cinder-786929-5-smb devstack@n-api.service[109033]: DEBUG nova.policy [None req-178b8216-7bd9-4eac-9417-d02cd5ade191 tempest-AttachVolumeNegativeTest-1706131780 tempest-AttachVolumeNegativeTest-1706131780-project] Policy check for os_compute_api:os-extended-server-attributes failed with credentials {'is_admin': False, 'user_id': '8a469860166d47dbb29acebdd5f31e3a', 'user_domain_id': 'default', 'system_scope': None, 'domain_id': None, 'project_id': '18764a9ae8fe477696d989b2e71a2553', 'project_domain_id': 'default', 'roles': ['member', 'reader'], 'is_admin_project': True, 'service_user_id': None, 'service_user_domain_id': None, 'service_project_id': None, 'service_project_domain_id': None, 'service_roles': []} {{(pid=109033) authorize /opt/stack/nova/nova/policy.py:199}}
Aug 27 15:13:34.922309 dv-cinder-786929-5-smb devstack@n-api.service[109034]: DEBUG nova.api.openstack.wsgi [None req-49bfa3ff-dfb0-460a-ad3c-3b3a06b35dd5 tempest-VolumesTestJSON-1219249504 tempest-VolumesTestJSON-1219249504-project] Calling method '.version_select at 0x7fca29c26ee0>' {{(pid=109034) _process_stack /opt/stack/nova/nova/api/openstack/wsgi.py:513}}
Aug 27 15:13:34.960705 dv-cinder-786929-5-smb devstack@n-api.service[109033]: INFO nova.api.openstack.requestlog [None req-178b8216-7bd9-4eac-9417-d02cd5ade191 tempest-AttachVolumeNegativeTest-1706131780 tempest-AttachVolumeNegativeTest-1706131780-project] 10.222.0.24 "GET /compute/v2.1/servers/d3d6ad04-e7c7-4255-8007-f3bf76d82ca2" status: 200 len: 1217 microversion: 2.1 time: 0.276079
Aug 27 15:13:34.970390 dv-cinder-786929-5-smb devstack@n-api.service[109033]: [pid: 109033|app: 0|req: 9/28] 10.222.0.24 () {58 vars in 1236 bytes} [Fri Aug 27 15:13:34 2021] GET /compute/v2.1/servers/d3d6ad04-e7c7-4255-8007-f3bf76d82ca2 => generated 1217 bytes in 284 msecs (HTTP/1.1 200) 9 headers in 358 bytes (1 switches on core 0)
Aug 27 15:13:35.079773 dv-cinder-786929-5-smb devstack@n-api.service[109034]: INFO nova.api.openstack.requestlog [None req-49bfa3ff-dfb0-460a-ad3c-3b3a06b35dd5 tempest-VolumesTestJSON-1219249504 tempest-VolumesTestJSON-1219249504-project] 10.222.0.24 "GET /compute/v2.1/os-volumes/ae4e217d-1fc2-443e-9899-0849d5c07999" status: 200 len: 350 microversion: 2.1 time: 0.160171
Aug 27 15:13:35.080648 dv-cinder-786929-5-smb devstack@n-api.service[109034]: [pid: 109034|app: 0|req: 20/29] 10.222.0.24 () {58 vars in 1245 bytes} [Fri Aug 27 15:13:34 2021] GET /compute/v2.1/os-volumes/ae4e217d-1fc2-443e-9899-0849d5c07999 => generated 350 bytes in 164 msecs (HTTP/1.1 200) 9 headers in 357 bytes (1 switches on core 0)
Aug 27 15:13:35.098239 dv-cinder-786929-5-smb devstack@n-api.service[109033]: DEBUG nova.api.openstack.wsgi [None req-199db01f-7fde-4e0e-a3b7-268a9a7405c8 tempest-VolumesTestJSON-1219249504 tempest-VolumesTestJSON-1219249504-project] Calling method '.version_select at 0x7fca2a4bd160>' {{(pid=109033) _process_stack /opt/stack/nova/nova/api/openstack/wsgi.py:513}}
Aug 27 15:13:35.371133 dv-cinder-786929-5-smb devstack@n-api.service[109033]: INFO nova.api.openstack.requestlog [None req-199db01f-7fde-4e0e-a3b7-268a9a7405c8 tempest-VolumesTestJSON-1219249504 tempest-VolumesTestJSON-1219249504-project] 10.222.0.24 "GET /compute/v2.1/os-volumes" status: 200 len: 1034 microversion: 2.1 time: 0.278950
Aug 27 15:13:35.371982 dv-cinder-786929-5-smb devstack@n-api.service[109033]: [pid: 109033|app: 0|req: 10/30] 10.222.0.24 () {58 vars in 1134 bytes} [Fri Aug 27 15:13:35 2021] GET /compute/v2.1/os-volumes => generated 1034 bytes in 281 msecs (HTTP/1.1 200) 9 headers in 358 bytes (1 switches on core 0)
Aug 27 15:13:35.385471 dv-cinder-786929-5-smb devstack@n-api.service[109034]: DEBUG nova.api.openstack.wsgi [None req-ac2af249-9ddc-48d1-ac4a-2cc123be5a4e tempest-VolumesTestJSON-1219249504 tempest-VolumesTestJSON-1219249504-project] Calling method '.version_select at 0x7fca29b97ca0>' {{(pid=109034) _process_stack /opt/stack/nova/nova/api/openstack/wsgi.py:513}}
Aug 27 15:13:35.557603 dv-cinder-786929-5-smb devstack@n-api.service[109034]: INFO nova.api.openstack.requestlog [None req-ac2af249-9ddc-48d1-ac4a-2cc123be5a4e tempest-VolumesTestJSON-1219249504 tempest-VolumesTestJSON-1219249504-project] 10.222.0.24 "GET /compute/v2.1/os-volumes?limit=2" status: 200 len: 694 microversion: 2.1 time: 0.175976
Aug 27 15:13:35.562938 dv-cinder-786929-5-smb devstack@n-api.service[109034]: [pid: 109034|app: 0|req: 21/31] 10.222.0.24 () {58 vars in 1149 bytes} [Fri Aug 27 15:13:35 2021] GET /compute/v2.1/os-volumes?limit=2 => generated 694 bytes in 178 msecs (HTTP/1.1 200) 9 headers in 357 bytes (1 switches on core 0)
Aug 27 15:13:35.574870 dv-cinder-786929-5-smb devstack@n-api.service[109033]: DEBUG nova.api.openstack.wsgi [None req-e6a8fa53-96d4-49f4-84ed-5e341435a64c tempest-VolumesTestJSON-1219249504 tempest-VolumesTestJSON-1219249504-project] Calling method '.version_select at 0x7fca2a4cc160>' {{(pid=109033) _process_stack /opt/stack/nova/nova/api/openstack/wsgi.py:513}}
Aug 27 15:13:35.612067 dv-cinder-786929-5-smb devstack@n-api.service[109034]: DEBUG nova.api.openstack.wsgi [None req-bc36469e-55d2-4698-8db4-d3c7728e8a45 tempest-DeleteServersTestJSON-889799341 tempest-DeleteServersTestJSON-889799341-project] Calling method '>' {{(pid=109034) _process_stack /opt/stack/nova/nova/api/openstack/wsgi.py:513}}
Aug 27 15:13:35.614654 dv-cinder-786929-5-smb devstack@n-api.service[109034]: DEBUG nova.compute.api [None req-bc36469e-55d2-4698-8db4-d3c7728e8a45 tempest-DeleteServersTestJSON-889799341 tempest-DeleteServersTestJSON-889799341-project] [instance: 41668593-40f1-4b13-a858-a3728af68f7c] Fetching instance by UUID {{(pid=109034) get /opt/stack/nova/nova/compute/api.py:2826}}
Aug 27 15:13:35.640718 dv-cinder-786929-5-smb devstack@n-api.service[109034]: DEBUG oslo_concurrency.lockutils [None req-bc36469e-55d2-4698-8db4-d3c7728e8a45 tempest-DeleteServersTestJSON-889799341 tempest-DeleteServersTestJSON-889799341-project] Lock "bc9774f3-2228-4998-96af-d8655dabe8e4" acquired by "nova.context.set_target_cell..get_or_set_cached_cell_and_set_connections" :: waited 0.000s {{(pid=109034) inner /usr/local/lib/python3.8/dist-packages/oslo_concurrency/lockutils.py:355}}
