Jul 13 18:22:59.070644 dv-cinder-786928-3-smb devstack@c-api.service[99688]: DEBUG cinder.api.openstack.wsgi [req-9b7d4f99-058e-4a9f-b19f-d680eaf33837 req-1743e7a4-218f-4d5f-9186-71d0bd199405 tempest-DeleteServersTestJSON-905896360 tempest-DeleteServersTestJSON-905896360-project] Action body: b'{"os-complete": null}' {{(pid=99688) get_method /opt/stack/cinder/cinder/api/openstack/wsgi.py:981}}
Jul 13 18:22:59.071121 dv-cinder-786928-3-smb devstack@c-api.service[99688]: DEBUG cinder.api.openstack.wsgi [req-9b7d4f99-058e-4a9f-b19f-d680eaf33837 req-1743e7a4-218f-4d5f-9186-71d0bd199405 tempest-DeleteServersTestJSON-905896360 tempest-DeleteServersTestJSON-905896360-project] Action: 'action', calling method: version_select, body: {"os-complete": null} {{(pid=99688) _process_stack /opt/stack/cinder/cinder/api/openstack/wsgi.py:864}}
Jul 13 18:22:59.118050 dv-cinder-786928-3-smb devstack@c-api.service[99688]: /usr/local/lib/python3.8/dist-packages/oslo_context/context.py:105: DeprecationWarning: Policy enforcement is depending on the value of is_admin. This key is deprecated. Please update your policy file to use the standard policy values.
Jul 13 18:22:59.118050 dv-cinder-786928-3-smb devstack@c-api.service[99688]: warnings.warn('Policy enforcement is depending on the value of '
Jul 13 18:22:59.154062 dv-cinder-786928-3-smb devstack@c-api.service[99688]: INFO cinder.api.openstack.wsgi [req-9b7d4f99-058e-4a9f-b19f-d680eaf33837 req-1743e7a4-218f-4d5f-9186-71d0bd199405 tempest-DeleteServersTestJSON-905896360 tempest-DeleteServersTestJSON-905896360-project] http://10.222.0.23/volume/v3/0ca702d7d7104a69abe1c4eece93d55d/attachments/b08885de-f1d8-404f-bc36-790c3986ba7f/action returned with HTTP 204
Jul 13 18:22:59.155256 dv-cinder-786928-3-smb devstack@c-api.service[99688]: [pid: 99688|app: 0|req: 151/299] 10.222.0.45 () {64 vars in 1499 bytes} [Tue Jul 13 18:22:59 2021] POST /volume/v3/0ca702d7d7104a69abe1c4eece93d55d/attachments/b08885de-f1d8-404f-bc36-790c3986ba7f/action => generated 0 bytes in 91 msecs (HTTP/1.1 204) 7 headers in 292 bytes (1 switches on core 0)
Jul 13 18:22:59.470585 dv-cinder-786928-3-smb devstack@c-api.service[99687]: INFO cinder.api.openstack.wsgi [None req-c2e66847-46eb-4563-a2ec-1115ca1f9c70 tempest-VolumeRetypeWithoutMigrationTest-642260519 tempest-VolumeRetypeWithoutMigrationTest-642260519-project] GET http://10.222.0.23/volume/v3/d87ed236aaa844a2a5622755166da3dc/volumes/0ff268fc-a6d4-430b-9e31-371ea8c79e09
Jul 13 18:22:59.471221 dv-cinder-786928-3-smb devstack@c-api.service[99687]: DEBUG cinder.api.openstack.wsgi [None req-c2e66847-46eb-4563-a2ec-1115ca1f9c70 tempest-VolumeRetypeWithoutMigrationTest-642260519 tempest-VolumeRetypeWithoutMigrationTest-642260519-project] Empty body provided in request {{(pid=99687) get_body /opt/stack/cinder/cinder/api/openstack/wsgi.py:713}}
Jul 13 18:22:59.471405 dv-cinder-786928-3-smb devstack@c-api.service[99687]: /usr/local/lib/python3.8/dist-packages/webob/acceptparse.py:1047: DeprecationWarning: The behavior of AcceptValidHeader.best_match is currently being maintained for backward compatibility, but it will be deprecated in the future, as it does not conform to the RFC.
Jul 13 18:22:59.471405 dv-cinder-786928-3-smb devstack@c-api.service[99687]: warnings.warn(
Jul 13 18:22:59.471895 dv-cinder-786928-3-smb devstack@c-api.service[99687]: DEBUG cinder.api.openstack.wsgi [None req-c2e66847-46eb-4563-a2ec-1115ca1f9c70 tempest-VolumeRetypeWithoutMigrationTest-642260519 tempest-VolumeRetypeWithoutMigrationTest-642260519-project] Calling method 'show' {{(pid=99687) _process_stack /opt/stack/cinder/cinder/api/openstack/wsgi.py:866}}
Jul 13 18:22:59.500824 dv-cinder-786928-3-smb devstack@c-api.service[99687]: /usr/local/lib/python3.8/dist-packages/oslo_context/context.py:105: DeprecationWarning: Policy enforcement is depending on the value of is_admin. This key is deprecated. Please update your policy file to use the standard policy values.
Jul 13 18:22:59.500824 dv-cinder-786928-3-smb devstack@c-api.service[99687]: warnings.warn('Policy enforcement is depending on the value of '
Jul 13 18:22:59.527732 dv-cinder-786928-3-smb devstack@c-api.service[99687]: INFO cinder.volume.api [None req-c2e66847-46eb-4563-a2ec-1115ca1f9c70 tempest-VolumeRetypeWithoutMigrationTest-642260519 tempest-VolumeRetypeWithoutMigrationTest-642260519-project] Volume info retrieved successfully.
Jul 13 18:22:59.547686 dv-cinder-786928-3-smb devstack@c-api.service[99687]: INFO cinder.api.openstack.wsgi [None req-c2e66847-46eb-4563-a2ec-1115ca1f9c70 tempest-VolumeRetypeWithoutMigrationTest-642260519 tempest-VolumeRetypeWithoutMigrationTest-642260519-project] http://10.222.0.23/volume/v3/d87ed236aaa844a2a5622755166da3dc/volumes/0ff268fc-a6d4-430b-9e31-371ea8c79e09 returned with HTTP 200
Jul 13 18:22:59.548693 dv-cinder-786928-3-smb devstack@c-api.service[99687]: [pid: 99687|app: 0|req: 149/300] 10.222.0.23 () {58 vars in 1325 bytes} [Tue Jul 13 18:22:59 2021] GET /volume/v3/d87ed236aaa844a2a5622755166da3dc/volumes/0ff268fc-a6d4-430b-9e31-371ea8c79e09 => generated 927 bytes in 82 msecs (HTTP/1.1 200) 7 headers in 285 bytes (1 switches on core 0)
Jul 13 18:22:59.564776 dv-cinder-786928-3-smb devstack@c-api.service[99688]: INFO cinder.api.openstack.wsgi [None req-20ef412c-85d9-45f7-b56a-0341f95bf82d tempest-VolumeRetypeWithoutMigrationTest-2123692386 tempest-VolumeRetypeWithoutMigrationTest-2123692386-project-admin] GET http://10.222.0.23/volume/v3/80038c2c30cd4c769a248f26fd968ea5/volumes/0ff268fc-a6d4-430b-9e31-371ea8c79e09
Jul 13 18:22:59.565407 dv-cinder-786928-3-smb devstack@c-api.service[99688]: DEBUG cinder.api.openstack.wsgi [None req-20ef412c-85d9-45f7-b56a-0341f95bf82d tempest-VolumeRetypeWithoutMigrationTest-2123692386 tempest-VolumeRetypeWithoutMigrationTest-2123692386-project-admin] Empty body provided in request {{(pid=99688) get_body /opt/stack/cinder/cinder/api/openstack/wsgi.py:713}}
Jul 13 18:22:59.565586 dv-cinder-786928-3-smb devstack@c-api.service[99688]: /usr/local/lib/python3.8/dist-packages/webob/acceptparse.py:1047: DeprecationWarning: The behavior of AcceptValidHeader.best_match is currently being maintained for backward compatibility, but it will be deprecated in the future, as it does not conform to the RFC.
Jul 13 18:22:59.565586 dv-cinder-786928-3-smb devstack@c-api.service[99688]: warnings.warn(
Jul 13 18:22:59.565982 dv-cinder-786928-3-smb devstack@c-api.service[99688]: DEBUG cinder.api.openstack.wsgi [None req-20ef412c-85d9-45f7-b56a-0341f95bf82d tempest-VolumeRetypeWithoutMigrationTest-2123692386 tempest-VolumeRetypeWithoutMigrationTest-2123692386-project-admin] Calling method 'show' {{(pid=99688) _process_stack /opt/stack/cinder/cinder/api/openstack/wsgi.py:866}}
Jul 13 18:22:59.573438 dv-cinder-786928-3-smb devstack@c-api.service[99687]: INFO cinder.api.openstack.wsgi [None req-880533f7-4c27-4c39-a066-c1900c6deeb6 tempest-DeleteServersTestJSON-905896360 tempest-DeleteServersTestJSON-905896360-project] GET http://10.222.0.23/volume/v3/0ca702d7d7104a69abe1c4eece93d55d/volumes/33cf8af6-79bc-4739-81fc-2fca42e7a2a1
Jul 13 18:22:59.574230 dv-cinder-786928-3-smb devstack@c-api.service[99687]: DEBUG cinder.api.openstack.wsgi [None req-880533f7-4c27-4c39-a066-c1900c6deeb6 tempest-DeleteServersTestJSON-905896360 tempest-DeleteServersTestJSON-905896360-project] Empty body provided in request {{(pid=99687) get_body /opt/stack/cinder/cinder/api/openstack/wsgi.py:713}}
Jul 13 18:22:59.574405 dv-cinder-786928-3-smb devstack@c-api.service[99687]: /usr/local/lib/python3.8/dist-packages/webob/acceptparse.py:1047: DeprecationWarning: The behavior of AcceptValidHeader.best_match is currently being maintained for backward compatibility, but it will be deprecated in the future, as it does not conform to the RFC.
Jul 13 18:22:59.574405 dv-cinder-786928-3-smb devstack@c-api.service[99687]: warnings.warn(
Jul 13 18:22:59.574939 dv-cinder-786928-3-smb devstack@c-api.service[99687]: DEBUG cinder.api.openstack.wsgi [None req-880533f7-4c27-4c39-a066-c1900c6deeb6 tempest-DeleteServersTestJSON-905896360 tempest-DeleteServersTestJSON-905896360-project] Calling method 'show' {{(pid=99687) _process_stack /opt/stack/cinder/cinder/api/openstack/wsgi.py:866}}
Jul 13 18:22:59.590899 dv-cinder-786928-3-smb devstack@c-api.service[99688]: /usr/local/lib/python3.8/dist-packages/oslo_context/context.py:105: DeprecationWarning: Policy enforcement is depending on the value of is_admin. This key is deprecated. Please update your policy file to use the standard policy values.
Jul 13 18:22:59.590899 dv-cinder-786928-3-smb devstack@c-api.service[99688]: warnings.warn('Policy enforcement is depending on the value of '
Jul 13 18:22:59.596020 dv-cinder-786928-3-smb devstack@c-api.service[99687]: /usr/local/lib/python3.8/dist-packages/oslo_context/context.py:105: DeprecationWarning: Policy enforcement is depending on the value of is_admin. This key is deprecated. Please update your policy file to use the standard policy values.
Jul 13 18:22:59.596020 dv-cinder-786928-3-smb devstack@c-api.service[99687]: warnings.warn('Policy enforcement is depending on the value of '
Jul 13 18:22:59.605437 dv-cinder-786928-3-smb devstack@c-api.service[99687]: INFO cinder.volume.api [None req-880533f7-4c27-4c39-a066-c1900c6deeb6 tempest-DeleteServersTestJSON-905896360 tempest-DeleteServersTestJSON-905896360-project] Volume info retrieved successfully.
Jul 13 18:22:59.607578 dv-cinder-786928-3-smb devstack@c-api.service[99688]: INFO cinder.volume.api [None req-20ef412c-85d9-45f7-b56a-0341f95bf82d tempest-VolumeRetypeWithoutMigrationTest-2123692386 tempest-VolumeRetypeWithoutMigrationTest-2123692386-project-admin] Volume info retrieved successfully.
Jul 13 18:22:59.617460 dv-cinder-786928-3-smb devstack@c-api.service[99687]: /usr/local/lib/python3.8/dist-packages/oslo_context/context.py:105: DeprecationWarning: Policy enforcement is depending on the value of is_admin. This key is deprecated. Please update your policy file to use the standard policy values.
Jul 13 18:22:59.617460 dv-cinder-786928-3-smb devstack@c-api.service[99687]: warnings.warn('Policy enforcement is depending on the value of '
Jul 13 18:22:59.628270 dv-cinder-786928-3-smb devstack@c-api.service[99687]: INFO cinder.api.openstack.wsgi [None req-880533f7-4c27-4c39-a066-c1900c6deeb6 tempest-DeleteServersTestJSON-905896360 tempest-DeleteServersTestJSON-905896360-project] http://10.222.0.23/volume/v3/0ca702d7d7104a69abe1c4eece93d55d/volumes/33cf8af6-79bc-4739-81fc-2fca42e7a2a1 returned with HTTP 200
Jul 13 18:22:59.629923 dv-cinder-786928-3-smb devstack@c-api.service[99688]: INFO cinder.api.openstack.wsgi [None req-20ef412c-85d9-45f7-b56a-0341f95bf82d tempest-VolumeRetypeWithoutMigrationTest-2123692386 tempest-VolumeRetypeWithoutMigrationTest-2123692386-project-admin] http://10.222.0.23/volume/v3/80038c2c30cd4c769a248f26fd968ea5/volumes/0ff268fc-a6d4-430b-9e31-371ea8c79e09 returned with HTTP 200
Jul 13 18:22:59.631871 dv-cinder-786928-3-smb devstack@c-api.service[99688]: [pid: 99688|app: 0|req: 152/302] 10.222.0.23 () {58 vars in 1325 bytes} [Tue Jul 13 18:22:59 2021] GET /volume/v3/80038c2c30cd4c769a248f26fd968ea5/volumes/0ff268fc-a6d4-430b-9e31-371ea8c79e09 => generated 1093 bytes in 71 msecs (HTTP/1.1 200) 7 headers in 286 bytes (1 switches on core 0)
Jul 13 18:22:59.632630 dv-cinder-786928-3-smb devstack@c-api.service[99687]: [pid: 99687|app: 0|req: 150/302] 10.222.0.23 () {58 vars in 1325 bytes} [Tue Jul 13 18:22:59 2021] GET /volume/v3/0ca702d7d7104a69abe1c4eece93d55d/volumes/33cf8af6-79bc-4739-81fc-2fca42e7a2a1 => generated 1206 bytes in 60 msecs (HTTP/1.1 200) 7 headers in 286 bytes (1 switches on core 0)
Jul 13 18:22:59.652326 dv-cinder-786928-3-smb devstack@c-api.service[99687]: INFO cinder.api.openstack.wsgi [None req-b38fe3fa-59cb-43fd-a8e4-d91690f2a28c tempest-VolumeRetypeWithoutMigrationTest-2123692386 tempest-VolumeRetypeWithoutMigrationTest-2123692386-project-admin] GET http://10.222.0.23/volume/v3/80038c2c30cd4c769a248f26fd968ea5/volumes?all_tenants=True&name=tempest-VolumeRetypeWithoutMigrationTest-Volume-1654083358
Jul 13 18:22:59.652799 dv-cinder-786928-3-smb devstack@c-api.service[99687]: DEBUG cinder.api.openstack.wsgi [None req-b38fe3fa-59cb-43fd-a8e4-d91690f2a28c tempest-VolumeRetypeWithoutMigrationTest-2123692386 tempest-VolumeRetypeWithoutMigrationTest-2123692386-project-admin] Empty body provided in request {{(pid=99687) get_body /opt/stack/cinder/cinder/api/openstack/wsgi.py:713}}
Jul 13 18:22:59.652957 dv-cinder-786928-3-smb devstack@c-api.service[99687]: /usr/local/lib/python3.8/dist-packages/webob/acceptparse.py:1047: DeprecationWarning: The behavior of AcceptValidHeader.best_match is currently being maintained for backward compatibility, but it will be deprecated in the future, as it does not conform to the RFC.
Jul 13 18:22:59.652957 dv-cinder-786928-3-smb devstack@c-api.service[99687]: warnings.warn(
Jul 13 18:22:59.654250 dv-cinder-786928-3-smb devstack@c-api.service[99687]: DEBUG cinder.api.openstack.wsgi [None req-b38fe3fa-59cb-43fd-a8e4-d91690f2a28c tempest-VolumeRetypeWithoutMigrationTest-2123692386 tempest-VolumeRetypeWithoutMigrationTest-2123692386-project-admin] Calling method 'index' {{(pid=99687) _process_stack /opt/stack/cinder/cinder/api/openstack/wsgi.py:866}}
Jul 13 18:22:59.656912 dv-cinder-786928-3-smb devstack@c-api.service[99688]: INFO cinder.api.openstack.wsgi [None req-7cc83713-a2cd-4f39-bc46-ce4b37566ef3 tempest-VolumeTypesTest-1203306746 tempest-VolumeTypesTest-1203306746-project] GET http://10.222.0.23/volume/v3/bf3087c3a4c44c8e9d519a783f25a596/volumes/9aa03c43-ef67-447b-b757-7c71555cdce2
Jul 13 18:22:59.658874 dv-cinder-786928-3-smb devstack@c-api.service[99687]: DEBUG cinder.volume.api [None req-b38fe3fa-59cb-43fd-a8e4-d91690f2a28c tempest-VolumeRetypeWithoutMigrationTest-2123692386 tempest-VolumeRetypeWithoutMigrationTest-2123692386-project-admin] Searching by: MultiDict([('display_name', 'tempest-VolumeRetypeWithoutMigrationTest-Volume-1654083358'), ('all_tenants', True)]). {{(pid=99687) get_all /opt/stack/cinder/cinder/volume/api.py:617}}
Jul 13 18:22:59.661082 dv-cinder-786928-3-smb devstack@c-api.service[99688]: DEBUG cinder.api.openstack.wsgi [None req-7cc83713-a2cd-4f39-bc46-ce4b37566ef3 tempest-VolumeTypesTest-1203306746 tempest-VolumeTypesTest-1203306746-project] Empty body provided in request {{(pid=99688) get_body /opt/stack/cinder/cinder/api/openstack/wsgi.py:713}}
Jul 13 18:22:59.661464 dv-cinder-786928-3-smb devstack@c-api.service[99688]: /usr/local/lib/python3.8/dist-packages/webob/acceptparse.py:1047: DeprecationWarning: The behavior of AcceptValidHeader.best_match is currently being maintained for backward compatibility, but it will be deprecated in the future, as it does not conform to the RFC.
Jul 13 18:22:59.661464 dv-cinder-786928-3-smb devstack@c-api.service[99688]: warnings.warn(
Jul 13 18:22:59.662451 dv-cinder-786928-3-smb devstack@c-api.service[99688]: DEBUG cinder.api.openstack.wsgi [None req-7cc83713-a2cd-4f39-bc46-ce4b37566ef3 tempest-VolumeTypesTest-1203306746 tempest-VolumeTypesTest-1203306746-project] Calling method 'show' {{(pid=99688) _process_stack /opt/stack/cinder/cinder/api/openstack/wsgi.py:866}}
Jul 13 18:22:59.699256 dv-cinder-786928-3-smb devstack@c-api.service[99688]: /usr/local/lib/python3.8/dist-packages/oslo_context/context.py:105: DeprecationWarning: Policy enforcement is depending on the value of is_admin. This key is deprecated. Please update your policy file to use the standard policy values.
Jul 13 18:22:59.699256 dv-cinder-786928-3-smb devstack@c-api.service[99688]: warnings.warn('Policy enforcement is depending on the value of '
Jul 13 18:22:59.717384 dv-cinder-786928-3-smb devstack@c-api.service[99688]: INFO cinder.volume.api [None req-7cc83713-a2cd-4f39-bc46-ce4b37566ef3 tempest-VolumeTypesTest-1203306746 tempest-VolumeTypesTest-1203306746-project] Volume info retrieved successfully.
Jul 13 18:22:59.725203 dv-cinder-786928-3-smb devstack@c-api.service[99687]: INFO cinder.volume.api [None req-b38fe3fa-59cb-43fd-a8e4-d91690f2a28c tempest-VolumeRetypeWithoutMigrationTest-2123692386 tempest-VolumeRetypeWithoutMigrationTest-2123692386-project-admin] Get all volumes completed successfully.
Jul 13 18:22:59.726310 dv-cinder-786928-3-smb devstack@c-api.service[99687]: INFO cinder.api.openstack.wsgi [None req-b38fe3fa-59cb-43fd-a8e4-d91690f2a28c tempest-VolumeRetypeWithoutMigrationTest-2123692386 tempest-VolumeRetypeWithoutMigrationTest-2123692386-project-admin] http://10.222.0.23/volume/v3/80038c2c30cd4c769a248f26fd968ea5/volumes?all_tenants=True&name=tempest-VolumeRetypeWithoutMigrationTest-Volume-1654083358 returned with HTTP 200
Jul 13 18:22:59.727239 dv-cinder-786928-3-smb devstack@c-api.service[99687]: [pid: 99687|app: 0|req: 151/303] 10.222.0.23 () {58 vars in 1375 bytes} [Tue Jul 13 18:22:59 2021] GET /volume/v3/80038c2c30cd4c769a248f26fd968ea5/volumes?all_tenants=True&name=tempest-VolumeRetypeWithoutMigrationTest-Volume-1654083358 => generated 413 bytes in 78 msecs (HTTP/1.1 200) 7 headers in 285 bytes (1 switches on core 0)
Jul 13 18:22:59.738584 dv-cinder-786928-3-smb devstack@c-api.service[99687]: INFO cinder.api.openstack.wsgi [None req-f16f7ce4-9baa-4361-8021-186e41b04bcf tempest-VolumeRetypeWithoutMigrationTest-642260519 tempest-VolumeRetypeWithoutMigrationTest-642260519-project] DELETE http://10.222.0.23/volume/v3/d87ed236aaa844a2a5622755166da3dc/volumes/0ff268fc-a6d4-430b-9e31-371ea8c79e09
Jul 13 18:22:59.738584 dv-cinder-786928-3-smb devstack@c-api.service[99687]: DEBUG cinder.api.openstack.wsgi [None req-f16f7ce4-9baa-4361-8021-186e41b04bcf tempest-VolumeRetypeWithoutMigrationTest-642260519 tempest-VolumeRetypeWithoutMigrationTest-642260519-project] Empty body provided in request {{(pid=99687) get_body /opt/stack/cinder/cinder/api/openstack/wsgi.py:713}}
Jul 13 18:22:59.738584 dv-cinder-786928-3-smb devstack@c-api.service[99687]: /usr/local/lib/python3.8/dist-packages/webob/acceptparse.py:1047: DeprecationWarning: The behavior of AcceptValidHeader.best_match is currently being maintained for backward compatibility, but it will be deprecated in the future, as it does not conform to the RFC.
Jul 13 18:22:59.738584 dv-cinder-786928-3-smb devstack@c-api.service[99687]: warnings.warn(
Jul 13 18:22:59.738942 dv-cinder-786928-3-smb devstack@c-api.service[99687]: DEBUG cinder.api.openstack.wsgi [None req-f16f7ce4-9baa-4361-8021-186e41b04bcf tempest-VolumeRetypeWithoutMigrationTest-642260519 tempest-VolumeRetypeWithoutMigrationTest-642260519-project] Calling method 'delete' {{(pid=99687) _process_stack /opt/stack/cinder/cinder/api/openstack/wsgi.py:866}}
Jul 13 18:22:59.739501 dv-cinder-786928-3-smb devstack@c-api.service[99687]: INFO cinder.api.v3.volumes [None req-f16f7ce4-9baa-4361-8021-186e41b04bcf tempest-VolumeRetypeWithoutMigrationTest-642260519 tempest-VolumeRetypeWithoutMigrationTest-642260519-project] Delete volume with id: 0ff268fc-a6d4-430b-9e31-371ea8c79e09
Jul 13 18:22:59.751738 dv-cinder-786928-3-smb devstack@c-api.service[99688]: INFO cinder.api.openstack.wsgi [None req-7cc83713-a2cd-4f39-bc46-ce4b37566ef3 tempest-VolumeTypesTest-1203306746 tempest-VolumeTypesTest-1203306746-project] http://10.222.0.23/volume/v3/bf3087c3a4c44c8e9d519a783f25a596/volumes/9aa03c43-ef67-447b-b757-7c71555cdce2 returned with HTTP 200
Jul 13 18:22:59.752552 dv-cinder-786928-3-smb devstack@c-api.service[99688]: [pid: 99688|app: 0|req: 153/304] 10.222.0.23 () {58 vars in 1325 bytes} [Tue Jul 13 18:22:59 2021] GET /volume/v3/bf3087c3a4c44c8e9d519a783f25a596/volumes/9aa03c43-ef67-447b-b757-7c71555cdce2 => generated 941 bytes in 104 msecs (HTTP/1.1 200) 7 headers in 285 bytes (1 switches on core 0)
Jul 13 18:22:59.761464 dv-cinder-786928-3-smb devstack@c-api.service[99687]: /usr/local/lib/python3.8/dist-packages/oslo_context/context.py:105: DeprecationWarning: Policy enforcement is depending on the value of is_admin. This key is deprecated. Please update your policy file to use the standard policy values.
Jul 13 18:22:59.761464 dv-cinder-786928-3-smb devstack@c-api.service[99687]: warnings.warn('Policy enforcement is depending on the value of '
Jul 13 18:22:59.762580 dv-cinder-786928-3-smb devstack@c-api.service[99687]: INFO cinder.volume.api [None req-f16f7ce4-9baa-4361-8021-186e41b04bcf tempest-VolumeRetypeWithoutMigrationTest-642260519 tempest-VolumeRetypeWithoutMigrationTest-642260519-project] Volume info retrieved successfully.
Jul 13 18:22:59.767157 dv-cinder-786928-3-smb devstack@c-api.service[99688]: INFO cinder.api.openstack.wsgi [None req-8efd5c4e-bfbd-4e75-a4ab-2cf57914c134 tempest-VolumeTypesTest-1203306746 tempest-VolumeTypesTest-1203306746-project] POST http://10.222.0.23/volume/v3/bf3087c3a4c44c8e9d519a783f25a596/volumes/9aa03c43-ef67-447b-b757-7c71555cdce2/action
Jul 13 18:22:59.768752 dv-cinder-786928-3-smb devstack@c-api.service[99688]: /usr/local/lib/python3.8/dist-packages/webob/acceptparse.py:1047: DeprecationWarning: The behavior of AcceptValidHeader.best_match is currently being maintained for backward compatibility, but it will be deprecated in the future, as it does not conform to the RFC.
Jul 13 18:22:59.768752 dv-cinder-786928-3-smb devstack@c-api.service[99688]: warnings.warn(
Jul 13 18:22:59.769537 dv-cinder-786928-3-smb devstack@c-api.service[99688]: DEBUG cinder.api.openstack.wsgi [None req-8efd5c4e-bfbd-4e75-a4ab-2cf57914c134 tempest-VolumeTypesTest-1203306746 tempest-VolumeTypesTest-1203306746-project] Action body: b'{"os-retype": {"new_type": "1fb5a46a-dc25-4903-9cb1-7aaebc9e554e"}}' {{(pid=99688) get_method /opt/stack/cinder/cinder/api/openstack/wsgi.py:981}}
Jul 13 18:22:59.770664 dv-cinder-786928-3-smb devstack@c-api.service[99688]: DEBUG cinder.api.openstack.wsgi [None req-8efd5c4e-bfbd-4e75-a4ab-2cf57914c134 tempest-VolumeTypesTest-1203306746 tempest-VolumeTypesTest-1203306746-project] Action: 'action', calling method: _retype, body: {"os-retype": {"new_type": "1fb5a46a-dc25-4903-9cb1-7aaebc9e554e"}} {{(pid=99688) _process_stack /opt/stack/cinder/cinder/api/openstack/wsgi.py:864}}
Jul 13 18:22:59.805286 dv-cinder-786928-3-smb devstack@c-api.service[99687]: INFO cinder.volume.api [None req-f16f7ce4-9baa-4361-8021-186e41b04bcf tempest-VolumeRetypeWithoutMigrationTest-642260519 tempest-VolumeRetypeWithoutMigrationTest-642260519-project] Delete volume request issued successfully.
Jul 13 18:22:59.805756 dv-cinder-786928-3-smb devstack@c-api.service[99687]: INFO cinder.api.openstack.wsgi [None req-f16f7ce4-9baa-4361-8021-186e41b04bcf tempest-VolumeRetypeWithoutMigrationTest-642260519 tempest-VolumeRetypeWithoutMigrationTest-642260519-project] http://10.222.0.23/volume/v3/d87ed236aaa844a2a5622755166da3dc/volumes/0ff268fc-a6d4-430b-9e31-371ea8c79e09 returned with HTTP 202
Jul 13 18:22:59.807287 dv-cinder-786928-3-smb devstack@c-api.service[99687]: [pid: 99687|app: 0|req: 152/305] 10.222.0.23 () {58 vars in 1328 bytes} [Tue Jul 13 18:22:59 2021] DELETE /volume/v3/d87ed236aaa844a2a5622755166da3dc/volumes/0ff268fc-a6d4-430b-9e31-371ea8c79e09 => generated 0 bytes in 73 msecs (HTTP/1.1 202) 6 headers in 233 bytes (2 switches on core 0)
Jul 13 18:22:59.817978 dv-cinder-786928-3-smb devstack@c-api.service[99687]: INFO cinder.api.openstack.wsgi [None req-0dfabe0d-ed57-4b49-8a4f-c4d319a78ece tempest-VolumeRetypeWithoutMigrationTest-642260519 tempest-VolumeRetypeWithoutMigrationTest-642260519-project] GET http://10.222.0.23/volume/v3/d87ed236aaa844a2a5622755166da3dc/volumes/0ff268fc-a6d4-430b-9e31-371ea8c79e09
Jul 13 18:22:59.819760 dv-cinder-786928-3-smb devstack@c-api.service[99687]: DEBUG cinder.api.openstack.wsgi [None req-0dfabe0d-ed57-4b49-8a4f-c4d319a78ece tempest-VolumeRetypeWithoutMigrationTest-642260519 tempest-VolumeRetypeWithoutMigrationTest-642260519-project] Empty body provided in request {{(pid=99687) get_body /opt/stack/cinder/cinder/api/openstack/wsgi.py:713}}
Jul 13 18:22:59.819961 dv-cinder-786928-3-smb devstack@c-api.service[99687]: /usr/local/lib/python3.8/dist-packages/webob/acceptparse.py:1047: DeprecationWarning: The behavior of AcceptValidHeader.best_match is currently being maintained for backward compatibility, but it will be deprecated in the future, as it does not conform to the RFC.
Jul 13 18:22:59.819961 dv-cinder-786928-3-smb devstack@c-api.service[99687]: warnings.warn(
Jul 13 18:22:59.820418 dv-cinder-786928-3-smb devstack@c-api.service[99687]: DEBUG cinder.api.openstack.wsgi [None req-0dfabe0d-ed57-4b49-8a4f-c4d319a78ece tempest-VolumeRetypeWithoutMigrationTest-642260519 tempest-VolumeRetypeWithoutMigrationTest-642260519-project] Calling method 'show' {{(pid=99687) _process_stack /opt/stack/cinder/cinder/api/openstack/wsgi.py:866}}
Jul 13 18:22:59.824370 dv-cinder-786928-3-smb devstack@c-api.service[99688]: /usr/local/lib/python3.8/dist-packages/oslo_context/context.py:105: DeprecationWarning: Policy enforcement is depending on the value of is_admin. This key is deprecated. Please update your policy file to use the standard policy values.
Jul 13 18:22:59.824370 dv-cinder-786928-3-smb devstack@c-api.service[99688]: warnings.warn('Policy enforcement is depending on the value of '
Jul 13 18:22:59.825643 dv-cinder-786928-3-smb devstack@c-api.service[99688]: INFO cinder.volume.api [None req-8efd5c4e-bfbd-4e75-a4ab-2cf57914c134 tempest-VolumeTypesTest-1203306746 tempest-VolumeTypesTest-1203306746-project] Volume info retrieved successfully.
Jul 13 18:22:59.843429 dv-cinder-786928-3-smb devstack@c-api.service[99687]: /usr/local/lib/python3.8/dist-packages/oslo_context/context.py:105: DeprecationWarning: Policy enforcement is depending on the value of is_admin. This key is deprecated. Please update your policy file to use the standard policy values.
Jul 13 18:22:59.843429 dv-cinder-786928-3-smb devstack@c-api.service[99687]: warnings.warn('Policy enforcement is depending on the value of '
Jul 13 18:22:59.855590 dv-cinder-786928-3-smb devstack@c-api.service[99687]: INFO cinder.volume.api [None req-0dfabe0d-ed57-4b49-8a4f-c4d319a78ece tempest-VolumeRetypeWithoutMigrationTest-642260519 tempest-VolumeRetypeWithoutMigrationTest-642260519-project] Volume info retrieved successfully.
Jul 13 18:22:59.868364 dv-cinder-786928-3-smb devstack@c-api.service[99688]: WARNING cinder.quota [None req-8efd5c4e-bfbd-4e75-a4ab-2cf57914c134 tempest-VolumeTypesTest-1203306746 tempest-VolumeTypesTest-1203306746-project] Deprecated: Default quota for resource: volumes_tempest-VolumeTypesTest-volume-type-889495336 is set by the default quota flag: quota_volumes_tempest-VolumeTypesTest-volume-type-889495336, it is now deprecated. Please use the default quota class for default quota.
Jul 13 18:22:59.868897 dv-cinder-786928-3-smb devstack@c-api.service[99688]: WARNING cinder.quota [None req-8efd5c4e-bfbd-4e75-a4ab-2cf57914c134 tempest-VolumeTypesTest-1203306746 tempest-VolumeTypesTest-1203306746-project] Deprecated: Default quota for resource: gigabytes_tempest-VolumeTypesTest-volume-type-889495336 is set by the default quota flag: quota_gigabytes_tempest-VolumeTypesTest-volume-type-889495336, it is now deprecated. Please use the default quota class for default quota.
Jul 13 18:22:59.919147 dv-cinder-786928-3-smb devstack@c-api.service[99687]: INFO cinder.api.openstack.wsgi [None req-0dfabe0d-ed57-4b49-8a4f-c4d319a78ece tempest-VolumeRetypeWithoutMigrationTest-642260519 tempest-VolumeRetypeWithoutMigrationTest-642260519-project] http://10.222.0.23/volume/v3/d87ed236aaa844a2a5622755166da3dc/volumes/0ff268fc-a6d4-430b-9e31-371ea8c79e09 returned with HTTP 200
Jul 13 18:22:59.929069 dv-cinder-786928-3-smb devstack@c-api.service[99687]: [pid: 99687|app: 0|req: 153/306] 10.222.0.23 () {58 vars in 1325 bytes} [Tue Jul 13 18:22:59 2021] GET /volume/v3/d87ed236aaa844a2a5622755166da3dc/volumes/0ff268fc-a6d4-430b-9e31-371ea8c79e09 => generated 926 bytes in 118 msecs (HTTP/1.1 200) 7 headers in 285 bytes (1 switches on core 0)
Jul 13 18:22:59.932458 dv-cinder-786928-3-smb devstack@c-api.service[99688]: DEBUG cinder.quota [None req-8efd5c4e-bfbd-4e75-a4ab-2cf57914c134 tempest-VolumeTypesTest-1203306746 tempest-VolumeTypesTest-1203306746-project] Created reservations ['78d6deb5-2030-434c-81ba-f00dbe9bfbc5', '21bb1d39-80b5-4065-8094-83ac968f2623'] {{(pid=99688) reserve /opt/stack/cinder/cinder/quota.py:755}}
Jul 13 18:22:59.957158 dv-cinder-786928-3-smb devstack@c-api.service[99688]: WARNING cinder.quota [None req-8efd5c4e-bfbd-4e75-a4ab-2cf57914c134 tempest-VolumeTypesTest-1203306746 tempest-VolumeTypesTest-1203306746-project] Deprecated: Default quota for resource: volumes_tempest-VolumeTypesTest-volume-type-75121486 is set by the default quota flag: quota_volumes_tempest-VolumeTypesTest-volume-type-75121486, it is now deprecated. Please use the default quota class for default quota.
Jul 13 18:22:59.958228 dv-cinder-786928-3-smb devstack@c-api.service[99688]: WARNING cinder.quota [None req-8efd5c4e-bfbd-4e75-a4ab-2cf57914c134 tempest-VolumeTypesTest-1203306746 tempest-VolumeTypesTest-1203306746-project] Deprecated: Default quota for resource: gigabytes_tempest-VolumeTypesTest-volume-type-75121486 is set by the default quota flag: quota_gigabytes_tempest-VolumeTypesTest-volume-type-75121486, it is now deprecated. Please use the default quota class for default quota.
Jul 13 18:22:59.974378 dv-cinder-786928-3-smb devstack@c-api.service[99688]: DEBUG cinder.quota [None req-8efd5c4e-bfbd-4e75-a4ab-2cf57914c134 tempest-VolumeTypesTest-1203306746 tempest-VolumeTypesTest-1203306746-project] Created reservations ['1b38d9c0-6b10-43a0-b642-587e03881d49', '06b25556-a278-45ad-844d-a384d59cde75'] {{(pid=99688) reserve /opt/stack/cinder/cinder/quota.py:755}}
Jul 13 18:22:59.976500 dv-cinder-786928-3-smb devstack@c-api.service[99688]: /opt/stack/cinder/cinder/db/sqlalchemy/api.py:2715: SADeprecationWarning: The SelectBase.as_scalar() method is deprecated and will be removed in a future release. Please refer to SelectBase.scalar_subquery(). (deprecated since: 1.4)
Jul 13 18:22:59.976500 dv-cinder-786928-3-smb devstack@c-api.service[99688]: models.VolumeType.qos_specs_id == q.as_scalar())),
Jul 13 18:23:00.078844 dv-cinder-786928-3-smb devstack@c-api.service[99688]: INFO cinder.volume.api [None req-8efd5c4e-bfbd-4e75-a4ab-2cf57914c134 tempest-VolumeTypesTest-1203306746 tempest-VolumeTypesTest-1203306746-project] Retype volume request issued successfully.
Jul 13 18:23:00.082171 dv-cinder-786928-3-smb devstack@c-api.service[99688]: INFO cinder.api.openstack.wsgi [None req-8efd5c4e-bfbd-4e75-a4ab-2cf57914c134 tempest-VolumeTypesTest-1203306746 tempest-VolumeTypesTest-1203306746-project] http://10.222.0.23/volume/v3/bf3087c3a4c44c8e9d519a783f25a596/volumes/9aa03c43-ef67-447b-b757-7c71555cdce2/action returned with HTTP 202
Jul 13 18:23:00.084821 dv-cinder-786928-3-smb devstack@c-api.service[99688]: [pid: 99688|app: 0|req: 154/307] 10.222.0.23 () {60 vars in 1367 bytes} [Tue Jul 13 18:22:59 2021] POST /volume/v3/bf3087c3a4c44c8e9d519a783f25a596/volumes/9aa03c43-ef67-447b-b757-7c71555cdce2/action => generated 0 bytes in 321 msecs (HTTP/1.1 202) 7 headers in 289 bytes (2 switches on core 0)
Jul 13 18:23:00.092772 dv-cinder-786928-3-smb devstack@c-api.service[99687]: INFO cinder.api.openstack.wsgi [None req-c4d4d432-f3ed-4bfe-96d1-b1dbaf8d3922 tempest-VolumeTypesTest-1203306746 tempest-VolumeTypesTest-1203306746-project] GET http://10.222.0.23/volume/v3/bf3087c3a4c44c8e9d519a783f25a596/volumes/9aa03c43-ef67-447b-b757-7c71555cdce2
Jul 13 18:23:00.093659 dv-cinder-786928-3-smb devstack@c-api.service[99687]: DEBUG cinder.api.openstack.wsgi [None req-c4d4d432-f3ed-4bfe-96d1-b1dbaf8d3922 tempest-VolumeTypesTest-1203306746 tempest-VolumeTypesTest-1203306746-project] Empty body provided in request {{(pid=99687) get_body /opt/stack/cinder/cinder/api/openstack/wsgi.py:713}}
Jul 13 18:23:00.094085 dv-cinder-786928-3-smb devstack@c-api.service[99687]: /usr/local/lib/python3.8/dist-packages/webob/acceptparse.py:1047: DeprecationWarning: The behavior of AcceptValidHeader.best_match is currently being maintained for backward compatibility, but it will be deprecated in the future, as it does not conform to the RFC.
Jul 13 18:23:00.094085 dv-cinder-786928-3-smb devstack@c-api.service[99687]: warnings.warn(
Jul 13 18:23:00.095433 dv-cinder-786928-3-smb devstack@c-api.service[99687]: DEBUG cinder.api.openstack.wsgi [None req-c4d4d432-f3ed-4bfe-96d1-b1dbaf8d3922 tempest-VolumeTypesTest-1203306746 tempest-VolumeTypesTest-1203306746-project] Calling method 'show' {{(pid=99687) _process_stack /opt/stack/cinder/cinder/api/openstack/wsgi.py:866}}
Jul 13 18:23:00.129127 dv-cinder-786928-3-smb devstack@c-api.service[99687]: /usr/local/lib/python3.8/dist-packages/oslo_context/context.py:105: DeprecationWarning: Policy enforcement is depending on the value of is_admin. This key is deprecated. Please update your policy file to use the standard policy values.
Jul 13 18:23:00.129127 dv-cinder-786928-3-smb devstack@c-api.service[99687]: warnings.warn('Policy enforcement is depending on the value of '
Jul 13 18:23:00.149454 dv-cinder-786928-3-smb devstack@c-api.service[99687]: INFO cinder.volume.api [None req-c4d4d432-f3ed-4bfe-96d1-b1dbaf8d3922 tempest-VolumeTypesTest-1203306746 tempest-VolumeTypesTest-1203306746-project] Volume info retrieved successfully.
Jul 13 18:23:00.193029 dv-cinder-786928-3-smb devstack@c-api.service[99687]: INFO cinder.api.openstack.wsgi [None req-c4d4d432-f3ed-4bfe-96d1-b1dbaf8d3922 tempest-VolumeTypesTest-1203306746 tempest-VolumeTypesTest-1203306746-project] http://10.222.0.23/volume/v3/bf3087c3a4c44c8e9d519a783f25a596/volumes/9aa03c43-ef67-447b-b757-7c71555cdce2 returned with HTTP 200
Jul 13 18:23:00.195296 dv-cinder-786928-3-smb devstack@c-api.service[99687]: [pid: 99687|app: 0|req: 154/308] 10.222.0.23 () {58 vars in 1325 bytes} [Tue Jul 13 18:23:00 2021] GET /volume/v3/bf3087c3a4c44c8e9d519a783f25a596/volumes/9aa03c43-ef67-447b-b757-7c71555cdce2 => generated 940 bytes in 108 msecs (HTTP/1.1 200) 7 headers in 285 bytes (2 switches on core 0)
Jul 13 18:23:00.936483 dv-cinder-786928-3-smb devstack@c-api.service[99688]: INFO cinder.api.openstack.wsgi [None req-444d1c23-a657-4438-a2db-b35d0bae6499 tempest-VolumeRetypeWithoutMigrationTest-642260519 tempest-VolumeRetypeWithoutMigrationTest-642260519-project] GET http://10.222.0.23/volume/v3/d87ed236aaa844a2a5622755166da3dc/volumes/0ff268fc-a6d4-430b-9e31-371ea8c79e09
Jul 13 18:23:00.936950 dv-cinder-786928-3-smb devstack@c-api.service[99688]: DEBUG cinder.api.openstack.wsgi [None req-444d1c23-a657-4438-a2db-b35d0bae6499 tempest-VolumeRetypeWithoutMigrationTest-642260519 tempest-VolumeRetypeWithoutMigrationTest-642260519-project] Empty body provided in request {{(pid=99688) get_body /opt/stack/cinder/cinder/api/openstack/wsgi.py:713}}
Jul 13 18:23:00.937117 dv-cinder-786928-3-smb devstack@c-api.service[99688]: /usr/local/lib/python3.8/dist-packages/webob/acceptparse.py:1047: DeprecationWarning: The behavior of AcceptValidHeader.best_match is currently being maintained for backward compatibility, but it will be deprecated in the future, as it does not conform to the RFC.
Jul 13 18:23:00.937117 dv-cinder-786928-3-smb devstack@c-api.service[99688]: warnings.warn(
Jul 13 18:23:00.937441 dv-cinder-786928-3-smb devstack@c-api.service[99688]: DEBUG cinder.api.openstack.wsgi [None req-444d1c23-a657-4438-a2db-b35d0bae6499 tempest-VolumeRetypeWithoutMigrationTest-642260519 tempest-VolumeRetypeWithoutMigrationTest-642260519-project] Calling method 'show' {{(pid=99688) _process_stack /opt/stack/cinder/cinder/api/openstack/wsgi.py:866}}
Jul 13 18:23:00.952091 dv-cinder-786928-3-smb devstack@c-api.service[99688]: INFO cinder.api.openstack.wsgi [None req-444d1c23-a657-4438-a2db-b35d0bae6499 tempest-VolumeRetypeWithoutMigrationTest-642260519 tempest-VolumeRetypeWithoutMigrationTest-642260519-project] http://10.222.0.23/volume/v3/d87ed236aaa844a2a5622755166da3dc/volumes/0ff268fc-a6d4-430b-9e31-371ea8c79e09 returned with HTTP 404
Jul 13 18:23:00.952091 dv-cinder-786928-3-smb devstack@c-api.service[99688]: [pid: 99688|app: 0|req: 155/309] 10.222.0.23 () {58 vars in 1325 bytes} [Tue Jul 13 18:23:00 2021] GET /volume/v3/d87ed236aaa844a2a5622755166da3dc/volumes/0ff268fc-a6d4-430b-9e31-371ea8c79e09 => generated 109 bytes in 21 msecs (HTTP/1.1 404) 7 headers in 292 bytes (1 switches on core 0)
Jul 13 18:23:00.959209 dv-cinder-786928-3-smb devstack@c-api.service[99687]: INFO cinder.api.openstack.wsgi [None req-ee036c5e-0e00-45cc-97da-3fb78159c644 tempest-VolumeRetypeWithoutMigrationTest-2123692386 tempest-VolumeRetypeWithoutMigrationTest-2123692386-project-admin] DELETE http://10.222.0.23/volume/v3/80038c2c30cd4c769a248f26fd968ea5/types/827d2797-d72a-4ab0-bcc6-b79721d9a93a
Jul 13 18:23:00.960279 dv-cinder-786928-3-smb devstack@c-api.service[99687]: DEBUG cinder.api.openstack.wsgi [None req-ee036c5e-0e00-45cc-97da-3fb78159c644 tempest-VolumeRetypeWithoutMigrationTest-2123692386 tempest-VolumeRetypeWithoutMigrationTest-2123692386-project-admin] Empty body provided in request {{(pid=99687) get_body /opt/stack/cinder/cinder/api/openstack/wsgi.py:713}}
Jul 13 18:23:00.963384 dv-cinder-786928-3-smb devstack@c-api.service[99687]: /usr/local/lib/python3.8/dist-packages/webob/acceptparse.py:1047: DeprecationWarning: The behavior of AcceptValidHeader.best_match is currently being maintained for backward compatibility, but it will be deprecated in the future, as it does not conform to the RFC.
Jul 13 18:23:00.963384 dv-cinder-786928-3-smb devstack@c-api.service[99687]: warnings.warn(
Jul 13 18:23:00.963384 dv-cinder-786928-3-smb devstack@c-api.service[99687]: DEBUG cinder.api.openstack.wsgi [None req-ee036c5e-0e00-45cc-97da-3fb78159c644 tempest-VolumeRetypeWithoutMigrationTest-2123692386 tempest-VolumeRetypeWithoutMigrationTest-2123692386-project-admin] Calling method '_delete' {{(pid=99687) _process_stack /opt/stack/cinder/cinder/api/openstack/wsgi.py:866}}
Jul 13 18:23:01.008882 dv-cinder-786928-3-smb devstack@c-api.service[99687]: INFO cinder.api.openstack.wsgi [None req-ee036c5e-0e00-45cc-97da-3fb78159c644 tempest-VolumeRetypeWithoutMigrationTest-2123692386 tempest-VolumeRetypeWithoutMigrationTest-2123692386-project-admin] http://10.222.0.23/volume/v3/80038c2c30cd4c769a248f26fd968ea5/types/827d2797-d72a-4ab0-bcc6-b79721d9a93a returned with HTTP 202
Jul 13 18:23:01.009814 dv-cinder-786928-3-smb devstack@c-api.service[99687]: [pid: 99687|app: 0|req: 155/310] 10.222.0.23 () {58 vars in 1322 bytes} [Tue Jul 13 18:23:00 2021] DELETE /volume/v3/80038c2c30cd4c769a248f26fd968ea5/types/827d2797-d72a-4ab0-bcc6-b79721d9a93a => generated 0 bytes in 55 msecs (HTTP/1.1 202) 6 headers in 233 bytes (2 switches on core 0)
Jul 13 18:23:01.017333 dv-cinder-786928-3-smb devstack@c-api.service[99688]: INFO cinder.api.openstack.wsgi [None req-a943cafe-794b-4b0b-a74c-0f7fb1482670 tempest-VolumeRetypeWithoutMigrationTest-2123692386 tempest-VolumeRetypeWithoutMigrationTest-2123692386-project-admin] GET http://10.222.0.23/volume/v3/80038c2c30cd4c769a248f26fd968ea5/types/827d2797-d72a-4ab0-bcc6-b79721d9a93a
Jul 13 18:23:01.018083 dv-cinder-786928-3-smb devstack@c-api.service[99688]: DEBUG cinder.api.openstack.wsgi [None req-a943cafe-794b-4b0b-a74c-0f7fb1482670 tempest-VolumeRetypeWithoutMigrationTest-2123692386 tempest-VolumeRetypeWithoutMigrationTest-2123692386-project-admin] Empty body provided in request {{(pid=99688) get_body /opt/stack/cinder/cinder/api/openstack/wsgi.py:713}}
Jul 13 18:23:01.018590 dv-cinder-786928-3-smb devstack@c-api.service[99688]: DEBUG cinder.api.openstack.wsgi [None req-a943cafe-794b-4b0b-a74c-0f7fb1482670 tempest-VolumeRetypeWithoutMigrationTest-2123692386 tempest-VolumeRetypeWithoutMigrationTest-2123692386-project-admin] Calling method 'show' {{(pid=99688) _process_stack /opt/stack/cinder/cinder/api/openstack/wsgi.py:866}}
Jul 13 18:23:01.024224 dv-cinder-786928-3-smb devstack@c-api.service[99688]: INFO cinder.api.openstack.wsgi [None req-a943cafe-794b-4b0b-a74c-0f7fb1482670 tempest-VolumeRetypeWithoutMigrationTest-2123692386 tempest-VolumeRetypeWithoutMigrationTest-2123692386-project-admin] http://10.222.0.23/volume/v3/80038c2c30cd4c769a248f26fd968ea5/types/827d2797-d72a-4ab0-bcc6-b79721d9a93a returned with HTTP 404
Jul 13 18:23:01.025263 dv-cinder-786928-3-smb devstack@c-api.service[99688]: [pid: 99688|app: 0|req: 156/311] 10.222.0.23 () {58 vars in 1319 bytes} [Tue Jul 13 18:23:01 2021] GET /volume/v3/80038c2c30cd4c769a248f26fd968ea5/types/827d2797-d72a-4ab0-bcc6-b79721d9a93a => generated 114 bytes in 12 msecs (HTTP/1.1 404) 7 headers in 292 bytes (1 switches on core 0)
Jul 13 18:23:01.036154 dv-cinder-786928-3-smb devstack@c-api.service[99687]: INFO cinder.api.openstack.wsgi [None req-37e91faf-096d-4601-a150-a3758fe8191c tempest-VolumeRetypeWithoutMigrationTest-2123692386 tempest-VolumeRetypeWithoutMigrationTest-2123692386-project-admin] DELETE http://10.222.0.23/volume/v3/80038c2c30cd4c769a248f26fd968ea5/types/292cd79d-274d-46a0-857a-485d8e920310
Jul 13 18:23:01.036957 dv-cinder-786928-3-smb devstack@c-api.service[99687]: DEBUG cinder.api.openstack.wsgi [None req-37e91faf-096d-4601-a150-a3758fe8191c tempest-VolumeRetypeWithoutMigrationTest-2123692386 tempest-VolumeRetypeWithoutMigrationTest-2123692386-project-admin] Empty body provided in request {{(pid=99687) get_body /opt/stack/cinder/cinder/api/openstack/wsgi.py:713}}
Jul 13 18:23:01.038818 dv-cinder-786928-3-smb devstack@c-api.service[99687]: DEBUG cinder.api.openstack.wsgi [None req-37e91faf-096d-4601-a150-a3758fe8191c tempest-VolumeRetypeWithoutMigrationTest-2123692386 tempest-VolumeRetypeWithoutMigrationTest-2123692386-project-admin] Calling method '_delete' {{(pid=99687) _process_stack /opt/stack/cinder/cinder/api/openstack/wsgi.py:866}}
Jul 13 18:23:01.086720 dv-cinder-786928-3-smb devstack@c-api.service[99687]: INFO cinder.api.openstack.wsgi [None req-37e91faf-096d-4601-a150-a3758fe8191c tempest-VolumeRetypeWithoutMigrationTest-2123692386 tempest-VolumeRetypeWithoutMigrationTest-2123692386-project-admin] http://10.222.0.23/volume/v3/80038c2c30cd4c769a248f26fd968ea5/types/292cd79d-274d-46a0-857a-485d8e920310 returned with HTTP 202
Jul 13 18:23:01.089083 dv-cinder-786928-3-smb devstack@c-api.service[99687]: [pid: 99687|app: 0|req: 156/312] 10.222.0.23 () {58 vars in 1322 bytes} [Tue Jul 13 18:23:01 2021] DELETE /volume/v3/80038c2c30cd4c769a248f26fd968ea5/types/292cd79d-274d-46a0-857a-485d8e920310 => generated 0 bytes in 58 msecs (HTTP/1.1 202) 6 headers in 233 bytes (1 switches on core 0)
Jul 13 18:23:01.095052 dv-cinder-786928-3-smb devstack@c-api.service[99688]: INFO cinder.api.openstack.wsgi [None req-2741f35d-084f-47cd-b30d-cd5f39c52b12 tempest-VolumeRetypeWithoutMigrationTest-2123692386 tempest-VolumeRetypeWithoutMigrationTest-2123692386-project-admin] GET http://10.222.0.23/volume/v3/80038c2c30cd4c769a248f26fd968ea5/types/292cd79d-274d-46a0-857a-485d8e920310
Jul 13 18:23:01.095567 dv-cinder-786928-3-smb devstack@c-api.service[99688]: DEBUG cinder.api.openstack.wsgi [None req-2741f35d-084f-47cd-b30d-cd5f39c52b12 tempest-VolumeRetypeWithoutMigrationTest-2123692386 tempest-VolumeRetypeWithoutMigrationTest-2123692386-project-admin] Empty body provided in request {{(pid=99688) get_body /opt/stack/cinder/cinder/api/openstack/wsgi.py:713}}
Jul 13 18:23:01.096264 dv-cinder-786928-3-smb devstack@c-api.service[99688]: DEBUG cinder.api.openstack.wsgi [None req-2741f35d-084f-47cd-b30d-cd5f39c52b12 tempest-VolumeRetypeWithoutMigrationTest-2123692386 tempest-VolumeRetypeWithoutMigrationTest-2123692386-project-admin] Calling method 'show' {{(pid=99688) _process_stack /opt/stack/cinder/cinder/api/openstack/wsgi.py:866}}
Jul 13 18:23:01.101376 dv-cinder-786928-3-smb devstack@c-api.service[99688]: INFO cinder.api.openstack.wsgi [None req-2741f35d-084f-47cd-b30d-cd5f39c52b12 tempest-VolumeRetypeWithoutMigrationTest-2123692386 tempest-VolumeRetypeWithoutMigrationTest-2123692386-project-admin] http://10.222.0.23/volume/v3/80038c2c30cd4c769a248f26fd968ea5/types/292cd79d-274d-46a0-857a-485d8e920310 returned with HTTP 404
Jul 13 18:23:01.102285 dv-cinder-786928-3-smb devstack@c-api.service[99688]: [pid: 99688|app: 0|req: 157/313] 10.222.0.23 () {58 vars in 1319 bytes} [Tue Jul 13 18:23:01 2021] GET /volume/v3/80038c2c30cd4c769a248f26fd968ea5/types/292cd79d-274d-46a0-857a-485d8e920310 => generated 114 bytes in 11 msecs (HTTP/1.1 404) 7 headers in 292 bytes (2 switches on core 0)
Jul 13 18:23:01.209355 dv-cinder-786928-3-smb devstack@c-api.service[99688]: INFO cinder.api.openstack.wsgi [None req-abc740ee-afd2-4f4e-ba23-f77d18c90e75 tempest-VolumeTypesTest-1203306746 tempest-VolumeTypesTest-1203306746-project] GET http://10.222.0.23/volume/v3/bf3087c3a4c44c8e9d519a783f25a596/volumes/9aa03c43-ef67-447b-b757-7c71555cdce2
Jul 13 18:23:01.209729 dv-cinder-786928-3-smb devstack@c-api.service[99688]: DEBUG cinder.api.openstack.wsgi [None req-abc740ee-afd2-4f4e-ba23-f77d18c90e75 tempest-VolumeTypesTest-1203306746 tempest-VolumeTypesTest-1203306746-project] Empty body provided in request {{(pid=99688) get_body /opt/stack/cinder/cinder/api/openstack/wsgi.py:713}}
Jul 13 18:23:01.210778 dv-cinder-786928-3-smb devstack@c-api.service[99688]: DEBUG cinder.api.openstack.wsgi [None req-abc740ee-afd2-4f4e-ba23-f77d18c90e75 tempest-VolumeTypesTest-1203306746 tempest-VolumeTypesTest-1203306746-project] Calling method 'show' {{(pid=99688) _process_stack /opt/stack/cinder/cinder/api/openstack/wsgi.py:866}}
Jul 13 18:23:01.226010 dv-cinder-786928-3-smb devstack@c-api.service[99688]: /usr/local/lib/python3.8/dist-packages/oslo_context/context.py:105: DeprecationWarning: Policy enforcement is depending on the value of is_admin. This key is deprecated. Please update your policy file to use the standard policy values.
Jul 13 18:23:01.226010 dv-cinder-786928-3-smb devstack@c-api.service[99688]: warnings.warn('Policy enforcement is depending on the value of '
Jul 13 18:23:01.234586 dv-cinder-786928-3-smb devstack@c-api.service[99688]: INFO cinder.volume.api [None req-abc740ee-afd2-4f4e-ba23-f77d18c90e75 tempest-VolumeTypesTest-1203306746 tempest-VolumeTypesTest-1203306746-project] Volume info retrieved successfully.
Jul 13 18:23:01.251405 dv-cinder-786928-3-smb devstack@c-api.service[99688]: INFO cinder.api.openstack.wsgi [None req-abc740ee-afd2-4f4e-ba23-f77d18c90e75 tempest-VolumeTypesTest-1203306746 tempest-VolumeTypesTest-1203306746-project] http://10.222.0.23/volume/v3/bf3087c3a4c44c8e9d519a783f25a596/volumes/9aa03c43-ef67-447b-b757-7c71555cdce2 returned with HTTP 200
Jul 13 18:23:01.253000 dv-cinder-786928-3-smb devstack@c-api.service[99688]: [pid: 99688|app: 0|req: 158/314] 10.222.0.23 () {58 vars in 1325 bytes} [Tue Jul 13 18:23:01 2021] GET /volume/v3/bf3087c3a4c44c8e9d519a783f25a596/volumes/9aa03c43-ef67-447b-b757-7c71555cdce2 => generated 942 bytes in 47 msecs (HTTP/1.1 200) 7 headers in 285 bytes (1 switches on core 0)
Jul 13 18:23:01.270541 dv-cinder-786928-3-smb devstack@c-api.service[99688]: INFO cinder.api.openstack.wsgi [None req-e424d0ba-19bf-4f6d-b365-adc40221210f tempest-VolumeTypesTest-1203306746 tempest-VolumeTypesTest-1203306746-project] GET http://10.222.0.23/volume/v3/bf3087c3a4c44c8e9d519a783f25a596/volumes/9aa03c43-ef67-447b-b757-7c71555cdce2
Jul 13 18:23:01.271124 dv-cinder-786928-3-smb devstack@c-api.service[99688]: DEBUG cinder.api.openstack.wsgi [None req-e424d0ba-19bf-4f6d-b365-adc40221210f tempest-VolumeTypesTest-1203306746 tempest-VolumeTypesTest-1203306746-project] Empty body provided in request {{(pid=99688) get_body /opt/stack/cinder/cinder/api/openstack/wsgi.py:713}}
Jul 13 18:23:01.271916 dv-cinder-786928-3-smb devstack@c-api.service[99688]: /usr/local/lib/python3.8/dist-packages/webob/acceptparse.py:1047: DeprecationWarning: The behavior of AcceptValidHeader.best_match is currently being maintained for backward compatibility, but it will be deprecated in the future, as it does not conform to the RFC.
Jul 13 18:23:01.271916 dv-cinder-786928-3-smb devstack@c-api.service[99688]: warnings.warn(
Jul 13 18:23:01.272605 dv-cinder-786928-3-smb devstack@c-api.service[99688]: DEBUG cinder.api.openstack.wsgi [None req-e424d0ba-19bf-4f6d-b365-adc40221210f tempest-VolumeTypesTest-1203306746 tempest-VolumeTypesTest-1203306746-project] Calling method 'show' {{(pid=99688) _process_stack /opt/stack/cinder/cinder/api/openstack/wsgi.py:866}}
Jul 13 18:23:01.288414 dv-cinder-786928-3-smb devstack@c-api.service[99688]: /usr/local/lib/python3.8/dist-packages/oslo_context/context.py:105: DeprecationWarning: Policy enforcement is depending on the value of is_admin. This key is deprecated. Please update your policy file to use the standard policy values.
Jul 13 18:23:01.288414 dv-cinder-786928-3-smb devstack@c-api.service[99688]: warnings.warn('Policy enforcement is depending on the value of '
Jul 13 18:23:01.297696 dv-cinder-786928-3-smb devstack@c-api.service[99688]: INFO cinder.volume.api [None req-e424d0ba-19bf-4f6d-b365-adc40221210f tempest-VolumeTypesTest-1203306746 tempest-VolumeTypesTest-1203306746-project] Volume info retrieved successfully.
Jul 13 18:23:01.313757 dv-cinder-786928-3-smb devstack@c-api.service[99688]: INFO cinder.api.openstack.wsgi [None req-e424d0ba-19bf-4f6d-b365-adc40221210f tempest-VolumeTypesTest-1203306746 tempest-VolumeTypesTest-1203306746-project] http://10.222.0.23/volume/v3/bf3087c3a4c44c8e9d519a783f25a596/volumes/9aa03c43-ef67-447b-b757-7c71555cdce2 returned with HTTP 200
Jul 13 18:23:01.314295 dv-cinder-786928-3-smb devstack@c-api.service[99688]: [pid: 99688|app: 0|req: 159/315] 10.222.0.23 () {58 vars in 1325 bytes} [Tue Jul 13 18:23:01 2021] GET /volume/v3/bf3087c3a4c44c8e9d519a783f25a596/volumes/9aa03c43-ef67-447b-b757-7c71555cdce2 => generated 942 bytes in 47 msecs (HTTP/1.1 200) 7 headers in 285 bytes (2 switches on core 0)
