Jul 14 13:39:58.669066 dv-cinder-786927-3-smb devstack@c-api.service[106410]: [pid: 106410|app: 0|req: 170/342] 10.222.0.30 () {60 vars in 1489 bytes} [Wed Jul 14 13:39:58 2021] GET /volume/v3/653aac2373d148659ef2411b38c857e8/volumes/detail => generated 2748 bytes in 77 msecs (HTTP/1.1 200) 7 headers in 286 bytes (2 switches on core 0)
Jul 14 13:39:58.702004 dv-cinder-786927-3-smb devstack@c-api.service[106410]: INFO cinder.api.openstack.wsgi [req-44bac3af-bbca-44af-afa7-b32cc1254171 req-409cd38b-22cb-4754-8f58-c1d16e6c5801 tempest-VolumesTestJSON-1188068176 tempest-VolumesTestJSON-1188068176-project] GET http://10.222.0.30/volume/v3/653aac2373d148659ef2411b38c857e8/volumes/detail
Jul 14 13:39:58.702681 dv-cinder-786927-3-smb devstack@c-api.service[106410]: DEBUG cinder.api.openstack.wsgi [req-44bac3af-bbca-44af-afa7-b32cc1254171 req-409cd38b-22cb-4754-8f58-c1d16e6c5801 tempest-VolumesTestJSON-1188068176 tempest-VolumesTestJSON-1188068176-project] Empty body provided in request {{(pid=106410) get_body /opt/stack/cinder/cinder/api/openstack/wsgi.py:713}}
Jul 14 13:39:58.703008 dv-cinder-786927-3-smb devstack@c-api.service[106410]: /usr/local/lib/python3.8/dist-packages/webob/acceptparse.py:1047: DeprecationWarning: The behavior of AcceptValidHeader.best_match is currently being maintained for backward compatibility, but it will be deprecated in the future, as it does not conform to the RFC.
Jul 14 13:39:58.703008 dv-cinder-786927-3-smb devstack@c-api.service[106410]: warnings.warn(
Jul 14 13:39:58.703333 dv-cinder-786927-3-smb devstack@c-api.service[106410]: DEBUG cinder.api.openstack.wsgi [req-44bac3af-bbca-44af-afa7-b32cc1254171 req-409cd38b-22cb-4754-8f58-c1d16e6c5801 tempest-VolumesTestJSON-1188068176 tempest-VolumesTestJSON-1188068176-project] Calling method 'detail' {{(pid=106410) _process_stack /opt/stack/cinder/cinder/api/openstack/wsgi.py:866}}
Jul 14 13:39:58.704227 dv-cinder-786927-3-smb devstack@c-api.service[106410]: DEBUG cinder.api.api_utils [req-44bac3af-bbca-44af-afa7-b32cc1254171 req-409cd38b-22cb-4754-8f58-c1d16e6c5801 tempest-VolumesTestJSON-1188068176 tempest-VolumesTestJSON-1188068176-project] Removing options '' from query. {{(pid=106410) remove_invalid_filter_options /opt/stack/cinder/cinder/api/api_utils.py:73}}
Jul 14 13:39:58.706757 dv-cinder-786927-3-smb devstack@c-api.service[106410]: DEBUG cinder.volume.api [req-44bac3af-bbca-44af-afa7-b32cc1254171 req-409cd38b-22cb-4754-8f58-c1d16e6c5801 tempest-VolumesTestJSON-1188068176 tempest-VolumesTestJSON-1188068176-project] Searching by: MultiDict([('no_migration_targets', True)]). {{(pid=106410) get_all /opt/stack/cinder/cinder/volume/api.py:617}}
Jul 14 13:39:58.724521 dv-cinder-786927-3-smb devstack@c-api.service[106411]: INFO cinder.api.openstack.wsgi [None req-0771def1-7f09-4086-949a-3f588212fe4f tempest-VolumesTransfersTest-2012671000 tempest-VolumesTransfersTest-2012671000-project] POST http://10.222.0.30/volume/v3/827d1fce8d87436fb769a641c48a3ca4/os-volume-transfer/c022cc25-b2b4-4201-a35f-16ad66092d21/accept
Jul 14 13:39:58.725191 dv-cinder-786927-3-smb devstack@c-api.service[106411]: DEBUG cinder.api.openstack.wsgi [None req-0771def1-7f09-4086-949a-3f588212fe4f tempest-VolumesTransfersTest-2012671000 tempest-VolumesTransfersTest-2012671000-project] Action: 'accept', calling method: accept, body: {"accept": {"auth_key": "e65a1eb038d7f8b8"}} {{(pid=106411) _process_stack /opt/stack/cinder/cinder/api/openstack/wsgi.py:864}}
Jul 14 13:39:58.726018 dv-cinder-786927-3-smb devstack@c-api.service[106411]: DEBUG cinder.api.contrib.volume_transfer [None req-0771def1-7f09-4086-949a-3f588212fe4f tempest-VolumesTransfersTest-2012671000 tempest-VolumesTransfersTest-2012671000-project] Accepting volume transfer c022cc25-b2b4-4201-a35f-16ad66092d21 {{(pid=106411) accept /opt/stack/cinder/cinder/api/contrib/volume_transfer.py:115}}
Jul 14 13:39:58.726311 dv-cinder-786927-3-smb devstack@c-api.service[106411]: INFO cinder.api.contrib.volume_transfer [None req-0771def1-7f09-4086-949a-3f588212fe4f tempest-VolumesTransfersTest-2012671000 tempest-VolumesTransfersTest-2012671000-project] Accepting transfer c022cc25-b2b4-4201-a35f-16ad66092d21
Jul 14 13:39:58.758415 dv-cinder-786927-3-smb devstack@c-api.service[106410]: INFO cinder.volume.api [req-44bac3af-bbca-44af-afa7-b32cc1254171 req-409cd38b-22cb-4754-8f58-c1d16e6c5801 tempest-VolumesTestJSON-1188068176 tempest-VolumesTestJSON-1188068176-project] Get all volumes completed successfully.
Jul 14 13:39:58.761764 dv-cinder-786927-3-smb devstack@c-api.service[106410]: /usr/local/lib/python3.8/dist-packages/oslo_context/context.py:105: DeprecationWarning: Policy enforcement is depending on the value of is_admin. This key is deprecated. Please update your policy file to use the standard policy values.
Jul 14 13:39:58.761764 dv-cinder-786927-3-smb devstack@c-api.service[106410]: warnings.warn('Policy enforcement is depending on the value of '
Jul 14 13:39:58.770537 dv-cinder-786927-3-smb devstack@c-api.service[106410]: INFO cinder.api.openstack.wsgi [req-44bac3af-bbca-44af-afa7-b32cc1254171 req-409cd38b-22cb-4754-8f58-c1d16e6c5801 tempest-VolumesTestJSON-1188068176 tempest-VolumesTestJSON-1188068176-project] http://10.222.0.30/volume/v3/653aac2373d148659ef2411b38c857e8/volumes/detail returned with HTTP 200
Jul 14 13:39:58.771316 dv-cinder-786927-3-smb devstack@c-api.service[106410]: [pid: 106410|app: 0|req: 171/343] 10.222.0.30 () {60 vars in 1489 bytes} [Wed Jul 14 13:39:58 2021] GET /volume/v3/653aac2373d148659ef2411b38c857e8/volumes/detail => generated 2748 bytes in 75 msecs (HTTP/1.1 200) 7 headers in 286 bytes (2 switches on core 0)
Jul 14 13:39:58.797656 dv-cinder-786927-3-smb devstack@c-api.service[106410]: INFO cinder.api.openstack.wsgi [req-b935bf32-86f9-4e72-9c45-e635ad5e6014 req-e6fe2837-4bb7-4bbe-8a5e-c9bca2d29714 tempest-AttachVolumeNegativeTest-377819974 tempest-AttachVolumeNegativeTest-377819974-project] DELETE http://10.222.0.30/volume/v3/d63ecb089d4d4841bdda2fb8fe83a9cd/attachments/7275e5f1-4a2d-4b2b-b553-e31e97375680
Jul 14 13:39:58.798340 dv-cinder-786927-3-smb devstack@c-api.service[106410]: DEBUG cinder.api.openstack.wsgi [req-b935bf32-86f9-4e72-9c45-e635ad5e6014 req-e6fe2837-4bb7-4bbe-8a5e-c9bca2d29714 tempest-AttachVolumeNegativeTest-377819974 tempest-AttachVolumeNegativeTest-377819974-project] Empty body provided in request {{(pid=106410) get_body /opt/stack/cinder/cinder/api/openstack/wsgi.py:713}}
Jul 14 13:39:58.798677 dv-cinder-786927-3-smb devstack@c-api.service[106410]: /usr/local/lib/python3.8/dist-packages/webob/acceptparse.py:1047: DeprecationWarning: The behavior of AcceptValidHeader.best_match is currently being maintained for backward compatibility, but it will be deprecated in the future, as it does not conform to the RFC.
Jul 14 13:39:58.798677 dv-cinder-786927-3-smb devstack@c-api.service[106410]: warnings.warn(
Jul 14 13:39:58.799295 dv-cinder-786927-3-smb devstack@c-api.service[106410]: DEBUG cinder.api.openstack.wsgi [req-b935bf32-86f9-4e72-9c45-e635ad5e6014 req-e6fe2837-4bb7-4bbe-8a5e-c9bca2d29714 tempest-AttachVolumeNegativeTest-377819974 tempest-AttachVolumeNegativeTest-377819974-project] Calling method 'version_select' {{(pid=106410) _process_stack /opt/stack/cinder/cinder/api/openstack/wsgi.py:866}}
Jul 14 13:39:58.814267 dv-cinder-786927-3-smb devstack@c-api.service[106410]: /usr/local/lib/python3.8/dist-packages/oslo_context/context.py:105: DeprecationWarning: Policy enforcement is depending on the value of is_admin. This key is deprecated. Please update your policy file to use the standard policy values.
Jul 14 13:39:58.814267 dv-cinder-786927-3-smb devstack@c-api.service[106410]: warnings.warn('Policy enforcement is depending on the value of '
Jul 14 13:39:58.882326 dv-cinder-786927-3-smb devstack@c-api.service[106411]: DEBUG cinder.quota [None req-0771def1-7f09-4086-949a-3f588212fe4f tempest-VolumesTransfersTest-2012671000 tempest-VolumesTransfersTest-2012671000-project] Created reservations ['8a401c86-f682-4e75-abd7-4cec86672a7d', '2d159763-5405-43df-abb2-1aacaf83c963', 'd4349066-5b0d-47a2-bf0f-4020569faa8f', '98c99de8-759d-4788-adf2-5338e49f8bdf'] {{(pid=106411) reserve /opt/stack/cinder/cinder/quota.py:755}}
Jul 14 13:39:58.914907 dv-cinder-786927-3-smb devstack@c-api.service[106411]: DEBUG cinder.quota [None req-0771def1-7f09-4086-949a-3f588212fe4f tempest-VolumesTransfersTest-2012671000 tempest-VolumesTransfersTest-2012671000-project] Created reservations ['674760c5-a372-4666-a8e3-7086098843c0', 'd57cc3e9-6944-4340-afc1-9c9dcfb115ae', 'dbbd73ab-d2db-4a5e-a61f-86d8c3647482', '046786c3-4e54-4670-8715-963da2bec5d1'] {{(pid=106411) reserve /opt/stack/cinder/cinder/quota.py:755}}
Jul 14 13:39:58.918815 dv-cinder-786927-3-smb devstack@c-api.service[106410]: DEBUG cinder.volume.api [req-b935bf32-86f9-4e72-9c45-e635ad5e6014 req-e6fe2837-4bb7-4bbe-8a5e-c9bca2d29714 tempest-AttachVolumeNegativeTest-377819974 tempest-AttachVolumeNegativeTest-377819974-project] Remaining volume attachments: VolumeAttachmentList(objects=[]) {{(pid=106410) attachment_delete /opt/stack/cinder/cinder/volume/api.py:2269}}
Jul 14 13:39:58.919188 dv-cinder-786927-3-smb devstack@c-api.service[106410]: DEBUG cinder.volume.api [req-b935bf32-86f9-4e72-9c45-e635ad5e6014 req-e6fe2837-4bb7-4bbe-8a5e-c9bca2d29714 tempest-AttachVolumeNegativeTest-377819974 tempest-AttachVolumeNegativeTest-377819974-project] Pending status list for volume during attachment-delete: [] {{(pid=106410) attachment_delete /opt/stack/cinder/cinder/volume/api.py:2281}}
Jul 14 13:39:58.923935 dv-cinder-786927-3-smb devstack@c-api.service[106410]: INFO cinder.api.openstack.wsgi [req-b935bf32-86f9-4e72-9c45-e635ad5e6014 req-e6fe2837-4bb7-4bbe-8a5e-c9bca2d29714 tempest-AttachVolumeNegativeTest-377819974 tempest-AttachVolumeNegativeTest-377819974-project] http://10.222.0.30/volume/v3/d63ecb089d4d4841bdda2fb8fe83a9cd/attachments/7275e5f1-4a2d-4b2b-b553-e31e97375680 returned with HTTP 200
Jul 14 13:39:58.924727 dv-cinder-786927-3-smb devstack@c-api.service[106410]: [pid: 106410|app: 0|req: 172/344] 10.222.0.37 () {62 vars in 1447 bytes} [Wed Jul 14 13:39:58 2021] DELETE /volume/v3/d63ecb089d4d4841bdda2fb8fe83a9cd/attachments/7275e5f1-4a2d-4b2b-b553-e31e97375680 => generated 19 bytes in 132 msecs (HTTP/1.1 200) 7 headers in 285 bytes (2 switches on core 0)
Jul 14 13:39:58.928891 dv-cinder-786927-3-smb devstack@c-api.service[106410]: INFO cinder.api.openstack.wsgi [req-dfdaedcc-a4b8-49c6-a4b8-078f3060a874 req-ef9d195f-637e-4d5f-a6a1-a06c50f1ccd6 tempest-VolumesTestJSON-1188068176 tempest-VolumesTestJSON-1188068176-project] GET http://10.222.0.30/volume/v3/653aac2373d148659ef2411b38c857e8/volumes/detail
Jul 14 13:39:58.929350 dv-cinder-786927-3-smb devstack@c-api.service[106410]: DEBUG cinder.api.openstack.wsgi [req-dfdaedcc-a4b8-49c6-a4b8-078f3060a874 req-ef9d195f-637e-4d5f-a6a1-a06c50f1ccd6 tempest-VolumesTestJSON-1188068176 tempest-VolumesTestJSON-1188068176-project] Empty body provided in request {{(pid=106410) get_body /opt/stack/cinder/cinder/api/openstack/wsgi.py:713}}
Jul 14 13:39:58.929523 dv-cinder-786927-3-smb devstack@c-api.service[106410]: /usr/local/lib/python3.8/dist-packages/webob/acceptparse.py:1047: DeprecationWarning: The behavior of AcceptValidHeader.best_match is currently being maintained for backward compatibility, but it will be deprecated in the future, as it does not conform to the RFC.
Jul 14 13:39:58.929523 dv-cinder-786927-3-smb devstack@c-api.service[106410]: warnings.warn(
Jul 14 13:39:58.929864 dv-cinder-786927-3-smb devstack@c-api.service[106410]: DEBUG cinder.api.openstack.wsgi [req-dfdaedcc-a4b8-49c6-a4b8-078f3060a874 req-ef9d195f-637e-4d5f-a6a1-a06c50f1ccd6 tempest-VolumesTestJSON-1188068176 tempest-VolumesTestJSON-1188068176-project] Calling method 'detail' {{(pid=106410) _process_stack /opt/stack/cinder/cinder/api/openstack/wsgi.py:866}}
Jul 14 13:39:58.930419 dv-cinder-786927-3-smb devstack@c-api.service[106410]: DEBUG cinder.api.api_utils [req-dfdaedcc-a4b8-49c6-a4b8-078f3060a874 req-ef9d195f-637e-4d5f-a6a1-a06c50f1ccd6 tempest-VolumesTestJSON-1188068176 tempest-VolumesTestJSON-1188068176-project] Removing options '' from query. {{(pid=106410) remove_invalid_filter_options /opt/stack/cinder/cinder/api/api_utils.py:73}}
Jul 14 13:39:58.932163 dv-cinder-786927-3-smb devstack@c-api.service[106410]: DEBUG cinder.volume.api [req-dfdaedcc-a4b8-49c6-a4b8-078f3060a874 req-ef9d195f-637e-4d5f-a6a1-a06c50f1ccd6 tempest-VolumesTestJSON-1188068176 tempest-VolumesTestJSON-1188068176-project] Searching by: MultiDict([('no_migration_targets', True)]). {{(pid=106410) get_all /opt/stack/cinder/cinder/volume/api.py:617}}
Jul 14 13:39:58.974850 dv-cinder-786927-3-smb devstack@c-api.service[106411]: DEBUG cinder.quota [None req-0771def1-7f09-4086-949a-3f588212fe4f tempest-VolumesTransfersTest-2012671000 tempest-VolumesTransfersTest-2012671000-project] Created reservations ['a41992a3-6d13-4911-868e-2452fe47550e', '67ba47ff-3c33-49a2-a7cc-7f6e1d381385', '7da66a21-0d5b-4537-8e11-bfc2cf94da74', '0f24d329-1fb9-4afb-8424-d198457af08d'] {{(pid=106411) reserve /opt/stack/cinder/cinder/quota.py:755}}
Jul 14 13:39:58.984230 dv-cinder-786927-3-smb devstack@c-api.service[106410]: INFO cinder.volume.api [req-dfdaedcc-a4b8-49c6-a4b8-078f3060a874 req-ef9d195f-637e-4d5f-a6a1-a06c50f1ccd6 tempest-VolumesTestJSON-1188068176 tempest-VolumesTestJSON-1188068176-project] Get all volumes completed successfully.
Jul 14 13:39:58.986565 dv-cinder-786927-3-smb devstack@c-api.service[106410]: /usr/local/lib/python3.8/dist-packages/oslo_context/context.py:105: DeprecationWarning: Policy enforcement is depending on the value of is_admin. This key is deprecated. Please update your policy file to use the standard policy values.
Jul 14 13:39:58.986565 dv-cinder-786927-3-smb devstack@c-api.service[106410]: warnings.warn('Policy enforcement is depending on the value of '
Jul 14 13:39:58.997223 dv-cinder-786927-3-smb devstack@c-api.service[106410]: INFO cinder.api.openstack.wsgi [req-dfdaedcc-a4b8-49c6-a4b8-078f3060a874 req-ef9d195f-637e-4d5f-a6a1-a06c50f1ccd6 tempest-VolumesTestJSON-1188068176 tempest-VolumesTestJSON-1188068176-project] http://10.222.0.30/volume/v3/653aac2373d148659ef2411b38c857e8/volumes/detail returned with HTTP 200
Jul 14 13:39:58.998363 dv-cinder-786927-3-smb devstack@c-api.service[106410]: [pid: 106410|app: 0|req: 173/345] 10.222.0.30 () {60 vars in 1489 bytes} [Wed Jul 14 13:39:58 2021] GET /volume/v3/653aac2373d148659ef2411b38c857e8/volumes/detail => generated 2748 bytes in 73 msecs (HTTP/1.1 200) 7 headers in 286 bytes (1 switches on core 0)
Jul 14 13:39:59.002518 dv-cinder-786927-3-smb devstack@c-api.service[106410]: INFO cinder.api.openstack.wsgi [None req-98948b61-2931-45a9-a08e-4aea532c0a0f tempest-VolumeSnapshotQuotasNegativeTestJSON-782869712 tempest-VolumeSnapshotQuotasNegativeTestJSON-782869712-project] GET http://10.222.0.30/volume/v3/b5ad83beed7c415590e14be387e3b65d/volumes/8f9880a2-7cdd-47c8-8e59-35fe18dcb4c9
Jul 14 13:39:59.002975 dv-cinder-786927-3-smb devstack@c-api.service[106410]: DEBUG cinder.api.openstack.wsgi [None req-98948b61-2931-45a9-a08e-4aea532c0a0f tempest-VolumeSnapshotQuotasNegativeTestJSON-782869712 tempest-VolumeSnapshotQuotasNegativeTestJSON-782869712-project] Empty body provided in request {{(pid=106410) get_body /opt/stack/cinder/cinder/api/openstack/wsgi.py:713}}
Jul 14 13:39:59.003148 dv-cinder-786927-3-smb devstack@c-api.service[106410]: /usr/local/lib/python3.8/dist-packages/webob/acceptparse.py:1047: DeprecationWarning: The behavior of AcceptValidHeader.best_match is currently being maintained for backward compatibility, but it will be deprecated in the future, as it does not conform to the RFC.
Jul 14 13:39:59.003148 dv-cinder-786927-3-smb devstack@c-api.service[106410]: warnings.warn(
Jul 14 13:39:59.003467 dv-cinder-786927-3-smb devstack@c-api.service[106410]: DEBUG cinder.api.openstack.wsgi [None req-98948b61-2931-45a9-a08e-4aea532c0a0f tempest-VolumeSnapshotQuotasNegativeTestJSON-782869712 tempest-VolumeSnapshotQuotasNegativeTestJSON-782869712-project] Calling method 'show' {{(pid=106410) _process_stack /opt/stack/cinder/cinder/api/openstack/wsgi.py:866}}
Jul 14 13:39:59.018948 dv-cinder-786927-3-smb devstack@c-api.service[106410]: /usr/local/lib/python3.8/dist-packages/oslo_context/context.py:105: DeprecationWarning: Policy enforcement is depending on the value of is_admin. This key is deprecated. Please update your policy file to use the standard policy values.
Jul 14 13:39:59.018948 dv-cinder-786927-3-smb devstack@c-api.service[106410]: warnings.warn('Policy enforcement is depending on the value of '
Jul 14 13:39:59.027438 dv-cinder-786927-3-smb devstack@c-api.service[106410]: INFO cinder.volume.api [None req-98948b61-2931-45a9-a08e-4aea532c0a0f tempest-VolumeSnapshotQuotasNegativeTestJSON-782869712 tempest-VolumeSnapshotQuotasNegativeTestJSON-782869712-project] Volume info retrieved successfully.
Jul 14 13:39:59.042677 dv-cinder-786927-3-smb devstack@c-api.service[106411]: DEBUG cinder.quota [None req-0771def1-7f09-4086-949a-3f588212fe4f tempest-VolumesTransfersTest-2012671000 tempest-VolumesTransfersTest-2012671000-project] Created reservations ['12e2f6f4-dca8-4638-98dc-6230621eb9ee', 'f714c26a-3a5c-4d22-be1d-44a3edd50783', '8aea1d12-dd85-44e5-a200-4939c3ec8482', '43e9b802-5ea7-4865-8a5e-0a7ed79e62d1'] {{(pid=106411) reserve /opt/stack/cinder/cinder/quota.py:755}}
Jul 14 13:39:59.044951 dv-cinder-786927-3-smb devstack@c-api.service[106411]: /usr/local/lib/python3.8/dist-packages/oslo_context/context.py:105: DeprecationWarning: Policy enforcement is depending on the value of is_admin. This key is deprecated. Please update your policy file to use the standard policy values.
Jul 14 13:39:59.044951 dv-cinder-786927-3-smb devstack@c-api.service[106411]: warnings.warn('Policy enforcement is depending on the value of '
Jul 14 13:39:59.045149 dv-cinder-786927-3-smb devstack@c-api.service[106410]: INFO cinder.api.openstack.wsgi [None req-98948b61-2931-45a9-a08e-4aea532c0a0f tempest-VolumeSnapshotQuotasNegativeTestJSON-782869712 tempest-VolumeSnapshotQuotasNegativeTestJSON-782869712-project] http://10.222.0.30/volume/v3/b5ad83beed7c415590e14be387e3b65d/volumes/8f9880a2-7cdd-47c8-8e59-35fe18dcb4c9 returned with HTTP 200
Jul 14 13:39:59.045831 dv-cinder-786927-3-smb devstack@c-api.service[106410]: [pid: 106410|app: 0|req: 174/346] 10.222.0.30 () {58 vars in 1325 bytes} [Wed Jul 14 13:39:58 2021] GET /volume/v3/b5ad83beed7c415590e14be387e3b65d/volumes/8f9880a2-7cdd-47c8-8e59-35fe18dcb4c9 => generated 928 bytes in 47 msecs (HTTP/1.1 200) 7 headers in 285 bytes (1 switches on core 0)
Jul 14 13:39:59.050849 dv-cinder-786927-3-smb devstack@c-api.service[106410]: INFO cinder.api.openstack.wsgi [req-1e1b838f-4933-4fa3-b3bd-efc7bd52ebed req-99049109-cb7c-4983-aa3a-c3a38ce09b60 tempest-VolumesTestJSON-1188068176 tempest-VolumesTestJSON-1188068176-project] GET http://10.222.0.30/volume/v3/653aac2373d148659ef2411b38c857e8/volumes/detail
Jul 14 13:39:59.051267 dv-cinder-786927-3-smb devstack@c-api.service[106410]: DEBUG cinder.api.openstack.wsgi [req-1e1b838f-4933-4fa3-b3bd-efc7bd52ebed req-99049109-cb7c-4983-aa3a-c3a38ce09b60 tempest-VolumesTestJSON-1188068176 tempest-VolumesTestJSON-1188068176-project] Empty body provided in request {{(pid=106410) get_body /opt/stack/cinder/cinder/api/openstack/wsgi.py:713}}
Jul 14 13:39:59.051707 dv-cinder-786927-3-smb devstack@c-api.service[106410]: /usr/local/lib/python3.8/dist-packages/webob/acceptparse.py:1047: DeprecationWarning: The behavior of AcceptValidHeader.best_match is currently being maintained for backward compatibility, but it will be deprecated in the future, as it does not conform to the RFC.
Jul 14 13:39:59.051707 dv-cinder-786927-3-smb devstack@c-api.service[106410]: warnings.warn(
Jul 14 13:39:59.052209 dv-cinder-786927-3-smb devstack@c-api.service[106410]: DEBUG cinder.api.openstack.wsgi [req-1e1b838f-4933-4fa3-b3bd-efc7bd52ebed req-99049109-cb7c-4983-aa3a-c3a38ce09b60 tempest-VolumesTestJSON-1188068176 tempest-VolumesTestJSON-1188068176-project] Calling method 'detail' {{(pid=106410) _process_stack /opt/stack/cinder/cinder/api/openstack/wsgi.py:866}}
Jul 14 13:39:59.052767 dv-cinder-786927-3-smb devstack@c-api.service[106410]: DEBUG cinder.api.api_utils [req-1e1b838f-4933-4fa3-b3bd-efc7bd52ebed req-99049109-cb7c-4983-aa3a-c3a38ce09b60 tempest-VolumesTestJSON-1188068176 tempest-VolumesTestJSON-1188068176-project] Removing options '' from query. {{(pid=106410) remove_invalid_filter_options /opt/stack/cinder/cinder/api/api_utils.py:73}}
Jul 14 13:39:59.054393 dv-cinder-786927-3-smb devstack@c-api.service[106410]: DEBUG cinder.volume.api [req-1e1b838f-4933-4fa3-b3bd-efc7bd52ebed req-99049109-cb7c-4983-aa3a-c3a38ce09b60 tempest-VolumesTestJSON-1188068176 tempest-VolumesTestJSON-1188068176-project] Searching by: MultiDict([('no_migration_targets', True)]). {{(pid=106410) get_all /opt/stack/cinder/cinder/volume/api.py:617}}
Jul 14 13:39:59.092431 dv-cinder-786927-3-smb devstack@c-api.service[106411]: INFO cinder.volume.api [None req-0771def1-7f09-4086-949a-3f588212fe4f tempest-VolumesTransfersTest-2012671000 tempest-VolumesTransfersTest-2012671000-project] Transfer volume completed successfully.
Jul 14 13:39:59.106172 dv-cinder-786927-3-smb devstack@c-api.service[106410]: INFO cinder.volume.api [req-1e1b838f-4933-4fa3-b3bd-efc7bd52ebed req-99049109-cb7c-4983-aa3a-c3a38ce09b60 tempest-VolumesTestJSON-1188068176 tempest-VolumesTestJSON-1188068176-project] Get all volumes completed successfully.
Jul 14 13:39:59.108581 dv-cinder-786927-3-smb devstack@c-api.service[106410]: /usr/local/lib/python3.8/dist-packages/oslo_context/context.py:105: DeprecationWarning: Policy enforcement is depending on the value of is_admin. This key is deprecated. Please update your policy file to use the standard policy values.
Jul 14 13:39:59.108581 dv-cinder-786927-3-smb devstack@c-api.service[106410]: warnings.warn('Policy enforcement is depending on the value of '
Jul 14 13:39:59.116739 dv-cinder-786927-3-smb devstack@c-api.service[106410]: INFO cinder.api.openstack.wsgi [req-1e1b838f-4933-4fa3-b3bd-efc7bd52ebed req-99049109-cb7c-4983-aa3a-c3a38ce09b60 tempest-VolumesTestJSON-1188068176 tempest-VolumesTestJSON-1188068176-project] http://10.222.0.30/volume/v3/653aac2373d148659ef2411b38c857e8/volumes/detail returned with HTTP 200
Jul 14 13:39:59.117865 dv-cinder-786927-3-smb devstack@c-api.service[106410]: [pid: 106410|app: 0|req: 175/347] 10.222.0.30 () {60 vars in 1489 bytes} [Wed Jul 14 13:39:59 2021] GET /volume/v3/653aac2373d148659ef2411b38c857e8/volumes/detail => generated 2748 bytes in 71 msecs (HTTP/1.1 200) 7 headers in 286 bytes (1 switches on core 0)
Jul 14 13:39:59.122356 dv-cinder-786927-3-smb devstack@c-api.service[106410]: INFO cinder.api.openstack.wsgi [None req-dfa1c984-7a39-43c0-a46c-7427dc5082e1 tempest-VolumeSnapshotQuotasNegativeTestJSON-782869712 tempest-VolumeSnapshotQuotasNegativeTestJSON-782869712-project] POST http://10.222.0.30/volume/v3/b5ad83beed7c415590e14be387e3b65d/snapshots
Jul 14 13:39:59.122794 dv-cinder-786927-3-smb devstack@c-api.service[106410]: /usr/local/lib/python3.8/dist-packages/webob/acceptparse.py:1047: DeprecationWarning: The behavior of AcceptValidHeader.best_match is currently being maintained for backward compatibility, but it will be deprecated in the future, as it does not conform to the RFC.
Jul 14 13:39:59.122794 dv-cinder-786927-3-smb devstack@c-api.service[106410]: warnings.warn(
Jul 14 13:39:59.123167 dv-cinder-786927-3-smb devstack@c-api.service[106410]: DEBUG cinder.api.openstack.wsgi [None req-dfa1c984-7a39-43c0-a46c-7427dc5082e1 tempest-VolumeSnapshotQuotasNegativeTestJSON-782869712 tempest-VolumeSnapshotQuotasNegativeTestJSON-782869712-project] Action: 'create', calling method: create, body: {"snapshot": {"volume_id": "8f9880a2-7cdd-47c8-8e59-35fe18dcb4c9", "name": "tempest-VolumeSnapshotQuotasNegativeTestJSON-Snapshot-1580611772"}} {{(pid=106410) _process_stack /opt/stack/cinder/cinder/api/openstack/wsgi.py:864}}
Jul 14 13:39:59.139774 dv-cinder-786927-3-smb devstack@c-api.service[106410]: /usr/local/lib/python3.8/dist-packages/oslo_context/context.py:105: DeprecationWarning: Policy enforcement is depending on the value of is_admin. This key is deprecated. Please update your policy file to use the standard policy values.
Jul 14 13:39:59.139774 dv-cinder-786927-3-smb devstack@c-api.service[106410]: warnings.warn('Policy enforcement is depending on the value of '
Jul 14 13:39:59.140934 dv-cinder-786927-3-smb devstack@c-api.service[106410]: INFO cinder.volume.api [None req-dfa1c984-7a39-43c0-a46c-7427dc5082e1 tempest-VolumeSnapshotQuotasNegativeTestJSON-782869712 tempest-VolumeSnapshotQuotasNegativeTestJSON-782869712-project] Volume info retrieved successfully.
Jul 14 13:39:59.141641 dv-cinder-786927-3-smb devstack@c-api.service[106410]: INFO cinder.api.v2.snapshots [None req-dfa1c984-7a39-43c0-a46c-7427dc5082e1 tempest-VolumeSnapshotQuotasNegativeTestJSON-782869712 tempest-VolumeSnapshotQuotasNegativeTestJSON-782869712-project] Create snapshot from volume 8f9880a2-7cdd-47c8-8e59-35fe18dcb4c9
Jul 14 13:39:59.213280 dv-cinder-786927-3-smb devstack@c-api.service[106411]: INFO cinder.transfer.api [None req-0771def1-7f09-4086-949a-3f588212fe4f tempest-VolumesTransfersTest-2012671000 tempest-VolumesTransfersTest-2012671000-project] Volume bce5be27-edbd-4d7f-a458-1c5b3876e2f2 has been transferred.
Jul 14 13:39:59.224054 dv-cinder-786927-3-smb devstack@c-api.service[106410]: DEBUG cinder.quota [None req-dfa1c984-7a39-43c0-a46c-7427dc5082e1 tempest-VolumeSnapshotQuotasNegativeTestJSON-782869712 tempest-VolumeSnapshotQuotasNegativeTestJSON-782869712-project] Created reservations ['fcae53f5-b6d1-4a49-82cb-dae5d3642a67', '9d322895-6f90-4d57-a89b-f9506b900f28', '8e326e52-a519-4478-8ac8-ffcb512d1d61', 'f0903b78-2d59-4fc3-8263-1df2983036bd'] {{(pid=106410) reserve /opt/stack/cinder/cinder/quota.py:755}}
Jul 14 13:39:59.229166 dv-cinder-786927-3-smb devstack@c-api.service[106411]: INFO cinder.api.openstack.wsgi [None req-0771def1-7f09-4086-949a-3f588212fe4f tempest-VolumesTransfersTest-2012671000 tempest-VolumesTransfersTest-2012671000-project] http://10.222.0.30/volume/v3/827d1fce8d87436fb769a641c48a3ca4/os-volume-transfer/c022cc25-b2b4-4201-a35f-16ad66092d21/accept returned with HTTP 202
Jul 14 13:39:59.236682 dv-cinder-786927-3-smb devstack@c-api.service[106411]: [pid: 106411|app: 0|req: 173/348] 10.222.0.30 () {60 vars in 1400 bytes} [Wed Jul 14 13:39:58 2021] POST /volume/v3/827d1fce8d87436fb769a641c48a3ca4/os-volume-transfer/c022cc25-b2b4-4201-a35f-16ad66092d21/accept => generated 431 bytes in 611 msecs (HTTP/1.1 202) 7 headers in 291 bytes (2 switches on core 0)
Jul 14 13:39:59.240905 dv-cinder-786927-3-smb devstack@c-api.service[106411]: INFO cinder.api.openstack.wsgi [None req-48786549-6674-47a8-b423-38891fbf4643 tempest-AttachVolumeNegativeTest-377819974 tempest-AttachVolumeNegativeTest-377819974-project] GET http://10.222.0.30/volume/v3/d63ecb089d4d4841bdda2fb8fe83a9cd/volumes/a638a568-9d72-47a5-88c7-14d7076419f5
Jul 14 13:39:59.241363 dv-cinder-786927-3-smb devstack@c-api.service[106411]: DEBUG cinder.api.openstack.wsgi [None req-48786549-6674-47a8-b423-38891fbf4643 tempest-AttachVolumeNegativeTest-377819974 tempest-AttachVolumeNegativeTest-377819974-project] Empty body provided in request {{(pid=106411) get_body /opt/stack/cinder/cinder/api/openstack/wsgi.py:713}}
Jul 14 13:39:59.241526 dv-cinder-786927-3-smb devstack@c-api.service[106411]: /usr/local/lib/python3.8/dist-packages/webob/acceptparse.py:1047: DeprecationWarning: The behavior of AcceptValidHeader.best_match is currently being maintained for backward compatibility, but it will be deprecated in the future, as it does not conform to the RFC.
Jul 14 13:39:59.241526 dv-cinder-786927-3-smb devstack@c-api.service[106411]: warnings.warn(
Jul 14 13:39:59.241872 dv-cinder-786927-3-smb devstack@c-api.service[106411]: DEBUG cinder.api.openstack.wsgi [None req-48786549-6674-47a8-b423-38891fbf4643 tempest-AttachVolumeNegativeTest-377819974 tempest-AttachVolumeNegativeTest-377819974-project] Calling method 'show' {{(pid=106411) _process_stack /opt/stack/cinder/cinder/api/openstack/wsgi.py:866}}
Jul 14 13:39:59.256612 dv-cinder-786927-3-smb devstack@c-api.service[106411]: /usr/local/lib/python3.8/dist-packages/oslo_context/context.py:105: DeprecationWarning: Policy enforcement is depending on the value of is_admin. This key is deprecated. Please update your policy file to use the standard policy values.
Jul 14 13:39:59.256612 dv-cinder-786927-3-smb devstack@c-api.service[106411]: warnings.warn('Policy enforcement is depending on the value of '
Jul 14 13:39:59.266350 dv-cinder-786927-3-smb devstack@c-api.service[106411]: INFO cinder.volume.api [None req-48786549-6674-47a8-b423-38891fbf4643 tempest-AttachVolumeNegativeTest-377819974 tempest-AttachVolumeNegativeTest-377819974-project] Volume info retrieved successfully.
Jul 14 13:39:59.282202 dv-cinder-786927-3-smb devstack@c-api.service[106410]: INFO cinder.volume.api [None req-dfa1c984-7a39-43c0-a46c-7427dc5082e1 tempest-VolumeSnapshotQuotasNegativeTestJSON-782869712 tempest-VolumeSnapshotQuotasNegativeTestJSON-782869712-project] Snapshot create request issued successfully.
Jul 14 13:39:59.283180 dv-cinder-786927-3-smb devstack@c-api.service[106410]: INFO cinder.api.openstack.wsgi [None req-dfa1c984-7a39-43c0-a46c-7427dc5082e1 tempest-VolumeSnapshotQuotasNegativeTestJSON-782869712 tempest-VolumeSnapshotQuotasNegativeTestJSON-782869712-project] http://10.222.0.30/volume/v3/b5ad83beed7c415590e14be387e3b65d/snapshots returned with HTTP 202
Jul 14 13:39:59.284341 dv-cinder-786927-3-smb devstack@c-api.service[106410]: [pid: 106410|app: 0|req: 176/349] 10.222.0.30 () {60 vars in 1242 bytes} [Wed Jul 14 13:39:59 2021] POST /volume/v3/b5ad83beed7c415590e14be387e3b65d/snapshots => generated 323 bytes in 166 msecs (HTTP/1.1 202) 7 headers in 291 bytes (1 switches on core 0)
Jul 14 13:39:59.284897 dv-cinder-786927-3-smb devstack@c-api.service[106411]: INFO cinder.api.openstack.wsgi [None req-48786549-6674-47a8-b423-38891fbf4643 tempest-AttachVolumeNegativeTest-377819974 tempest-AttachVolumeNegativeTest-377819974-project] http://10.222.0.30/volume/v3/d63ecb089d4d4841bdda2fb8fe83a9cd/volumes/a638a568-9d72-47a5-88c7-14d7076419f5 returned with HTTP 200
Jul 14 13:39:59.297929 dv-cinder-786927-3-smb devstack@c-api.service[106411]: [pid: 106411|app: 0|req: 174/350] 10.222.0.30 () {58 vars in 1325 bytes} [Wed Jul 14 13:39:59 2021] GET /volume/v3/d63ecb089d4d4841bdda2fb8fe83a9cd/volumes/a638a568-9d72-47a5-88c7-14d7076419f5 => generated 917 bytes in 48 msecs (HTTP/1.1 200) 7 headers in 285 bytes (1 switches on core 0)
Jul 14 13:39:59.297929 dv-cinder-786927-3-smb devstack@c-api.service[106411]: INFO cinder.api.openstack.wsgi [None req-eb402b6f-f3f1-4c51-9ddc-6354b580b9c4 tempest-VolumesTransfersTest-2012671000 tempest-VolumesTransfersTest-2012671000-project] GET http://10.222.0.30/volume/v3/827d1fce8d87436fb769a641c48a3ca4/volumes/bce5be27-edbd-4d7f-a458-1c5b3876e2f2
Jul 14 13:39:59.297929 dv-cinder-786927-3-smb devstack@c-api.service[106411]: DEBUG cinder.api.openstack.wsgi [None req-eb402b6f-f3f1-4c51-9ddc-6354b580b9c4 tempest-VolumesTransfersTest-2012671000 tempest-VolumesTransfersTest-2012671000-project] Empty body provided in request {{(pid=106411) get_body /opt/stack/cinder/cinder/api/openstack/wsgi.py:713}}
Jul 14 13:39:59.297929 dv-cinder-786927-3-smb devstack@c-api.service[106411]: /usr/local/lib/python3.8/dist-packages/webob/acceptparse.py:1047: DeprecationWarning: The behavior of AcceptValidHeader.best_match is currently being maintained for backward compatibility, but it will be deprecated in the future, as it does not conform to the RFC.
Jul 14 13:39:59.297929 dv-cinder-786927-3-smb devstack@c-api.service[106411]: warnings.warn(
Jul 14 13:39:59.297929 dv-cinder-786927-3-smb devstack@c-api.service[106411]: DEBUG cinder.api.openstack.wsgi [None req-eb402b6f-f3f1-4c51-9ddc-6354b580b9c4 tempest-VolumesTransfersTest-2012671000 tempest-VolumesTransfersTest-2012671000-project] Calling method 'show' {{(pid=106411) _process_stack /opt/stack/cinder/cinder/api/openstack/wsgi.py:866}}
Jul 14 13:39:59.298487 dv-cinder-786927-3-smb devstack@c-api.service[106410]: INFO cinder.api.openstack.wsgi [req-b6e7c68f-980c-468f-a11d-144f4b7d4905 req-3384dd10-c5a0-4a37-91dc-329b0f7a4880 tempest-VolumesTestJSON-1188068176 tempest-VolumesTestJSON-1188068176-project] GET http://10.222.0.30/volume/v3/653aac2373d148659ef2411b38c857e8/volumes/detail
Jul 14 13:39:59.298487 dv-cinder-786927-3-smb devstack@c-api.service[106410]: DEBUG cinder.api.openstack.wsgi [req-b6e7c68f-980c-468f-a11d-144f4b7d4905 req-3384dd10-c5a0-4a37-91dc-329b0f7a4880 tempest-VolumesTestJSON-1188068176 tempest-VolumesTestJSON-1188068176-project] Empty body provided in request {{(pid=106410) get_body /opt/stack/cinder/cinder/api/openstack/wsgi.py:713}}
Jul 14 13:39:59.298487 dv-cinder-786927-3-smb devstack@c-api.service[106410]: /usr/local/lib/python3.8/dist-packages/webob/acceptparse.py:1047: DeprecationWarning: The behavior of AcceptValidHeader.best_match is currently being maintained for backward compatibility, but it will be deprecated in the future, as it does not conform to the RFC.
Jul 14 13:39:59.298487 dv-cinder-786927-3-smb devstack@c-api.service[106410]: warnings.warn(
Jul 14 13:39:59.298487 dv-cinder-786927-3-smb devstack@c-api.service[106410]: DEBUG cinder.api.openstack.wsgi [req-b6e7c68f-980c-468f-a11d-144f4b7d4905 req-3384dd10-c5a0-4a37-91dc-329b0f7a4880 tempest-VolumesTestJSON-1188068176 tempest-VolumesTestJSON-1188068176-project] Calling method 'detail' {{(pid=106410) _process_stack /opt/stack/cinder/cinder/api/openstack/wsgi.py:866}}
Jul 14 13:39:59.298487 dv-cinder-786927-3-smb devstack@c-api.service[106410]: DEBUG cinder.api.api_utils [req-b6e7c68f-980c-468f-a11d-144f4b7d4905 req-3384dd10-c5a0-4a37-91dc-329b0f7a4880 tempest-VolumesTestJSON-1188068176 tempest-VolumesTestJSON-1188068176-project] Removing options '' from query. {{(pid=106410) remove_invalid_filter_options /opt/stack/cinder/cinder/api/api_utils.py:73}}
Jul 14 13:39:59.299638 dv-cinder-786927-3-smb devstack@c-api.service[106410]: /usr/local/lib/python3.8/dist-packages/oslo_context/context.py:105: DeprecationWarning: Policy enforcement is depending on the value of is_admin. This key is deprecated. Please update your policy file to use the standard policy values.
Jul 14 13:39:59.299638 dv-cinder-786927-3-smb devstack@c-api.service[106410]: warnings.warn('Policy enforcement is depending on the value of '
Jul 14 13:39:59.301222 dv-cinder-786927-3-smb devstack@c-api.service[106410]: DEBUG cinder.volume.api [req-b6e7c68f-980c-468f-a11d-144f4b7d4905 req-3384dd10-c5a0-4a37-91dc-329b0f7a4880 tempest-VolumesTestJSON-1188068176 tempest-VolumesTestJSON-1188068176-project] Searching by: MultiDict([('no_migration_targets', True)]). {{(pid=106410) get_all /opt/stack/cinder/cinder/volume/api.py:617}}
Jul 14 13:39:59.313317 dv-cinder-786927-3-smb devstack@c-api.service[106411]: /usr/local/lib/python3.8/dist-packages/oslo_context/context.py:105: DeprecationWarning: Policy enforcement is depending on the value of is_admin. This key is deprecated. Please update your policy file to use the standard policy values.
Jul 14 13:39:59.313317 dv-cinder-786927-3-smb devstack@c-api.service[106411]: warnings.warn('Policy enforcement is depending on the value of '
Jul 14 13:39:59.322534 dv-cinder-786927-3-smb devstack@c-api.service[106411]: INFO cinder.volume.api [None req-eb402b6f-f3f1-4c51-9ddc-6354b580b9c4 tempest-VolumesTransfersTest-2012671000 tempest-VolumesTransfersTest-2012671000-project] Volume info retrieved successfully.
Jul 14 13:39:59.338733 dv-cinder-786927-3-smb devstack@c-api.service[106411]: INFO cinder.api.openstack.wsgi [None req-eb402b6f-f3f1-4c51-9ddc-6354b580b9c4 tempest-VolumesTransfersTest-2012671000 tempest-VolumesTransfersTest-2012671000-project] http://10.222.0.30/volume/v3/827d1fce8d87436fb769a641c48a3ca4/volumes/bce5be27-edbd-4d7f-a458-1c5b3876e2f2 returned with HTTP 200
Jul 14 13:39:59.350077 dv-cinder-786927-3-smb devstack@c-api.service[106411]: [pid: 106411|app: 0|req: 175/351] 10.222.0.30 () {58 vars in 1325 bytes} [Wed Jul 14 13:39:59 2021] GET /volume/v3/827d1fce8d87436fb769a641c48a3ca4/volumes/bce5be27-edbd-4d7f-a458-1c5b3876e2f2 => generated 913 bytes in 53 msecs (HTTP/1.1 200) 7 headers in 285 bytes (1 switches on core 0)
Jul 14 13:39:59.355137 dv-cinder-786927-3-smb devstack@c-api.service[106411]: INFO cinder.api.openstack.wsgi [None req-59c337f5-140a-414a-8536-2f9bead4b176 tempest-VolumeSnapshotQuotasNegativeTestJSON-782869712 tempest-VolumeSnapshotQuotasNegativeTestJSON-782869712-project] GET http://10.222.0.30/volume/v3/b5ad83beed7c415590e14be387e3b65d/snapshots/d479bf86-2a53-4ff3-bd88-6ed0e62e31af
Jul 14 13:39:59.355815 dv-cinder-786927-3-smb devstack@c-api.service[106411]: DEBUG cinder.api.openstack.wsgi [None req-59c337f5-140a-414a-8536-2f9bead4b176 tempest-VolumeSnapshotQuotasNegativeTestJSON-782869712 tempest-VolumeSnapshotQuotasNegativeTestJSON-782869712-project] Empty body provided in request {{(pid=106411) get_body /opt/stack/cinder/cinder/api/openstack/wsgi.py:713}}
Jul 14 13:39:59.356019 dv-cinder-786927-3-smb devstack@c-api.service[106411]: /usr/local/lib/python3.8/dist-packages/webob/acceptparse.py:1047: DeprecationWarning: The behavior of AcceptValidHeader.best_match is currently being maintained for backward compatibility, but it will be deprecated in the future, as it does not conform to the RFC.
Jul 14 13:39:59.356019 dv-cinder-786927-3-smb devstack@c-api.service[106411]: warnings.warn(
Jul 14 13:39:59.356495 dv-cinder-786927-3-smb devstack@c-api.service[106411]: DEBUG cinder.api.openstack.wsgi [None req-59c337f5-140a-414a-8536-2f9bead4b176 tempest-VolumeSnapshotQuotasNegativeTestJSON-782869712 tempest-VolumeSnapshotQuotasNegativeTestJSON-782869712-project] Calling method 'show' {{(pid=106411) _process_stack /opt/stack/cinder/cinder/api/openstack/wsgi.py:866}}
Jul 14 13:39:59.368485 dv-cinder-786927-3-smb devstack@c-api.service[106411]: /usr/local/lib/python3.8/dist-packages/oslo_context/context.py:105: DeprecationWarning: Policy enforcement is depending on the value of is_admin. This key is deprecated. Please update your policy file to use the standard policy values.
Jul 14 13:39:59.368485 dv-cinder-786927-3-smb devstack@c-api.service[106411]: warnings.warn('Policy enforcement is depending on the value of '
Jul 14 13:39:59.368755 dv-cinder-786927-3-smb devstack@c-api.service[106411]: INFO cinder.volume.api [None req-59c337f5-140a-414a-8536-2f9bead4b176 tempest-VolumeSnapshotQuotasNegativeTestJSON-782869712 tempest-VolumeSnapshotQuotasNegativeTestJSON-782869712-project] Snapshot retrieved successfully.
Jul 14 13:39:59.373495 dv-cinder-786927-3-smb devstack@c-api.service[106411]: INFO cinder.api.openstack.wsgi [None req-59c337f5-140a-414a-8536-2f9bead4b176 tempest-VolumeSnapshotQuotasNegativeTestJSON-782869712 tempest-VolumeSnapshotQuotasNegativeTestJSON-782869712-project] http://10.222.0.30/volume/v3/b5ad83beed7c415590e14be387e3b65d/snapshots/d479bf86-2a53-4ff3-bd88-6ed0e62e31af returned with HTTP 200
Jul 14 13:39:59.375025 dv-cinder-786927-3-smb devstack@c-api.service[106411]: [pid: 106411|app: 0|req: 176/352] 10.222.0.30 () {58 vars in 1331 bytes} [Wed Jul 14 13:39:59 2021] GET /volume/v3/b5ad83beed7c415590e14be387e3b65d/snapshots/d479bf86-2a53-4ff3-bd88-6ed0e62e31af => generated 455 bytes in 34 msecs (HTTP/1.1 200) 7 headers in 285 bytes (1 switches on core 0)
Jul 14 13:39:59.378031 dv-cinder-786927-3-smb devstack@c-api.service[106410]: INFO cinder.volume.api [req-b6e7c68f-980c-468f-a11d-144f4b7d4905 req-3384dd10-c5a0-4a37-91dc-329b0f7a4880 tempest-VolumesTestJSON-1188068176 tempest-VolumesTestJSON-1188068176-project] Get all volumes completed successfully.
Jul 14 13:39:59.378688 dv-cinder-786927-3-smb devstack@c-api.service[106411]: INFO cinder.api.openstack.wsgi [None req-f06dde7d-0721-4ca6-8205-d7aad0963980 tempest-VolumesTransfersTest-2012671000 tempest-VolumesTransfersTest-2012671000-project] GET http://10.222.0.30/volume/v3/827d1fce8d87436fb769a641c48a3ca4/volumes/bce5be27-edbd-4d7f-a458-1c5b3876e2f2
Jul 14 13:39:59.379333 dv-cinder-786927-3-smb devstack@c-api.service[106411]: DEBUG cinder.api.openstack.wsgi [None req-f06dde7d-0721-4ca6-8205-d7aad0963980 tempest-VolumesTransfersTest-2012671000 tempest-VolumesTransfersTest-2012671000-project] Empty body provided in request {{(pid=106411) get_body /opt/stack/cinder/cinder/api/openstack/wsgi.py:713}}
Jul 14 13:39:59.379603 dv-cinder-786927-3-smb devstack@c-api.service[106411]: /usr/local/lib/python3.8/dist-packages/webob/acceptparse.py:1047: DeprecationWarning: The behavior of AcceptValidHeader.best_match is currently being maintained for backward compatibility, but it will be deprecated in the future, as it does not conform to the RFC.
Jul 14 13:39:59.379603 dv-cinder-786927-3-smb devstack@c-api.service[106411]: warnings.warn(
Jul 14 13:39:59.380026 dv-cinder-786927-3-smb devstack@c-api.service[106411]: DEBUG cinder.api.openstack.wsgi [None req-f06dde7d-0721-4ca6-8205-d7aad0963980 tempest-VolumesTransfersTest-2012671000 tempest-VolumesTransfersTest-2012671000-project] Calling method 'show' {{(pid=106411) _process_stack /opt/stack/cinder/cinder/api/openstack/wsgi.py:866}}
Jul 14 13:39:59.380210 dv-cinder-786927-3-smb devstack@c-api.service[106410]: /usr/local/lib/python3.8/dist-packages/oslo_context/context.py:105: DeprecationWarning: Policy enforcement is depending on the value of is_admin. This key is deprecated. Please update your policy file to use the standard policy values.
Jul 14 13:39:59.380210 dv-cinder-786927-3-smb devstack@c-api.service[106410]: warnings.warn('Policy enforcement is depending on the value of '
Jul 14 13:39:59.395662 dv-cinder-786927-3-smb devstack@c-api.service[106410]: INFO cinder.api.openstack.wsgi [req-b6e7c68f-980c-468f-a11d-144f4b7d4905 req-3384dd10-c5a0-4a37-91dc-329b0f7a4880 tempest-VolumesTestJSON-1188068176 tempest-VolumesTestJSON-1188068176-project] http://10.222.0.30/volume/v3/653aac2373d148659ef2411b38c857e8/volumes/detail returned with HTTP 200
Jul 14 13:39:59.396785 dv-cinder-786927-3-smb devstack@c-api.service[106410]: [pid: 106410|app: 0|req: 177/353] 10.222.0.30 () {60 vars in 1489 bytes} [Wed Jul 14 13:39:59 2021] GET /volume/v3/653aac2373d148659ef2411b38c857e8/volumes/detail => generated 2748 bytes in 110 msecs (HTTP/1.1 200) 7 headers in 286 bytes (1 switches on core 0)
Jul 14 13:39:59.398438 dv-cinder-786927-3-smb devstack@c-api.service[106411]: /usr/local/lib/python3.8/dist-packages/oslo_context/context.py:105: DeprecationWarning: Policy enforcement is depending on the value of is_admin. This key is deprecated. Please update your policy file to use the standard policy values.
Jul 14 13:39:59.398438 dv-cinder-786927-3-smb devstack@c-api.service[106411]: warnings.warn('Policy enforcement is depending on the value of '
Jul 14 13:39:59.409508 dv-cinder-786927-3-smb devstack@c-api.service[106411]: INFO cinder.volume.api [None req-f06dde7d-0721-4ca6-8205-d7aad0963980 tempest-VolumesTransfersTest-2012671000 tempest-VolumesTransfersTest-2012671000-project] Volume info retrieved successfully.
Jul 14 13:39:59.417051 dv-cinder-786927-3-smb devstack@c-api.service[106410]: INFO cinder.api.openstack.wsgi [None req-f1742034-03c4-4738-a265-71b80d21e938 tempest-VolumesTestJSON-1188068176 tempest-VolumesTestJSON-1188068176-project] DELETE http://10.222.0.30/volume/v3/653aac2373d148659ef2411b38c857e8/volumes/0c795da7-7a44-4a63-94be-b364e8e3f59c
Jul 14 13:39:59.418281 dv-cinder-786927-3-smb devstack@c-api.service[106410]: DEBUG cinder.api.openstack.wsgi [None req-f1742034-03c4-4738-a265-71b80d21e938 tempest-VolumesTestJSON-1188068176 tempest-VolumesTestJSON-1188068176-project] Empty body provided in request {{(pid=106410) get_body /opt/stack/cinder/cinder/api/openstack/wsgi.py:713}}
Jul 14 13:39:59.418457 dv-cinder-786927-3-smb devstack@c-api.service[106410]: /usr/local/lib/python3.8/dist-packages/webob/acceptparse.py:1047: DeprecationWarning: The behavior of AcceptValidHeader.best_match is currently being maintained for backward compatibility, but it will be deprecated in the future, as it does not conform to the RFC.
Jul 14 13:39:59.418457 dv-cinder-786927-3-smb devstack@c-api.service[106410]: warnings.warn(
Jul 14 13:39:59.418787 dv-cinder-786927-3-smb devstack@c-api.service[106410]: DEBUG cinder.api.openstack.wsgi [None req-f1742034-03c4-4738-a265-71b80d21e938 tempest-VolumesTestJSON-1188068176 tempest-VolumesTestJSON-1188068176-project] Calling method 'delete' {{(pid=106410) _process_stack /opt/stack/cinder/cinder/api/openstack/wsgi.py:866}}
Jul 14 13:39:59.419197 dv-cinder-786927-3-smb devstack@c-api.service[106410]: INFO cinder.api.v3.volumes [None req-f1742034-03c4-4738-a265-71b80d21e938 tempest-VolumesTestJSON-1188068176 tempest-VolumesTestJSON-1188068176-project] Delete volume with id: 0c795da7-7a44-4a63-94be-b364e8e3f59c
Jul 14 13:39:59.427998 dv-cinder-786927-3-smb devstack@c-api.service[106411]: INFO cinder.api.openstack.wsgi [None req-f06dde7d-0721-4ca6-8205-d7aad0963980 tempest-VolumesTransfersTest-2012671000 tempest-VolumesTransfersTest-2012671000-project] http://10.222.0.30/volume/v3/827d1fce8d87436fb769a641c48a3ca4/volumes/bce5be27-edbd-4d7f-a458-1c5b3876e2f2 returned with HTTP 200
Jul 14 13:39:59.429072 dv-cinder-786927-3-smb devstack@c-api.service[106411]: [pid: 106411|app: 0|req: 177/354] 10.222.0.30 () {58 vars in 1325 bytes} [Wed Jul 14 13:39:59 2021] GET /volume/v3/827d1fce8d87436fb769a641c48a3ca4/volumes/bce5be27-edbd-4d7f-a458-1c5b3876e2f2 => generated 913 bytes in 53 msecs (HTTP/1.1 200) 7 headers in 285 bytes (1 switches on core 0)
Jul 14 13:39:59.447862 dv-cinder-786927-3-smb devstack@c-api.service[106411]: INFO cinder.api.openstack.wsgi [None req-9e143ef7-d8ae-4b87-8108-9631bc03d67b tempest-VolumesTransfersTest-1086966095 tempest-VolumesTransfersTest-1086966095-project] DELETE http://10.222.0.30/volume/v3/5666ca01752c4ce5b647164ab010aa39/os-volume-transfer/c022cc25-b2b4-4201-a35f-16ad66092d21
Jul 14 13:39:59.449995 dv-cinder-786927-3-smb devstack@c-api.service[106411]: DEBUG cinder.api.openstack.wsgi [None req-9e143ef7-d8ae-4b87-8108-9631bc03d67b tempest-VolumesTransfersTest-1086966095 tempest-VolumesTransfersTest-1086966095-project] Empty body provided in request {{(pid=106411) get_body /opt/stack/cinder/cinder/api/openstack/wsgi.py:713}}
Jul 14 13:39:59.450314 dv-cinder-786927-3-smb devstack@c-api.service[106411]: /usr/local/lib/python3.8/dist-packages/webob/acceptparse.py:1047: DeprecationWarning: The behavior of AcceptValidHeader.best_match is currently being maintained for backward compatibility, but it will be deprecated in the future, as it does not conform to the RFC.
Jul 14 13:39:59.450314 dv-cinder-786927-3-smb devstack@c-api.service[106411]: warnings.warn(
Jul 14 13:39:59.450757 dv-cinder-786927-3-smb devstack@c-api.service[106411]: DEBUG cinder.api.openstack.wsgi [None req-9e143ef7-d8ae-4b87-8108-9631bc03d67b tempest-VolumesTransfersTest-1086966095 tempest-VolumesTransfersTest-1086966095-project] Calling method 'delete' {{(pid=106411) _process_stack /opt/stack/cinder/cinder/api/openstack/wsgi.py:866}}
Jul 14 13:39:59.451125 dv-cinder-786927-3-smb devstack@c-api.service[106411]: INFO cinder.api.contrib.volume_transfer [None req-9e143ef7-d8ae-4b87-8108-9631bc03d67b tempest-VolumesTransfersTest-1086966095 tempest-VolumesTransfersTest-1086966095-project] Delete transfer with id: c022cc25-b2b4-4201-a35f-16ad66092d21
Jul 14 13:39:59.460464 dv-cinder-786927-3-smb devstack@c-api.service[106410]: /usr/local/lib/python3.8/dist-packages/oslo_context/context.py:105: DeprecationWarning: Policy enforcement is depending on the value of is_admin. This key is deprecated. Please update your policy file to use the standard policy values.
Jul 14 13:39:59.460464 dv-cinder-786927-3-smb devstack@c-api.service[106410]: warnings.warn('Policy enforcement is depending on the value of '
Jul 14 13:39:59.462636 dv-cinder-786927-3-smb devstack@c-api.service[106410]: INFO cinder.volume.api [None req-f1742034-03c4-4738-a265-71b80d21e938 tempest-VolumesTestJSON-1188068176 tempest-VolumesTestJSON-1188068176-project] Volume info retrieved successfully.
Jul 14 13:39:59.464778 dv-cinder-786927-3-smb devstack@c-api.service[106411]: INFO cinder.api.openstack.wsgi [None req-9e143ef7-d8ae-4b87-8108-9631bc03d67b tempest-VolumesTransfersTest-1086966095 tempest-VolumesTransfersTest-1086966095-project] http://10.222.0.30/volume/v3/5666ca01752c4ce5b647164ab010aa39/os-volume-transfer/c022cc25-b2b4-4201-a35f-16ad66092d21 returned with HTTP 404
Jul 14 13:39:59.465864 dv-cinder-786927-3-smb devstack@c-api.service[106411]: [pid: 106411|app: 0|req: 178/355] 10.222.0.30 () {58 vars in 1361 bytes} [Wed Jul 14 13:39:59 2021] DELETE /volume/v3/5666ca01752c4ce5b647164ab010aa39/os-volume-transfer/c022cc25-b2b4-4201-a35f-16ad66092d21 => generated 111 bytes in 25 msecs (HTTP/1.1 404) 7 headers in 292 bytes (1 switches on core 0)
Jul 14 13:39:59.499916 dv-cinder-786927-3-smb devstack@c-api.service[106410]: INFO cinder.volume.api [None req-f1742034-03c4-4738-a265-71b80d21e938 tempest-VolumesTestJSON-1188068176 tempest-VolumesTestJSON-1188068176-project] Delete volume request issued successfully.
Jul 14 13:39:59.500567 dv-cinder-786927-3-smb devstack@c-api.service[106410]: INFO cinder.api.openstack.wsgi [None req-f1742034-03c4-4738-a265-71b80d21e938 tempest-VolumesTestJSON-1188068176 tempest-VolumesTestJSON-1188068176-project] http://10.222.0.30/volume/v3/653aac2373d148659ef2411b38c857e8/volumes/0c795da7-7a44-4a63-94be-b364e8e3f59c returned with HTTP 202
