Jul 14 14:02:28.780264 dv-cinder-786927-3-iscsi neutron-server[92929]: DEBUG neutron.plugins.ml2.managers [None req-da170066-268f-43a4-9195-314122a29f0c None None] Bound port: 64948ff6-f856-4f58-819e-90f492866358, host: dv-cinder-786927-3-iscsi, vif_type: ovs, vif_details: {"connectivity": "l2", "port_filter": true, "ovs_hybrid_plug": false, "datapath_type": "system", "bridge_name": "br-int"}, binding_levels: [{'bound_driver': 'openvswitch', 'bound_segment': {'id': '6371818f-9ff2-4a73-9823-d6df6cbf0e00', 'network_type': 'vlan', 'physical_network': 'physnet1', 'segmentation_id': 236, 'network_id': '960377c9-17a8-47b4-8a74-31a75ade7531'}}] {{(pid=92929) _bind_port_level /opt/stack/neutron/neutron/plugins/ml2/managers.py:928}}
Jul 14 14:02:28.780737 dv-cinder-786927-3-iscsi neutron-server[92929]: DEBUG neutron_lib.callbacks.manager [None req-da170066-268f-43a4-9195-314122a29f0c None None] Notify callbacks ['neutron.plugins.ml2.plugin.SecurityGroupDbMixin._ensure_default_security_group_handler-548349'] for port, before_update {{(pid=92929) _notify_loop /usr/local/lib/python3.8/dist-packages/neutron_lib/callbacks/manager.py:192}}
Jul 14 14:02:28.965169 dv-cinder-786927-3-iscsi neutron-server[92928]: DEBUG neutron.pecan_wsgi.hooks.policy_enforcement [req-3a5c5b99-9208-4196-a65f-f7eeab772c7c req-9a92d93f-0373-4c20-8106-13a0976e3435 tempest-ServerRescueNegativeTestJSON-1622586871 tempest-ServerRescueNegativeTestJSON-1622586871-project] Attributes excluded by policy engine: ['standard_attr_id', 'binding:profile', 'binding:host_id', 'binding:vif_type', 'binding:vif_details'] {{(pid=92928) _exclude_attributes_by_policy /opt/stack/neutron/neutron/pecan_wsgi/hooks/policy_enforcement.py:255}}
Jul 14 14:02:28.974215 dv-cinder-786927-3-iscsi neutron-server[92929]: DEBUG neutron.plugins.ml2.db [None req-da170066-268f-43a4-9195-314122a29f0c None None] For port 64948ff6-f856-4f58-819e-90f492866358, host dv-cinder-786927-3-iscsi, cleared binding levels {{(pid=92929) clear_binding_levels /opt/stack/neutron/neutron/plugins/ml2/db.py:87}}
Jul 14 14:02:28.976591 dv-cinder-786927-3-iscsi neutron-server[92928]: INFO neutron.wsgi [req-3a5c5b99-9208-4196-a65f-f7eeab772c7c req-9a92d93f-0373-4c20-8106-13a0976e3435 tempest-ServerRescueNegativeTestJSON-1622586871 tempest-ServerRescueNegativeTestJSON-1622586871-project] 10.222.0.57 "GET /v2.0/ports?device_id=61b66379-58fa-4812-bdd3-fc4d33bc2b26 HTTP/1.1" status: 200 len: 945 time: 0.3760242
Jul 14 14:02:28.980852 dv-cinder-786927-3-iscsi neutron-server[92929]: DEBUG neutron.plugins.ml2.db [None req-da170066-268f-43a4-9195-314122a29f0c None None] For port 64948ff6-f856-4f58-819e-90f492866358, host dv-cinder-786927-3-iscsi, set binding levels [PortBindingLevel(driver='openvswitch',host='dv-cinder-786927-3-iscsi',level=0,port_id=64948ff6-f856-4f58-819e-90f492866358,segment=NetworkSegment(6371818f-9ff2-4a73-9823-d6df6cbf0e00),segment_id=6371818f-9ff2-4a73-9823-d6df6cbf0e00)] {{(pid=92929) set_binding_levels /opt/stack/neutron/neutron/plugins/ml2/db.py:59}}
Jul 14 14:02:28.994012 dv-cinder-786927-3-iscsi neutron-server[92929]: DEBUG neutron_lib.callbacks.manager [None req-da170066-268f-43a4-9195-314122a29f0c None None] Notify callbacks ['neutron.plugins.ml2.plugin.SecurityGroupServerNotifierRpcMixin._notify_sg_on_port_change-548284', 'neutron.plugins.ml2.ovo_rpc._ObjectChangeHandler.handle_event-83589', 'neutron.api.rpc.agentnotifiers.dhcp_rpc_agent_api.DhcpAgentNotifyAPI._native_event_send_dhcp_notification-16476215', 'neutron.db.l3_db.L3RpcNotifierMixin._notify_gateway_port_ip_changed-8738287123447', 'neutron.db.l3_dvrscheduler_db._notify_l3_agent_port_update-8738286730954', 'neutron.db.l3_hascheduler_db._notify_l3_agent_ha_port_update-8738286730972'] for port, after_update {{(pid=92929) _notify_loop /usr/local/lib/python3.8/dist-packages/neutron_lib/callbacks/manager.py:192}}
Jul 14 14:02:29.022717 dv-cinder-786927-3-iscsi neutron-server[92928]: DEBUG neutron_lib.callbacks.manager [None req-a71e1b42-1ef0-4c29-bd62-94201a5505b4 admin admin] Notify callbacks [] for router_gateway, after_create {{(pid=92928) _notify_loop /usr/local/lib/python3.8/dist-packages/neutron_lib/callbacks/manager.py:192}}
Jul 14 14:02:29.108245 dv-cinder-786927-3-iscsi neutron-server[92928]: INFO neutron.wsgi [req-3a5c5b99-9208-4196-a65f-f7eeab772c7c req-93259ee7-9804-49f8-8d81-799ad9332547 tempest-ServerRescueNegativeTestJSON-1622586871 tempest-ServerRescueNegativeTestJSON-1622586871-project] 10.222.0.57 "GET /v2.0/security-groups?id=accbb1de-b951-4746-af39-b661ffdd8e3d&fields=id&fields=name HTTP/1.1" status: 200 len: 286 time: 0.1304176
Jul 14 14:02:29.271838 dv-cinder-786927-3-iscsi neutron-server[92929]: DEBUG neutron.api.rpc.handlers.resources_rpc [None req-da170066-268f-43a4-9195-314122a29f0c None None] Pushing event updated for resources: {'Port': ['ID=64948ff6-f856-4f58-819e-90f492866358,revision_number=2']} {{(pid=92929) push /opt/stack/neutron/neutron/api/rpc/handlers/resources_rpc.py:237}}
Jul 14 14:02:29.417291 dv-cinder-786927-3-iscsi neutron-server[92929]: DEBUG neutron.plugins.ml2.rpc [None req-bc9e6113-29c4-4902-aabe-c2eab7949e63 None None] Device 4045817e-182c-4e11-b614-b161766bb4b1 up at agent ovs-agent-dv-cinder-786927-3-iscsi {{(pid=92929) update_device_up /opt/stack/neutron/neutron/plugins/ml2/rpc.py:296}}
Jul 14 14:02:29.520066 dv-cinder-786927-3-iscsi neutron-server[92929]: DEBUG neutron.db.provisioning_blocks [None req-bc9e6113-29c4-4902-aabe-c2eab7949e63 None None] Provisioning for port 4045817e-182c-4e11-b614-b161766bb4b1 completed by entity L2. {{(pid=92929) provisioning_complete /opt/stack/neutron/neutron/db/provisioning_blocks.py:133}}
Jul 14 14:02:29.527652 dv-cinder-786927-3-iscsi neutron-server[92929]: DEBUG neutron.db.provisioning_blocks [None req-bc9e6113-29c4-4902-aabe-c2eab7949e63 None None] Provisioning complete for port 4045817e-182c-4e11-b614-b161766bb4b1 triggered by entity L2. {{(pid=92929) provisioning_complete /opt/stack/neutron/neutron/db/provisioning_blocks.py:139}}
Jul 14 14:02:29.528694 dv-cinder-786927-3-iscsi neutron-server[92929]: DEBUG neutron_lib.callbacks.manager [None req-bc9e6113-29c4-4902-aabe-c2eab7949e63 None None] Notify callbacks ['neutron.plugins.ml2.plugin.Ml2Plugin._port_provisioned-16120872'] for port, provisioning_complete {{(pid=92929) _notify_loop /usr/local/lib/python3.8/dist-packages/neutron_lib/callbacks/manager.py:192}}
Jul 14 14:02:29.644779 dv-cinder-786927-3-iscsi neutron-server[92928]: DEBUG neutron_lib.callbacks.manager [None req-a71e1b42-1ef0-4c29-bd62-94201a5505b4 admin admin] Notify callbacks ['neutron.services.l3_router.l3_router_plugin.L3_HA_NAT_db_mixin._after_router_create-16370514', 'neutron.services.l3_router.l3_router_plugin.DVRResourceOperationHandler._create_snat_interfaces_after_change-405964'] for router, after_create {{(pid=92928) _notify_loop /usr/local/lib/python3.8/dist-packages/neutron_lib/callbacks/manager.py:192}}
Jul 14 14:02:29.786917 dv-cinder-786927-3-iscsi neutron-server[92929]: DEBUG neutron_lib.callbacks.manager [None req-bc9e6113-29c4-4902-aabe-c2eab7949e63 None None] Notify callbacks ['neutron.plugins.ml2.plugin.SecurityGroupDbMixin._ensure_default_security_group_handler-548349'] for port, before_update {{(pid=92929) _notify_loop /usr/local/lib/python3.8/dist-packages/neutron_lib/callbacks/manager.py:192}}
Jul 14 14:02:29.889997 dv-cinder-786927-3-iscsi neutron-server[92929]: DEBUG neutron.plugins.ml2.db [None req-bc9e6113-29c4-4902-aabe-c2eab7949e63 None None] For port 4045817e-182c-4e11-b614-b161766bb4b1, host dv-cinder-786927-3-iscsi, got binding levels [PortBindingLevel(driver='openvswitch',host='dv-cinder-786927-3-iscsi',level=0,port_id=4045817e-182c-4e11-b614-b161766bb4b1,segment=NetworkSegment(0ec56c5e-2beb-4054-b4f7-34ce88325688),segment_id=0ec56c5e-2beb-4054-b4f7-34ce88325688)] {{(pid=92929) get_binding_level_objs /opt/stack/neutron/neutron/plugins/ml2/db.py:74}}
Jul 14 14:02:29.926327 dv-cinder-786927-3-iscsi neutron-server[92929]: DEBUG neutron_lib.callbacks.manager [None req-bc9e6113-29c4-4902-aabe-c2eab7949e63 None None] Notify callbacks ['neutron.plugins.ml2.plugin.SecurityGroupServerNotifierRpcMixin._notify_sg_on_port_change-548284', 'neutron.plugins.ml2.ovo_rpc._ObjectChangeHandler.handle_event-83589', 'neutron.api.rpc.agentnotifiers.dhcp_rpc_agent_api.DhcpAgentNotifyAPI._native_event_send_dhcp_notification-16476215', 'neutron.db.l3_db.L3RpcNotifierMixin._notify_gateway_port_ip_changed-8738287123447', 'neutron.db.l3_dvrscheduler_db._notify_l3_agent_port_update-8738286730954', 'neutron.db.l3_hascheduler_db._notify_l3_agent_ha_port_update-8738286730972'] for port, after_update {{(pid=92929) _notify_loop /usr/local/lib/python3.8/dist-packages/neutron_lib/callbacks/manager.py:192}}
Jul 14 14:02:30.049150 dv-cinder-786927-3-iscsi neutron-server[92929]: DEBUG neutron.api.rpc.handlers.resources_rpc [None req-bc9e6113-29c4-4902-aabe-c2eab7949e63 None None] Pushing event updated for resources: {'Port': ['ID=4045817e-182c-4e11-b614-b161766bb4b1,revision_number=5']} {{(pid=92929) push /opt/stack/neutron/neutron/api/rpc/handlers/resources_rpc.py:237}}
Jul 14 14:02:30.162186 dv-cinder-786927-3-iscsi neutron-server[92928]: DEBUG neutron.scheduler.l3_agent_scheduler [None req-a71e1b42-1ef0-4c29-bd62-94201a5505b4 admin admin] Router a14859af-fc9b-44b2-b5af-94b09230cfb8 is scheduled to L3 agent bd6c915f-038c-47ac-bceb-42dde037b48e with binding_index 1 {{(pid=92928) bind_router /opt/stack/neutron/neutron/scheduler/l3_agent_scheduler.py:210}}
Jul 14 14:02:31.012270 dv-cinder-786927-3-iscsi neutron-server[92929]: DEBUG neutron.api.rpc.handlers.dhcp_rpc [None req-5f231441-28e2-4e02-810c-6af46121d072 None None] Network 960377c9-17a8-47b4-8a74-31a75ade7531 requested from dv-cinder-786927-3-iscsi {{(pid=92929) get_network_info /opt/stack/neutron/neutron/api/rpc/handlers/dhcp_rpc.py:218}}
Jul 14 14:02:31.085835 dv-cinder-786927-3-iscsi neutron-server[92928]: DEBUG neutron.api.rpc.agentnotifiers.l3_rpc_agent_api [None req-a71e1b42-1ef0-4c29-bd62-94201a5505b4 admin admin] Notify agent at l3_agent.dv-cinder-786927-3-iscsi the message routers_updated {{(pid=92928) _agent_notification /opt/stack/neutron/neutron/api/rpc/agentnotifiers/l3_rpc_agent_api.py:65}}
Jul 14 14:02:31.114262 dv-cinder-786927-3-iscsi neutron-server[92928]: DEBUG neutron.pecan_wsgi.hooks.policy_enforcement [req-b4ef4e6d-fd39-46c4-a1ed-bdc2149a40fb req-1c18407d-e35e-42ae-9e57-e8209c71b2c6 tempest-ServerRescueNegativeTestJSON-1622586871 tempest-ServerRescueNegativeTestJSON-1622586871-project] Attributes excluded by policy engine: ['standard_attr_id', 'binding:profile', 'binding:host_id', 'binding:vif_type', 'binding:vif_details'] {{(pid=92928) _exclude_attributes_by_policy /opt/stack/neutron/neutron/pecan_wsgi/hooks/policy_enforcement.py:255}}
Jul 14 14:02:31.122117 dv-cinder-786927-3-iscsi neutron-server[92928]: INFO neutron.wsgi [req-b4ef4e6d-fd39-46c4-a1ed-bdc2149a40fb req-1c18407d-e35e-42ae-9e57-e8209c71b2c6 tempest-ServerRescueNegativeTestJSON-1622586871 tempest-ServerRescueNegativeTestJSON-1622586871-project] 10.222.0.57 "GET /v2.0/ports?device_id=61b66379-58fa-4812-bdd3-fc4d33bc2b26 HTTP/1.1" status: 200 len: 945 time: 0.1540956
Jul 14 14:02:31.126655 dv-cinder-786927-3-iscsi neutron-server[92928]: DEBUG neutron_lib.callbacks.manager [None req-a71e1b42-1ef0-4c29-bd62-94201a5505b4 admin admin] Notify callbacks [] for router, before_response {{(pid=92928) _notify_loop /usr/local/lib/python3.8/dist-packages/neutron_lib/callbacks/manager.py:192}}
Jul 14 14:02:31.132875 dv-cinder-786927-3-iscsi neutron-server[92928]: INFO neutron.wsgi [None req-a71e1b42-1ef0-4c29-bd62-94201a5505b4 admin admin] 10.222.0.57 "POST /v2.0/routers HTTP/1.1" status: 201 len: 917 time: 4.3678913
Jul 14 14:02:31.133195 dv-cinder-786927-3-iscsi neutron-server[92927]: DEBUG neutron.wsgi [-] (92927) accepted ('10.222.0.57', 51094) {{(pid=92927) server /usr/local/lib/python3.8/dist-packages/eventlet/wsgi.py:982}}
Jul 14 14:02:31.143206 dv-cinder-786927-3-iscsi neutron-server[92930]: DEBUG neutron.api.rpc.handlers.l3_rpc [None req-b2ce41d9-9e26-4b96-abb3-0fb22f173ebd None None] Sync routers for ids ['a14859af-fc9b-44b2-b5af-94b09230cfb8'] in dv-cinder-786927-3-iscsi {{(pid=92930) sync_routers /opt/stack/neutron/neutron/api/rpc/handlers/l3_rpc.py:125}}
Jul 14 14:02:31.168718 dv-cinder-786927-3-iscsi neutron-server[92930]: DEBUG neutron.db.l3_dvrscheduler_db [None req-b2ce41d9-9e26-4b96-abb3-0fb22f173ebd None None] Routers {'a14859af-fc9b-44b2-b5af-94b09230cfb8'} bound to L3 agent in host dv-cinder-786927-3-iscsi {{(pid=92930) _get_router_ids_for_agent /opt/stack/neutron/neutron/db/l3_dvrscheduler_db.py:420}}
Jul 14 14:02:31.176129 dv-cinder-786927-3-iscsi neutron-server[92930]: DEBUG neutron.db.l3_hamode_db [None req-b2ce41d9-9e26-4b96-abb3-0fb22f173ebd None None] neutron.services.l3_router.l3_router_plugin.L3RouterPlugin method get_ha_sync_data_for_host called with arguments (, 'dv-cinder-786927-3-iscsi', Agent(admin_state_up=True,agent_type='L3 agent',availability_zone='nova',binary='neutron-l3-agent',configurations={"agent_mode": "legacy", "ex_gw_ports": 3, "extensions": [], "floating_ips": 1, "handle_internal_only_routers": true, "interface_driver": "openvswitch", "interfaces": 3, "log_agent_heartbeats": false, "routers": 3},created_at=2021-07-14T13:53:46Z,description=,heartbeat_timestamp=2021-07-14T14:02:16Z,host='dv-cinder-786927-3-iscsi',id=bd6c915f-038c-47ac-bceb-42dde037b48e,load=0,resource_versions=,resources_synced=,started_at=2021-07-14T13:53:46Z,topic='l3_agent')) {'router_ids': ['a14859af-fc9b-44b2-b5af-94b09230cfb8'], 'active': True} {{(pid=92930) wrapper /usr/local/lib/python3.8/dist-packages/oslo_log/helpers.py:65}}
Jul 14 14:02:31.194135 dv-cinder-786927-3-iscsi neutron-server[92928]: INFO neutron.wsgi [req-b4ef4e6d-fd39-46c4-a1ed-bdc2149a40fb req-0b944091-66bf-42f5-9ffe-f31654a047a3 tempest-ServerRescueNegativeTestJSON-1622586871 tempest-ServerRescueNegativeTestJSON-1622586871-project] 10.222.0.57 "GET /v2.0/security-groups?id=accbb1de-b951-4746-af39-b661ffdd8e3d&fields=id&fields=name HTTP/1.1" status: 200 len: 286 time: 0.0710371
Jul 14 14:02:31.405009 dv-cinder-786927-3-iscsi neutron-server[92929]: DEBUG neutron.db.provisioning_blocks [None req-8b273a0d-d03e-4386-89d5-daf5307409ac None None] Provisioning for port 64948ff6-f856-4f58-819e-90f492866358 completed by entity DHCP. {{(pid=92929) provisioning_complete /opt/stack/neutron/neutron/db/provisioning_blocks.py:133}}
Jul 14 14:02:31.503182 dv-cinder-786927-3-iscsi neutron-server[92929]: DEBUG neutron.plugins.ml2.rpc [None req-bc9e6113-29c4-4902-aabe-c2eab7949e63 None None] Device 4045817e-182c-4e11-b614-b161766bb4b1 up at agent ovs-agent-dv-cinder-786927-3-iscsi {{(pid=92929) update_device_up /opt/stack/neutron/neutron/plugins/ml2/rpc.py:296}}
Jul 14 14:02:31.836846 dv-cinder-786927-3-iscsi neutron-server[92930]: DEBUG neutron.db.l3_dvr_db [None req-b2ce41d9-9e26-4b96-abb3-0fb22f173ebd None None] Set router a14859af-fc9b-44b2-b5af-94b09230cfb8 gateway port host: dv-cinder-786927-3-iscsi {{(pid=92930) _build_routers_list /opt/stack/neutron/neutron/db/l3_dvr_db.py:894}}
Jul 14 14:02:31.857117 dv-cinder-786927-3-iscsi neutron-server[92928]: DEBUG neutron.wsgi [-] (92928) accepted ('10.222.0.57', 51120) {{(pid=92928) server /usr/local/lib/python3.8/dist-packages/eventlet/wsgi.py:982}}
Jul 14 14:02:31.893525 dv-cinder-786927-3-iscsi neutron-server[92929]: DEBUG neutron.db.provisioning_blocks [None req-bc9e6113-29c4-4902-aabe-c2eab7949e63 None None] Provisioning complete for port 4045817e-182c-4e11-b614-b161766bb4b1 triggered by entity L2. {{(pid=92929) provisioning_complete /opt/stack/neutron/neutron/db/provisioning_blocks.py:139}}
Jul 14 14:02:31.894562 dv-cinder-786927-3-iscsi neutron-server[92929]: DEBUG neutron_lib.callbacks.manager [None req-bc9e6113-29c4-4902-aabe-c2eab7949e63 None None] Notify callbacks ['neutron.plugins.ml2.plugin.Ml2Plugin._port_provisioned-16120872'] for port, provisioning_complete {{(pid=92929) _notify_loop /usr/local/lib/python3.8/dist-packages/neutron_lib/callbacks/manager.py:192}}
Jul 14 14:02:31.995072 dv-cinder-786927-3-iscsi neutron-server[92928]: DEBUG neutron.db.db_base_plugin_v2 [None req-2f762b49-c3a4-4f2b-9d38-402c0eae0bb7 admin admin] Deleting subnet f8ffbaef-3285-4ef1-86ba-3983b4f0ac52 {{(pid=92928) delete_subnet /opt/stack/neutron/neutron/db/db_base_plugin_v2.py:1055}}
Jul 14 14:02:32.009013 dv-cinder-786927-3-iscsi neutron-server[92928]: DEBUG neutron_lib.callbacks.manager [None req-2f762b49-c3a4-4f2b-9d38-402c0eae0bb7 admin admin] Notify callbacks [] for subnet, before_delete {{(pid=92928) _notify_loop /usr/local/lib/python3.8/dist-packages/neutron_lib/callbacks/manager.py:192}}
Jul 14 14:02:32.125036 dv-cinder-786927-3-iscsi neutron-server[92928]: DEBUG neutron_lib.callbacks.manager [None req-2f762b49-c3a4-4f2b-9d38-402c0eae0bb7 admin admin] Notify callbacks ['neutron.services.segments.plugin.Plugin._validate_auto_address_subnet_delete-3973850'] for subnet, precommit_delete_associations {{(pid=92928) _notify_loop /usr/local/lib/python3.8/dist-packages/neutron_lib/callbacks/manager.py:192}}
Jul 14 14:02:32.213924 dv-cinder-786927-3-iscsi neutron-server[92928]: DEBUG neutron_lib.callbacks.manager [None req-2f762b49-c3a4-4f2b-9d38-402c0eae0bb7 admin admin] Notify callbacks ['neutron.plugins.ml2.plugin.Ml2Plugin._subnet_delete_precommit_handler-16106302'] for subnet, precommit_delete {{(pid=92928) _notify_loop /usr/local/lib/python3.8/dist-packages/neutron_lib/callbacks/manager.py:192}}
Jul 14 14:02:32.332171 dv-cinder-786927-3-iscsi neutron-server[92929]: DEBUG neutron.plugins.ml2.rpc [None req-bc9e6113-29c4-4902-aabe-c2eab7949e63 None None] Device 64948ff6-f856-4f58-819e-90f492866358 up at agent ovs-agent-dv-cinder-786927-3-iscsi {{(pid=92929) update_device_up /opt/stack/neutron/neutron/plugins/ml2/rpc.py:296}}
Jul 14 14:02:32.415532 dv-cinder-786927-3-iscsi neutron-server[92928]: DEBUG neutron_lib.callbacks.manager [None req-2f762b49-c3a4-4f2b-9d38-402c0eae0bb7 admin admin] Notify callbacks ['neutron.plugins.ml2.plugin.Ml2Plugin._subnet_delete_after_delete_handler-16106247', 'neutron.plugins.ml2.ovo_rpc._ObjectChangeHandler.handle_event-16487748', 'neutron.api.rpc.agentnotifiers.dhcp_rpc_agent_api.DhcpAgentNotifyAPI._native_event_send_dhcp_notification-16476215', 'neutron.services.segments.plugin.NovaSegmentNotifier._notify_subnet_deleted-3973698', 'neutron.services.segments.plugin.SegmentHostRoutes.host_routes_after_delete-4014944'] for subnet, after_delete {{(pid=92928) _notify_loop /usr/local/lib/python3.8/dist-packages/neutron_lib/callbacks/manager.py:192}}
Jul 14 14:02:32.499056 dv-cinder-786927-3-iscsi neutron-server[92928]: DEBUG neutron.api.rpc.handlers.resources_rpc [None req-2f762b49-c3a4-4f2b-9d38-402c0eae0bb7 admin admin] Pushing event deleted for resources: {'Subnet': ['ID=f8ffbaef-3285-4ef1-86ba-3983b4f0ac52,revision_number=None']} {{(pid=92928) push /opt/stack/neutron/neutron/api/rpc/handlers/resources_rpc.py:237}}
Jul 14 14:02:32.513146 dv-cinder-786927-3-iscsi neutron-server[92928]: DEBUG neutron_lib.callbacks.manager [None req-2f762b49-c3a4-4f2b-9d38-402c0eae0bb7 admin admin] Notify callbacks [] for subnet, before_response {{(pid=92928) _notify_loop /usr/local/lib/python3.8/dist-packages/neutron_lib/callbacks/manager.py:192}}
Jul 14 14:02:32.515914 dv-cinder-786927-3-iscsi neutron-server[92928]: INFO neutron.wsgi [None req-2f762b49-c3a4-4f2b-9d38-402c0eae0bb7 admin admin] 10.222.0.57 "DELETE /v2.0/subnets/f8ffbaef-3285-4ef1-86ba-3983b4f0ac52 HTTP/1.1" status: 204 len: 168 time: 0.6569898
Jul 14 14:02:32.522943 dv-cinder-786927-3-iscsi neutron-server[92927]: DEBUG neutron.wsgi [-] (92927) accepted ('10.222.0.57', 51136) {{(pid=92927) server /usr/local/lib/python3.8/dist-packages/eventlet/wsgi.py:982}}
Jul 14 14:02:32.568810 dv-cinder-786927-3-iscsi neutron-server[92929]: DEBUG neutron.db.provisioning_blocks [None req-bc9e6113-29c4-4902-aabe-c2eab7949e63 None None] Provisioning for port 64948ff6-f856-4f58-819e-90f492866358 completed by entity L2. {{(pid=92929) provisioning_complete /opt/stack/neutron/neutron/db/provisioning_blocks.py:133}}
Jul 14 14:02:32.579095 dv-cinder-786927-3-iscsi neutron-server[92929]: DEBUG neutron.db.provisioning_blocks [None req-bc9e6113-29c4-4902-aabe-c2eab7949e63 None None] Provisioning complete for port 64948ff6-f856-4f58-819e-90f492866358 triggered by entity L2. {{(pid=92929) provisioning_complete /opt/stack/neutron/neutron/db/provisioning_blocks.py:139}}
Jul 14 14:02:32.579746 dv-cinder-786927-3-iscsi neutron-server[92929]: DEBUG neutron_lib.callbacks.manager [None req-bc9e6113-29c4-4902-aabe-c2eab7949e63 None None] Notify callbacks ['neutron.plugins.ml2.plugin.Ml2Plugin._port_provisioned-16120872'] for port, provisioning_complete {{(pid=92929) _notify_loop /usr/local/lib/python3.8/dist-packages/neutron_lib/callbacks/manager.py:192}}
Jul 14 14:02:32.609936 dv-cinder-786927-3-iscsi neutron-server[92930]: DEBUG neutron.db.l3_hamode_db [None req-b2ce41d9-9e26-4b96-abb3-0fb22f173ebd None None] neutron.services.l3_router.l3_router_plugin.L3RouterPlugin method _process_sync_ha_data called with arguments (, [{'id': 'a14859af-fc9b-44b2-b5af-94b09230cfb8', 'name': 'tempest-TestShelveInstance-99644648-router', 'tenant_id': '228f35c1a774411699d3856bcf4f18a0', 'admin_state_up': True, 'status': 'ACTIVE', 'external_gateway_info': {'network_id': 'aee5fac4-045e-4b71-9019-7c5205bf3b95', 'external_fixed_ips': [{'subnet_id': '75065870-657b-413c-99c1-a0b46764d19f', 'ip_address': '172.27.0.8'}], 'enable_snat': True}, 'gw_port_id': '72a2c77d-d14d-4e26-b1fe-0219dacf210e', 'description': '', 'availability_zones': ['nova'], 'distributed': False, 'ha': False, 'ha_vr_id': 0, 'availability_zone_hints': [], 'routes': [], 'flavor_id': None, 'tags': [], 'created_at': '2021-07-14T14:02:26Z', 'updated_at': '2021-07-14T14:02:28Z', 'revision_number': 3, 'project_id': '228f35c1a774411699d3856bcf4f18a0', 'gw_port': {'id': '72a2c77d-d14d-4e26-b1fe-0219dacf210e', 'name': '', 'network_id': 'aee5fac4-045e-4b71-9019-7c5205bf3b95', 'tenant_id': '', 'mac_address': 'fa:16:3e:35:41:40', 'admin_state_up': True, 'status': 'DOWN', 'device_id': 'a14859af-fc9b-44b2-b5af-94b09230cfb8', 'device_owner': 'network:router_gateway', 'standard_attr_id': 257, 'fixed_ips': [{'subnet_id': '75065870-657b-413c-99c1-a0b46764d19f', 'ip_address': '172.27.0.8', 'prefixlen': 24}], 'allowed_address_pairs': [], 'extra_dhcp_opts': [], 'security_groups': [], 'description': '', 'binding:vnic_type': 'normal', 'binding:profile': {}, 'binding:host_id': '', 'binding:vif_type': 'unbound', 'binding:vif_details': {}, 'port_security_enabled': False, 'tags': [], 'created_at': '2021-07-14T14:02:27Z', 'updated_at': '2021-07-14T14:02:28Z', 'revision_number': 1, 'project_id': '', 'subnets': [{'id': '75065870-657b-413c-99c1-a0b46764d19f', 'cidr': '172.27.0.0/24', 'gateway_ip': '172.27.0.1', 'dns_nameservers': [], 'ipv6_ra_mode': None, 'subnetpool_id': None}], 'extra_subnets': [], 'address_scopes': {4: None, 6: None}, 'mtu': 1500}, 'enable_snat': True, 'gw_port_host': 'dv-cinder-786927-3-iscsi'}], 'dv-cinder-786927-3-iscsi', False) {} {{(pid=92930) wrapper /usr/local/lib/python3.8/dist-packages/oslo_log/helpers.py:65}}
Jul 14 14:02:32.646985 dv-cinder-786927-3-iscsi neutron-server[92930]: DEBUG neutron.api.rpc.handlers.l3_rpc [None req-b2ce41d9-9e26-4b96-abb3-0fb22f173ebd None None] Checking router: a14859af-fc9b-44b2-b5af-94b09230cfb8 for host: dv-cinder-786927-3-iscsi {{(pid=92930) _ensure_host_set_on_ports /opt/stack/neutron/neutron/api/rpc/handlers/l3_rpc.py:155}}
Jul 14 14:02:32.647669 dv-cinder-786927-3-iscsi neutron-server[92930]: DEBUG neutron.api.rpc.handlers.l3_rpc [None req-b2ce41d9-9e26-4b96-abb3-0fb22f173ebd None None] Updating router a14859af-fc9b-44b2-b5af-94b09230cfb8 port 72a2c77d-d14d-4e26-b1fe-0219dacf210e binding host dv-cinder-786927-3-iscsi {{(pid=92930) _ensure_host_set_on_port /opt/stack/neutron/neutron/api/rpc/handlers/l3_rpc.py:205}}
Jul 14 14:02:32.656287 dv-cinder-786927-3-iscsi neutron-server[92928]: DEBUG neutron.pecan_wsgi.hooks.policy_enforcement [req-268d7bec-f9e9-4522-b5d8-aa342b6dcfb9 req-80bf1a11-269c-4cd1-affd-33b6418a0a47 tempest-ServerRescueNegativeTestJSON-1622586871 tempest-ServerRescueNegativeTestJSON-1622586871-project] Attributes excluded by policy engine: ['standard_attr_id', 'binding:profile', 'binding:host_id', 'binding:vif_type', 'binding:vif_details'] {{(pid=92928) _exclude_attributes_by_policy /opt/stack/neutron/neutron/pecan_wsgi/hooks/policy_enforcement.py:255}}
Jul 14 14:02:32.673194 dv-cinder-786927-3-iscsi neutron-server[92928]: INFO neutron.wsgi [req-268d7bec-f9e9-4522-b5d8-aa342b6dcfb9 req-80bf1a11-269c-4cd1-affd-33b6418a0a47 tempest-ServerRescueNegativeTestJSON-1622586871 tempest-ServerRescueNegativeTestJSON-1622586871-project] 10.222.0.57 "GET /v2.0/ports?device_id=61b66379-58fa-4812-bdd3-fc4d33bc2b26 HTTP/1.1" status: 200 len: 945 time: 0.1226072
Jul 14 14:02:32.700017 dv-cinder-786927-3-iscsi neutron-server[92930]: DEBUG neutron_lib.callbacks.manager [None req-b2ce41d9-9e26-4b96-abb3-0fb22f173ebd None None] Notify callbacks ['neutron.plugins.ml2.plugin.SecurityGroupDbMixin._ensure_default_security_group_handler-548349'] for port, before_update {{(pid=92930) _notify_loop /usr/local/lib/python3.8/dist-packages/neutron_lib/callbacks/manager.py:192}}
Jul 14 14:02:32.744079 dv-cinder-786927-3-iscsi neutron-server[92928]: INFO neutron.wsgi [req-268d7bec-f9e9-4522-b5d8-aa342b6dcfb9 req-c383ea3a-2d09-45e2-9ee9-b7bfc8c3abbd tempest-ServerRescueNegativeTestJSON-1622586871 tempest-ServerRescueNegativeTestJSON-1622586871-project] 10.222.0.57 "GET /v2.0/security-groups?id=accbb1de-b951-4746-af39-b661ffdd8e3d&fields=id&fields=name HTTP/1.1" status: 200 len: 286 time: 0.0679529
Jul 14 14:02:32.804746 dv-cinder-786927-3-iscsi neutron-server[92929]: DEBUG neutron.db.provisioning_blocks [None req-f8b7ac68-6db3-49ec-8edf-7a8a2a6ebbbd None None] Provisioning complete for port 64948ff6-f856-4f58-819e-90f492866358 triggered by entity DHCP. {{(pid=92929) provisioning_complete /opt/stack/neutron/neutron/db/provisioning_blocks.py:139}}
Jul 14 14:02:32.806035 dv-cinder-786927-3-iscsi neutron-server[92929]: DEBUG neutron_lib.callbacks.manager [None req-f8b7ac68-6db3-49ec-8edf-7a8a2a6ebbbd None None] Notify callbacks ['neutron.plugins.ml2.plugin.Ml2Plugin._port_provisioned-16120872'] for port, provisioning_complete {{(pid=92929) _notify_loop /usr/local/lib/python3.8/dist-packages/neutron_lib/callbacks/manager.py:192}}
Jul 14 14:02:32.814795 dv-cinder-786927-3-iscsi neutron-server[92927]: DEBUG neutron_lib.callbacks.manager [None req-819b8a29-ccfa-45ed-8e6f-296123329112 admin admin] Notify callbacks ['neutron.plugins.ml2.plugin.SecurityGroupDbMixin._ensure_default_security_group_handler-548349'] for port, before_create {{(pid=92927) _notify_loop /usr/local/lib/python3.8/dist-packages/neutron_lib/callbacks/manager.py:192}}
Jul 14 14:02:32.844827 dv-cinder-786927-3-iscsi neutron-server[92929]: DEBUG neutron_lib.callbacks.manager [None req-bc9e6113-29c4-4902-aabe-c2eab7949e63 None None] Notify callbacks ['neutron.plugins.ml2.plugin.SecurityGroupDbMixin._ensure_default_security_group_handler-548349'] for port, before_update {{(pid=92929) _notify_loop /usr/local/lib/python3.8/dist-packages/neutron_lib/callbacks/manager.py:192}}
Jul 14 14:02:32.902427 dv-cinder-786927-3-iscsi neutron-server[92929]: DEBUG neutron.plugins.ml2.db [None req-bc9e6113-29c4-4902-aabe-c2eab7949e63 None None] For port 64948ff6-f856-4f58-819e-90f492866358, host dv-cinder-786927-3-iscsi, got binding levels [PortBindingLevel(driver='openvswitch',host='dv-cinder-786927-3-iscsi',level=0,port_id=64948ff6-f856-4f58-819e-90f492866358,segment=NetworkSegment(6371818f-9ff2-4a73-9823-d6df6cbf0e00),segment_id=6371818f-9ff2-4a73-9823-d6df6cbf0e00)] {{(pid=92929) get_binding_level_objs /opt/stack/neutron/neutron/plugins/ml2/db.py:74}}
Jul 14 14:02:32.912739 dv-cinder-786927-3-iscsi neutron-server[92929]: DEBUG neutron_lib.callbacks.manager [None req-bc9e6113-29c4-4902-aabe-c2eab7949e63 None None] Notify callbacks ['neutron.plugins.ml2.plugin.SecurityGroupServerNotifierRpcMixin._notify_sg_on_port_change-548284', 'neutron.plugins.ml2.ovo_rpc._ObjectChangeHandler.handle_event-83589', 'neutron.api.rpc.agentnotifiers.dhcp_rpc_agent_api.DhcpAgentNotifyAPI._native_event_send_dhcp_notification-16476215', 'neutron.db.l3_db.L3RpcNotifierMixin._notify_gateway_port_ip_changed-8738287123447', 'neutron.db.l3_dvrscheduler_db._notify_l3_agent_port_update-8738286730954', 'neutron.db.l3_hascheduler_db._notify_l3_agent_ha_port_update-8738286730972'] for port, after_update {{(pid=92929) _notify_loop /usr/local/lib/python3.8/dist-packages/neutron_lib/callbacks/manager.py:192}}
Jul 14 14:02:33.009386 dv-cinder-786927-3-iscsi neutron-server[92927]: DEBUG neutron_lib.callbacks.manager [None req-bcab8280-b9c1-4c94-9a54-9acf130cb1ff admin admin] Notify callbacks ['neutron.plugins.ml2.plugin.External_net_db_mixin._before_network_delete_handler-726427'] for network, before_delete {{(pid=92927) _notify_loop /usr/local/lib/python3.8/dist-packages/neutron_lib/callbacks/manager.py:192}}
Jul 14 14:02:33.017076 dv-cinder-786927-3-iscsi neutron-server[92929]: DEBUG neutron.api.rpc.handlers.resources_rpc [None req-bc9e6113-29c4-4902-aabe-c2eab7949e63 None None] Pushing event updated for resources: {'Port': ['ID=64948ff6-f856-4f58-819e-90f492866358,revision_number=3']} {{(pid=92929) push /opt/stack/neutron/neutron/api/rpc/handlers/resources_rpc.py:237}}
Jul 14 14:02:33.098725 dv-cinder-786927-3-iscsi neutron-server[92930]: DEBUG neutron_lib.callbacks.manager [None req-b2ce41d9-9e26-4b96-abb3-0fb22f173ebd None None] Notify callbacks [] for port, precommit_update {{(pid=92930) _notify_loop /usr/local/lib/python3.8/dist-packages/neutron_lib/callbacks/manager.py:192}}
Jul 14 14:02:33.111055 dv-cinder-786927-3-iscsi neutron-server[92930]: DEBUG neutron.db.provisioning_blocks [None req-b2ce41d9-9e26-4b96-abb3-0fb22f173ebd None None] Transition to ACTIVE for port object 72a2c77d-d14d-4e26-b1fe-0219dacf210e will not be triggered until provisioned by entity L2. {{(pid=92930) add_provisioning_component /opt/stack/neutron/neutron/db/provisioning_blocks.py:73}}
Jul 14 14:02:33.120623 dv-cinder-786927-3-iscsi neutron-server[92930]: DEBUG neutron_lib.callbacks.manager [None req-b2ce41d9-9e26-4b96-abb3-0fb22f173ebd None None] Notify callbacks ['neutron.plugins.ml2.plugin.SecurityGroupServerNotifierRpcMixin._notify_sg_on_port_change-548284', 'neutron.plugins.ml2.ovo_rpc._ObjectChangeHandler.handle_event-83589', 'neutron.api.rpc.agentnotifiers.dhcp_rpc_agent_api.DhcpAgentNotifyAPI._native_event_send_dhcp_notification-16476215', 'neutron.db.l3_db.L3RpcNotifierMixin._notify_gateway_port_ip_changed-8738287123447', 'neutron.db.l3_dvrscheduler_db._notify_l3_agent_port_update-8738286730954', 'neutron.db.l3_hascheduler_db._notify_l3_agent_ha_port_update-8738286730972'] for port, after_update {{(pid=92930) _notify_loop /usr/local/lib/python3.8/dist-packages/neutron_lib/callbacks/manager.py:192}}
Jul 14 14:02:33.169477 dv-cinder-786927-3-iscsi neutron-server[92930]: DEBUG neutron.plugins.ml2.managers [None req-b2ce41d9-9e26-4b96-abb3-0fb22f173ebd None None] Attempting to bind port 72a2c77d-d14d-4e26-b1fe-0219dacf210e on host dv-cinder-786927-3-iscsi for vnic_type normal with profile {{(pid=92930) bind_port /opt/stack/neutron/neutron/plugins/ml2/managers.py:790}}
Jul 14 14:02:33.169854 dv-cinder-786927-3-iscsi neutron-server[92930]: DEBUG neutron.plugins.ml2.managers [None req-b2ce41d9-9e26-4b96-abb3-0fb22f173ebd None None] Attempting to bind port 72a2c77d-d14d-4e26-b1fe-0219dacf210e by drivers openvswitch,hyperv on host dv-cinder-786927-3-iscsi at level 0 using segments [{'id': '2720ba2e-84db-434a-839f-4fa7ed257908', 'network_type': 'flat', 'physical_network': 'physnet1', 'segmentation_id': None, 'network_id': 'aee5fac4-045e-4b71-9019-7c5205bf3b95'}] {{(pid=92930) _bind_port_level /opt/stack/neutron/neutron/plugins/ml2/managers.py:815}}
Jul 14 14:02:33.170217 dv-cinder-786927-3-iscsi neutron-server[92930]: DEBUG neutron.plugins.ml2.drivers.mech_agent [None req-b2ce41d9-9e26-4b96-abb3-0fb22f173ebd None None] Attempting to bind port 72a2c77d-d14d-4e26-b1fe-0219dacf210e on network aee5fac4-045e-4b71-9019-7c5205bf3b95 {{(pid=92930) bind_port /opt/stack/neutron/neutron/plugins/ml2/drivers/mech_agent.py:86}}
Jul 14 14:02:33.182776 dv-cinder-786927-3-iscsi neutron-server[92930]: DEBUG neutron.plugins.ml2.drivers.mech_agent [None req-b2ce41d9-9e26-4b96-abb3-0fb22f173ebd None None] Checking agent: {'id': 'a0a218a2-a7a6-4233-9954-64a539e4f2a2', 'agent_type': 'Open vSwitch agent', 'binary': 'neutron-openvswitch-agent', 'topic': 'N/A', 'host': 'dv-cinder-786927-3-iscsi', 'admin_state_up': True, 'created_at': datetime.datetime(2021, 7, 14, 13, 53, 46), 'started_at': datetime.datetime(2021, 7, 14, 13, 54, 16), 'heartbeat_timestamp': datetime.datetime(2021, 7, 14, 14, 2, 16), 'description': None, 'resources_synced': None, 'availability_zone': None, 'alive': True, 'configurations': {'arp_responder_enabled': False, 'baremetal_smartnic': False, 'bridge_mappings': {'physnet1': 'br-data'}, 'datapath_type': 'system', 'devices': 0, 'enable_distributed_routing': False, 'extensions': [], 'in_distributed_mode': False, 'integration_bridge': 'br-int', 'l2_population': False, 'log_agent_heartbeats': False, 'ovs_capabilities': {'datapath_types': ['netdev', 'system'], 'iface_types': ['erspan', 'geneve', 'gre', 'internal', 'ip6erspan', 'ip6gre', 'lisp', 'patch', 'stt', 'system', 'tap', 'vxlan']}, 'ovs_hybrid_plug': False, 'resource_provider_bandwidths': {}, 'resource_provider_hypervisors': {'br-data': 'dv-cinder-786927-3-iscsi'}, 'resource_provider_inventory_defaults': {'allocation_ratio': 1.0, 'min_unit': 1, 'step_size': 1, 'reserved': 0}, 'tunnel_types': [], 'tunneling_ip': None, 'vhostuser_socket_dir': '/var/run/openvswitch'}, 'resource_versions': {'AddressGroup': '1.2', 'ConntrackHelper': '1.0', 'Log': '1.0', 'Network': '1.1', 'Port': '1.7', 'PortForwarding': '1.2', 'QosPolicy': '1.8', 'SecurityGroup': '1.4', 'SecurityGroupRule': '1.2', 'SubPort': '1.0', 'Subnet': '1.1', 'Trunk': '1.1'}} {{(pid=92930) bind_port /opt/stack/neutron/neutron/plugins/ml2/drivers/mech_agent.py:105}}
Jul 14 14:02:33.183132 dv-cinder-786927-3-iscsi neutron-server[92930]: DEBUG neutron.plugins.ml2.drivers.mech_agent [None req-b2ce41d9-9e26-4b96-abb3-0fb22f173ebd None None] Checking segment: {'id': '2720ba2e-84db-434a-839f-4fa7ed257908', 'network_type': 'flat', 'physical_network': 'physnet1', 'segmentation_id': None, 'network_id': 'aee5fac4-045e-4b71-9019-7c5205bf3b95'} for mappings: {'physnet1': 'br-data'} with network types: ['local', 'flat', 'vlan'] {{(pid=92930) check_segment_for_agent /opt/stack/neutron/neutron/plugins/ml2/drivers/mech_agent.py:341}}
Jul 14 14:02:33.183530 dv-cinder-786927-3-iscsi neutron-server[92930]: DEBUG neutron_lib.callbacks.manager [None req-b2ce41d9-9e26-4b96-abb3-0fb22f173ebd None None] Notify callbacks [] for ovs_bridge_name, before_read {{(pid=92930) _notify_loop /usr/local/lib/python3.8/dist-packages/neutron_lib/callbacks/manager.py:192}}
Jul 14 14:02:33.183920 dv-cinder-786927-3-iscsi neutron-server[92930]: DEBUG neutron.plugins.ml2.drivers.mech_agent [None req-b2ce41d9-9e26-4b96-abb3-0fb22f173ebd None None] Bound using segment: {'id': '2720ba2e-84db-434a-839f-4fa7ed257908', 'network_type': 'flat', 'physical_network': 'physnet1', 'segmentation_id': None, 'network_id': 'aee5fac4-045e-4b71-9019-7c5205bf3b95'} {{(pid=92930) bind_port /opt/stack/neutron/neutron/plugins/ml2/drivers/mech_agent.py:115}}
Jul 14 14:02:33.184397 dv-cinder-786927-3-iscsi neutron-server[92930]: DEBUG neutron.plugins.ml2.managers [None req-b2ce41d9-9e26-4b96-abb3-0fb22f173ebd None None] Bound port: 72a2c77d-d14d-4e26-b1fe-0219dacf210e, host: dv-cinder-786927-3-iscsi, vif_type: ovs, vif_details: {"connectivity": "l2", "port_filter": true, "ovs_hybrid_plug": false, "datapath_type": "system", "bridge_name": "br-int"}, binding_levels: [{'bound_driver': 'openvswitch', 'bound_segment': {'id': '2720ba2e-84db-434a-839f-4fa7ed257908', 'network_type': 'flat', 'physical_network': 'physnet1', 'segmentation_id': None, 'network_id': 'aee5fac4-045e-4b71-9019-7c5205bf3b95'}}] {{(pid=92930) _bind_port_level /opt/stack/neutron/neutron/plugins/ml2/managers.py:928}}
Jul 14 14:02:33.184974 dv-cinder-786927-3-iscsi neutron-server[92930]: DEBUG neutron_lib.callbacks.manager [None req-b2ce41d9-9e26-4b96-abb3-0fb22f173ebd None None] Notify callbacks ['neutron.plugins.ml2.plugin.SecurityGroupDbMixin._ensure_default_security_group_handler-548349'] for port, before_update {{(pid=92930) _notify_loop /usr/local/lib/python3.8/dist-packages/neutron_lib/callbacks/manager.py:192}}
Jul 14 14:02:33.192915 dv-cinder-786927-3-iscsi neutron-server[92930]: DEBUG neutron.api.rpc.handlers.resources_rpc [None req-50a4042a-1902-47be-83af-4643ad4ba081 None None] Pushing event updated for resources: {'Port': ['ID=72a2c77d-d14d-4e26-b1fe-0219dacf210e,revision_number=2']} {{(pid=92930) push /opt/stack/neutron/neutron/api/rpc/handlers/resources_rpc.py:237}}
Jul 14 14:02:33.275542 dv-cinder-786927-3-iscsi neutron-server[92930]: DEBUG neutron.plugins.ml2.db [None req-b2ce41d9-9e26-4b96-abb3-0fb22f173ebd None None] For port 72a2c77d-d14d-4e26-b1fe-0219dacf210e, host dv-cinder-786927-3-iscsi, cleared binding levels {{(pid=92930) clear_binding_levels /opt/stack/neutron/neutron/plugins/ml2/db.py:87}}
Jul 14 14:02:33.286363 dv-cinder-786927-3-iscsi neutron-server[92930]: DEBUG neutron.plugins.ml2.db [None req-b2ce41d9-9e26-4b96-abb3-0fb22f173ebd None None] For port 72a2c77d-d14d-4e26-b1fe-0219dacf210e, host dv-cinder-786927-3-iscsi, set binding levels [PortBindingLevel(driver='openvswitch',host='dv-cinder-786927-3-iscsi',level=0,port_id=72a2c77d-d14d-4e26-b1fe-0219dacf210e,segment=NetworkSegment(2720ba2e-84db-434a-839f-4fa7ed257908),segment_id=2720ba2e-84db-434a-839f-4fa7ed257908)] {{(pid=92930) set_binding_levels /opt/stack/neutron/neutron/plugins/ml2/db.py:59}}
Jul 14 14:02:33.300618 dv-cinder-786927-3-iscsi neutron-server[92930]: DEBUG neutron_lib.callbacks.manager [None req-b2ce41d9-9e26-4b96-abb3-0fb22f173ebd None None] Notify callbacks ['neutron.plugins.ml2.plugin.SecurityGroupServerNotifierRpcMixin._notify_sg_on_port_change-548284', 'neutron.plugins.ml2.ovo_rpc._ObjectChangeHandler.handle_event-83589', 'neutron.api.rpc.agentnotifiers.dhcp_rpc_agent_api.DhcpAgentNotifyAPI._native_event_send_dhcp_notification-16476215', 'neutron.db.l3_db.L3RpcNotifierMixin._notify_gateway_port_ip_changed-8738287123447', 'neutron.db.l3_dvrscheduler_db._notify_l3_agent_port_update-8738286730954', 'neutron.db.l3_hascheduler_db._notify_l3_agent_ha_port_update-8738286730972'] for port, after_update {{(pid=92930) _notify_loop /usr/local/lib/python3.8/dist-packages/neutron_lib/callbacks/manager.py:192}}
Jul 14 14:02:33.312886 dv-cinder-786927-3-iscsi neutron-server[92927]: DEBUG neutron_lib.callbacks.manager [None req-bcab8280-b9c1-4c94-9a54-9acf130cb1ff admin admin] Notify callbacks ['neutron.plugins.ml2.plugin.Ml2Plugin._network_delete_precommit_handler-16108215', 'neutron.services.segments.db._delete_segments_for_network-8738287218580'] for network, precommit_delete {{(pid=92927) _notify_loop /usr/local/lib/python3.8/dist-packages/neutron_lib/callbacks/manager.py:192}}
Jul 14 14:02:33.334867 dv-cinder-786927-3-iscsi neutron-server[92928]: DEBUG neutron.wsgi [-] (92928) accepted ('10.222.0.57', 51154) {{(pid=92928) server /usr/local/lib/python3.8/dist-packages/eventlet/wsgi.py:982}}
Jul 14 14:02:33.350831 dv-cinder-786927-3-iscsi neutron-server[92927]: DEBUG neutron_lib.callbacks.manager [None req-bcab8280-b9c1-4c94-9a54-9acf130cb1ff admin admin] Subscribe: > segment before_delete 55550000 {{(pid=92927) subscribe /usr/local/lib/python3.8/dist-packages/neutron_lib/callbacks/manager.py:45}}
Jul 14 14:02:33.351403 dv-cinder-786927-3-iscsi neutron-server[92927]: DEBUG neutron_lib.callbacks.manager [None req-bcab8280-b9c1-4c94-9a54-9acf130cb1ff admin admin] Subscribe: > subnet precommit_delete_associations 55550000 {{(pid=92927) subscribe /usr/local/lib/python3.8/dist-packages/neutron_lib/callbacks/manager.py:45}}
Jul 14 14:02:33.353501 dv-cinder-786927-3-iscsi neutron-server[92927]: DEBUG neutron_lib.callbacks.manager [None req-bcab8280-b9c1-4c94-9a54-9acf130cb1ff admin admin] Subscribe: > segment_host_mapping after_create 55550000 {{(pid=92927) subscribe /usr/local/lib/python3.8/dist-packages/neutron_lib/callbacks/manager.py:45}}
Jul 14 14:02:33.354284 dv-cinder-786927-3-iscsi neutron-server[92927]: DEBUG neutron_lib.callbacks.manager [None req-bcab8280-b9c1-4c94-9a54-9acf130cb1ff admin admin] Subscribe: > port after_create 55550000 {{(pid=92927) subscribe /usr/local/lib/python3.8/dist-packages/neutron_lib/callbacks/manager.py:45}}
Jul 14 14:02:33.355054 dv-cinder-786927-3-iscsi neutron-server[92927]: DEBUG neutron_lib.callbacks.manager [None req-bcab8280-b9c1-4c94-9a54-9acf130cb1ff admin admin] Subscribe: > port after_delete 55550000 {{(pid=92927) subscribe /usr/local/lib/python3.8/dist-packages/neutron_lib/callbacks/manager.py:45}}
Jul 14 14:02:33.356107 dv-cinder-786927-3-iscsi neutron-server[92927]: DEBUG neutron_lib.callbacks.manager [None req-bcab8280-b9c1-4c94-9a54-9acf130cb1ff admin admin] Subscribe: > port after_update 55550000 {{(pid=92927) subscribe /usr/local/lib/python3.8/dist-packages/neutron_lib/callbacks/manager.py:45}}
Jul 14 14:02:33.356813 dv-cinder-786927-3-iscsi neutron-server[92927]: DEBUG neutron_lib.callbacks.manager [None req-bcab8280-b9c1-4c94-9a54-9acf130cb1ff admin admin] Subscribe: > segment after_delete 55550000 {{(pid=92927) subscribe /usr/local/lib/python3.8/dist-packages/neutron_lib/callbacks/manager.py:45}}
Jul 14 14:02:33.358103 dv-cinder-786927-3-iscsi neutron-server[92927]: DEBUG neutron_lib.callbacks.manager [None req-bcab8280-b9c1-4c94-9a54-9acf130cb1ff admin admin] Subscribe: > subnet after_create 55550000 {{(pid=92927) subscribe /usr/local/lib/python3.8/dist-packages/neutron_lib/callbacks/manager.py:45}}
Jul 14 14:02:33.358883 dv-cinder-786927-3-iscsi neutron-server[92927]: DEBUG neutron_lib.callbacks.manager [None req-bcab8280-b9c1-4c94-9a54-9acf130cb1ff admin admin] Subscribe: > subnet after_delete 55550000 {{(pid=92927) subscribe /usr/local/lib/python3.8/dist-packages/neutron_lib/callbacks/manager.py:45}}
Jul 14 14:02:33.359552 dv-cinder-786927-3-iscsi neutron-server[92927]: DEBUG neutron_lib.callbacks.manager [None req-bcab8280-b9c1-4c94-9a54-9acf130cb1ff admin admin] Subscribe: > subnet after_update 55550000 {{(pid=92927) subscribe /usr/local/lib/python3.8/dist-packages/neutron_lib/callbacks/manager.py:45}}
Jul 14 14:02:33.392401 dv-cinder-786927-3-iscsi neutron-server[92930]: DEBUG neutron.db.l3_dvrscheduler_db [None req-b2ce41d9-9e26-4b96-abb3-0fb22f173ebd None None] Routers {'a14859af-fc9b-44b2-b5af-94b09230cfb8'} bound to L3 agent in host dv-cinder-786927-3-iscsi {{(pid=92930) _get_router_ids_for_agent /opt/stack/neutron/neutron/db/l3_dvrscheduler_db.py:420}}
Jul 14 14:02:33.393058 dv-cinder-786927-3-iscsi neutron-server[92930]: DEBUG neutron.db.l3_hamode_db [None req-b2ce41d9-9e26-4b96-abb3-0fb22f173ebd None None] neutron.services.l3_router.l3_router_plugin.L3RouterPlugin method get_ha_sync_data_for_host called with arguments (, 'dv-cinder-786927-3-iscsi', Agent(admin_state_up=True,agent_type='L3 agent',availability_zone='nova',binary='neutron-l3-agent',configurations={"agent_mode": "legacy", "ex_gw_ports": 3, "extensions": [], "floating_ips": 1, "handle_internal_only_routers": true, "interface_driver": "openvswitch", "interfaces": 3, "log_agent_heartbeats": false, "routers": 3},created_at=2021-07-14T13:53:46Z,description=,heartbeat_timestamp=2021-07-14T14:02:16Z,host='dv-cinder-786927-3-iscsi',id=bd6c915f-038c-47ac-bceb-42dde037b48e,load=0,resource_versions=,resources_synced=,started_at=2021-07-14T13:53:46Z,topic='l3_agent')) {'router_ids': ['a14859af-fc9b-44b2-b5af-94b09230cfb8'], 'active': True} {{(pid=92930) wrapper /usr/local/lib/python3.8/dist-packages/oslo_log/helpers.py:65}}
Jul 14 14:02:33.438565 dv-cinder-786927-3-iscsi neutron-server[92930]: DEBUG neutron.api.rpc.handlers.resources_rpc [None req-50a4042a-1902-47be-83af-4643ad4ba081 None None] Pushing event updated for resources: {'Port': ['ID=72a2c77d-d14d-4e26-b1fe-0219dacf210e,revision_number=3']} {{(pid=92930) push /opt/stack/neutron/neutron/api/rpc/handlers/resources_rpc.py:237}}
Jul 14 14:02:33.470663 dv-cinder-786927-3-iscsi neutron-server[92928]: DEBUG neutron_lib.callbacks.manager [None req-1116cb66-48e3-4cef-9e24-b7069a1924a9 admin admin] Notify callbacks [] for security_group, before_create {{(pid=92928) _notify_loop /usr/local/lib/python3.8/dist-packages/neutron_lib/callbacks/manager.py:192}}
Jul 14 14:02:33.513776 dv-cinder-786927-3-iscsi neutron-server[92927]: DEBUG neutron_lib.callbacks.manager [None req-bcab8280-b9c1-4c94-9a54-9acf130cb1ff admin admin] Subscribe: > subnet after_create 55550000 {{(pid=92927) subscribe /usr/local/lib/python3.8/dist-packages/neutron_lib/callbacks/manager.py:45}}
Jul 14 14:02:33.514352 dv-cinder-786927-3-iscsi neutron-server[92927]: DEBUG neutron_lib.callbacks.manager [None req-bcab8280-b9c1-4c94-9a54-9acf130cb1ff admin admin] Subscribe: > subnet after_delete 55550000 {{(pid=92927) subscribe /usr/local/lib/python3.8/dist-packages/neutron_lib/callbacks/manager.py:45}}
Jul 14 14:02:33.514916 dv-cinder-786927-3-iscsi neutron-server[92927]: DEBUG neutron_lib.callbacks.manager [None req-bcab8280-b9c1-4c94-9a54-9acf130cb1ff admin admin] Subscribe: > subnet before_create 55550000 {{(pid=92927) subscribe /usr/local/lib/python3.8/dist-packages/neutron_lib/callbacks/manager.py:45}}
Jul 14 14:02:33.515703 dv-cinder-786927-3-iscsi neutron-server[92927]: DEBUG neutron_lib.callbacks.manager [None req-bcab8280-b9c1-4c94-9a54-9acf130cb1ff admin admin] Subscribe: > subnet before_update 55550000 {{(pid=92927) subscribe /usr/local/lib/python3.8/dist-packages/neutron_lib/callbacks/manager.py:45}}
Jul 14 14:02:33.516535 dv-cinder-786927-3-iscsi neutron-server[92927]: DEBUG neutron.services.segments.db [None req-bcab8280-b9c1-4c94-9a54-9acf130cb1ff admin admin] neutron.services.segments.plugin.Plugin method get_segments called with arguments (,) {'filters': {'network_id': ['71f287e9-8674-4e0b-94b7-fb34be8f11a7']}} {{(pid=92927) wrapper /usr/local/lib/python3.8/dist-packages/oslo_log/helpers.py:65}}
Jul 14 14:02:33.544209 dv-cinder-786927-3-iscsi neutron-server[92927]: DEBUG neutron.db.db_base_plugin_common [None req-819b8a29-ccfa-45ed-8e6f-296123329112 admin admin] Allocated IP 172.20.0.1 (960377c9-17a8-47b4-8a74-31a75ade7531/383fb784-7e32-4873-8429-27f9e9be821c/ff707c2b-ef8e-462a-ae07-f56018060ca0) {{(pid=92927) _store_ip_allocation /opt/stack/neutron/neutron/db/db_base_plugin_common.py:131}}
Jul 14 14:02:33.559989 dv-cinder-786927-3-iscsi neutron-server[92927]: DEBUG neutron.services.segments.db [None req-bcab8280-b9c1-4c94-9a54-9acf130cb1ff admin admin] neutron.services.segments.plugin.Plugin method delete_segment called with arguments (, 'e987f612-a436-46a8-a13d-464c00316e02') {'for_net_delete': True} {{(pid=92927) wrapper /usr/local/lib/python3.8/dist-packages/oslo_log/helpers.py:65}}
Jul 14 14:02:33.560991 dv-cinder-786927-3-iscsi neutron-server[92927]: DEBUG neutron.services.segments.db [None req-bcab8280-b9c1-4c94-9a54-9acf130cb1ff admin admin] neutron.services.segments.plugin.Plugin method get_segment called with arguments (, 'e987f612-a436-46a8-a13d-464c00316e02') {} {{(pid=92927) wrapper /usr/local/lib/python3.8/dist-packages/oslo_log/helpers.py:65}}
Jul 14 14:02:33.578219 dv-cinder-786927-3-iscsi neutron-server[92930]: DEBUG neutron.db.l3_dvr_db [None req-b2ce41d9-9e26-4b96-abb3-0fb22f173ebd None None] Set router a14859af-fc9b-44b2-b5af-94b09230cfb8 gateway port host: dv-cinder-786927-3-iscsi {{(pid=92930) _build_routers_list /opt/stack/neutron/neutron/db/l3_dvr_db.py:894}}
Jul 14 14:02:33.604782 dv-cinder-786927-3-iscsi neutron-server[92927]: DEBUG neutron_lib.callbacks.manager [None req-bcab8280-b9c1-4c94-9a54-9acf130cb1ff admin admin] Notify callbacks ['neutron.plugins.ml2.db._prevent_segment_delete_with_port_bound-8738287199627', 'neutron.services.segments.plugin.Plugin._prevent_segment_delete_with_subnet_associated-3664175'] for segment, before_delete {{(pid=92927) _notify_loop /usr/local/lib/python3.8/dist-packages/neutron_lib/callbacks/manager.py:192}}
Jul 14 14:02:33.617012 dv-cinder-786927-3-iscsi neutron-server[92928]: DEBUG neutron_lib.callbacks.manager [None req-1116cb66-48e3-4cef-9e24-b7069a1924a9 admin admin] Notify callbacks [] for security_group, precommit_create {{(pid=92928) _notify_loop /usr/local/lib/python3.8/dist-packages/neutron_lib/callbacks/manager.py:192}}
Jul 14 14:02:33.628678 dv-cinder-786927-3-iscsi neutron-server[92928]: DEBUG neutron_lib.callbacks.manager [None req-1116cb66-48e3-4cef-9e24-b7069a1924a9 admin admin] Notify callbacks ['neutron.plugins.ml2.ovo_rpc._ObjectChangeHandler.handle_event-16262424'] for security_group, after_create {{(pid=92928) _notify_loop /usr/local/lib/python3.8/dist-packages/neutron_lib/callbacks/manager.py:192}}
Jul 14 14:02:33.683228 dv-cinder-786927-3-iscsi neutron-server[92928]: INFO neutron.wsgi [None req-1116cb66-48e3-4cef-9e24-b7069a1924a9 admin admin] 10.222.0.57 "GET /v2.0/security-groups?tenant_id=2608e1475bd0497ab9f9c2843f9ff2ed&name=default HTTP/1.1" status: 200 len: 2979 time: 0.3434463
Jul 14 14:02:33.683228 dv-cinder-786927-3-iscsi neutron-server[92928]: DEBUG neutron.api.rpc.handlers.resources_rpc [None req-1116cb66-48e3-4cef-9e24-b7069a1924a9 admin admin] Pushing event updated for resources: {'SecurityGroup': ['ID=dfc8dc95-ab35-4c92-b769-744fbc4d9186,revision_number=1']} {{(pid=92928) push /opt/stack/neutron/neutron/api/rpc/handlers/resources_rpc.py:237}}
