Jul 14 14:01:50.413682 dv-cinder-786927-3-iscsi devstack@c-api.service[99724]: INFO cinder.api.v3.groups [None req-b531e5b5-ee89-4488-8e1f-18baedd8a5ff tempest-GroupsTest-687127274 tempest-GroupsTest-687127274-project] Creating group tempest-GroupsTest-Group-64627767.
Jul 14 14:01:50.424513 dv-cinder-786927-3-iscsi devstack@c-api.service[99724]: INFO cinder.volume.api [None req-b531e5b5-ee89-4488-8e1f-18baedd8a5ff tempest-GroupsTest-687127274 tempest-GroupsTest-687127274-project] Availability Zones retrieved successfully.
Jul 14 14:01:50.443165 dv-cinder-786927-3-iscsi devstack@c-api.service[99724]: DEBUG cinder.quota [None req-b531e5b5-ee89-4488-8e1f-18baedd8a5ff tempest-GroupsTest-687127274 tempest-GroupsTest-687127274-project] Created reservations ['55de35a0-a010-476c-9054-cc7cf73b8fb8'] {{(pid=99724) reserve /opt/stack/cinder/cinder/quota.py:755}}
Jul 14 14:01:50.485124 dv-cinder-786927-3-iscsi devstack@c-api.service[99724]: INFO cinder.api.openstack.wsgi [None req-b531e5b5-ee89-4488-8e1f-18baedd8a5ff tempest-GroupsTest-687127274 tempest-GroupsTest-687127274-project] http://10.222.0.57/volume/v3/c442abd3449e4db18a16a66bc7752d31/groups returned with HTTP 202
Jul 14 14:01:50.489232 dv-cinder-786927-3-iscsi devstack@c-api.service[99724]: [pid: 99724|app: 0|req: 105/219] 10.222.0.57 () {62 vars in 1274 bytes} [Wed Jul 14 14:01:50 2021] POST /volume/v3/c442abd3449e4db18a16a66bc7752d31/groups => generated 102 bytes in 86 msecs (HTTP/1.1 202) 7 headers in 292 bytes (1 switches on core 0)
Jul 14 14:01:50.494858 dv-cinder-786927-3-iscsi devstack@c-api.service[99725]: INFO cinder.api.openstack.wsgi [None req-87b690ef-831e-4ec1-86d9-622cbcc3f4a1 tempest-GroupsTest-687127274 tempest-GroupsTest-687127274-project] GET http://10.222.0.57/volume/v3/c442abd3449e4db18a16a66bc7752d31/groups/9043df0f-8054-4dc6-912a-3b9960ec3bd2
Jul 14 14:01:50.495455 dv-cinder-786927-3-iscsi devstack@c-api.service[99725]: DEBUG cinder.api.openstack.wsgi [None req-87b690ef-831e-4ec1-86d9-622cbcc3f4a1 tempest-GroupsTest-687127274 tempest-GroupsTest-687127274-project] Empty body provided in request {{(pid=99725) get_body /opt/stack/cinder/cinder/api/openstack/wsgi.py:713}}
Jul 14 14:01:50.495851 dv-cinder-786927-3-iscsi devstack@c-api.service[99725]: DEBUG cinder.api.openstack.wsgi [None req-87b690ef-831e-4ec1-86d9-622cbcc3f4a1 tempest-GroupsTest-687127274 tempest-GroupsTest-687127274-project] Calling method 'version_select' {{(pid=99725) _process_stack /opt/stack/cinder/cinder/api/openstack/wsgi.py:866}}
Jul 14 14:01:50.496094 dv-cinder-786927-3-iscsi devstack@c-api.service[99725]: DEBUG cinder.api.v3.groups [None req-87b690ef-831e-4ec1-86d9-622cbcc3f4a1 tempest-GroupsTest-687127274 tempest-GroupsTest-687127274-project] show called for member 9043df0f-8054-4dc6-912a-3b9960ec3bd2 {{(pid=99725) show /opt/stack/cinder/cinder/api/v3/groups.py:58}}
Jul 14 14:01:50.501504 dv-cinder-786927-3-iscsi devstack@c-api.service[99725]: /usr/local/lib/python3.8/dist-packages/oslo_context/context.py:105: DeprecationWarning: Policy enforcement is depending on the value of is_admin. This key is deprecated. Please update your policy file to use the standard policy values.
Jul 14 14:01:50.501504 dv-cinder-786927-3-iscsi devstack@c-api.service[99725]: warnings.warn('Policy enforcement is depending on the value of '
Jul 14 14:01:50.522968 dv-cinder-786927-3-iscsi devstack@c-api.service[99725]: INFO cinder.api.openstack.wsgi [None req-87b690ef-831e-4ec1-86d9-622cbcc3f4a1 tempest-GroupsTest-687127274 tempest-GroupsTest-687127274-project] http://10.222.0.57/volume/v3/c442abd3449e4db18a16a66bc7752d31/groups/9043df0f-8054-4dc6-912a-3b9960ec3bd2 returned with HTTP 200
Jul 14 14:01:50.524241 dv-cinder-786927-3-iscsi devstack@c-api.service[99725]: [pid: 99725|app: 0|req: 115/220] 10.222.0.57 () {60 vars in 1363 bytes} [Wed Jul 14 14:01:50 2021] GET /volume/v3/c442abd3449e4db18a16a66bc7752d31/groups/9043df0f-8054-4dc6-912a-3b9960ec3bd2 => generated 330 bytes in 34 msecs (HTTP/1.1 200) 7 headers in 286 bytes (2 switches on core 0)
Jul 14 14:01:50.532802 dv-cinder-786927-3-iscsi devstack@c-api.service[99724]: INFO cinder.api.openstack.wsgi [None req-1f52a78c-07a9-457c-80f4-8525e3a588ad tempest-GroupSnapshotsTest-572933505 tempest-GroupSnapshotsTest-572933505-project] GET http://10.222.0.57/volume/v3/69f356a3aa2b48ae973346b9e8af9dac/volumes/7ba8999a-00ec-450b-97d0-49931dfffe1b
Jul 14 14:01:50.533331 dv-cinder-786927-3-iscsi devstack@c-api.service[99724]: DEBUG cinder.api.openstack.wsgi [None req-1f52a78c-07a9-457c-80f4-8525e3a588ad tempest-GroupSnapshotsTest-572933505 tempest-GroupSnapshotsTest-572933505-project] Empty body provided in request {{(pid=99724) get_body /opt/stack/cinder/cinder/api/openstack/wsgi.py:713}}
Jul 14 14:01:50.533694 dv-cinder-786927-3-iscsi devstack@c-api.service[99724]: /usr/local/lib/python3.8/dist-packages/webob/acceptparse.py:1047: DeprecationWarning: The behavior of AcceptValidHeader.best_match is currently being maintained for backward compatibility, but it will be deprecated in the future, as it does not conform to the RFC.
Jul 14 14:01:50.533694 dv-cinder-786927-3-iscsi devstack@c-api.service[99724]: warnings.warn(
Jul 14 14:01:50.534015 dv-cinder-786927-3-iscsi devstack@c-api.service[99724]: DEBUG cinder.api.openstack.wsgi [None req-1f52a78c-07a9-457c-80f4-8525e3a588ad tempest-GroupSnapshotsTest-572933505 tempest-GroupSnapshotsTest-572933505-project] Calling method 'show' {{(pid=99724) _process_stack /opt/stack/cinder/cinder/api/openstack/wsgi.py:866}}
Jul 14 14:01:50.547239 dv-cinder-786927-3-iscsi devstack@c-api.service[99724]: /usr/local/lib/python3.8/dist-packages/oslo_context/context.py:105: DeprecationWarning: Policy enforcement is depending on the value of is_admin. This key is deprecated. Please update your policy file to use the standard policy values.
Jul 14 14:01:50.547239 dv-cinder-786927-3-iscsi devstack@c-api.service[99724]: warnings.warn('Policy enforcement is depending on the value of '
Jul 14 14:01:50.554103 dv-cinder-786927-3-iscsi devstack@c-api.service[99724]: INFO cinder.volume.api [None req-1f52a78c-07a9-457c-80f4-8525e3a588ad tempest-GroupSnapshotsTest-572933505 tempest-GroupSnapshotsTest-572933505-project] Volume info retrieved successfully.
Jul 14 14:01:50.561391 dv-cinder-786927-3-iscsi devstack@c-api.service[99724]: WARNING stevedore.named [None req-1f52a78c-07a9-457c-80f4-8525e3a588ad tempest-GroupSnapshotsTest-572933505 tempest-GroupSnapshotsTest-572933505-project] Could not load cinder.keymgr.conf_key_mgr.ConfKeyManager
Jul 14 14:01:50.561776 dv-cinder-786927-3-iscsi devstack@c-api.service[99724]: WARNING castellan.key_manager [None req-1f52a78c-07a9-457c-80f4-8525e3a588ad tempest-GroupSnapshotsTest-572933505 tempest-GroupSnapshotsTest-572933505-project] Deprecation Warning : cinder.keymgr.conf_key_mgr.ConfKeyManager is not a stevedore based driver, trying to load it as a class: stevedore.exception.NoMatches: No 'castellan.drivers' driver found, looking for 'cinder.keymgr.conf_key_mgr.ConfKeyManager'
Jul 14 14:01:50.568329 dv-cinder-786927-3-iscsi devstack@c-api.service[99724]: DEBUG oslo_db.sqlalchemy.engines [None req-1f52a78c-07a9-457c-80f4-8525e3a588ad tempest-GroupSnapshotsTest-572933505 tempest-GroupSnapshotsTest-572933505-project] MySQL server mode set to STRICT_TRANS_TABLES,STRICT_ALL_TABLES,NO_ZERO_IN_DATE,NO_ZERO_DATE,ERROR_FOR_DIVISION_BY_ZERO,TRADITIONAL,NO_ENGINE_SUBSTITUTION {{(pid=99724) _check_effective_sql_mode /usr/local/lib/python3.8/dist-packages/oslo_db/sqlalchemy/engines.py:314}}
Jul 14 14:01:50.574126 dv-cinder-786927-3-iscsi devstack@c-api.service[99724]: /usr/local/lib/python3.8/dist-packages/oslo_context/context.py:105: DeprecationWarning: Policy enforcement is depending on the value of is_admin. This key is deprecated. Please update your policy file to use the standard policy values.
Jul 14 14:01:50.574126 dv-cinder-786927-3-iscsi devstack@c-api.service[99724]: warnings.warn('Policy enforcement is depending on the value of '
Jul 14 14:01:50.588488 dv-cinder-786927-3-iscsi devstack@c-api.service[99724]: INFO cinder.api.openstack.wsgi [None req-1f52a78c-07a9-457c-80f4-8525e3a588ad tempest-GroupSnapshotsTest-572933505 tempest-GroupSnapshotsTest-572933505-project] http://10.222.0.57/volume/v3/69f356a3aa2b48ae973346b9e8af9dac/volumes/7ba8999a-00ec-450b-97d0-49931dfffe1b returned with HTTP 200
Jul 14 14:01:50.597336 dv-cinder-786927-3-iscsi devstack@c-api.service[99724]: [pid: 99724|app: 0|req: 106/221] 10.222.0.57 () {60 vars in 1366 bytes} [Wed Jul 14 14:01:50 2021] GET /volume/v3/69f356a3aa2b48ae973346b9e8af9dac/volumes/7ba8999a-00ec-450b-97d0-49931dfffe1b => generated 992 bytes in 60 msecs (HTTP/1.1 200) 7 headers in 286 bytes (1 switches on core 0)
Jul 14 14:01:50.731865 dv-cinder-786927-3-iscsi devstack@c-api.service[99725]: INFO cinder.api.openstack.wsgi [None req-2a1b9227-b460-4151-8a0d-aced39553226 tempest-VolumeSnapshotQuotasNegativeTestJSON-641265878 tempest-VolumeSnapshotQuotasNegativeTestJSON-641265878-project] GET http://10.222.0.57/volume/v3/57ed73d84acd4269a34188bf24e91399/snapshots/3621571c-6ece-4bf2-bd99-5f62e6f7d141
Jul 14 14:01:50.732473 dv-cinder-786927-3-iscsi devstack@c-api.service[99725]: DEBUG cinder.api.openstack.wsgi [None req-2a1b9227-b460-4151-8a0d-aced39553226 tempest-VolumeSnapshotQuotasNegativeTestJSON-641265878 tempest-VolumeSnapshotQuotasNegativeTestJSON-641265878-project] Empty body provided in request {{(pid=99725) get_body /opt/stack/cinder/cinder/api/openstack/wsgi.py:713}}
Jul 14 14:01:50.732616 dv-cinder-786927-3-iscsi devstack@c-api.service[99725]: /usr/local/lib/python3.8/dist-packages/webob/acceptparse.py:1047: DeprecationWarning: The behavior of AcceptValidHeader.best_match is currently being maintained for backward compatibility, but it will be deprecated in the future, as it does not conform to the RFC.
Jul 14 14:01:50.732616 dv-cinder-786927-3-iscsi devstack@c-api.service[99725]: warnings.warn(
Jul 14 14:01:50.733231 dv-cinder-786927-3-iscsi devstack@c-api.service[99725]: DEBUG cinder.api.openstack.wsgi [None req-2a1b9227-b460-4151-8a0d-aced39553226 tempest-VolumeSnapshotQuotasNegativeTestJSON-641265878 tempest-VolumeSnapshotQuotasNegativeTestJSON-641265878-project] Calling method 'show' {{(pid=99725) _process_stack /opt/stack/cinder/cinder/api/openstack/wsgi.py:866}}
Jul 14 14:01:50.742325 dv-cinder-786927-3-iscsi devstack@c-api.service[99725]: /usr/local/lib/python3.8/dist-packages/oslo_context/context.py:105: DeprecationWarning: Policy enforcement is depending on the value of is_admin. This key is deprecated. Please update your policy file to use the standard policy values.
Jul 14 14:01:50.742325 dv-cinder-786927-3-iscsi devstack@c-api.service[99725]: warnings.warn('Policy enforcement is depending on the value of '
Jul 14 14:01:50.743447 dv-cinder-786927-3-iscsi devstack@c-api.service[99725]: INFO cinder.volume.api [None req-2a1b9227-b460-4151-8a0d-aced39553226 tempest-VolumeSnapshotQuotasNegativeTestJSON-641265878 tempest-VolumeSnapshotQuotasNegativeTestJSON-641265878-project] Snapshot retrieved successfully.
Jul 14 14:01:50.745876 dv-cinder-786927-3-iscsi devstack@c-api.service[99725]: INFO cinder.api.openstack.wsgi [None req-2a1b9227-b460-4151-8a0d-aced39553226 tempest-VolumeSnapshotQuotasNegativeTestJSON-641265878 tempest-VolumeSnapshotQuotasNegativeTestJSON-641265878-project] http://10.222.0.57/volume/v3/57ed73d84acd4269a34188bf24e91399/snapshots/3621571c-6ece-4bf2-bd99-5f62e6f7d141 returned with HTTP 200
Jul 14 14:01:50.746720 dv-cinder-786927-3-iscsi devstack@c-api.service[99725]: [pid: 99725|app: 0|req: 116/222] 10.222.0.57 () {58 vars in 1331 bytes} [Wed Jul 14 14:01:50 2021] GET /volume/v3/57ed73d84acd4269a34188bf24e91399/snapshots/3621571c-6ece-4bf2-bd99-5f62e6f7d141 => generated 454 bytes in 19 msecs (HTTP/1.1 200) 7 headers in 285 bytes (1 switches on core 0)
Jul 14 14:01:50.874845 dv-cinder-786927-3-iscsi devstack@c-api.service[99724]: INFO cinder.api.openstack.wsgi [None req-223c9514-88ba-489a-9d07-307288f4afb0 tempest-SnapshotsActionsTest-201915085 tempest-SnapshotsActionsTest-201915085-project] GET http://10.222.0.57/volume/v3/bff4752eeea248b296bd83d185fff455/snapshots/78a3b245-278f-407a-85d2-a963689ff4ca
Jul 14 14:01:50.875357 dv-cinder-786927-3-iscsi devstack@c-api.service[99724]: DEBUG cinder.api.openstack.wsgi [None req-223c9514-88ba-489a-9d07-307288f4afb0 tempest-SnapshotsActionsTest-201915085 tempest-SnapshotsActionsTest-201915085-project] Empty body provided in request {{(pid=99724) get_body /opt/stack/cinder/cinder/api/openstack/wsgi.py:713}}
Jul 14 14:01:50.875462 dv-cinder-786927-3-iscsi devstack@c-api.service[99724]: /usr/local/lib/python3.8/dist-packages/webob/acceptparse.py:1047: DeprecationWarning: The behavior of AcceptValidHeader.best_match is currently being maintained for backward compatibility, but it will be deprecated in the future, as it does not conform to the RFC.
Jul 14 14:01:50.875462 dv-cinder-786927-3-iscsi devstack@c-api.service[99724]: warnings.warn(
Jul 14 14:01:50.875786 dv-cinder-786927-3-iscsi devstack@c-api.service[99724]: DEBUG cinder.api.openstack.wsgi [None req-223c9514-88ba-489a-9d07-307288f4afb0 tempest-SnapshotsActionsTest-201915085 tempest-SnapshotsActionsTest-201915085-project] Calling method 'show' {{(pid=99724) _process_stack /opt/stack/cinder/cinder/api/openstack/wsgi.py:866}}
Jul 14 14:01:50.884921 dv-cinder-786927-3-iscsi devstack@c-api.service[99724]: /usr/local/lib/python3.8/dist-packages/oslo_context/context.py:105: DeprecationWarning: Policy enforcement is depending on the value of is_admin. This key is deprecated. Please update your policy file to use the standard policy values.
Jul 14 14:01:50.884921 dv-cinder-786927-3-iscsi devstack@c-api.service[99724]: warnings.warn('Policy enforcement is depending on the value of '
Jul 14 14:01:50.886065 dv-cinder-786927-3-iscsi devstack@c-api.service[99724]: INFO cinder.volume.api [None req-223c9514-88ba-489a-9d07-307288f4afb0 tempest-SnapshotsActionsTest-201915085 tempest-SnapshotsActionsTest-201915085-project] Snapshot retrieved successfully.
Jul 14 14:01:50.887685 dv-cinder-786927-3-iscsi devstack@c-api.service[99724]: INFO cinder.api.openstack.wsgi [None req-223c9514-88ba-489a-9d07-307288f4afb0 tempest-SnapshotsActionsTest-201915085 tempest-SnapshotsActionsTest-201915085-project] http://10.222.0.57/volume/v3/bff4752eeea248b296bd83d185fff455/snapshots/78a3b245-278f-407a-85d2-a963689ff4ca returned with HTTP 200
Jul 14 14:01:50.888417 dv-cinder-786927-3-iscsi devstack@c-api.service[99724]: [pid: 99724|app: 0|req: 107/223] 10.222.0.57 () {58 vars in 1331 bytes} [Wed Jul 14 14:01:50 2021] GET /volume/v3/bff4752eeea248b296bd83d185fff455/snapshots/78a3b245-278f-407a-85d2-a963689ff4ca => generated 439 bytes in 18 msecs (HTTP/1.1 200) 7 headers in 285 bytes (1 switches on core 0)
Jul 14 14:01:51.535939 dv-cinder-786927-3-iscsi devstack@c-api.service[99725]: INFO cinder.api.openstack.wsgi [None req-2e1ac66a-85c9-411c-8b3e-42d61384cda2 tempest-GroupsTest-687127274 tempest-GroupsTest-687127274-project] GET http://10.222.0.57/volume/v3/c442abd3449e4db18a16a66bc7752d31/groups/9043df0f-8054-4dc6-912a-3b9960ec3bd2
Jul 14 14:01:51.536656 dv-cinder-786927-3-iscsi devstack@c-api.service[99725]: DEBUG cinder.api.openstack.wsgi [None req-2e1ac66a-85c9-411c-8b3e-42d61384cda2 tempest-GroupsTest-687127274 tempest-GroupsTest-687127274-project] Empty body provided in request {{(pid=99725) get_body /opt/stack/cinder/cinder/api/openstack/wsgi.py:713}}
Jul 14 14:01:51.537087 dv-cinder-786927-3-iscsi devstack@c-api.service[99725]: /usr/local/lib/python3.8/dist-packages/webob/acceptparse.py:1047: DeprecationWarning: The behavior of AcceptValidHeader.best_match is currently being maintained for backward compatibility, but it will be deprecated in the future, as it does not conform to the RFC.
Jul 14 14:01:51.537087 dv-cinder-786927-3-iscsi devstack@c-api.service[99725]: warnings.warn(
Jul 14 14:01:51.537799 dv-cinder-786927-3-iscsi devstack@c-api.service[99725]: DEBUG cinder.api.openstack.wsgi [None req-2e1ac66a-85c9-411c-8b3e-42d61384cda2 tempest-GroupsTest-687127274 tempest-GroupsTest-687127274-project] Calling method 'version_select' {{(pid=99725) _process_stack /opt/stack/cinder/cinder/api/openstack/wsgi.py:866}}
Jul 14 14:01:51.538286 dv-cinder-786927-3-iscsi devstack@c-api.service[99725]: DEBUG cinder.api.v3.groups [None req-2e1ac66a-85c9-411c-8b3e-42d61384cda2 tempest-GroupsTest-687127274 tempest-GroupsTest-687127274-project] show called for member 9043df0f-8054-4dc6-912a-3b9960ec3bd2 {{(pid=99725) show /opt/stack/cinder/cinder/api/v3/groups.py:58}}
Jul 14 14:01:51.546306 dv-cinder-786927-3-iscsi devstack@c-api.service[99725]: /usr/local/lib/python3.8/dist-packages/oslo_context/context.py:105: DeprecationWarning: Policy enforcement is depending on the value of is_admin. This key is deprecated. Please update your policy file to use the standard policy values.
Jul 14 14:01:51.546306 dv-cinder-786927-3-iscsi devstack@c-api.service[99725]: warnings.warn('Policy enforcement is depending on the value of '
Jul 14 14:01:51.562823 dv-cinder-786927-3-iscsi devstack@c-api.service[99725]: INFO cinder.api.openstack.wsgi [None req-2e1ac66a-85c9-411c-8b3e-42d61384cda2 tempest-GroupsTest-687127274 tempest-GroupsTest-687127274-project] http://10.222.0.57/volume/v3/c442abd3449e4db18a16a66bc7752d31/groups/9043df0f-8054-4dc6-912a-3b9960ec3bd2 returned with HTTP 200
Jul 14 14:01:51.564039 dv-cinder-786927-3-iscsi devstack@c-api.service[99725]: [pid: 99725|app: 0|req: 117/224] 10.222.0.57 () {60 vars in 1363 bytes} [Wed Jul 14 14:01:51 2021] GET /volume/v3/c442abd3449e4db18a16a66bc7752d31/groups/9043df0f-8054-4dc6-912a-3b9960ec3bd2 => generated 331 bytes in 32 msecs (HTTP/1.1 200) 7 headers in 286 bytes (1 switches on core 0)
Jul 14 14:01:51.573853 dv-cinder-786927-3-iscsi devstack@c-api.service[99724]: INFO cinder.api.openstack.wsgi [None req-4d22c8c3-c29f-4176-9774-fa399b9b5b06 tempest-GroupsTest-687127274 tempest-GroupsTest-687127274-project] POST http://10.222.0.57/volume/v3/c442abd3449e4db18a16a66bc7752d31/volumes
Jul 14 14:01:51.576223 dv-cinder-786927-3-iscsi devstack@c-api.service[99724]: /usr/local/lib/python3.8/dist-packages/webob/acceptparse.py:1047: DeprecationWarning: The behavior of AcceptValidHeader.best_match is currently being maintained for backward compatibility, but it will be deprecated in the future, as it does not conform to the RFC.
Jul 14 14:01:51.576223 dv-cinder-786927-3-iscsi devstack@c-api.service[99724]: warnings.warn(
Jul 14 14:01:51.576958 dv-cinder-786927-3-iscsi devstack@c-api.service[99724]: DEBUG cinder.api.openstack.wsgi [None req-4d22c8c3-c29f-4176-9774-fa399b9b5b06 tempest-GroupsTest-687127274 tempest-GroupsTest-687127274-project] Action: 'create', calling method: create, body: {"volume": {"volume_type": "4a0c3bfa-e7e7-4305-bbde-db377e3e7aee", "group_id": "9043df0f-8054-4dc6-912a-3b9960ec3bd2", "size": 1, "name": "tempest-GroupsTest-Volume-1274266372"}} {{(pid=99724) _process_stack /opt/stack/cinder/cinder/api/openstack/wsgi.py:864}}
Jul 14 14:01:51.579359 dv-cinder-786927-3-iscsi devstack@c-api.service[99724]: DEBUG cinder.api.v3.volumes [None req-4d22c8c3-c29f-4176-9774-fa399b9b5b06 tempest-GroupsTest-687127274 tempest-GroupsTest-687127274-project] Create volume request body: {'volume': {'volume_type': '4a0c3bfa-e7e7-4305-bbde-db377e3e7aee', 'group_id': '9043df0f-8054-4dc6-912a-3b9960ec3bd2', 'size': 1, 'name': 'tempest-GroupsTest-Volume-1274266372'}} {{(pid=99724) create /opt/stack/cinder/cinder/api/v3/volumes.py:289}}
Jul 14 14:01:51.604649 dv-cinder-786927-3-iscsi devstack@c-api.service[99725]: INFO cinder.api.openstack.wsgi [None req-302ace50-f39c-43b4-9a9b-88ae93eaf687 tempest-GroupSnapshotsTest-572933505 tempest-GroupSnapshotsTest-572933505-project] GET http://10.222.0.57/volume/v3/69f356a3aa2b48ae973346b9e8af9dac/volumes/7ba8999a-00ec-450b-97d0-49931dfffe1b
Jul 14 14:01:51.605179 dv-cinder-786927-3-iscsi devstack@c-api.service[99725]: DEBUG cinder.api.openstack.wsgi [None req-302ace50-f39c-43b4-9a9b-88ae93eaf687 tempest-GroupSnapshotsTest-572933505 tempest-GroupSnapshotsTest-572933505-project] Empty body provided in request {{(pid=99725) get_body /opt/stack/cinder/cinder/api/openstack/wsgi.py:713}}
Jul 14 14:01:51.605350 dv-cinder-786927-3-iscsi devstack@c-api.service[99725]: /usr/local/lib/python3.8/dist-packages/webob/acceptparse.py:1047: DeprecationWarning: The behavior of AcceptValidHeader.best_match is currently being maintained for backward compatibility, but it will be deprecated in the future, as it does not conform to the RFC.
Jul 14 14:01:51.605350 dv-cinder-786927-3-iscsi devstack@c-api.service[99725]: warnings.warn(
Jul 14 14:01:51.605732 dv-cinder-786927-3-iscsi devstack@c-api.service[99725]: DEBUG cinder.api.openstack.wsgi [None req-302ace50-f39c-43b4-9a9b-88ae93eaf687 tempest-GroupSnapshotsTest-572933505 tempest-GroupSnapshotsTest-572933505-project] Calling method 'show' {{(pid=99725) _process_stack /opt/stack/cinder/cinder/api/openstack/wsgi.py:866}}
Jul 14 14:01:51.612409 dv-cinder-786927-3-iscsi devstack@c-api.service[99724]: /usr/local/lib/python3.8/dist-packages/oslo_context/context.py:105: DeprecationWarning: Policy enforcement is depending on the value of is_admin. This key is deprecated. Please update your policy file to use the standard policy values.
Jul 14 14:01:51.612409 dv-cinder-786927-3-iscsi devstack@c-api.service[99724]: warnings.warn('Policy enforcement is depending on the value of '
Jul 14 14:01:51.613803 dv-cinder-786927-3-iscsi devstack@c-api.service[99724]: INFO cinder.api.v3.volumes [None req-4d22c8c3-c29f-4176-9774-fa399b9b5b06 tempest-GroupsTest-687127274 tempest-GroupsTest-687127274-project] Create volume of 1 GB
Jul 14 14:01:51.630443 dv-cinder-786927-3-iscsi devstack@c-api.service[99724]: INFO cinder.volume.api [None req-4d22c8c3-c29f-4176-9774-fa399b9b5b06 tempest-GroupsTest-687127274 tempest-GroupsTest-687127274-project] Availability Zones retrieved successfully.
Jul 14 14:01:51.635706 dv-cinder-786927-3-iscsi devstack@c-api.service[99725]: /usr/local/lib/python3.8/dist-packages/oslo_context/context.py:105: DeprecationWarning: Policy enforcement is depending on the value of is_admin. This key is deprecated. Please update your policy file to use the standard policy values.
Jul 14 14:01:51.635706 dv-cinder-786927-3-iscsi devstack@c-api.service[99725]: warnings.warn('Policy enforcement is depending on the value of '
Jul 14 14:01:51.648451 dv-cinder-786927-3-iscsi devstack@c-api.service[99724]: DEBUG cinder.volume.api [None req-4d22c8c3-c29f-4176-9774-fa399b9b5b06 tempest-GroupsTest-687127274 tempest-GroupsTest-687127274-project] Flow 'volume_create_api' (2b1af505-860d-4837-9eb0-52815075fca6) transitioned into state 'RUNNING' from state 'PENDING' {{(pid=99724) _flow_receiver /usr/local/lib/python3.8/dist-packages/taskflow/listeners/logging.py:141}}
Jul 14 14:01:51.649082 dv-cinder-786927-3-iscsi devstack@c-api.service[99725]: INFO cinder.volume.api [None req-302ace50-f39c-43b4-9a9b-88ae93eaf687 tempest-GroupSnapshotsTest-572933505 tempest-GroupSnapshotsTest-572933505-project] Volume info retrieved successfully.
Jul 14 14:01:51.651425 dv-cinder-786927-3-iscsi devstack@c-api.service[99724]: DEBUG cinder.volume.api [None req-4d22c8c3-c29f-4176-9774-fa399b9b5b06 tempest-GroupsTest-687127274 tempest-GroupsTest-687127274-project] Task 'cinder.volume.flows.api.create_volume.ExtractVolumeRequestTask;volume:create' (8fc04bd1-ffc4-4f9f-9667-6d420d5a9cad) transitioned into state 'RUNNING' from state 'PENDING' {{(pid=99724) _task_receiver /usr/local/lib/python3.8/dist-packages/taskflow/listeners/logging.py:190}}
Jul 14 14:01:51.653164 dv-cinder-786927-3-iscsi devstack@c-api.service[99724]: /usr/local/lib/python3.8/dist-packages/oslo_context/context.py:105: DeprecationWarning: Policy enforcement is depending on the value of is_admin. This key is deprecated. Please update your policy file to use the standard policy values.
Jul 14 14:01:51.653164 dv-cinder-786927-3-iscsi devstack@c-api.service[99724]: warnings.warn('Policy enforcement is depending on the value of '
Jul 14 14:01:51.653902 dv-cinder-786927-3-iscsi devstack@c-api.service[99724]: DEBUG cinder.volume.flows.api.create_volume [None req-4d22c8c3-c29f-4176-9774-fa399b9b5b06 tempest-GroupsTest-687127274 tempest-GroupsTest-687127274-project] Validating volume size '1' using validate_int {{(pid=99724) _extract_size /opt/stack/cinder/cinder/volume/flows/api/create_volume.py:201}}
Jul 14 14:01:51.657576 dv-cinder-786927-3-iscsi devstack@c-api.service[99725]: WARNING stevedore.named [None req-302ace50-f39c-43b4-9a9b-88ae93eaf687 tempest-GroupSnapshotsTest-572933505 tempest-GroupSnapshotsTest-572933505-project] Could not load cinder.keymgr.conf_key_mgr.ConfKeyManager
Jul 14 14:01:51.657958 dv-cinder-786927-3-iscsi devstack@c-api.service[99725]: WARNING castellan.key_manager [None req-302ace50-f39c-43b4-9a9b-88ae93eaf687 tempest-GroupSnapshotsTest-572933505 tempest-GroupSnapshotsTest-572933505-project] Deprecation Warning : cinder.keymgr.conf_key_mgr.ConfKeyManager is not a stevedore based driver, trying to load it as a class: stevedore.exception.NoMatches: No 'castellan.drivers' driver found, looking for 'cinder.keymgr.conf_key_mgr.ConfKeyManager'
Jul 14 14:01:51.665605 dv-cinder-786927-3-iscsi devstack@c-api.service[99725]: DEBUG oslo_db.sqlalchemy.engines [None req-302ace50-f39c-43b4-9a9b-88ae93eaf687 tempest-GroupSnapshotsTest-572933505 tempest-GroupSnapshotsTest-572933505-project] MySQL server mode set to STRICT_TRANS_TABLES,STRICT_ALL_TABLES,NO_ZERO_IN_DATE,NO_ZERO_DATE,ERROR_FOR_DIVISION_BY_ZERO,TRADITIONAL,NO_ENGINE_SUBSTITUTION {{(pid=99725) _check_effective_sql_mode /usr/local/lib/python3.8/dist-packages/oslo_db/sqlalchemy/engines.py:314}}
Jul 14 14:01:51.672730 dv-cinder-786927-3-iscsi devstack@c-api.service[99725]: /usr/local/lib/python3.8/dist-packages/oslo_context/context.py:105: DeprecationWarning: Policy enforcement is depending on the value of is_admin. This key is deprecated. Please update your policy file to use the standard policy values.
Jul 14 14:01:51.672730 dv-cinder-786927-3-iscsi devstack@c-api.service[99725]: warnings.warn('Policy enforcement is depending on the value of '
Jul 14 14:01:51.678654 dv-cinder-786927-3-iscsi devstack@c-api.service[99724]: DEBUG cinder.volume.api [None req-4d22c8c3-c29f-4176-9774-fa399b9b5b06 tempest-GroupsTest-687127274 tempest-GroupsTest-687127274-project] Task 'cinder.volume.flows.api.create_volume.ExtractVolumeRequestTask;volume:create' (8fc04bd1-ffc4-4f9f-9667-6d420d5a9cad) transitioned into state 'SUCCESS' from state 'RUNNING' with result '{'size': 1, 'snapshot_id': None, 'source_volid': None, 'volume_type': VolumeType(created_at=2021-07-14T14:01:50Z,deleted=False,deleted_at=None,description=None,extra_specs={},id=4a0c3bfa-e7e7-4305-bbde-db377e3e7aee,is_public=True,name='tempest-GroupsTest-volume-type-1809527492',projects=[],qos_specs=,qos_specs_id=None,updated_at=None), 'volume_type_id': '4a0c3bfa-e7e7-4305-bbde-db377e3e7aee', 'encryption_key_id': None, 'qos_specs': None, 'consistencygroup_id': None, 'cgsnapshot_id': None, 'group_id': '9043df0f-8054-4dc6-912a-3b9960ec3bd2', 'replication_status': 'disabled', 'refresh_az': False, 'backup_id': None, 'multiattach': False, 'availability_zones': ['nova']}' {{(pid=99724) _task_receiver /usr/local/lib/python3.8/dist-packages/taskflow/listeners/logging.py:178}}
Jul 14 14:01:51.680809 dv-cinder-786927-3-iscsi devstack@c-api.service[99724]: DEBUG cinder.volume.api [None req-4d22c8c3-c29f-4176-9774-fa399b9b5b06 tempest-GroupsTest-687127274 tempest-GroupsTest-687127274-project] Task 'cinder.volume.flows.api.create_volume.QuotaReserveTask;volume:create' (c3ac6f30-7d02-4d76-a66c-3b366e0c51bf) transitioned into state 'RUNNING' from state 'PENDING' {{(pid=99724) _task_receiver /usr/local/lib/python3.8/dist-packages/taskflow/listeners/logging.py:190}}
Jul 14 14:01:51.693661 dv-cinder-786927-3-iscsi devstack@c-api.service[99725]: INFO cinder.api.openstack.wsgi [None req-302ace50-f39c-43b4-9a9b-88ae93eaf687 tempest-GroupSnapshotsTest-572933505 tempest-GroupSnapshotsTest-572933505-project] http://10.222.0.57/volume/v3/69f356a3aa2b48ae973346b9e8af9dac/volumes/7ba8999a-00ec-450b-97d0-49931dfffe1b returned with HTTP 200
Jul 14 14:01:51.697219 dv-cinder-786927-3-iscsi devstack@c-api.service[99725]: [pid: 99725|app: 0|req: 118/225] 10.222.0.57 () {60 vars in 1366 bytes} [Wed Jul 14 14:01:51 2021] GET /volume/v3/69f356a3aa2b48ae973346b9e8af9dac/volumes/7ba8999a-00ec-450b-97d0-49931dfffe1b => generated 992 bytes in 97 msecs (HTTP/1.1 200) 7 headers in 286 bytes (2 switches on core 0)
Jul 14 14:01:51.719148 dv-cinder-786927-3-iscsi devstack@c-api.service[99724]: WARNING cinder.quota [None req-4d22c8c3-c29f-4176-9774-fa399b9b5b06 tempest-GroupsTest-687127274 tempest-GroupsTest-687127274-project] Deprecated: Default quota for resource: volumes_tempest-GroupsTest-volume-type-1809527492 is set by the default quota flag: quota_volumes_tempest-GroupsTest-volume-type-1809527492, it is now deprecated. Please use the default quota class for default quota.
Jul 14 14:01:51.726512 dv-cinder-786927-3-iscsi devstack@c-api.service[99724]: WARNING cinder.quota [None req-4d22c8c3-c29f-4176-9774-fa399b9b5b06 tempest-GroupsTest-687127274 tempest-GroupsTest-687127274-project] Deprecated: Default quota for resource: gigabytes_tempest-GroupsTest-volume-type-1809527492 is set by the default quota flag: quota_gigabytes_tempest-GroupsTest-volume-type-1809527492, it is now deprecated. Please use the default quota class for default quota.
Jul 14 14:01:51.758036 dv-cinder-786927-3-iscsi devstack@c-api.service[99725]: INFO cinder.api.openstack.wsgi [None req-e55a1e7e-e918-420f-bd9b-fc687deb15a5 tempest-VolumeSnapshotQuotasNegativeTestJSON-641265878 tempest-VolumeSnapshotQuotasNegativeTestJSON-641265878-project] GET http://10.222.0.57/volume/v3/57ed73d84acd4269a34188bf24e91399/snapshots/3621571c-6ece-4bf2-bd99-5f62e6f7d141
Jul 14 14:01:51.758616 dv-cinder-786927-3-iscsi devstack@c-api.service[99725]: DEBUG cinder.api.openstack.wsgi [None req-e55a1e7e-e918-420f-bd9b-fc687deb15a5 tempest-VolumeSnapshotQuotasNegativeTestJSON-641265878 tempest-VolumeSnapshotQuotasNegativeTestJSON-641265878-project] Empty body provided in request {{(pid=99725) get_body /opt/stack/cinder/cinder/api/openstack/wsgi.py:713}}
Jul 14 14:01:51.758726 dv-cinder-786927-3-iscsi devstack@c-api.service[99725]: /usr/local/lib/python3.8/dist-packages/webob/acceptparse.py:1047: DeprecationWarning: The behavior of AcceptValidHeader.best_match is currently being maintained for backward compatibility, but it will be deprecated in the future, as it does not conform to the RFC.
Jul 14 14:01:51.758726 dv-cinder-786927-3-iscsi devstack@c-api.service[99725]: warnings.warn(
Jul 14 14:01:51.759028 dv-cinder-786927-3-iscsi devstack@c-api.service[99725]: DEBUG cinder.api.openstack.wsgi [None req-e55a1e7e-e918-420f-bd9b-fc687deb15a5 tempest-VolumeSnapshotQuotasNegativeTestJSON-641265878 tempest-VolumeSnapshotQuotasNegativeTestJSON-641265878-project] Calling method 'show' {{(pid=99725) _process_stack /opt/stack/cinder/cinder/api/openstack/wsgi.py:866}}
Jul 14 14:01:51.767719 dv-cinder-786927-3-iscsi devstack@c-api.service[99724]: DEBUG cinder.quota [None req-4d22c8c3-c29f-4176-9774-fa399b9b5b06 tempest-GroupsTest-687127274 tempest-GroupsTest-687127274-project] Created reservations ['f5225e24-0b99-404f-b733-2f0ad9f7b9c9', 'ce9f5e48-b0ce-4eec-8af5-5855a30a0a91', '5b8dab64-5129-472a-88f3-3998e5e08dbf', '31db73b4-f1ba-4cd9-aa79-e2190fc9c18a'] {{(pid=99724) reserve /opt/stack/cinder/cinder/quota.py:755}}
Jul 14 14:01:51.769966 dv-cinder-786927-3-iscsi devstack@c-api.service[99725]: /usr/local/lib/python3.8/dist-packages/oslo_context/context.py:105: DeprecationWarning: Policy enforcement is depending on the value of is_admin. This key is deprecated. Please update your policy file to use the standard policy values.
Jul 14 14:01:51.769966 dv-cinder-786927-3-iscsi devstack@c-api.service[99725]: warnings.warn('Policy enforcement is depending on the value of '
Jul 14 14:01:51.770338 dv-cinder-786927-3-iscsi devstack@c-api.service[99724]: DEBUG cinder.volume.api [None req-4d22c8c3-c29f-4176-9774-fa399b9b5b06 tempest-GroupsTest-687127274 tempest-GroupsTest-687127274-project] Task 'cinder.volume.flows.api.create_volume.QuotaReserveTask;volume:create' (c3ac6f30-7d02-4d76-a66c-3b366e0c51bf) transitioned into state 'SUCCESS' from state 'RUNNING' with result '{'reservations': ['f5225e24-0b99-404f-b733-2f0ad9f7b9c9', 'ce9f5e48-b0ce-4eec-8af5-5855a30a0a91', '5b8dab64-5129-472a-88f3-3998e5e08dbf', '31db73b4-f1ba-4cd9-aa79-e2190fc9c18a']}' {{(pid=99724) _task_receiver /usr/local/lib/python3.8/dist-packages/taskflow/listeners/logging.py:178}}
Jul 14 14:01:51.772015 dv-cinder-786927-3-iscsi devstack@c-api.service[99725]: INFO cinder.volume.api [None req-e55a1e7e-e918-420f-bd9b-fc687deb15a5 tempest-VolumeSnapshotQuotasNegativeTestJSON-641265878 tempest-VolumeSnapshotQuotasNegativeTestJSON-641265878-project] Snapshot retrieved successfully.
Jul 14 14:01:51.773348 dv-cinder-786927-3-iscsi devstack@c-api.service[99724]: DEBUG cinder.volume.api [None req-4d22c8c3-c29f-4176-9774-fa399b9b5b06 tempest-GroupsTest-687127274 tempest-GroupsTest-687127274-project] Task 'cinder.volume.flows.api.create_volume.EntryCreateTask;volume:create' (b666e7d1-2b9c-42b3-9c05-800340bb534b) transitioned into state 'RUNNING' from state 'PENDING' {{(pid=99724) _task_receiver /usr/local/lib/python3.8/dist-packages/taskflow/listeners/logging.py:190}}
Jul 14 14:01:51.774006 dv-cinder-786927-3-iscsi devstack@c-api.service[99725]: INFO cinder.api.openstack.wsgi [None req-e55a1e7e-e918-420f-bd9b-fc687deb15a5 tempest-VolumeSnapshotQuotasNegativeTestJSON-641265878 tempest-VolumeSnapshotQuotasNegativeTestJSON-641265878-project] http://10.222.0.57/volume/v3/57ed73d84acd4269a34188bf24e91399/snapshots/3621571c-6ece-4bf2-bd99-5f62e6f7d141 returned with HTTP 200
Jul 14 14:01:51.774906 dv-cinder-786927-3-iscsi devstack@c-api.service[99725]: [pid: 99725|app: 0|req: 119/226] 10.222.0.57 () {58 vars in 1331 bytes} [Wed Jul 14 14:01:51 2021] GET /volume/v3/57ed73d84acd4269a34188bf24e91399/snapshots/3621571c-6ece-4bf2-bd99-5f62e6f7d141 => generated 454 bytes in 21 msecs (HTTP/1.1 200) 7 headers in 285 bytes (2 switches on core 0)
Jul 14 14:01:51.798981 dv-cinder-786927-3-iscsi devstack@c-api.service[99724]: DEBUG cinder.volume.api [None req-4d22c8c3-c29f-4176-9774-fa399b9b5b06 tempest-GroupsTest-687127274 tempest-GroupsTest-687127274-project] Task 'cinder.volume.flows.api.create_volume.EntryCreateTask;volume:create' (b666e7d1-2b9c-42b3-9c05-800340bb534b) transitioned into state 'SUCCESS' from state 'RUNNING' with result '{'volume_id': '735183ff-50af-4dc6-b712-6e7240fffafd', 'volume_properties': VolumeProperties(attach_status='detached',availability_zone='nova',cgsnapshot_id=None,consistencygroup_id=None,display_description=None,display_name='tempest-GroupsTest-Volume-1274266372',encryption_key_id=None,group_id=9043df0f-8054-4dc6-912a-3b9960ec3bd2,group_type_id=,metadata={},multiattach=False,project_id='c442abd3449e4db18a16a66bc7752d31',qos_specs=None,replication_status=,reservations=['f5225e24-0b99-404f-b733-2f0ad9f7b9c9','ce9f5e48-b0ce-4eec-8af5-5855a30a0a91','5b8dab64-5129-472a-88f3-3998e5e08dbf','31db73b4-f1ba-4cd9-aa79-e2190fc9c18a'],size=1,snapshot_id=None,source_replicaid=,source_volid=None,status='creating',user_id='3e2daea1007b4c5e89b768dd8e6829b5',volume_type_id=4a0c3bfa-e7e7-4305-bbde-db377e3e7aee), 'volume': Volume(_name_id=None,admin_metadata=,attach_status='detached',availability_zone='nova',bootable=False,cluster=,cluster_name=None,consistencygroup=,consistencygroup_id=None,created_at=2021-07-14T14:01:51Z,deleted=False,deleted_at=None,display_description=None,display_name='tempest-GroupsTest-Volume-1274266372',ec2_id=None,encryption_key_id=None,glance_metadata=,group=,group_id=9043df0f-8054-4dc6-912a-3b9960ec3bd2,host=None,id=735183ff-50af-4dc6-b712-6e7240fffafd,launched_at=None,metadata={},migration_status=None,multiattach=False,previous_status=None,project_id='c442abd3449e4db18a16a66bc7752d31',provider_auth=None,provider_geometry=None,provider_id=None,provider_location=None,replication_driver_data=None,replication_extended_status=None,replication_status=None,scheduled_at=None,service_uuid=None,shared_targets=True,size=1,snapshot_id=None,snapshots=,source_volid=None,status='creating',terminated_at=None,updated_at=None,user_id='3e2daea1007b4c5e89b768dd8e6829b5',volume_attachment=,volume_type=VolumeType(4a0c3bfa-e7e7-4305-bbde-db377e3e7aee),volume_type_id=4a0c3bfa-e7e7-4305-bbde-db377e3e7aee)}' {{(pid=99724) _task_receiver /usr/local/lib/python3.8/dist-packages/taskflow/listeners/logging.py:178}}
Jul 14 14:01:51.801035 dv-cinder-786927-3-iscsi devstack@c-api.service[99724]: DEBUG cinder.volume.api [None req-4d22c8c3-c29f-4176-9774-fa399b9b5b06 tempest-GroupsTest-687127274 tempest-GroupsTest-687127274-project] Task 'cinder.volume.flows.api.create_volume.QuotaCommitTask;volume:create' (64f2e90a-d353-49a7-83d2-a63a39811708) transitioned into state 'RUNNING' from state 'PENDING' {{(pid=99724) _task_receiver /usr/local/lib/python3.8/dist-packages/taskflow/listeners/logging.py:190}}
Jul 14 14:01:51.841404 dv-cinder-786927-3-iscsi devstack@c-api.service[99724]: DEBUG cinder.volume.api [None req-4d22c8c3-c29f-4176-9774-fa399b9b5b06 tempest-GroupsTest-687127274 tempest-GroupsTest-687127274-project] Task 'cinder.volume.flows.api.create_volume.QuotaCommitTask;volume:create' (64f2e90a-d353-49a7-83d2-a63a39811708) transitioned into state 'SUCCESS' from state 'RUNNING' with result '{'volume_properties': VolumeProperties(attach_status='detached',availability_zone='nova',cgsnapshot_id=None,consistencygroup_id=None,display_description=None,display_name='tempest-GroupsTest-Volume-1274266372',encryption_key_id=None,group_id=9043df0f-8054-4dc6-912a-3b9960ec3bd2,group_type_id=,metadata={},multiattach=False,project_id='c442abd3449e4db18a16a66bc7752d31',qos_specs=None,replication_status=,reservations=['f5225e24-0b99-404f-b733-2f0ad9f7b9c9','ce9f5e48-b0ce-4eec-8af5-5855a30a0a91','5b8dab64-5129-472a-88f3-3998e5e08dbf','31db73b4-f1ba-4cd9-aa79-e2190fc9c18a'],size=1,snapshot_id=None,source_replicaid=,source_volid=None,status='creating',user_id='3e2daea1007b4c5e89b768dd8e6829b5',volume_type_id=4a0c3bfa-e7e7-4305-bbde-db377e3e7aee)}' {{(pid=99724) _task_receiver /usr/local/lib/python3.8/dist-packages/taskflow/listeners/logging.py:178}}
Jul 14 14:01:51.843573 dv-cinder-786927-3-iscsi devstack@c-api.service[99724]: DEBUG cinder.volume.api [None req-4d22c8c3-c29f-4176-9774-fa399b9b5b06 tempest-GroupsTest-687127274 tempest-GroupsTest-687127274-project] Task 'cinder.volume.flows.api.create_volume.VolumeCastTask;volume:create' (bd950730-402f-4f07-821b-7f0d4532f91c) transitioned into state 'RUNNING' from state 'PENDING' {{(pid=99724) _task_receiver /usr/local/lib/python3.8/dist-packages/taskflow/listeners/logging.py:190}}
Jul 14 14:01:51.868171 dv-cinder-786927-3-iscsi devstack@c-api.service[99724]: DEBUG cinder.volume.api [None req-4d22c8c3-c29f-4176-9774-fa399b9b5b06 tempest-GroupsTest-687127274 tempest-GroupsTest-687127274-project] Task 'cinder.volume.flows.api.create_volume.VolumeCastTask;volume:create' (bd950730-402f-4f07-821b-7f0d4532f91c) transitioned into state 'SUCCESS' from state 'RUNNING' with result 'None' {{(pid=99724) _task_receiver /usr/local/lib/python3.8/dist-packages/taskflow/listeners/logging.py:178}}
Jul 14 14:01:51.870647 dv-cinder-786927-3-iscsi devstack@c-api.service[99724]: DEBUG cinder.volume.api [None req-4d22c8c3-c29f-4176-9774-fa399b9b5b06 tempest-GroupsTest-687127274 tempest-GroupsTest-687127274-project] Flow 'volume_create_api' (2b1af505-860d-4837-9eb0-52815075fca6) transitioned into state 'SUCCESS' from state 'RUNNING' {{(pid=99724) _flow_receiver /usr/local/lib/python3.8/dist-packages/taskflow/listeners/logging.py:141}}
Jul 14 14:01:51.871448 dv-cinder-786927-3-iscsi devstack@c-api.service[99724]: INFO cinder.volume.api [None req-4d22c8c3-c29f-4176-9774-fa399b9b5b06 tempest-GroupsTest-687127274 tempest-GroupsTest-687127274-project] Create volume request issued successfully.
Jul 14 14:01:51.888534 dv-cinder-786927-3-iscsi devstack@c-api.service[99724]: WARNING stevedore.named [None req-4d22c8c3-c29f-4176-9774-fa399b9b5b06 tempest-GroupsTest-687127274 tempest-GroupsTest-687127274-project] Could not load cinder.keymgr.conf_key_mgr.ConfKeyManager
Jul 14 14:01:51.888932 dv-cinder-786927-3-iscsi devstack@c-api.service[99724]: WARNING castellan.key_manager [None req-4d22c8c3-c29f-4176-9774-fa399b9b5b06 tempest-GroupsTest-687127274 tempest-GroupsTest-687127274-project] Deprecation Warning : cinder.keymgr.conf_key_mgr.ConfKeyManager is not a stevedore based driver, trying to load it as a class: stevedore.exception.NoMatches: No 'castellan.drivers' driver found, looking for 'cinder.keymgr.conf_key_mgr.ConfKeyManager'
Jul 14 14:01:51.900180 dv-cinder-786927-3-iscsi devstack@c-api.service[99725]: INFO cinder.api.openstack.wsgi [None req-8e8e1851-f974-4b81-b2a3-7944ed51381a tempest-SnapshotsActionsTest-201915085 tempest-SnapshotsActionsTest-201915085-project] GET http://10.222.0.57/volume/v3/bff4752eeea248b296bd83d185fff455/snapshots/78a3b245-278f-407a-85d2-a963689ff4ca
Jul 14 14:01:51.901345 dv-cinder-786927-3-iscsi devstack@c-api.service[99725]: DEBUG cinder.api.openstack.wsgi [None req-8e8e1851-f974-4b81-b2a3-7944ed51381a tempest-SnapshotsActionsTest-201915085 tempest-SnapshotsActionsTest-201915085-project] Empty body provided in request {{(pid=99725) get_body /opt/stack/cinder/cinder/api/openstack/wsgi.py:713}}
Jul 14 14:01:51.901540 dv-cinder-786927-3-iscsi devstack@c-api.service[99725]: /usr/local/lib/python3.8/dist-packages/webob/acceptparse.py:1047: DeprecationWarning: The behavior of AcceptValidHeader.best_match is currently being maintained for backward compatibility, but it will be deprecated in the future, as it does not conform to the RFC.
Jul 14 14:01:51.901540 dv-cinder-786927-3-iscsi devstack@c-api.service[99725]: warnings.warn(
Jul 14 14:01:51.901863 dv-cinder-786927-3-iscsi devstack@c-api.service[99725]: DEBUG cinder.api.openstack.wsgi [None req-8e8e1851-f974-4b81-b2a3-7944ed51381a tempest-SnapshotsActionsTest-201915085 tempest-SnapshotsActionsTest-201915085-project] Calling method 'show' {{(pid=99725) _process_stack /opt/stack/cinder/cinder/api/openstack/wsgi.py:866}}
Jul 14 14:01:51.904520 dv-cinder-786927-3-iscsi devstack@c-api.service[99724]: DEBUG oslo_db.sqlalchemy.engines [None req-4d22c8c3-c29f-4176-9774-fa399b9b5b06 tempest-GroupsTest-687127274 tempest-GroupsTest-687127274-project] MySQL server mode set to STRICT_TRANS_TABLES,STRICT_ALL_TABLES,NO_ZERO_IN_DATE,NO_ZERO_DATE,ERROR_FOR_DIVISION_BY_ZERO,TRADITIONAL,NO_ENGINE_SUBSTITUTION {{(pid=99724) _check_effective_sql_mode /usr/local/lib/python3.8/dist-packages/oslo_db/sqlalchemy/engines.py:314}}
Jul 14 14:01:51.910350 dv-cinder-786927-3-iscsi devstack@c-api.service[99724]: /usr/local/lib/python3.8/dist-packages/oslo_context/context.py:105: DeprecationWarning: Policy enforcement is depending on the value of is_admin. This key is deprecated. Please update your policy file to use the standard policy values.
Jul 14 14:01:51.910350 dv-cinder-786927-3-iscsi devstack@c-api.service[99724]: warnings.warn('Policy enforcement is depending on the value of '
Jul 14 14:01:51.917559 dv-cinder-786927-3-iscsi devstack@c-api.service[99724]: INFO cinder.api.openstack.wsgi [None req-4d22c8c3-c29f-4176-9774-fa399b9b5b06 tempest-GroupsTest-687127274 tempest-GroupsTest-687127274-project] http://10.222.0.57/volume/v3/c442abd3449e4db18a16a66bc7752d31/volumes returned with HTTP 202
Jul 14 14:01:51.917869 dv-cinder-786927-3-iscsi devstack@c-api.service[99725]: /usr/local/lib/python3.8/dist-packages/oslo_context/context.py:105: DeprecationWarning: Policy enforcement is depending on the value of is_admin. This key is deprecated. Please update your policy file to use the standard policy values.
Jul 14 14:01:51.917869 dv-cinder-786927-3-iscsi devstack@c-api.service[99725]: warnings.warn('Policy enforcement is depending on the value of '
Jul 14 14:01:51.918685 dv-cinder-786927-3-iscsi devstack@c-api.service[99724]: [pid: 99724|app: 0|req: 108/227] 10.222.0.57 () {62 vars in 1277 bytes} [Wed Jul 14 14:01:51 2021] POST /volume/v3/c442abd3449e4db18a16a66bc7752d31/volumes => generated 892 bytes in 349 msecs (HTTP/1.1 202) 7 headers in 292 bytes (1 switches on core 0)
Jul 14 14:01:51.920504 dv-cinder-786927-3-iscsi devstack@c-api.service[99725]: INFO cinder.volume.api [None req-8e8e1851-f974-4b81-b2a3-7944ed51381a tempest-SnapshotsActionsTest-201915085 tempest-SnapshotsActionsTest-201915085-project] Snapshot retrieved successfully.
Jul 14 14:01:51.922500 dv-cinder-786927-3-iscsi devstack@c-api.service[99725]: INFO cinder.api.openstack.wsgi [None req-8e8e1851-f974-4b81-b2a3-7944ed51381a tempest-SnapshotsActionsTest-201915085 tempest-SnapshotsActionsTest-201915085-project] http://10.222.0.57/volume/v3/bff4752eeea248b296bd83d185fff455/snapshots/78a3b245-278f-407a-85d2-a963689ff4ca returned with HTTP 200
Jul 14 14:01:51.925755 dv-cinder-786927-3-iscsi devstack@c-api.service[99725]: [pid: 99725|app: 0|req: 120/228] 10.222.0.57 () {58 vars in 1331 bytes} [Wed Jul 14 14:01:51 2021] GET /volume/v3/bff4752eeea248b296bd83d185fff455/snapshots/78a3b245-278f-407a-85d2-a963689ff4ca => generated 466 bytes in 30 msecs (HTTP/1.1 200) 7 headers in 285 bytes (1 switches on core 0)
Jul 14 14:01:51.938393 dv-cinder-786927-3-iscsi devstack@c-api.service[99724]: INFO cinder.api.openstack.wsgi [None req-fd8fc194-2451-4d3f-9c60-ec1ecc6f06a7 tempest-GroupsTest-687127274 tempest-GroupsTest-687127274-project] GET http://10.222.0.57/volume/v3/c442abd3449e4db18a16a66bc7752d31/volumes/735183ff-50af-4dc6-b712-6e7240fffafd
Jul 14 14:01:51.940034 dv-cinder-786927-3-iscsi devstack@c-api.service[99724]: DEBUG cinder.api.openstack.wsgi [None req-fd8fc194-2451-4d3f-9c60-ec1ecc6f06a7 tempest-GroupsTest-687127274 tempest-GroupsTest-687127274-project] Empty body provided in request {{(pid=99724) get_body /opt/stack/cinder/cinder/api/openstack/wsgi.py:713}}
Jul 14 14:01:51.941311 dv-cinder-786927-3-iscsi devstack@c-api.service[99724]: /usr/local/lib/python3.8/dist-packages/webob/acceptparse.py:1047: DeprecationWarning: The behavior of AcceptValidHeader.best_match is currently being maintained for backward compatibility, but it will be deprecated in the future, as it does not conform to the RFC.
Jul 14 14:01:51.941311 dv-cinder-786927-3-iscsi devstack@c-api.service[99724]: warnings.warn(
Jul 14 14:01:51.942106 dv-cinder-786927-3-iscsi devstack@c-api.service[99724]: DEBUG cinder.api.openstack.wsgi [None req-fd8fc194-2451-4d3f-9c60-ec1ecc6f06a7 tempest-GroupsTest-687127274 tempest-GroupsTest-687127274-project] Calling method 'show' {{(pid=99724) _process_stack /opt/stack/cinder/cinder/api/openstack/wsgi.py:866}}
Jul 14 14:01:51.961177 dv-cinder-786927-3-iscsi devstack@c-api.service[99724]: /usr/local/lib/python3.8/dist-packages/oslo_context/context.py:105: DeprecationWarning: Policy enforcement is depending on the value of is_admin. This key is deprecated. Please update your policy file to use the standard policy values.
Jul 14 14:01:51.961177 dv-cinder-786927-3-iscsi devstack@c-api.service[99724]: warnings.warn('Policy enforcement is depending on the value of '
Jul 14 14:01:51.971201 dv-cinder-786927-3-iscsi devstack@c-api.service[99724]: INFO cinder.volume.api [None req-fd8fc194-2451-4d3f-9c60-ec1ecc6f06a7 tempest-GroupsTest-687127274 tempest-GroupsTest-687127274-project] Volume info retrieved successfully.
Jul 14 14:01:51.984129 dv-cinder-786927-3-iscsi devstack@c-api.service[99724]: WARNING stevedore.named [None req-fd8fc194-2451-4d3f-9c60-ec1ecc6f06a7 tempest-GroupsTest-687127274 tempest-GroupsTest-687127274-project] Could not load cinder.keymgr.conf_key_mgr.ConfKeyManager
Jul 14 14:01:51.985022 dv-cinder-786927-3-iscsi devstack@c-api.service[99724]: WARNING castellan.key_manager [None req-fd8fc194-2451-4d3f-9c60-ec1ecc6f06a7 tempest-GroupsTest-687127274 tempest-GroupsTest-687127274-project] Deprecation Warning : cinder.keymgr.conf_key_mgr.ConfKeyManager is not a stevedore based driver, trying to load it as a class: stevedore.exception.NoMatches: No 'castellan.drivers' driver found, looking for 'cinder.keymgr.conf_key_mgr.ConfKeyManager'
Jul 14 14:01:51.999593 dv-cinder-786927-3-iscsi devstack@c-api.service[99724]: DEBUG oslo_db.sqlalchemy.engines [None req-fd8fc194-2451-4d3f-9c60-ec1ecc6f06a7 tempest-GroupsTest-687127274 tempest-GroupsTest-687127274-project] MySQL server mode set to STRICT_TRANS_TABLES,STRICT_ALL_TABLES,NO_ZERO_IN_DATE,NO_ZERO_DATE,ERROR_FOR_DIVISION_BY_ZERO,TRADITIONAL,NO_ENGINE_SUBSTITUTION {{(pid=99724) _check_effective_sql_mode /usr/local/lib/python3.8/dist-packages/oslo_db/sqlalchemy/engines.py:314}}
Jul 14 14:01:52.012054 dv-cinder-786927-3-iscsi devstack@c-api.service[99724]: /usr/local/lib/python3.8/dist-packages/oslo_context/context.py:105: DeprecationWarning: Policy enforcement is depending on the value of is_admin. This key is deprecated. Please update your policy file to use the standard policy values.
Jul 14 14:01:52.012054 dv-cinder-786927-3-iscsi devstack@c-api.service[99724]: warnings.warn('Policy enforcement is depending on the value of '
Jul 14 14:01:52.038971 dv-cinder-786927-3-iscsi devstack@c-api.service[99724]: INFO cinder.api.openstack.wsgi [None req-fd8fc194-2451-4d3f-9c60-ec1ecc6f06a7 tempest-GroupsTest-687127274 tempest-GroupsTest-687127274-project] http://10.222.0.57/volume/v3/c442abd3449e4db18a16a66bc7752d31/volumes/735183ff-50af-4dc6-b712-6e7240fffafd returned with HTTP 200
