Aug 27 10:47:52.999663 dv-cinder-786627-20-smb devstack@c-api.service[107406]:   warnings.warn('Policy enforcement is depending on the value of '
Aug 27 10:47:53.029683 dv-cinder-786627-20-smb devstack@c-api.service[107406]: INFO cinder.api.openstack.wsgi [None req-0414c50c-729e-47cb-8f08-a68b961148dc tempest-GroupsV314Test-705700140 tempest-GroupsV314Test-705700140-project] http://10.222.0.24/volume/v3/254c99b588ae484bb0195bb2a73a7526/volumes/detail returned with HTTP 200
Aug 27 10:47:53.037114 dv-cinder-786627-20-smb devstack@c-api.service[107406]: [pid: 107406|app: 0|req: 223/413] 10.222.0.24 () {60 vars in 1276 bytes} [Fri Aug 27 10:47:52 2021] GET /volume/v3/254c99b588ae484bb0195bb2a73a7526/volumes/detail => generated 1974 bytes in 171 msecs (HTTP/1.1 200) 7 headers in 287 bytes (1 switches on core 0)
Aug 27 10:47:53.056195 dv-cinder-786627-20-smb devstack@c-api.service[107405]: INFO cinder.api.openstack.wsgi [None req-c0c81abf-320b-4242-aec5-0012482b06d8 tempest-GroupsV314Test-705700140 tempest-GroupsV314Test-705700140-project] GET http://10.222.0.24/volume/v3/254c99b588ae484bb0195bb2a73a7526/volumes/aa1238ab-6f7d-419e-819d-29bf7f6fa9b2
Aug 27 10:47:53.056974 dv-cinder-786627-20-smb devstack@c-api.service[107405]: DEBUG cinder.api.openstack.wsgi [None req-c0c81abf-320b-4242-aec5-0012482b06d8 tempest-GroupsV314Test-705700140 tempest-GroupsV314Test-705700140-project] Empty body provided in request {{(pid=107405) get_body /opt/stack/cinder/cinder/api/openstack/wsgi.py:703}}
Aug 27 10:47:53.057693 dv-cinder-786627-20-smb devstack@c-api.service[107405]: DEBUG cinder.api.openstack.wsgi [None req-c0c81abf-320b-4242-aec5-0012482b06d8 tempest-GroupsV314Test-705700140 tempest-GroupsV314Test-705700140-project] Calling method 'show' {{(pid=107405) _process_stack /opt/stack/cinder/cinder/api/openstack/wsgi.py:856}}
Aug 27 10:47:53.082891 dv-cinder-786627-20-smb devstack@c-api.service[107405]: /usr/local/lib/python3.8/dist-packages/oslo_context/context.py:105: DeprecationWarning: Policy enforcement is depending on the value of is_admin. This key is deprecated. Please update your policy file to use the standard policy values.
Aug 27 10:47:53.082891 dv-cinder-786627-20-smb devstack@c-api.service[107405]:   warnings.warn('Policy enforcement is depending on the value of '
Aug 27 10:47:53.093288 dv-cinder-786627-20-smb devstack@c-api.service[107405]: INFO cinder.volume.api [None req-c0c81abf-320b-4242-aec5-0012482b06d8 tempest-GroupsV314Test-705700140 tempest-GroupsV314Test-705700140-project] Volume info retrieved successfully.
Aug 27 10:47:53.107069 dv-cinder-786627-20-smb devstack@c-api.service[107405]: WARNING stevedore.named [None req-c0c81abf-320b-4242-aec5-0012482b06d8 tempest-GroupsV314Test-705700140 tempest-GroupsV314Test-705700140-project] Could not load cinder.keymgr.conf_key_mgr.ConfKeyManager
Aug 27 10:47:53.107611 dv-cinder-786627-20-smb devstack@c-api.service[107405]: WARNING castellan.key_manager [None req-c0c81abf-320b-4242-aec5-0012482b06d8 tempest-GroupsV314Test-705700140 tempest-GroupsV314Test-705700140-project] Deprecation Warning : cinder.keymgr.conf_key_mgr.ConfKeyManager is not a stevedore based driver, trying to load it as a class: stevedore.exception.NoMatches: No 'castellan.drivers' driver found, looking for 'cinder.keymgr.conf_key_mgr.ConfKeyManager'
Aug 27 10:47:53.120466 dv-cinder-786627-20-smb devstack@c-api.service[107405]: DEBUG oslo_db.sqlalchemy.engines [None req-c0c81abf-320b-4242-aec5-0012482b06d8 tempest-GroupsV314Test-705700140 tempest-GroupsV314Test-705700140-project] MySQL server mode set to STRICT_TRANS_TABLES,STRICT_ALL_TABLES,NO_ZERO_IN_DATE,NO_ZERO_DATE,ERROR_FOR_DIVISION_BY_ZERO,TRADITIONAL,NO_ENGINE_SUBSTITUTION {{(pid=107405) _check_effective_sql_mode /usr/local/lib/python3.8/dist-packages/oslo_db/sqlalchemy/engines.py:314}}
Aug 27 10:47:53.129019 dv-cinder-786627-20-smb devstack@c-api.service[107405]: /usr/local/lib/python3.8/dist-packages/oslo_context/context.py:105: DeprecationWarning: Policy enforcement is depending on the value of is_admin. This key is deprecated. Please update your policy file to use the standard policy values.
Aug 27 10:47:53.129019 dv-cinder-786627-20-smb devstack@c-api.service[107405]:   warnings.warn('Policy enforcement is depending on the value of '
Aug 27 10:47:53.144702 dv-cinder-786627-20-smb devstack@c-api.service[107405]: INFO cinder.api.openstack.wsgi [None req-c0c81abf-320b-4242-aec5-0012482b06d8 tempest-GroupsV314Test-705700140 tempest-GroupsV314Test-705700140-project] http://10.222.0.24/volume/v3/254c99b588ae484bb0195bb2a73a7526/volumes/aa1238ab-6f7d-419e-819d-29bf7f6fa9b2 returned with HTTP 200
Aug 27 10:47:53.145702 dv-cinder-786627-20-smb devstack@c-api.service[107405]: [pid: 107405|app: 0|req: 191/414] 10.222.0.24 () {60 vars in 1366 bytes} [Fri Aug 27 10:47:53 2021] GET /volume/v3/254c99b588ae484bb0195bb2a73a7526/volumes/aa1238ab-6f7d-419e-819d-29bf7f6fa9b2 => generated 988 bytes in 96 msecs (HTTP/1.1 200) 7 headers in 286 bytes (1 switches on core 0)
Aug 27 10:47:53.196978 dv-cinder-786627-20-smb devstack@c-api.service[107406]: INFO cinder.api.openstack.wsgi [None req-b0bf0e3c-4754-47fe-a566-3d2286e9acfd tempest-VolumesExtendTest-1237042642 tempest-VolumesExtendTest-1237042642-project] GET http://10.222.0.24/volume/v3/4397cfe5bac64c94a63f018b4d6ddfb0/volumes/c6593f3b-a41b-4591-8fbd-c2485812ec88
Aug 27 10:47:53.197781 dv-cinder-786627-20-smb devstack@c-api.service[107406]: DEBUG cinder.api.openstack.wsgi [None req-b0bf0e3c-4754-47fe-a566-3d2286e9acfd tempest-VolumesExtendTest-1237042642 tempest-VolumesExtendTest-1237042642-project] Empty body provided in request {{(pid=107406) get_body /opt/stack/cinder/cinder/api/openstack/wsgi.py:703}}
Aug 27 10:47:53.197781 dv-cinder-786627-20-smb devstack@c-api.service[107406]: /usr/local/lib/python3.8/dist-packages/webob/acceptparse.py:1047: DeprecationWarning: The behavior of AcceptValidHeader.best_match is currently being maintained for backward compatibility, but it will be deprecated in the future, as it does not conform to the RFC.
Aug 27 10:47:53.197781 dv-cinder-786627-20-smb devstack@c-api.service[107406]:   warnings.warn(
Aug 27 10:47:53.198318 dv-cinder-786627-20-smb devstack@c-api.service[107406]: DEBUG cinder.api.openstack.wsgi [None req-b0bf0e3c-4754-47fe-a566-3d2286e9acfd tempest-VolumesExtendTest-1237042642 tempest-VolumesExtendTest-1237042642-project] Calling method 'show' {{(pid=107406) _process_stack /opt/stack/cinder/cinder/api/openstack/wsgi.py:856}}
Aug 27 10:47:53.207686 dv-cinder-786627-20-smb devstack@c-api.service[107405]: INFO cinder.api.openstack.wsgi [None req-61a80906-8aa7-49cd-bfea-3ab750ae90f8 tempest-VolumesListTestJSON-488769645 tempest-VolumesListTestJSON-488769645-project] GET http://10.222.0.24/volume/v3/cbcf0d679ffe4c88b0ffb250f75884f7/volumes/6dbed015-41b3-45ee-b13b-25ce5661b49d
Aug 27 10:47:53.207949 dv-cinder-786627-20-smb devstack@c-api.service[107405]: DEBUG cinder.api.openstack.wsgi [None req-61a80906-8aa7-49cd-bfea-3ab750ae90f8 tempest-VolumesListTestJSON-488769645 tempest-VolumesListTestJSON-488769645-project] Empty body provided in request {{(pid=107405) get_body /opt/stack/cinder/cinder/api/openstack/wsgi.py:703}}
Aug 27 10:47:53.208213 dv-cinder-786627-20-smb devstack@c-api.service[107405]: /usr/local/lib/python3.8/dist-packages/webob/acceptparse.py:1047: DeprecationWarning: The behavior of AcceptValidHeader.best_match is currently being maintained for backward compatibility, but it will be deprecated in the future, as it does not conform to the RFC.
Aug 27 10:47:53.208213 dv-cinder-786627-20-smb devstack@c-api.service[107405]:   warnings.warn(
Aug 27 10:47:53.208795 dv-cinder-786627-20-smb devstack@c-api.service[107405]: DEBUG cinder.api.openstack.wsgi [None req-61a80906-8aa7-49cd-bfea-3ab750ae90f8 tempest-VolumesListTestJSON-488769645 tempest-VolumesListTestJSON-488769645-project] Calling method 'show' {{(pid=107405) _process_stack /opt/stack/cinder/cinder/api/openstack/wsgi.py:856}}
Aug 27 10:47:53.222647 dv-cinder-786627-20-smb devstack@c-api.service[107406]: /usr/local/lib/python3.8/dist-packages/oslo_context/context.py:105: DeprecationWarning: Policy enforcement is depending on the value of is_admin. This key is deprecated. Please update your policy file to use the standard policy values.
Aug 27 10:47:53.222647 dv-cinder-786627-20-smb devstack@c-api.service[107406]:   warnings.warn('Policy enforcement is depending on the value of '
Aug 27 10:47:53.235236 dv-cinder-786627-20-smb devstack@c-api.service[107405]: /usr/local/lib/python3.8/dist-packages/oslo_context/context.py:105: DeprecationWarning: Policy enforcement is depending on the value of is_admin. This key is deprecated. Please update your policy file to use the standard policy values.
Aug 27 10:47:53.235236 dv-cinder-786627-20-smb devstack@c-api.service[107405]:   warnings.warn('Policy enforcement is depending on the value of '
Aug 27 10:47:53.235639 dv-cinder-786627-20-smb devstack@c-api.service[107406]: INFO cinder.volume.api [None req-b0bf0e3c-4754-47fe-a566-3d2286e9acfd tempest-VolumesExtendTest-1237042642 tempest-VolumesExtendTest-1237042642-project] Volume info retrieved successfully.
Aug 27 10:47:53.249385 dv-cinder-786627-20-smb devstack@c-api.service[107405]: INFO cinder.volume.api [None req-61a80906-8aa7-49cd-bfea-3ab750ae90f8 tempest-VolumesListTestJSON-488769645 tempest-VolumesListTestJSON-488769645-project] Volume info retrieved successfully.
Aug 27 10:47:53.260128 dv-cinder-786627-20-smb devstack@c-api.service[107406]: INFO cinder.api.openstack.wsgi [None req-b0bf0e3c-4754-47fe-a566-3d2286e9acfd tempest-VolumesExtendTest-1237042642 tempest-VolumesExtendTest-1237042642-project] http://10.222.0.24/volume/v3/4397cfe5bac64c94a63f018b4d6ddfb0/volumes/c6593f3b-a41b-4591-8fbd-c2485812ec88 returned with HTTP 200
Aug 27 10:47:53.261059 dv-cinder-786627-20-smb devstack@c-api.service[107406]: [pid: 107406|app: 0|req: 224/415] 10.222.0.24 () {58 vars in 1325 bytes} [Fri Aug 27 10:47:53 2021] GET /volume/v3/4397cfe5bac64c94a63f018b4d6ddfb0/volumes/c6593f3b-a41b-4591-8fbd-c2485812ec88 => generated 909 bytes in 70 msecs (HTTP/1.1 200) 7 headers in 285 bytes (2 switches on core 0)
Aug 27 10:47:53.271808 dv-cinder-786627-20-smb devstack@c-api.service[107405]: INFO cinder.api.openstack.wsgi [None req-61a80906-8aa7-49cd-bfea-3ab750ae90f8 tempest-VolumesListTestJSON-488769645 tempest-VolumesListTestJSON-488769645-project] http://10.222.0.24/volume/v3/cbcf0d679ffe4c88b0ffb250f75884f7/volumes/6dbed015-41b3-45ee-b13b-25ce5661b49d returned with HTTP 200
Aug 27 10:47:53.273044 dv-cinder-786627-20-smb devstack@c-api.service[107405]: [pid: 107405|app: 0|req: 192/416] 10.222.0.24 () {58 vars in 1325 bytes} [Fri Aug 27 10:47:53 2021] GET /volume/v3/cbcf0d679ffe4c88b0ffb250f75884f7/volumes/6dbed015-41b3-45ee-b13b-25ce5661b49d => generated 926 bytes in 74 msecs (HTTP/1.1 200) 7 headers in 285 bytes (1 switches on core 0)
Aug 27 10:47:53.293593 dv-cinder-786627-20-smb devstack@c-api.service[107406]: INFO cinder.api.openstack.wsgi [None req-53f2314a-1f0c-4df6-a65b-8fa3ca5264bf tempest-VolumesListTestJSON-488769645 tempest-VolumesListTestJSON-488769645-project] GET http://10.222.0.24/volume/v3/cbcf0d679ffe4c88b0ffb250f75884f7/volumes/6dbed015-41b3-45ee-b13b-25ce5661b49d
Aug 27 10:47:53.294805 dv-cinder-786627-20-smb devstack@c-api.service[107406]: DEBUG cinder.api.openstack.wsgi [None req-53f2314a-1f0c-4df6-a65b-8fa3ca5264bf tempest-VolumesListTestJSON-488769645 tempest-VolumesListTestJSON-488769645-project] Empty body provided in request {{(pid=107406) get_body /opt/stack/cinder/cinder/api/openstack/wsgi.py:703}}
Aug 27 10:47:53.295321 dv-cinder-786627-20-smb devstack@c-api.service[107406]: /usr/local/lib/python3.8/dist-packages/webob/acceptparse.py:1047: DeprecationWarning: The behavior of AcceptValidHeader.best_match is currently being maintained for backward compatibility, but it will be deprecated in the future, as it does not conform to the RFC.
Aug 27 10:47:53.295321 dv-cinder-786627-20-smb devstack@c-api.service[107406]:   warnings.warn(
Aug 27 10:47:53.296068 dv-cinder-786627-20-smb devstack@c-api.service[107406]: DEBUG cinder.api.openstack.wsgi [None req-53f2314a-1f0c-4df6-a65b-8fa3ca5264bf tempest-VolumesListTestJSON-488769645 tempest-VolumesListTestJSON-488769645-project] Calling method 'show' {{(pid=107406) _process_stack /opt/stack/cinder/cinder/api/openstack/wsgi.py:856}}
Aug 27 10:47:53.322107 dv-cinder-786627-20-smb devstack@c-api.service[107406]: /usr/local/lib/python3.8/dist-packages/oslo_context/context.py:105: DeprecationWarning: Policy enforcement is depending on the value of is_admin. This key is deprecated. Please update your policy file to use the standard policy values.
Aug 27 10:47:53.322107 dv-cinder-786627-20-smb devstack@c-api.service[107406]:   warnings.warn('Policy enforcement is depending on the value of '
Aug 27 10:47:53.331710 dv-cinder-786627-20-smb devstack@c-api.service[107406]: INFO cinder.volume.api [None req-53f2314a-1f0c-4df6-a65b-8fa3ca5264bf tempest-VolumesListTestJSON-488769645 tempest-VolumesListTestJSON-488769645-project] Volume info retrieved successfully.
Aug 27 10:47:53.351827 dv-cinder-786627-20-smb devstack@c-api.service[107406]: INFO cinder.api.openstack.wsgi [None req-53f2314a-1f0c-4df6-a65b-8fa3ca5264bf tempest-VolumesListTestJSON-488769645 tempest-VolumesListTestJSON-488769645-project] http://10.222.0.24/volume/v3/cbcf0d679ffe4c88b0ffb250f75884f7/volumes/6dbed015-41b3-45ee-b13b-25ce5661b49d returned with HTTP 200
Aug 27 10:47:53.353181 dv-cinder-786627-20-smb devstack@c-api.service[107406]: [pid: 107406|app: 0|req: 225/417] 10.222.0.24 () {58 vars in 1325 bytes} [Fri Aug 27 10:47:53 2021] GET /volume/v3/cbcf0d679ffe4c88b0ffb250f75884f7/volumes/6dbed015-41b3-45ee-b13b-25ce5661b49d => generated 926 bytes in 66 msecs (HTTP/1.1 200) 7 headers in 285 bytes (1 switches on core 0)
Aug 27 10:47:53.371921 dv-cinder-786627-20-smb devstack@c-api.service[107405]: INFO cinder.api.openstack.wsgi [None req-2cd3dc85-7782-4871-967c-09b3f2bbcb4c tempest-VolumesListTestJSON-488769645 tempest-VolumesListTestJSON-488769645-project] POST http://10.222.0.24/volume/v3/cbcf0d679ffe4c88b0ffb250f75884f7/volumes
Aug 27 10:47:53.372804 dv-cinder-786627-20-smb devstack@c-api.service[107405]: /usr/local/lib/python3.8/dist-packages/webob/acceptparse.py:1047: DeprecationWarning: The behavior of AcceptValidHeader.best_match is currently being maintained for backward compatibility, but it will be deprecated in the future, as it does not conform to the RFC.
Aug 27 10:47:53.372804 dv-cinder-786627-20-smb devstack@c-api.service[107405]:   warnings.warn(
Aug 27 10:47:53.373383 dv-cinder-786627-20-smb devstack@c-api.service[107405]: DEBUG cinder.api.openstack.wsgi [None req-2cd3dc85-7782-4871-967c-09b3f2bbcb4c tempest-VolumesListTestJSON-488769645 tempest-VolumesListTestJSON-488769645-project] Action: 'create', calling method: create, body: {"volume": {"metadata": {"Type": "work"}, "size": 1, "name": "tempest-VolumesListTestJSON-Volume-1851554367"}} {{(pid=107405) _process_stack /opt/stack/cinder/cinder/api/openstack/wsgi.py:854}}
Aug 27 10:47:53.374518 dv-cinder-786627-20-smb devstack@c-api.service[107405]: DEBUG cinder.api.v3.volumes [None req-2cd3dc85-7782-4871-967c-09b3f2bbcb4c tempest-VolumesListTestJSON-488769645 tempest-VolumesListTestJSON-488769645-project] Create volume request body: {'volume': {'metadata': {'Type': 'work'}, 'size': 1, 'name': 'tempest-VolumesListTestJSON-Volume-1851554367'}} {{(pid=107405) create /opt/stack/cinder/cinder/api/v3/volumes.py:290}}
Aug 27 10:47:53.374862 dv-cinder-786627-20-smb devstack@c-api.service[107405]: INFO cinder.api.v3.volumes [None req-2cd3dc85-7782-4871-967c-09b3f2bbcb4c tempest-VolumesListTestJSON-488769645 tempest-VolumesListTestJSON-488769645-project] Create volume of 1 GB
Aug 27 10:47:53.382443 dv-cinder-786627-20-smb devstack@c-api.service[107405]: INFO cinder.volume.api [None req-2cd3dc85-7782-4871-967c-09b3f2bbcb4c tempest-VolumesListTestJSON-488769645 tempest-VolumesListTestJSON-488769645-project] Availability Zones retrieved successfully.
Aug 27 10:47:53.409332 dv-cinder-786627-20-smb devstack@c-api.service[107405]: DEBUG cinder.volume.api [None req-2cd3dc85-7782-4871-967c-09b3f2bbcb4c tempest-VolumesListTestJSON-488769645 tempest-VolumesListTestJSON-488769645-project] Flow 'volume_create_api' (54d18901-1770-4517-9fda-2dc8f53365f2) transitioned into state 'RUNNING' from state 'PENDING' {{(pid=107405) _flow_receiver /usr/local/lib/python3.8/dist-packages/taskflow/listeners/logging.py:141}}
Aug 27 10:47:53.415982 dv-cinder-786627-20-smb devstack@c-api.service[107405]: DEBUG cinder.volume.api [None req-2cd3dc85-7782-4871-967c-09b3f2bbcb4c tempest-VolumesListTestJSON-488769645 tempest-VolumesListTestJSON-488769645-project] Task 'cinder.volume.flows.api.create_volume.ExtractVolumeRequestTask;volume:create' (97183f72-7059-4ff1-a7ba-802a969e0aa7) transitioned into state 'RUNNING' from state 'PENDING' {{(pid=107405) _task_receiver /usr/local/lib/python3.8/dist-packages/taskflow/listeners/logging.py:190}}
Aug 27 10:47:53.420201 dv-cinder-786627-20-smb devstack@c-api.service[107405]: DEBUG cinder.volume.flows.api.create_volume [None req-2cd3dc85-7782-4871-967c-09b3f2bbcb4c tempest-VolumesListTestJSON-488769645 tempest-VolumesListTestJSON-488769645-project] Validating volume size '1' using validate_int {{(pid=107405) _extract_size /opt/stack/cinder/cinder/volume/flows/api/create_volume.py:225}}
Aug 27 10:47:53.474613 dv-cinder-786627-20-smb devstack@c-api.service[107405]: DEBUG cinder.volume.api [None req-2cd3dc85-7782-4871-967c-09b3f2bbcb4c tempest-VolumesListTestJSON-488769645 tempest-VolumesListTestJSON-488769645-project] Task 'cinder.volume.flows.api.create_volume.ExtractVolumeRequestTask;volume:create' (97183f72-7059-4ff1-a7ba-802a969e0aa7) transitioned into state 'SUCCESS' from state 'RUNNING' with result '{'size': 1, 'snapshot_id': None, 'source_volid': None, 'volume_type': VolumeType(created_at=2021-08-27T10:37:01Z,deleted=False,deleted_at=None,description='Default Volume Type',extra_specs={},id=49304458-cd31-43a1-8be4-70cbea2fd939,is_public=True,name='__DEFAULT__',projects=[],qos_specs=<?>,qos_specs_id=None,updated_at=2021-08-27T10:37:01Z), 'volume_type_id': '49304458-cd31-43a1-8be4-70cbea2fd939', 'encryption_key_id': None, 'qos_specs': None, 'consistencygroup_id': None, 'cgsnapshot_id': None, 'group_id': None, 'replication_status': 'disabled', 'refresh_az': False, 'backup_id': None, 'multiattach': False, 'availability_zones': ['nova']}' {{(pid=107405) _task_receiver /usr/local/lib/python3.8/dist-packages/taskflow/listeners/logging.py:178}}
Aug 27 10:47:53.480877 dv-cinder-786627-20-smb devstack@c-api.service[107405]: DEBUG cinder.volume.api [None req-2cd3dc85-7782-4871-967c-09b3f2bbcb4c tempest-VolumesListTestJSON-488769645 tempest-VolumesListTestJSON-488769645-project] Task 'cinder.volume.flows.api.create_volume.QuotaReserveTask;volume:create' (f844aa9b-c6e3-483f-8ca4-1195ad0e4b6f) transitioned into state 'RUNNING' from state 'PENDING' {{(pid=107405) _task_receiver /usr/local/lib/python3.8/dist-packages/taskflow/listeners/logging.py:190}}
Aug 27 10:47:53.593865 dv-cinder-786627-20-smb devstack@c-api.service[107405]: DEBUG cinder.quota [None req-2cd3dc85-7782-4871-967c-09b3f2bbcb4c tempest-VolumesListTestJSON-488769645 tempest-VolumesListTestJSON-488769645-project] Created reservations ['1244c712-d297-400d-a291-6393f02b52d7', '908b2abe-8e45-4674-a5d3-f5d532e7ba6e', '5dc35d5a-e244-49db-b4aa-9f27617e2a6b', '57905f90-5331-47ea-a8d9-ea966dc9014a'] {{(pid=107405) reserve /opt/stack/cinder/cinder/quota.py:755}}
Aug 27 10:47:53.599463 dv-cinder-786627-20-smb devstack@c-api.service[107405]: DEBUG cinder.volume.api [None req-2cd3dc85-7782-4871-967c-09b3f2bbcb4c tempest-VolumesListTestJSON-488769645 tempest-VolumesListTestJSON-488769645-project] Task 'cinder.volume.flows.api.create_volume.QuotaReserveTask;volume:create' (f844aa9b-c6e3-483f-8ca4-1195ad0e4b6f) transitioned into state 'SUCCESS' from state 'RUNNING' with result '{'reservations': ['1244c712-d297-400d-a291-6393f02b52d7', '908b2abe-8e45-4674-a5d3-f5d532e7ba6e', '5dc35d5a-e244-49db-b4aa-9f27617e2a6b', '57905f90-5331-47ea-a8d9-ea966dc9014a']}' {{(pid=107405) _task_receiver /usr/local/lib/python3.8/dist-packages/taskflow/listeners/logging.py:178}}
Aug 27 10:47:53.605827 dv-cinder-786627-20-smb devstack@c-api.service[107405]: DEBUG cinder.volume.api [None req-2cd3dc85-7782-4871-967c-09b3f2bbcb4c tempest-VolumesListTestJSON-488769645 tempest-VolumesListTestJSON-488769645-project] Task 'cinder.volume.flows.api.create_volume.EntryCreateTask;volume:create' (8f94f8f2-32b6-4299-8003-2d3183ccad4c) transitioned into state 'RUNNING' from state 'PENDING' {{(pid=107405) _task_receiver /usr/local/lib/python3.8/dist-packages/taskflow/listeners/logging.py:190}}
Aug 27 10:47:53.670539 dv-cinder-786627-20-smb devstack@c-api.service[107405]: DEBUG cinder.volume.api [None req-2cd3dc85-7782-4871-967c-09b3f2bbcb4c tempest-VolumesListTestJSON-488769645 tempest-VolumesListTestJSON-488769645-project] Task 'cinder.volume.flows.api.create_volume.EntryCreateTask;volume:create' (8f94f8f2-32b6-4299-8003-2d3183ccad4c) transitioned into state 'SUCCESS' from state 'RUNNING' with result '{'volume_id': 'd0101a4a-dcb2-410d-8c00-f5e75fcb1222', 'volume_properties': VolumeProperties(attach_status='detached',availability_zone='nova',cgsnapshot_id=None,consistencygroup_id=None,display_description=None,display_name='tempest-VolumesListTestJSON-Volume-1851554367',encryption_key_id=None,group_id=None,group_type_id=<?>,metadata={Type='work'},multiattach=False,project_id='cbcf0d679ffe4c88b0ffb250f75884f7',qos_specs=None,replication_status=<?>,reservations=['1244c712-d297-400d-a291-6393f02b52d7','908b2abe-8e45-4674-a5d3-f5d532e7ba6e','5dc35d5a-e244-49db-b4aa-9f27617e2a6b','57905f90-5331-47ea-a8d9-ea966dc9014a'],size=1,snapshot_id=None,source_replicaid=<?>,source_volid=None,status='creating',user_id='22f45c914d9247ac866089f7c69c2884',volume_type_id=49304458-cd31-43a1-8be4-70cbea2fd939), 'volume': Volume(_name_id=None,admin_metadata=<?>,attach_status='detached',availability_zone='nova',bootable=False,cluster=<?>,cluster_name=None,consistencygroup=<?>,consistencygroup_id=None,created_at=2021-08-27T10:47:53Z,deleted=False,deleted_at=None,display_description=None,display_name='tempest-VolumesListTestJSON-Volume-1851554367',ec2_id=None,encryption_key_id=None,glance_metadata=<?>,group=<?>,group_id=None,host=None,id=d0101a4a-dcb2-410d-8c00-f5e75fcb1222,launched_at=None,metadata={Type='work'},migration_status=None,multiattach=False,previous_status=None,project_id='cbcf0d679ffe4c88b0ffb250f75884f7',provider_auth=None,provider_geometry=None,provider_id=None,provider_location=None,replication_driver_data=None,replication_extended_status=None,replication_status=None,scheduled_at=None,service_uuid=None,shared_targets=True,size=1,snapshot_id=None,snapshots=<?>,source_volid=None,status='creating',terminated_at=None,updated_at=None,user_id='22f45c914d9247ac866089f7c69c2884',volume_attachment=<?>,volume_type=VolumeType(49304458-cd31-43a1-8be4-70cbea2fd939),volume_type_id=49304458-cd31-43a1-8be4-70cbea2fd939)}' {{(pid=107405) _task_receiver /usr/local/lib/python3.8/dist-packages/taskflow/listeners/logging.py:178}}
Aug 27 10:47:53.675655 dv-cinder-786627-20-smb devstack@c-api.service[107405]: DEBUG cinder.volume.api [None req-2cd3dc85-7782-4871-967c-09b3f2bbcb4c tempest-VolumesListTestJSON-488769645 tempest-VolumesListTestJSON-488769645-project] Task 'cinder.volume.flows.api.create_volume.QuotaCommitTask;volume:create' (8b524f06-0b06-480a-b972-7301b3be8054) transitioned into state 'RUNNING' from state 'PENDING' {{(pid=107405) _task_receiver /usr/local/lib/python3.8/dist-packages/taskflow/listeners/logging.py:190}}
Aug 27 10:47:53.713984 dv-cinder-786627-20-smb devstack@c-api.service[107405]: DEBUG cinder.volume.api [None req-2cd3dc85-7782-4871-967c-09b3f2bbcb4c tempest-VolumesListTestJSON-488769645 tempest-VolumesListTestJSON-488769645-project] Task 'cinder.volume.flows.api.create_volume.QuotaCommitTask;volume:create' (8b524f06-0b06-480a-b972-7301b3be8054) transitioned into state 'SUCCESS' from state 'RUNNING' with result '{'volume_properties': VolumeProperties(attach_status='detached',availability_zone='nova',cgsnapshot_id=None,consistencygroup_id=None,display_description=None,display_name='tempest-VolumesListTestJSON-Volume-1851554367',encryption_key_id=None,group_id=None,group_type_id=<?>,metadata={Type='work'},multiattach=False,project_id='cbcf0d679ffe4c88b0ffb250f75884f7',qos_specs=None,replication_status=<?>,reservations=['1244c712-d297-400d-a291-6393f02b52d7','908b2abe-8e45-4674-a5d3-f5d532e7ba6e','5dc35d5a-e244-49db-b4aa-9f27617e2a6b','57905f90-5331-47ea-a8d9-ea966dc9014a'],size=1,snapshot_id=None,source_replicaid=<?>,source_volid=None,status='creating',user_id='22f45c914d9247ac866089f7c69c2884',volume_type_id=49304458-cd31-43a1-8be4-70cbea2fd939)}' {{(pid=107405) _task_receiver /usr/local/lib/python3.8/dist-packages/taskflow/listeners/logging.py:178}}
Aug 27 10:47:53.717836 dv-cinder-786627-20-smb devstack@c-api.service[107405]: DEBUG cinder.volume.api [None req-2cd3dc85-7782-4871-967c-09b3f2bbcb4c tempest-VolumesListTestJSON-488769645 tempest-VolumesListTestJSON-488769645-project] Task 'cinder.volume.flows.api.create_volume.VolumeCastTask;volume:create' (798c86a1-c79a-419a-9597-77536e39269f) transitioned into state 'RUNNING' from state 'PENDING' {{(pid=107405) _task_receiver /usr/local/lib/python3.8/dist-packages/taskflow/listeners/logging.py:190}}
Aug 27 10:47:53.747057 dv-cinder-786627-20-smb devstack@c-api.service[107405]: DEBUG cinder.volume.api [None req-2cd3dc85-7782-4871-967c-09b3f2bbcb4c tempest-VolumesListTestJSON-488769645 tempest-VolumesListTestJSON-488769645-project] Task 'cinder.volume.flows.api.create_volume.VolumeCastTask;volume:create' (798c86a1-c79a-419a-9597-77536e39269f) transitioned into state 'SUCCESS' from state 'RUNNING' with result 'None' {{(pid=107405) _task_receiver /usr/local/lib/python3.8/dist-packages/taskflow/listeners/logging.py:178}}
Aug 27 10:47:53.752695 dv-cinder-786627-20-smb devstack@c-api.service[107405]: DEBUG cinder.volume.api [None req-2cd3dc85-7782-4871-967c-09b3f2bbcb4c tempest-VolumesListTestJSON-488769645 tempest-VolumesListTestJSON-488769645-project] Flow 'volume_create_api' (54d18901-1770-4517-9fda-2dc8f53365f2) transitioned into state 'SUCCESS' from state 'RUNNING' {{(pid=107405) _flow_receiver /usr/local/lib/python3.8/dist-packages/taskflow/listeners/logging.py:141}}
Aug 27 10:47:53.754383 dv-cinder-786627-20-smb devstack@c-api.service[107405]: INFO cinder.volume.api [None req-2cd3dc85-7782-4871-967c-09b3f2bbcb4c tempest-VolumesListTestJSON-488769645 tempest-VolumesListTestJSON-488769645-project] Create volume request issued successfully.
Aug 27 10:47:53.770462 dv-cinder-786627-20-smb devstack@c-api.service[107405]: INFO cinder.api.openstack.wsgi [None req-2cd3dc85-7782-4871-967c-09b3f2bbcb4c tempest-VolumesListTestJSON-488769645 tempest-VolumesListTestJSON-488769645-project] http://10.222.0.24/volume/v3/cbcf0d679ffe4c88b0ffb250f75884f7/volumes returned with HTTP 202
Aug 27 10:47:53.771502 dv-cinder-786627-20-smb devstack@c-api.service[107405]: [pid: 107405|app: 0|req: 193/418] 10.222.0.24 () {60 vars in 1236 bytes} [Fri Aug 27 10:47:53 2021] POST /volume/v3/cbcf0d679ffe4c88b0ffb250f75884f7/volumes => generated 833 bytes in 403 msecs (HTTP/1.1 202) 7 headers in 291 bytes (2 switches on core 0)
Aug 27 10:47:53.797323 dv-cinder-786627-20-smb devstack@c-api.service[107406]: INFO cinder.api.openstack.wsgi [None req-f5dd393f-191b-45c9-844f-546a9d75a274 tempest-VolumesListTestJSON-488769645 tempest-VolumesListTestJSON-488769645-project] GET http://10.222.0.24/volume/v3/cbcf0d679ffe4c88b0ffb250f75884f7/volumes/d0101a4a-dcb2-410d-8c00-f5e75fcb1222
Aug 27 10:47:53.798394 dv-cinder-786627-20-smb devstack@c-api.service[107406]: DEBUG cinder.api.openstack.wsgi [None req-f5dd393f-191b-45c9-844f-546a9d75a274 tempest-VolumesListTestJSON-488769645 tempest-VolumesListTestJSON-488769645-project] Empty body provided in request {{(pid=107406) get_body /opt/stack/cinder/cinder/api/openstack/wsgi.py:703}}
Aug 27 10:47:53.798729 dv-cinder-786627-20-smb devstack@c-api.service[107406]: /usr/local/lib/python3.8/dist-packages/webob/acceptparse.py:1047: DeprecationWarning: The behavior of AcceptValidHeader.best_match is currently being maintained for backward compatibility, but it will be deprecated in the future, as it does not conform to the RFC.
Aug 27 10:47:53.798729 dv-cinder-786627-20-smb devstack@c-api.service[107406]:   warnings.warn(
Aug 27 10:47:53.799616 dv-cinder-786627-20-smb devstack@c-api.service[107406]: DEBUG cinder.api.openstack.wsgi [None req-f5dd393f-191b-45c9-844f-546a9d75a274 tempest-VolumesListTestJSON-488769645 tempest-VolumesListTestJSON-488769645-project] Calling method 'show' {{(pid=107406) _process_stack /opt/stack/cinder/cinder/api/openstack/wsgi.py:856}}
Aug 27 10:47:53.826276 dv-cinder-786627-20-smb devstack@c-api.service[107406]: /usr/local/lib/python3.8/dist-packages/oslo_context/context.py:105: DeprecationWarning: Policy enforcement is depending on the value of is_admin. This key is deprecated. Please update your policy file to use the standard policy values.
Aug 27 10:47:53.826276 dv-cinder-786627-20-smb devstack@c-api.service[107406]:   warnings.warn('Policy enforcement is depending on the value of '
Aug 27 10:47:53.840020 dv-cinder-786627-20-smb devstack@c-api.service[107406]: INFO cinder.volume.api [None req-f5dd393f-191b-45c9-844f-546a9d75a274 tempest-VolumesListTestJSON-488769645 tempest-VolumesListTestJSON-488769645-project] Volume info retrieved successfully.
Aug 27 10:47:53.875301 dv-cinder-786627-20-smb devstack@c-api.service[107406]: INFO cinder.api.openstack.wsgi [None req-f5dd393f-191b-45c9-844f-546a9d75a274 tempest-VolumesListTestJSON-488769645 tempest-VolumesListTestJSON-488769645-project] http://10.222.0.24/volume/v3/cbcf0d679ffe4c88b0ffb250f75884f7/volumes/d0101a4a-dcb2-410d-8c00-f5e75fcb1222 returned with HTTP 200
Aug 27 10:47:53.876227 dv-cinder-786627-20-smb devstack@c-api.service[107406]: [pid: 107406|app: 0|req: 226/419] 10.222.0.24 () {58 vars in 1325 bytes} [Fri Aug 27 10:47:53 2021] GET /volume/v3/cbcf0d679ffe4c88b0ffb250f75884f7/volumes/d0101a4a-dcb2-410d-8c00-f5e75fcb1222 => generated 901 bytes in 85 msecs (HTTP/1.1 200) 7 headers in 285 bytes (1 switches on core 0)
Aug 27 10:47:54.164631 dv-cinder-786627-20-smb devstack@c-api.service[107405]: INFO cinder.api.openstack.wsgi [None req-c9beaed7-5b95-42e3-9fa7-da7dd0f73141 tempest-GroupsV314Test-705700140 tempest-GroupsV314Test-705700140-project] GET http://10.222.0.24/volume/v3/254c99b588ae484bb0195bb2a73a7526/volumes/aa1238ab-6f7d-419e-819d-29bf7f6fa9b2
Aug 27 10:47:54.166107 dv-cinder-786627-20-smb devstack@c-api.service[107405]: DEBUG cinder.api.openstack.wsgi [None req-c9beaed7-5b95-42e3-9fa7-da7dd0f73141 tempest-GroupsV314Test-705700140 tempest-GroupsV314Test-705700140-project] Empty body provided in request {{(pid=107405) get_body /opt/stack/cinder/cinder/api/openstack/wsgi.py:703}}
Aug 27 10:47:54.166568 dv-cinder-786627-20-smb devstack@c-api.service[107405]: /usr/local/lib/python3.8/dist-packages/webob/acceptparse.py:1047: DeprecationWarning: The behavior of AcceptValidHeader.best_match is currently being maintained for backward compatibility, but it will be deprecated in the future, as it does not conform to the RFC.
Aug 27 10:47:54.166568 dv-cinder-786627-20-smb devstack@c-api.service[107405]:   warnings.warn(
Aug 27 10:47:54.167458 dv-cinder-786627-20-smb devstack@c-api.service[107405]: DEBUG cinder.api.openstack.wsgi [None req-c9beaed7-5b95-42e3-9fa7-da7dd0f73141 tempest-GroupsV314Test-705700140 tempest-GroupsV314Test-705700140-project] Calling method 'show' {{(pid=107405) _process_stack /opt/stack/cinder/cinder/api/openstack/wsgi.py:856}}
Aug 27 10:47:54.192121 dv-cinder-786627-20-smb devstack@c-api.service[107405]: /usr/local/lib/python3.8/dist-packages/oslo_context/context.py:105: DeprecationWarning: Policy enforcement is depending on the value of is_admin. This key is deprecated. Please update your policy file to use the standard policy values.
Aug 27 10:47:54.192121 dv-cinder-786627-20-smb devstack@c-api.service[107405]:   warnings.warn('Policy enforcement is depending on the value of '
Aug 27 10:47:54.205727 dv-cinder-786627-20-smb devstack@c-api.service[107405]: INFO cinder.volume.api [None req-c9beaed7-5b95-42e3-9fa7-da7dd0f73141 tempest-GroupsV314Test-705700140 tempest-GroupsV314Test-705700140-project] Volume info retrieved successfully.
Aug 27 10:47:54.213854 dv-cinder-786627-20-smb devstack@c-api.service[107406]: INFO cinder.api.openstack.wsgi [req-c9098341-0327-444a-964c-913b971f369b req-6dce655d-8e76-4015-9b0c-9cacad25e65d tempest-AttachVolumeNegativeTest-369118733 tempest-AttachVolumeNegativeTest-369118733-project] GET http://10.222.0.24/volume/v3/0146f32fd2f84e0fb82d16aacf2d819e/volumes/8804f1e1-4f8f-420a-a530-0593138aa9ae
Aug 27 10:47:54.214431 dv-cinder-786627-20-smb devstack@c-api.service[107406]: DEBUG cinder.api.openstack.wsgi [req-c9098341-0327-444a-964c-913b971f369b req-6dce655d-8e76-4015-9b0c-9cacad25e65d tempest-AttachVolumeNegativeTest-369118733 tempest-AttachVolumeNegativeTest-369118733-project] Empty body provided in request {{(pid=107406) get_body /opt/stack/cinder/cinder/api/openstack/wsgi.py:703}}
Aug 27 10:47:54.214846 dv-cinder-786627-20-smb devstack@c-api.service[107406]: /usr/local/lib/python3.8/dist-packages/webob/acceptparse.py:1047: DeprecationWarning: The behavior of AcceptValidHeader.best_match is currently being maintained for backward compatibility, but it will be deprecated in the future, as it does not conform to the RFC.
Aug 27 10:47:54.214846 dv-cinder-786627-20-smb devstack@c-api.service[107406]:   warnings.warn(
Aug 27 10:47:54.215301 dv-cinder-786627-20-smb devstack@c-api.service[107406]: DEBUG cinder.api.openstack.wsgi [req-c9098341-0327-444a-964c-913b971f369b req-6dce655d-8e76-4015-9b0c-9cacad25e65d tempest-AttachVolumeNegativeTest-369118733 tempest-AttachVolumeNegativeTest-369118733-project] Calling method 'show' {{(pid=107406) _process_stack /opt/stack/cinder/cinder/api/openstack/wsgi.py:856}}
Aug 27 10:47:54.220773 dv-cinder-786627-20-smb devstack@c-api.service[107405]: WARNING stevedore.named [None req-c9beaed7-5b95-42e3-9fa7-da7dd0f73141 tempest-GroupsV314Test-705700140 tempest-GroupsV314Test-705700140-project] Could not load cinder.keymgr.conf_key_mgr.ConfKeyManager
Aug 27 10:47:54.221770 dv-cinder-786627-20-smb devstack@c-api.service[107405]: WARNING castellan.key_manager [None req-c9beaed7-5b95-42e3-9fa7-da7dd0f73141 tempest-GroupsV314Test-705700140 tempest-GroupsV314Test-705700140-project] Deprecation Warning : cinder.keymgr.conf_key_mgr.ConfKeyManager is not a stevedore based driver, trying to load it as a class: stevedore.exception.NoMatches: No 'castellan.drivers' driver found, looking for 'cinder.keymgr.conf_key_mgr.ConfKeyManager'
Aug 27 10:47:54.237281 dv-cinder-786627-20-smb devstack@c-api.service[107405]: DEBUG oslo_db.sqlalchemy.engines [None req-c9beaed7-5b95-42e3-9fa7-da7dd0f73141 tempest-GroupsV314Test-705700140 tempest-GroupsV314Test-705700140-project] MySQL server mode set to STRICT_TRANS_TABLES,STRICT_ALL_TABLES,NO_ZERO_IN_DATE,NO_ZERO_DATE,ERROR_FOR_DIVISION_BY_ZERO,TRADITIONAL,NO_ENGINE_SUBSTITUTION {{(pid=107405) _check_effective_sql_mode /usr/local/lib/python3.8/dist-packages/oslo_db/sqlalchemy/engines.py:314}}
Aug 27 10:47:54.248587 dv-cinder-786627-20-smb devstack@c-api.service[107405]: /usr/local/lib/python3.8/dist-packages/oslo_context/context.py:105: DeprecationWarning: Policy enforcement is depending on the value of is_admin. This key is deprecated. Please update your policy file to use the standard policy values.
Aug 27 10:47:54.248587 dv-cinder-786627-20-smb devstack@c-api.service[107405]:   warnings.warn('Policy enforcement is depending on the value of '
Aug 27 10:47:54.250001 dv-cinder-786627-20-smb devstack@c-api.service[107406]: /usr/local/lib/python3.8/dist-packages/oslo_context/context.py:105: DeprecationWarning: Policy enforcement is depending on the value of is_admin. This key is deprecated. Please update your policy file to use the standard policy values.
Aug 27 10:47:54.250001 dv-cinder-786627-20-smb devstack@c-api.service[107406]:   warnings.warn('Policy enforcement is depending on the value of '
Aug 27 10:47:54.267062 dv-cinder-786627-20-smb devstack@c-api.service[107406]: INFO cinder.volume.api [req-c9098341-0327-444a-964c-913b971f369b req-6dce655d-8e76-4015-9b0c-9cacad25e65d tempest-AttachVolumeNegativeTest-369118733 tempest-AttachVolumeNegativeTest-369118733-project] Volume info retrieved successfully.
Aug 27 10:47:54.278338 dv-cinder-786627-20-smb devstack@c-api.service[107405]: INFO cinder.api.openstack.wsgi [None req-c9beaed7-5b95-42e3-9fa7-da7dd0f73141 tempest-GroupsV314Test-705700140 tempest-GroupsV314Test-705700140-project] http://10.222.0.24/volume/v3/254c99b588ae484bb0195bb2a73a7526/volumes/aa1238ab-6f7d-419e-819d-29bf7f6fa9b2 returned with HTTP 200
Aug 27 10:47:54.279528 dv-cinder-786627-20-smb devstack@c-api.service[107405]: [pid: 107405|app: 0|req: 194/420] 10.222.0.24 () {60 vars in 1366 bytes} [Fri Aug 27 10:47:54 2021] GET /volume/v3/254c99b588ae484bb0195bb2a73a7526/volumes/aa1238ab-6f7d-419e-819d-29bf7f6fa9b2 => generated 989 bytes in 121 msecs (HTTP/1.1 200) 7 headers in 286 bytes (1 switches on core 0)
Aug 27 10:47:54.297026 dv-cinder-786627-20-smb devstack@c-api.service[107405]: INFO cinder.api.openstack.wsgi [None req-98515ce2-30ba-4280-a0a3-9bdb22d869a0 tempest-VolumesExtendTest-1237042642 tempest-VolumesExtendTest-1237042642-project] GET http://10.222.0.24/volume/v3/4397cfe5bac64c94a63f018b4d6ddfb0/volumes/c6593f3b-a41b-4591-8fbd-c2485812ec88
Aug 27 10:47:54.297777 dv-cinder-786627-20-smb devstack@c-api.service[107405]: DEBUG cinder.api.openstack.wsgi [None req-98515ce2-30ba-4280-a0a3-9bdb22d869a0 tempest-VolumesExtendTest-1237042642 tempest-VolumesExtendTest-1237042642-project] Empty body provided in request {{(pid=107405) get_body /opt/stack/cinder/cinder/api/openstack/wsgi.py:703}}
Aug 27 10:47:54.298117 dv-cinder-786627-20-smb devstack@c-api.service[107405]: /usr/local/lib/python3.8/dist-packages/webob/acceptparse.py:1047: DeprecationWarning: The behavior of AcceptValidHeader.best_match is currently being maintained for backward compatibility, but it will be deprecated in the future, as it does not conform to the RFC.
Aug 27 10:47:54.298117 dv-cinder-786627-20-smb devstack@c-api.service[107405]:   warnings.warn(
Aug 27 10:47:54.298855 dv-cinder-786627-20-smb devstack@c-api.service[107405]: DEBUG cinder.api.openstack.wsgi [None req-98515ce2-30ba-4280-a0a3-9bdb22d869a0 tempest-VolumesExtendTest-1237042642 tempest-VolumesExtendTest-1237042642-project] Calling method 'show' {{(pid=107405) _process_stack /opt/stack/cinder/cinder/api/openstack/wsgi.py:856}}
Aug 27 10:47:54.302855 dv-cinder-786627-20-smb devstack@c-api.service[107406]: /usr/local/lib/python3.8/dist-packages/oslo_context/context.py:105: DeprecationWarning: Policy enforcement is depending on the value of is_admin. This key is deprecated. Please update your policy file to use the standard policy values.
Aug 27 10:47:54.302855 dv-cinder-786627-20-smb devstack@c-api.service[107406]:   warnings.warn('Policy enforcement is depending on the value of '
Aug 27 10:47:54.313872 dv-cinder-786627-20-smb devstack@c-api.service[107405]: /usr/local/lib/python3.8/dist-packages/oslo_context/context.py:105: DeprecationWarning: Policy enforcement is depending on the value of is_admin. This key is deprecated. Please update your policy file to use the standard policy values.
Aug 27 10:47:54.313872 dv-cinder-786627-20-smb devstack@c-api.service[107405]:   warnings.warn('Policy enforcement is depending on the value of '
Aug 27 10:47:54.322904 dv-cinder-786627-20-smb devstack@c-api.service[107406]: INFO cinder.api.openstack.wsgi [req-c9098341-0327-444a-964c-913b971f369b req-6dce655d-8e76-4015-9b0c-9cacad25e65d tempest-AttachVolumeNegativeTest-369118733 tempest-AttachVolumeNegativeTest-369118733-project] http://10.222.0.24/volume/v3/0146f32fd2f84e0fb82d16aacf2d819e/volumes/8804f1e1-4f8f-420a-a530-0593138aa9ae returned with HTTP 200
Aug 27 10:47:54.323190 dv-cinder-786627-20-smb devstack@c-api.service[107405]: INFO cinder.volume.api [None req-98515ce2-30ba-4280-a0a3-9bdb22d869a0 tempest-VolumesExtendTest-1237042642 tempest-VolumesExtendTest-1237042642-project] Volume info retrieved successfully.
Aug 27 10:47:54.324240 dv-cinder-786627-20-smb devstack@c-api.service[107406]: [pid: 107406|app: 0|req: 227/421] 10.222.0.24 () {60 vars in 1579 bytes} [Fri Aug 27 10:47:54 2021] GET /volume/v3/0146f32fd2f84e0fb82d16aacf2d819e/volumes/8804f1e1-4f8f-420a-a530-0593138aa9ae => generated 1209 bytes in 114 msecs (HTTP/1.1 200) 7 headers in 286 bytes (2 switches on core 0)
Aug 27 10:47:54.338286 dv-cinder-786627-20-smb devstack@c-api.service[107406]: INFO cinder.api.openstack.wsgi [None req-cf5e1f65-bd33-451c-914b-8c42dd3e7096 tempest-GroupsV314Test-705700140 tempest-GroupsV314Test-705700140-project] GET http://10.222.0.24/volume/v3/254c99b588ae484bb0195bb2a73a7526/groups/cea686c3-4947-4321-87f9-a16a32f5b58f
Aug 27 10:47:54.338964 dv-cinder-786627-20-smb devstack@c-api.service[107406]: DEBUG cinder.api.openstack.wsgi [None req-cf5e1f65-bd33-451c-914b-8c42dd3e7096 tempest-GroupsV314Test-705700140 tempest-GroupsV314Test-705700140-project] Empty body provided in request {{(pid=107406) get_body /opt/stack/cinder/cinder/api/openstack/wsgi.py:703}}
Aug 27 10:47:54.338964 dv-cinder-786627-20-smb devstack@c-api.service[107406]: /usr/local/lib/python3.8/dist-packages/webob/acceptparse.py:1047: DeprecationWarning: The behavior of AcceptValidHeader.best_match is currently being maintained for backward compatibility, but it will be deprecated in the future, as it does not conform to the RFC.
Aug 27 10:47:54.338964 dv-cinder-786627-20-smb devstack@c-api.service[107406]:   warnings.warn(
Aug 27 10:47:54.339332 dv-cinder-786627-20-smb devstack@c-api.service[107406]: DEBUG cinder.api.openstack.wsgi [None req-cf5e1f65-bd33-451c-914b-8c42dd3e7096 tempest-GroupsV314Test-705700140 tempest-GroupsV314Test-705700140-project] Calling method 'version_select' {{(pid=107406) _process_stack /opt/stack/cinder/cinder/api/openstack/wsgi.py:856}}
Aug 27 10:47:54.339628 dv-cinder-786627-20-smb devstack@c-api.service[107406]: DEBUG cinder.api.v3.groups [None req-cf5e1f65-bd33-451c-914b-8c42dd3e7096 tempest-GroupsV314Test-705700140 tempest-GroupsV314Test-705700140-project] show called for member cea686c3-4947-4321-87f9-a16a32f5b58f {{(pid=107406) show /opt/stack/cinder/cinder/api/v3/groups.py:58}}
Aug 27 10:47:54.345082 dv-cinder-786627-20-smb devstack@c-api.service[107405]: INFO cinder.api.openstack.wsgi [None req-98515ce2-30ba-4280-a0a3-9bdb22d869a0 tempest-VolumesExtendTest-1237042642 tempest-VolumesExtendTest-1237042642-project] http://10.222.0.24/volume/v3/4397cfe5bac64c94a63f018b4d6ddfb0/volumes/c6593f3b-a41b-4591-8fbd-c2485812ec88 returned with HTTP 200
Aug 27 10:47:54.348183 dv-cinder-786627-20-smb devstack@c-api.service[107405]: [pid: 107405|app: 0|req: 195/422] 10.222.0.24 () {58 vars in 1325 bytes} [Fri Aug 27 10:47:54 2021] GET /volume/v3/4397cfe5bac64c94a63f018b4d6ddfb0/volumes/c6593f3b-a41b-4591-8fbd-c2485812ec88 => generated 909 bytes in 61 msecs (HTTP/1.1 200) 7 headers in 285 bytes (1 switches on core 0)
Aug 27 10:47:54.360465 dv-cinder-786627-20-smb devstack@c-api.service[107406]: /usr/local/lib/python3.8/dist-packages/oslo_context/context.py:105: DeprecationWarning: Policy enforcement is depending on the value of is_admin. This key is deprecated. Please update your policy file to use the standard policy values.
Aug 27 10:47:54.360465 dv-cinder-786627-20-smb devstack@c-api.service[107406]:   warnings.warn('Policy enforcement is depending on the value of '
Aug 27 10:47:54.362062 dv-cinder-786627-20-smb devstack@c-api.service[107405]: INFO cinder.api.openstack.wsgi [None req-936ba24b-f9c5-4147-9a01-64d20881e832 tempest-AttachVolumeNegativeTest-369118733 tempest-AttachVolumeNegativeTest-369118733-project] GET http://10.222.0.24/volume/v3/0146f32fd2f84e0fb82d16aacf2d819e/volumes/8804f1e1-4f8f-420a-a530-0593138aa9ae
Aug 27 10:47:54.364462 dv-cinder-786627-20-smb devstack@c-api.service[107405]: DEBUG cinder.api.openstack.wsgi [None req-936ba24b-f9c5-4147-9a01-64d20881e832 tempest-AttachVolumeNegativeTest-369118733 tempest-AttachVolumeNegativeTest-369118733-project] Empty body provided in request {{(pid=107405) get_body /opt/stack/cinder/cinder/api/openstack/wsgi.py:703}}
Aug 27 10:47:54.364830 dv-cinder-786627-20-smb devstack@c-api.service[107405]: /usr/local/lib/python3.8/dist-packages/webob/acceptparse.py:1047: DeprecationWarning: The behavior of AcceptValidHeader.best_match is currently being maintained for backward compatibility, but it will be deprecated in the future, as it does not conform to the RFC.
Aug 27 10:47:54.364830 dv-cinder-786627-20-smb devstack@c-api.service[107405]:   warnings.warn(
Aug 27 10:47:54.365719 dv-cinder-786627-20-smb devstack@c-api.service[107405]: DEBUG cinder.api.openstack.wsgi [None req-936ba24b-f9c5-4147-9a01-64d20881e832 tempest-AttachVolumeNegativeTest-369118733 tempest-AttachVolumeNegativeTest-369118733-project] Calling method 'show' {{(pid=107405) _process_stack /opt/stack/cinder/cinder/api/openstack/wsgi.py:856}}
Aug 27 10:47:54.383564 dv-cinder-786627-20-smb devstack@c-api.service[107406]: INFO cinder.api.openstack.wsgi [None req-cf5e1f65-bd33-451c-914b-8c42dd3e7096 tempest-GroupsV314Test-705700140 tempest-GroupsV314Test-705700140-project] http://10.222.0.24/volume/v3/254c99b588ae484bb0195bb2a73a7526/groups/cea686c3-4947-4321-87f9-a16a32f5b58f returned with HTTP 200
Aug 27 10:47:54.385567 dv-cinder-786627-20-smb devstack@c-api.service[107405]: /usr/local/lib/python3.8/dist-packages/oslo_context/context.py:105: DeprecationWarning: Policy enforcement is depending on the value of is_admin. This key is deprecated. Please update your policy file to use the standard policy values.
Aug 27 10:47:54.385567 dv-cinder-786627-20-smb devstack@c-api.service[107405]:   warnings.warn('Policy enforcement is depending on the value of '
Aug 27 10:47:54.395329 dv-cinder-786627-20-smb devstack@c-api.service[107406]: [pid: 107406|app: 0|req: 228/423] 10.222.0.24 () {60 vars in 1363 bytes} [Fri Aug 27 10:47:54 2021] GET /volume/v3/254c99b588ae484bb0195bb2a73a7526/groups/cea686c3-4947-4321-87f9-a16a32f5b58f => generated 417 bytes in 65 msecs (HTTP/1.1 200) 7 headers in 286 bytes (1 switches on core 0)
Aug 27 10:47:54.402620 dv-cinder-786627-20-smb devstack@c-api.service[107405]: INFO cinder.volume.api [None req-936ba24b-f9c5-4147-9a01-64d20881e832 tempest-AttachVolumeNegativeTest-369118733 tempest-AttachVolumeNegativeTest-369118733-project] Volume info retrieved successfully.
Aug 27 10:47:54.407020 dv-cinder-786627-20-smb devstack@c-api.service[107406]: INFO cinder.api.openstack.wsgi [None req-41384a6c-978b-4e7f-a103-c27ff5d64407 tempest-GroupsV314Test-705700140 tempest-GroupsV314Test-705700140-project] GET http://10.222.0.24/volume/v3/254c99b588ae484bb0195bb2a73a7526/volumes/detail
Aug 27 10:47:54.407891 dv-cinder-786627-20-smb devstack@c-api.service[107406]: DEBUG cinder.api.openstack.wsgi [None req-41384a6c-978b-4e7f-a103-c27ff5d64407 tempest-GroupsV314Test-705700140 tempest-GroupsV314Test-705700140-project] Empty body provided in request {{(pid=107406) get_body /opt/stack/cinder/cinder/api/openstack/wsgi.py:703}}
Aug 27 10:47:54.408405 dv-cinder-786627-20-smb devstack@c-api.service[107406]: /usr/local/lib/python3.8/dist-packages/webob/acceptparse.py:1047: DeprecationWarning: The behavior of AcceptValidHeader.best_match is currently being maintained for backward compatibility, but it will be deprecated in the future, as it does not conform to the RFC.
Aug 27 10:47:54.408405 dv-cinder-786627-20-smb devstack@c-api.service[107406]:   warnings.warn(
Aug 27 10:47:54.408943 dv-cinder-786627-20-smb devstack@c-api.service[107406]: DEBUG cinder.api.openstack.wsgi [None req-41384a6c-978b-4e7f-a103-c27ff5d64407 tempest-GroupsV314Test-705700140 tempest-GroupsV314Test-705700140-project] Calling method 'detail' {{(pid=107406) _process_stack /opt/stack/cinder/cinder/api/openstack/wsgi.py:856}}
Aug 27 10:47:54.411692 dv-cinder-786627-20-smb devstack@c-api.service[107406]: DEBUG cinder.api.api_utils [None req-41384a6c-978b-4e7f-a103-c27ff5d64407 tempest-GroupsV314Test-705700140 tempest-GroupsV314Test-705700140-project] Removing options '' from query. {{(pid=107406) remove_invalid_filter_options /opt/stack/cinder/cinder/api/api_utils.py:73}}
Aug 27 10:47:54.413674 dv-cinder-786627-20-smb devstack@c-api.service[107406]: /usr/local/lib/python3.8/dist-packages/oslo_context/context.py:105: DeprecationWarning: Policy enforcement is depending on the value of is_admin. This key is deprecated. Please update your policy file to use the standard policy values.
Aug 27 10:47:54.413674 dv-cinder-786627-20-smb devstack@c-api.service[107406]:   warnings.warn('Policy enforcement is depending on the value of '
Aug 27 10:47:54.416081 dv-cinder-786627-20-smb devstack@c-api.service[107406]: DEBUG cinder.volume.api [None req-41384a6c-978b-4e7f-a103-c27ff5d64407 tempest-GroupsV314Test-705700140 tempest-GroupsV314Test-705700140-project] Searching by: MultiDict([('no_migration_targets', True)]). {{(pid=107406) get_all /opt/stack/cinder/cinder/volume/api.py:619}}
Aug 27 10:47:54.418644 dv-cinder-786627-20-smb devstack@c-api.service[107405]: /usr/local/lib/python3.8/dist-packages/oslo_context/context.py:105: DeprecationWarning: Policy enforcement is depending on the value of is_admin. This key is deprecated. Please update your policy file to use the standard policy values.
