Jul 07 13:15:16.640079 dv-cinder-786627-18-iscsi neutron-server[93700]: DEBUG neutron.api.rpc.callbacks.version_manager [None req-02c1de33-6bbb-46ba-8c1d-8a133c29ce4f None None] Version for resource type Trunk changed None to 1.1 on consumer Open vSwitch agent@dv-cinder-786627-18-iscsi {{(pid=93700) _set_version /opt/stack/neutron/neutron/api/rpc/callbacks/version_manager.py:113}}
Jul 07 13:15:16.664692 dv-cinder-786627-18-iscsi neutron-server[93698]: DEBUG neutron.pecan_wsgi.hooks.policy_enforcement [req-1513c15e-08d4-467e-910e-a6c327846991 req-31ed3e07-36e1-4fd2-9eb1-f7e1639b5971 tempest-AttachVolumeShelveTestJSON-741824086 tempest-AttachVolumeShelveTestJSON-741824086-project] Attributes excluded by policy engine: ['standard_attr_id', 'binding:profile', 'binding:host_id', 'binding:vif_type', 'binding:vif_details'] {{(pid=93698) _exclude_attributes_by_policy /opt/stack/neutron/neutron/pecan_wsgi/hooks/policy_enforcement.py:255}}
Jul 07 13:15:16.666215 dv-cinder-786627-18-iscsi neutron-server[93698]: INFO neutron.wsgi [req-1513c15e-08d4-467e-910e-a6c327846991 req-31ed3e07-36e1-4fd2-9eb1-f7e1639b5971 tempest-AttachVolumeShelveTestJSON-741824086 tempest-AttachVolumeShelveTestJSON-741824086-project] 10.222.0.67 "GET /v2.0/ports?device_id=123db360-66aa-4749-8843-3f9431022604 HTTP/1.1" status: 200 len: 946 time: 0.1079564
Jul 07 13:15:16.721738 dv-cinder-786627-18-iscsi neutron-server[93698]: INFO neutron.wsgi [req-1513c15e-08d4-467e-910e-a6c327846991 req-cfee2fc7-787d-455b-92c7-bf10474b86e7 tempest-AttachVolumeShelveTestJSON-741824086 tempest-AttachVolumeShelveTestJSON-741824086-project] 10.222.0.67 "GET /v2.0/security-groups?id=0443c840-dbad-450b-bc21-636b856fb227&fields=id&fields=name HTTP/1.1" status: 200 len: 312 time: 0.0483859
Jul 07 13:15:16.745621 dv-cinder-786627-18-iscsi neutron-server[93698]: DEBUG neutron_lib.callbacks.manager [None req-0a670aab-9224-487a-bab6-572833b065e7 admin admin] Notify callbacks [] for security_group, precommit_create {{(pid=93698) _notify_loop /usr/local/lib/python3.8/dist-packages/neutron_lib/callbacks/manager.py:192}}
Jul 07 13:15:16.817093 dv-cinder-786627-18-iscsi neutron-server[93698]: DEBUG neutron_lib.callbacks.manager [None req-0a670aab-9224-487a-bab6-572833b065e7 admin admin] Notify callbacks ['neutron.plugins.ml2.ovo_rpc._ObjectChangeHandler.handle_payload_event-7924341'] for security_group, after_create {{(pid=93698) _notify_loop /usr/local/lib/python3.8/dist-packages/neutron_lib/callbacks/manager.py:192}}
Jul 07 13:15:16.854898 dv-cinder-786627-18-iscsi neutron-server[93698]: INFO neutron.wsgi [None req-0a670aab-9224-487a-bab6-572833b065e7 admin admin] 10.222.0.67 "GET /v2.0/security-groups?tenant_id=59ac6d8f39364d1592b05dbddd1c72e2&name=default HTTP/1.1" status: 200 len: 2979 time: 0.4183905
Jul 07 13:15:16.856915 dv-cinder-786627-18-iscsi neutron-server[93698]: DEBUG neutron.api.rpc.handlers.resources_rpc [None req-0a670aab-9224-487a-bab6-572833b065e7 admin admin] Pushing event updated for resources: {'SecurityGroup': ['ID=5e0e6ed6-4726-48ff-80fa-e88f61e83560,revision_number=1']} {{(pid=93698) push /opt/stack/neutron/neutron/api/rpc/handlers/resources_rpc.py:237}}
Jul 07 13:15:16.857773 dv-cinder-786627-18-iscsi neutron-server[93699]: DEBUG neutron.wsgi [-] (93699) accepted ('10.222.0.67', 41080) {{(pid=93699) server /usr/local/lib/python3.8/dist-packages/eventlet/wsgi.py:982}}
Jul 07 13:15:16.864125 dv-cinder-786627-18-iscsi neutron-server[93698]: DEBUG neutron.api.rpc.callbacks.version_manager [None req-0a670aab-9224-487a-bab6-572833b065e7 admin admin] Version for resource type AddressGroup changed None to 1.2 on consumer Open vSwitch agent@dv-cinder-786627-18-iscsi {{(pid=93698) _set_version /opt/stack/neutron/neutron/api/rpc/callbacks/version_manager.py:113}}
Jul 07 13:15:16.864472 dv-cinder-786627-18-iscsi neutron-server[93698]: DEBUG neutron.api.rpc.callbacks.version_manager [None req-0a670aab-9224-487a-bab6-572833b065e7 admin admin] Version for resource type ConntrackHelper changed None to 1.0 on consumer Open vSwitch agent@dv-cinder-786627-18-iscsi {{(pid=93698) _set_version /opt/stack/neutron/neutron/api/rpc/callbacks/version_manager.py:113}}
Jul 07 13:15:16.864818 dv-cinder-786627-18-iscsi neutron-server[93698]: DEBUG neutron.api.rpc.callbacks.version_manager [None req-0a670aab-9224-487a-bab6-572833b065e7 admin admin] Version for resource type Log changed None to 1.0 on consumer Open vSwitch agent@dv-cinder-786627-18-iscsi {{(pid=93698) _set_version /opt/stack/neutron/neutron/api/rpc/callbacks/version_manager.py:113}}
Jul 07 13:15:16.865172 dv-cinder-786627-18-iscsi neutron-server[93698]: DEBUG neutron.api.rpc.callbacks.version_manager [None req-0a670aab-9224-487a-bab6-572833b065e7 admin admin] Version for resource type Network changed None to 1.1 on consumer Open vSwitch agent@dv-cinder-786627-18-iscsi {{(pid=93698) _set_version /opt/stack/neutron/neutron/api/rpc/callbacks/version_manager.py:113}}
Jul 07 13:15:16.865504 dv-cinder-786627-18-iscsi neutron-server[93698]: DEBUG neutron.api.rpc.callbacks.version_manager [None req-0a670aab-9224-487a-bab6-572833b065e7 admin admin] Version for resource type Port changed None to 1.7 on consumer Open vSwitch agent@dv-cinder-786627-18-iscsi {{(pid=93698) _set_version /opt/stack/neutron/neutron/api/rpc/callbacks/version_manager.py:113}}
Jul 07 13:15:16.865834 dv-cinder-786627-18-iscsi neutron-server[93698]: DEBUG neutron.api.rpc.callbacks.version_manager [None req-0a670aab-9224-487a-bab6-572833b065e7 admin admin] Version for resource type PortForwarding changed None to 1.2 on consumer Open vSwitch agent@dv-cinder-786627-18-iscsi {{(pid=93698) _set_version /opt/stack/neutron/neutron/api/rpc/callbacks/version_manager.py:113}}
Jul 07 13:15:16.866161 dv-cinder-786627-18-iscsi neutron-server[93698]: DEBUG neutron.api.rpc.callbacks.version_manager [None req-0a670aab-9224-487a-bab6-572833b065e7 admin admin] Version for resource type QosPolicy changed None to 1.8 on consumer Open vSwitch agent@dv-cinder-786627-18-iscsi {{(pid=93698) _set_version /opt/stack/neutron/neutron/api/rpc/callbacks/version_manager.py:113}}
Jul 07 13:15:16.866491 dv-cinder-786627-18-iscsi neutron-server[93698]: DEBUG neutron.api.rpc.callbacks.version_manager [None req-0a670aab-9224-487a-bab6-572833b065e7 admin admin] Version for resource type SecurityGroup changed None to 1.4 on consumer Open vSwitch agent@dv-cinder-786627-18-iscsi {{(pid=93698) _set_version /opt/stack/neutron/neutron/api/rpc/callbacks/version_manager.py:113}}
Jul 07 13:15:16.866815 dv-cinder-786627-18-iscsi neutron-server[93698]: DEBUG neutron.api.rpc.callbacks.version_manager [None req-0a670aab-9224-487a-bab6-572833b065e7 admin admin] Version for resource type SecurityGroupRule changed None to 1.2 on consumer Open vSwitch agent@dv-cinder-786627-18-iscsi {{(pid=93698) _set_version /opt/stack/neutron/neutron/api/rpc/callbacks/version_manager.py:113}}
Jul 07 13:15:16.867136 dv-cinder-786627-18-iscsi neutron-server[93698]: DEBUG neutron.api.rpc.callbacks.version_manager [None req-0a670aab-9224-487a-bab6-572833b065e7 admin admin] Version for resource type SubPort changed None to 1.0 on consumer Open vSwitch agent@dv-cinder-786627-18-iscsi {{(pid=93698) _set_version /opt/stack/neutron/neutron/api/rpc/callbacks/version_manager.py:113}}
Jul 07 13:15:16.867455 dv-cinder-786627-18-iscsi neutron-server[93698]: DEBUG neutron.api.rpc.callbacks.version_manager [None req-0a670aab-9224-487a-bab6-572833b065e7 admin admin] Version for resource type Subnet changed None to 1.1 on consumer Open vSwitch agent@dv-cinder-786627-18-iscsi {{(pid=93698) _set_version /opt/stack/neutron/neutron/api/rpc/callbacks/version_manager.py:113}}
Jul 07 13:15:16.867778 dv-cinder-786627-18-iscsi neutron-server[93698]: DEBUG neutron.api.rpc.callbacks.version_manager [None req-0a670aab-9224-487a-bab6-572833b065e7 admin admin] Version for resource type Trunk changed None to 1.1 on consumer Open vSwitch agent@dv-cinder-786627-18-iscsi {{(pid=93698) _set_version /opt/stack/neutron/neutron/api/rpc/callbacks/version_manager.py:113}}
Jul 07 13:15:16.908071 dv-cinder-786627-18-iscsi neutron-server[93699]: DEBUG neutron_lib.callbacks.manager [None req-29952d01-9e44-44d6-9bbf-f938826b5352 admin admin] Notify callbacks [] for security_group, before_delete {{(pid=93699) _notify_loop /usr/local/lib/python3.8/dist-packages/neutron_lib/callbacks/manager.py:192}}
Jul 07 13:15:16.932353 dv-cinder-786627-18-iscsi neutron-server[93699]: DEBUG neutron_lib.callbacks.manager [None req-29952d01-9e44-44d6-9bbf-f938826b5352 admin admin] Notify callbacks [] for security_group, precommit_delete {{(pid=93699) _notify_loop /usr/local/lib/python3.8/dist-packages/neutron_lib/callbacks/manager.py:192}}
Jul 07 13:15:17.064516 dv-cinder-786627-18-iscsi neutron-server[93699]: DEBUG neutron_lib.callbacks.manager [None req-29952d01-9e44-44d6-9bbf-f938826b5352 admin admin] Notify callbacks ['neutron.plugins.ml2.ovo_rpc._ObjectChangeHandler.handle_payload_event-7924341'] for security_group, after_delete {{(pid=93699) _notify_loop /usr/local/lib/python3.8/dist-packages/neutron_lib/callbacks/manager.py:192}}
Jul 07 13:15:17.067108 dv-cinder-786627-18-iscsi neutron-server[93699]: DEBUG neutron_lib.callbacks.manager [None req-29952d01-9e44-44d6-9bbf-f938826b5352 admin admin] Notify callbacks [] for security_group, before_response {{(pid=93699) _notify_loop /usr/local/lib/python3.8/dist-packages/neutron_lib/callbacks/manager.py:192}}
Jul 07 13:15:17.069172 dv-cinder-786627-18-iscsi neutron-server[93699]: INFO neutron.wsgi [None req-29952d01-9e44-44d6-9bbf-f938826b5352 admin admin] 10.222.0.67 "DELETE /v2.0/security-groups/5e0e6ed6-4726-48ff-80fa-e88f61e83560 HTTP/1.1" status: 204 len: 168 time: 0.2102692
Jul 07 13:15:17.077878 dv-cinder-786627-18-iscsi neutron-server[93699]: DEBUG neutron.api.rpc.handlers.resources_rpc [None req-29952d01-9e44-44d6-9bbf-f938826b5352 admin admin] Pushing event deleted for resources: {'SecurityGroup': ['ID=5e0e6ed6-4726-48ff-80fa-e88f61e83560,revision_number=None']} {{(pid=93699) push /opt/stack/neutron/neutron/api/rpc/handlers/resources_rpc.py:237}}
Jul 07 13:15:17.091385 dv-cinder-786627-18-iscsi neutron-server[93699]: DEBUG neutron.api.rpc.callbacks.version_manager [None req-29952d01-9e44-44d6-9bbf-f938826b5352 admin admin] Version for resource type AddressGroup changed None to 1.2 on consumer Open vSwitch agent@dv-cinder-786627-18-iscsi {{(pid=93699) _set_version /opt/stack/neutron/neutron/api/rpc/callbacks/version_manager.py:113}}
Jul 07 13:15:17.091843 dv-cinder-786627-18-iscsi neutron-server[93699]: DEBUG neutron.api.rpc.callbacks.version_manager [None req-29952d01-9e44-44d6-9bbf-f938826b5352 admin admin] Version for resource type ConntrackHelper changed None to 1.0 on consumer Open vSwitch agent@dv-cinder-786627-18-iscsi {{(pid=93699) _set_version /opt/stack/neutron/neutron/api/rpc/callbacks/version_manager.py:113}}
Jul 07 13:15:17.092264 dv-cinder-786627-18-iscsi neutron-server[93699]: DEBUG neutron.api.rpc.callbacks.version_manager [None req-29952d01-9e44-44d6-9bbf-f938826b5352 admin admin] Version for resource type Log changed None to 1.0 on consumer Open vSwitch agent@dv-cinder-786627-18-iscsi {{(pid=93699) _set_version /opt/stack/neutron/neutron/api/rpc/callbacks/version_manager.py:113}}
Jul 07 13:15:17.092681 dv-cinder-786627-18-iscsi neutron-server[93699]: DEBUG neutron.api.rpc.callbacks.version_manager [None req-29952d01-9e44-44d6-9bbf-f938826b5352 admin admin] Version for resource type Network changed None to 1.1 on consumer Open vSwitch agent@dv-cinder-786627-18-iscsi {{(pid=93699) _set_version /opt/stack/neutron/neutron/api/rpc/callbacks/version_manager.py:113}}
Jul 07 13:15:17.093243 dv-cinder-786627-18-iscsi neutron-server[93699]: DEBUG neutron.api.rpc.callbacks.version_manager [None req-29952d01-9e44-44d6-9bbf-f938826b5352 admin admin] Version for resource type Port changed None to 1.7 on consumer Open vSwitch agent@dv-cinder-786627-18-iscsi {{(pid=93699) _set_version /opt/stack/neutron/neutron/api/rpc/callbacks/version_manager.py:113}}
Jul 07 13:15:17.093762 dv-cinder-786627-18-iscsi neutron-server[93699]: DEBUG neutron.api.rpc.callbacks.version_manager [None req-29952d01-9e44-44d6-9bbf-f938826b5352 admin admin] Version for resource type PortForwarding changed None to 1.2 on consumer Open vSwitch agent@dv-cinder-786627-18-iscsi {{(pid=93699) _set_version /opt/stack/neutron/neutron/api/rpc/callbacks/version_manager.py:113}}
Jul 07 13:15:17.094162 dv-cinder-786627-18-iscsi neutron-server[93699]: DEBUG neutron.api.rpc.callbacks.version_manager [None req-29952d01-9e44-44d6-9bbf-f938826b5352 admin admin] Version for resource type QosPolicy changed None to 1.8 on consumer Open vSwitch agent@dv-cinder-786627-18-iscsi {{(pid=93699) _set_version /opt/stack/neutron/neutron/api/rpc/callbacks/version_manager.py:113}}
Jul 07 13:15:17.094557 dv-cinder-786627-18-iscsi neutron-server[93699]: DEBUG neutron.api.rpc.callbacks.version_manager [None req-29952d01-9e44-44d6-9bbf-f938826b5352 admin admin] Version for resource type SecurityGroup changed None to 1.4 on consumer Open vSwitch agent@dv-cinder-786627-18-iscsi {{(pid=93699) _set_version /opt/stack/neutron/neutron/api/rpc/callbacks/version_manager.py:113}}
Jul 07 13:15:17.094965 dv-cinder-786627-18-iscsi neutron-server[93699]: DEBUG neutron.api.rpc.callbacks.version_manager [None req-29952d01-9e44-44d6-9bbf-f938826b5352 admin admin] Version for resource type SecurityGroupRule changed None to 1.2 on consumer Open vSwitch agent@dv-cinder-786627-18-iscsi {{(pid=93699) _set_version /opt/stack/neutron/neutron/api/rpc/callbacks/version_manager.py:113}}
Jul 07 13:15:17.095385 dv-cinder-786627-18-iscsi neutron-server[93699]: DEBUG neutron.api.rpc.callbacks.version_manager [None req-29952d01-9e44-44d6-9bbf-f938826b5352 admin admin] Version for resource type SubPort changed None to 1.0 on consumer Open vSwitch agent@dv-cinder-786627-18-iscsi {{(pid=93699) _set_version /opt/stack/neutron/neutron/api/rpc/callbacks/version_manager.py:113}}
Jul 07 13:15:17.096989 dv-cinder-786627-18-iscsi neutron-server[93699]: DEBUG neutron.api.rpc.callbacks.version_manager [None req-29952d01-9e44-44d6-9bbf-f938826b5352 admin admin] Version for resource type Subnet changed None to 1.1 on consumer Open vSwitch agent@dv-cinder-786627-18-iscsi {{(pid=93699) _set_version /opt/stack/neutron/neutron/api/rpc/callbacks/version_manager.py:113}}
Jul 07 13:15:17.098443 dv-cinder-786627-18-iscsi neutron-server[93699]: DEBUG neutron.api.rpc.callbacks.version_manager [None req-29952d01-9e44-44d6-9bbf-f938826b5352 admin admin] Version for resource type Trunk changed None to 1.1 on consumer Open vSwitch agent@dv-cinder-786627-18-iscsi {{(pid=93699) _set_version /opt/stack/neutron/neutron/api/rpc/callbacks/version_manager.py:113}}
Jul 07 13:15:17.250802 dv-cinder-786627-18-iscsi neutron-server[93698]: DEBUG neutron.pecan_wsgi.hooks.policy_enforcement [req-3f70f94d-603c-450c-aad6-61f1a41e9f3d req-b8e070a4-f4e1-4dd2-bba6-e12d416f1499 tempest-AttachVolumeTestJSON-1429749092 tempest-AttachVolumeTestJSON-1429749092-project] Attributes excluded by policy engine: ['standard_attr_id', 'binding:profile', 'binding:host_id', 'binding:vif_type', 'binding:vif_details'] {{(pid=93698) _exclude_attributes_by_policy /opt/stack/neutron/neutron/pecan_wsgi/hooks/policy_enforcement.py:255}}
Jul 07 13:15:17.252272 dv-cinder-786627-18-iscsi neutron-server[93698]: INFO neutron.wsgi [req-3f70f94d-603c-450c-aad6-61f1a41e9f3d req-b8e070a4-f4e1-4dd2-bba6-e12d416f1499 tempest-AttachVolumeTestJSON-1429749092 tempest-AttachVolumeTestJSON-1429749092-project] 10.222.0.67 "GET /v2.0/ports?device_id=f9a978ab-4074-4d52-a79b-42bd21925b7d HTTP/1.1" status: 200 len: 946 time: 0.0779934
Jul 07 13:15:17.294606 dv-cinder-786627-18-iscsi neutron-server[93698]: INFO neutron.wsgi [req-3f70f94d-603c-450c-aad6-61f1a41e9f3d req-9a117f0d-f99b-4775-863e-77c81b864852 tempest-AttachVolumeTestJSON-1429749092 tempest-AttachVolumeTestJSON-1429749092-project] 10.222.0.67 "GET /v2.0/security-groups?id=ca3a2c21-039f-4d10-ade3-adc2682d500e&fields=id&fields=name HTTP/1.1" status: 200 len: 313 time: 0.0366948
Jul 07 13:15:17.500923 dv-cinder-786627-18-iscsi neutron-server[93698]: DEBUG neutron.pecan_wsgi.hooks.policy_enforcement [req-5e607ab0-1c39-48f0-ba9c-e540639279df req-524dc5cd-231a-48c5-b61b-c9eeab36605f tempest-ServerRescueNegativeTestJSON-817247457 tempest-ServerRescueNegativeTestJSON-817247457-project] Attributes excluded by policy engine: ['standard_attr_id', 'binding:profile', 'binding:host_id', 'binding:vif_type', 'binding:vif_details'] {{(pid=93698) _exclude_attributes_by_policy /opt/stack/neutron/neutron/pecan_wsgi/hooks/policy_enforcement.py:255}}
Jul 07 13:15:17.502585 dv-cinder-786627-18-iscsi neutron-server[93698]: INFO neutron.wsgi [req-5e607ab0-1c39-48f0-ba9c-e540639279df req-524dc5cd-231a-48c5-b61b-c9eeab36605f tempest-ServerRescueNegativeTestJSON-817247457 tempest-ServerRescueNegativeTestJSON-817247457-project] 10.222.0.67 "GET /v2.0/ports?device_id=7ce923c2-982b-4877-8e01-11cfb9e6b1dd HTTP/1.1" status: 200 len: 945 time: 0.0826828
Jul 07 13:15:17.547353 dv-cinder-786627-18-iscsi neutron-server[93698]: INFO neutron.wsgi [req-5e607ab0-1c39-48f0-ba9c-e540639279df req-19422544-3b15-4838-bc0d-ed3779ca05ea tempest-ServerRescueNegativeTestJSON-817247457 tempest-ServerRescueNegativeTestJSON-817247457-project] 10.222.0.67 "GET /v2.0/security-groups?id=609df40c-fad6-4528-b575-f2871af04055&fields=id&fields=name HTTP/1.1" status: 200 len: 286 time: 0.0339859
Jul 07 13:15:17.834831 dv-cinder-786627-18-iscsi neutron-server[93699]: DEBUG neutron.wsgi [-] (93699) accepted ('10.222.0.67', 41120) {{(pid=93699) server /usr/local/lib/python3.8/dist-packages/eventlet/wsgi.py:982}}
Jul 07 13:15:17.859117 dv-cinder-786627-18-iscsi neutron-server[93699]: DEBUG neutron_lib.callbacks.manager [None req-04e1a2b0-0c63-49a6-beb8-24731933af0f admin admin] Notify callbacks [] for security_group, before_create {{(pid=93699) _notify_loop /usr/local/lib/python3.8/dist-packages/neutron_lib/callbacks/manager.py:192}}
Jul 07 13:15:17.914580 dv-cinder-786627-18-iscsi neutron-server[93698]: DEBUG neutron.pecan_wsgi.hooks.policy_enforcement [req-abef34ca-ec8d-4ac3-8062-72e8db83b6c3 req-3abfb49b-39ed-4876-a37a-337b8e21c217 tempest-AttachVolumeShelveTestJSON-741824086 tempest-AttachVolumeShelveTestJSON-741824086-project] Attributes excluded by policy engine: ['standard_attr_id', 'binding:profile', 'binding:host_id', 'binding:vif_type', 'binding:vif_details'] {{(pid=93698) _exclude_attributes_by_policy /opt/stack/neutron/neutron/pecan_wsgi/hooks/policy_enforcement.py:255}}
Jul 07 13:15:17.917214 dv-cinder-786627-18-iscsi neutron-server[93698]: INFO neutron.wsgi [req-abef34ca-ec8d-4ac3-8062-72e8db83b6c3 req-3abfb49b-39ed-4876-a37a-337b8e21c217 tempest-AttachVolumeShelveTestJSON-741824086 tempest-AttachVolumeShelveTestJSON-741824086-project] 10.222.0.67 "GET /v2.0/ports?device_id=123db360-66aa-4749-8843-3f9431022604 HTTP/1.1" status: 200 len: 946 time: 0.0702848
Jul 07 13:15:17.961948 dv-cinder-786627-18-iscsi neutron-server[93699]: DEBUG neutron_lib.callbacks.manager [None req-04e1a2b0-0c63-49a6-beb8-24731933af0f admin admin] Notify callbacks [] for security_group, precommit_create {{(pid=93699) _notify_loop /usr/local/lib/python3.8/dist-packages/neutron_lib/callbacks/manager.py:192}}
Jul 07 13:15:17.966126 dv-cinder-786627-18-iscsi neutron-server[93698]: INFO neutron.wsgi [req-abef34ca-ec8d-4ac3-8062-72e8db83b6c3 req-aca5285e-2c0e-47fb-be73-0d1f15e6c322 tempest-AttachVolumeShelveTestJSON-741824086 tempest-AttachVolumeShelveTestJSON-741824086-project] 10.222.0.67 "GET /v2.0/security-groups?id=0443c840-dbad-450b-bc21-636b856fb227&fields=id&fields=name HTTP/1.1" status: 200 len: 312 time: 0.0411434
Jul 07 13:15:18.025217 dv-cinder-786627-18-iscsi neutron-server[93699]: DEBUG neutron_lib.callbacks.manager [None req-04e1a2b0-0c63-49a6-beb8-24731933af0f admin admin] Notify callbacks ['neutron.plugins.ml2.ovo_rpc._ObjectChangeHandler.handle_payload_event-7924341'] for security_group, after_create {{(pid=93699) _notify_loop /usr/local/lib/python3.8/dist-packages/neutron_lib/callbacks/manager.py:192}}
Jul 07 13:15:18.064474 dv-cinder-786627-18-iscsi neutron-server[93699]: INFO neutron.wsgi [None req-04e1a2b0-0c63-49a6-beb8-24731933af0f admin admin] 10.222.0.67 "GET /v2.0/security-groups?tenant_id=f87fadb6d726458da8ddebfef5e957b6&name=default HTTP/1.1" status: 200 len: 2979 time: 0.2226870
Jul 07 13:15:18.065408 dv-cinder-786627-18-iscsi neutron-server[93699]: DEBUG neutron.api.rpc.handlers.resources_rpc [None req-04e1a2b0-0c63-49a6-beb8-24731933af0f admin admin] Pushing event updated for resources: {'SecurityGroup': ['ID=950e8a49-fbc4-4c7f-9ac3-a2fcce5f9cf9,revision_number=1']} {{(pid=93699) push /opt/stack/neutron/neutron/api/rpc/handlers/resources_rpc.py:237}}
Jul 07 13:15:18.067307 dv-cinder-786627-18-iscsi neutron-server[93698]: DEBUG neutron.wsgi [-] (93698) accepted ('10.222.0.67', 41124) {{(pid=93698) server /usr/local/lib/python3.8/dist-packages/eventlet/wsgi.py:982}}
Jul 07 13:15:18.118129 dv-cinder-786627-18-iscsi neutron-server[93698]: DEBUG neutron_lib.callbacks.manager [None req-4eed9b43-c016-4ce0-b0a8-a8c17dab0022 admin admin] Notify callbacks [] for security_group, before_delete {{(pid=93698) _notify_loop /usr/local/lib/python3.8/dist-packages/neutron_lib/callbacks/manager.py:192}}
Jul 07 13:15:18.141112 dv-cinder-786627-18-iscsi neutron-server[93698]: DEBUG neutron_lib.callbacks.manager [None req-4eed9b43-c016-4ce0-b0a8-a8c17dab0022 admin admin] Notify callbacks [] for security_group, precommit_delete {{(pid=93698) _notify_loop /usr/local/lib/python3.8/dist-packages/neutron_lib/callbacks/manager.py:192}}
Jul 07 13:15:18.285950 dv-cinder-786627-18-iscsi neutron-server[93698]: DEBUG neutron_lib.callbacks.manager [None req-4eed9b43-c016-4ce0-b0a8-a8c17dab0022 admin admin] Notify callbacks ['neutron.plugins.ml2.ovo_rpc._ObjectChangeHandler.handle_payload_event-7924341'] for security_group, after_delete {{(pid=93698) _notify_loop /usr/local/lib/python3.8/dist-packages/neutron_lib/callbacks/manager.py:192}}
Jul 07 13:15:18.288497 dv-cinder-786627-18-iscsi neutron-server[93698]: DEBUG neutron_lib.callbacks.manager [None req-4eed9b43-c016-4ce0-b0a8-a8c17dab0022 admin admin] Notify callbacks [] for security_group, before_response {{(pid=93698) _notify_loop /usr/local/lib/python3.8/dist-packages/neutron_lib/callbacks/manager.py:192}}
Jul 07 13:15:18.289752 dv-cinder-786627-18-iscsi neutron-server[93698]: INFO neutron.wsgi [None req-4eed9b43-c016-4ce0-b0a8-a8c17dab0022 admin admin] 10.222.0.67 "DELETE /v2.0/security-groups/950e8a49-fbc4-4c7f-9ac3-a2fcce5f9cf9 HTTP/1.1" status: 204 len: 168 time: 0.2211797
Jul 07 13:15:18.300844 dv-cinder-786627-18-iscsi neutron-server[93698]: DEBUG neutron.api.rpc.handlers.resources_rpc [None req-4eed9b43-c016-4ce0-b0a8-a8c17dab0022 admin admin] Pushing event deleted for resources: {'SecurityGroup': ['ID=950e8a49-fbc4-4c7f-9ac3-a2fcce5f9cf9,revision_number=None']} {{(pid=93698) push /opt/stack/neutron/neutron/api/rpc/handlers/resources_rpc.py:237}}
Jul 07 13:15:18.504296 dv-cinder-786627-18-iscsi neutron-server[93698]: DEBUG neutron.pecan_wsgi.hooks.policy_enforcement [req-d2890dec-0bc0-4f30-bcfe-fb8c32e2682d req-987ea9de-e8ac-4a0a-bbaf-dd5528fda0f2 tempest-AttachVolumeTestJSON-1429749092 tempest-AttachVolumeTestJSON-1429749092-project] Attributes excluded by policy engine: ['standard_attr_id', 'binding:profile', 'binding:host_id', 'binding:vif_type', 'binding:vif_details'] {{(pid=93698) _exclude_attributes_by_policy /opt/stack/neutron/neutron/pecan_wsgi/hooks/policy_enforcement.py:255}}
Jul 07 13:15:18.506641 dv-cinder-786627-18-iscsi neutron-server[93698]: INFO neutron.wsgi [req-d2890dec-0bc0-4f30-bcfe-fb8c32e2682d req-987ea9de-e8ac-4a0a-bbaf-dd5528fda0f2 tempest-AttachVolumeTestJSON-1429749092 tempest-AttachVolumeTestJSON-1429749092-project] 10.222.0.67 "GET /v2.0/ports?device_id=f9a978ab-4074-4d52-a79b-42bd21925b7d HTTP/1.1" status: 200 len: 946 time: 0.0667467
Jul 07 13:15:18.549155 dv-cinder-786627-18-iscsi neutron-server[93698]: INFO neutron.wsgi [req-d2890dec-0bc0-4f30-bcfe-fb8c32e2682d req-510742f3-db84-4f2b-828f-d510a8f5080f tempest-AttachVolumeTestJSON-1429749092 tempest-AttachVolumeTestJSON-1429749092-project] 10.222.0.67 "GET /v2.0/security-groups?id=ca3a2c21-039f-4d10-ade3-adc2682d500e&fields=id&fields=name HTTP/1.1" status: 200 len: 313 time: 0.0331953
Jul 07 13:15:18.757986 dv-cinder-786627-18-iscsi neutron-server[93698]: DEBUG neutron.pecan_wsgi.hooks.policy_enforcement [req-13a80825-8d05-4bc5-9164-98fdd0817aa9 req-888729c2-c6ef-4844-be49-4e60da8bb9a8 tempest-ServerRescueNegativeTestJSON-817247457 tempest-ServerRescueNegativeTestJSON-817247457-project] Attributes excluded by policy engine: ['standard_attr_id', 'binding:profile', 'binding:host_id', 'binding:vif_type', 'binding:vif_details'] {{(pid=93698) _exclude_attributes_by_policy /opt/stack/neutron/neutron/pecan_wsgi/hooks/policy_enforcement.py:255}}
Jul 07 13:15:18.760084 dv-cinder-786627-18-iscsi neutron-server[93698]: INFO neutron.wsgi [req-13a80825-8d05-4bc5-9164-98fdd0817aa9 req-888729c2-c6ef-4844-be49-4e60da8bb9a8 tempest-ServerRescueNegativeTestJSON-817247457 tempest-ServerRescueNegativeTestJSON-817247457-project] 10.222.0.67 "GET /v2.0/ports?device_id=7ce923c2-982b-4877-8e01-11cfb9e6b1dd HTTP/1.1" status: 200 len: 945 time: 0.0995002
Jul 07 13:15:18.799762 dv-cinder-786627-18-iscsi neutron-server[93698]: INFO neutron.wsgi [req-13a80825-8d05-4bc5-9164-98fdd0817aa9 req-52c6c00c-8f02-4c3c-8723-3e649b9ee11c tempest-ServerRescueNegativeTestJSON-817247457 tempest-ServerRescueNegativeTestJSON-817247457-project] 10.222.0.67 "GET /v2.0/security-groups?id=609df40c-fad6-4528-b575-f2871af04055&fields=id&fields=name HTTP/1.1" status: 200 len: 286 time: 0.0338991
Jul 07 13:15:19.098538 dv-cinder-786627-18-iscsi neutron-server[93699]: DEBUG neutron.wsgi [-] (93699) accepted ('10.222.0.67', 41144) {{(pid=93699) server /usr/local/lib/python3.8/dist-packages/eventlet/wsgi.py:982}}
Jul 07 13:15:19.112307 dv-cinder-786627-18-iscsi neutron-server[93699]: DEBUG neutron_lib.callbacks.manager [None req-baf61300-8a8c-42a6-8031-e7778a5df7d4 admin admin] Notify callbacks [] for security_group, before_create {{(pid=93699) _notify_loop /usr/local/lib/python3.8/dist-packages/neutron_lib/callbacks/manager.py:192}}
Jul 07 13:15:19.152121 dv-cinder-786627-18-iscsi neutron-server[93698]: DEBUG neutron.pecan_wsgi.hooks.policy_enforcement [req-91deed9e-30ff-4873-b754-34419f15b564 req-0d521ee8-6041-42ab-b221-e05be45e1b98 tempest-AttachVolumeShelveTestJSON-741824086 tempest-AttachVolumeShelveTestJSON-741824086-project] Attributes excluded by policy engine: ['standard_attr_id', 'binding:profile', 'binding:host_id', 'binding:vif_type', 'binding:vif_details'] {{(pid=93698) _exclude_attributes_by_policy /opt/stack/neutron/neutron/pecan_wsgi/hooks/policy_enforcement.py:255}}
Jul 07 13:15:19.153626 dv-cinder-786627-18-iscsi neutron-server[93698]: INFO neutron.wsgi [req-91deed9e-30ff-4873-b754-34419f15b564 req-0d521ee8-6041-42ab-b221-e05be45e1b98 tempest-AttachVolumeShelveTestJSON-741824086 tempest-AttachVolumeShelveTestJSON-741824086-project] 10.222.0.67 "GET /v2.0/ports?device_id=123db360-66aa-4749-8843-3f9431022604 HTTP/1.1" status: 200 len: 946 time: 0.0677199
Jul 07 13:15:19.192474 dv-cinder-786627-18-iscsi neutron-server[93698]: INFO neutron.wsgi [req-91deed9e-30ff-4873-b754-34419f15b564 req-0989b070-9cd0-44ef-b00b-3f780ae5c6fb tempest-AttachVolumeShelveTestJSON-741824086 tempest-AttachVolumeShelveTestJSON-741824086-project] 10.222.0.67 "GET /v2.0/security-groups?id=0443c840-dbad-450b-bc21-636b856fb227&fields=id&fields=name HTTP/1.1" status: 200 len: 312 time: 0.0331321
Jul 07 13:15:19.202489 dv-cinder-786627-18-iscsi neutron-server[93699]: DEBUG neutron_lib.callbacks.manager [None req-baf61300-8a8c-42a6-8031-e7778a5df7d4 admin admin] Notify callbacks [] for security_group, precommit_create {{(pid=93699) _notify_loop /usr/local/lib/python3.8/dist-packages/neutron_lib/callbacks/manager.py:192}}
Jul 07 13:15:19.298403 dv-cinder-786627-18-iscsi neutron-server[93699]: DEBUG neutron_lib.callbacks.manager [None req-baf61300-8a8c-42a6-8031-e7778a5df7d4 admin admin] Notify callbacks ['neutron.plugins.ml2.ovo_rpc._ObjectChangeHandler.handle_payload_event-7924341'] for security_group, after_create {{(pid=93699) _notify_loop /usr/local/lib/python3.8/dist-packages/neutron_lib/callbacks/manager.py:192}}
Jul 07 13:15:19.335691 dv-cinder-786627-18-iscsi neutron-server[93699]: DEBUG neutron.api.rpc.handlers.resources_rpc [None req-baf61300-8a8c-42a6-8031-e7778a5df7d4 admin admin] Pushing event updated for resources: {'SecurityGroup': ['ID=b7c1f6ee-a47d-469d-bb88-b43cdf7e51f1,revision_number=1']} {{(pid=93699) push /opt/stack/neutron/neutron/api/rpc/handlers/resources_rpc.py:237}}
Jul 07 13:15:19.340564 dv-cinder-786627-18-iscsi neutron-server[93699]: INFO neutron.wsgi [None req-baf61300-8a8c-42a6-8031-e7778a5df7d4 admin admin] 10.222.0.67 "GET /v2.0/security-groups?tenant_id=8cd80d11ddb44c9d84c61ff45fc8ee7d&name=default HTTP/1.1" status: 200 len: 2979 time: 0.2404706
Jul 07 13:15:19.343128 dv-cinder-786627-18-iscsi neutron-server[93699]: DEBUG neutron.wsgi [-] (93699) accepted ('10.222.0.67', 41146) {{(pid=93699) server /usr/local/lib/python3.8/dist-packages/eventlet/wsgi.py:982}}
Jul 07 13:15:19.395208 dv-cinder-786627-18-iscsi neutron-server[93699]: DEBUG neutron_lib.callbacks.manager [None req-c1990327-fc4b-4f09-8567-44f76a59a116 admin admin] Notify callbacks [] for security_group, before_delete {{(pid=93699) _notify_loop /usr/local/lib/python3.8/dist-packages/neutron_lib/callbacks/manager.py:192}}
Jul 07 13:15:19.416982 dv-cinder-786627-18-iscsi neutron-server[93699]: DEBUG neutron_lib.callbacks.manager [None req-c1990327-fc4b-4f09-8567-44f76a59a116 admin admin] Notify callbacks [] for security_group, precommit_delete {{(pid=93699) _notify_loop /usr/local/lib/python3.8/dist-packages/neutron_lib/callbacks/manager.py:192}}
Jul 07 13:15:19.544324 dv-cinder-786627-18-iscsi neutron-server[93699]: DEBUG neutron_lib.callbacks.manager [None req-c1990327-fc4b-4f09-8567-44f76a59a116 admin admin] Notify callbacks ['neutron.plugins.ml2.ovo_rpc._ObjectChangeHandler.handle_payload_event-7924341'] for security_group, after_delete {{(pid=93699) _notify_loop /usr/local/lib/python3.8/dist-packages/neutron_lib/callbacks/manager.py:192}}
Jul 07 13:15:19.546900 dv-cinder-786627-18-iscsi neutron-server[93699]: DEBUG neutron_lib.callbacks.manager [None req-c1990327-fc4b-4f09-8567-44f76a59a116 admin admin] Notify callbacks [] for security_group, before_response {{(pid=93699) _notify_loop /usr/local/lib/python3.8/dist-packages/neutron_lib/callbacks/manager.py:192}}
Jul 07 13:15:19.548058 dv-cinder-786627-18-iscsi neutron-server[93699]: INFO neutron.wsgi [None req-c1990327-fc4b-4f09-8567-44f76a59a116 admin admin] 10.222.0.67 "DELETE /v2.0/security-groups/b7c1f6ee-a47d-469d-bb88-b43cdf7e51f1 HTTP/1.1" status: 204 len: 168 time: 0.2043681
Jul 07 13:15:19.555839 dv-cinder-786627-18-iscsi neutron-server[93699]: DEBUG neutron.api.rpc.handlers.resources_rpc [None req-c1990327-fc4b-4f09-8567-44f76a59a116 admin admin] Pushing event deleted for resources: {'SecurityGroup': ['ID=b7c1f6ee-a47d-469d-bb88-b43cdf7e51f1,revision_number=None']} {{(pid=93699) push /opt/stack/neutron/neutron/api/rpc/handlers/resources_rpc.py:237}}
Jul 07 13:15:19.744782 dv-cinder-786627-18-iscsi neutron-server[93698]: DEBUG neutron.pecan_wsgi.hooks.policy_enforcement [req-35996c4b-07f8-415e-a360-ec375dc6a971 req-3f4e8402-9e57-4c34-a16c-750aa5b8bcbb tempest-AttachVolumeTestJSON-1429749092 tempest-AttachVolumeTestJSON-1429749092-project] Attributes excluded by policy engine: ['standard_attr_id', 'binding:profile', 'binding:host_id', 'binding:vif_type', 'binding:vif_details'] {{(pid=93698) _exclude_attributes_by_policy /opt/stack/neutron/neutron/pecan_wsgi/hooks/policy_enforcement.py:255}}
Jul 07 13:15:19.746846 dv-cinder-786627-18-iscsi neutron-server[93698]: INFO neutron.wsgi [req-35996c4b-07f8-415e-a360-ec375dc6a971 req-3f4e8402-9e57-4c34-a16c-750aa5b8bcbb tempest-AttachVolumeTestJSON-1429749092 tempest-AttachVolumeTestJSON-1429749092-project] 10.222.0.67 "GET /v2.0/ports?device_id=f9a978ab-4074-4d52-a79b-42bd21925b7d HTTP/1.1" status: 200 len: 946 time: 0.0768886
Jul 07 13:15:19.757471 dv-cinder-786627-18-iscsi neutron-server[93699]: INFO neutron.wsgi [req-097d8940-73f1-4a9f-a2e5-0a91ed44a0b3 req-829e31b6-37a0-492b-8828-197bc4d476ed service neutron] 10.222.0.79 "GET /v2.0/ports?device_id=cc1af213-7ac1-4396-a448-36ee87f97cbb&fields=binding%3Ahost_id&fields=binding%3Avif_type HTTP/1.1" status: 200 len: 275 time: 0.0629914
Jul 07 13:15:19.788811 dv-cinder-786627-18-iscsi neutron-server[93700]: DEBUG neutron_lib.callbacks.manager [None req-02c1de33-6bbb-46ba-8c1d-8a133c29ce4f None None] Notify callbacks ['neutron.services.segments.db._update_segment_host_mapping_for_agent-8728720391756', 'neutron.plugins.ml2.plugin.Ml2Plugin._retry_binding_revived_agents-730509'] for agent, after_update {{(pid=93700) _notify_loop /usr/local/lib/python3.8/dist-packages/neutron_lib/callbacks/manager.py:192}}
Jul 07 13:15:19.790222 dv-cinder-786627-18-iscsi neutron-server[93698]: INFO neutron.wsgi [req-35996c4b-07f8-415e-a360-ec375dc6a971 req-48a560a9-12cd-4c0e-94a6-8cd045ee378d tempest-AttachVolumeTestJSON-1429749092 tempest-AttachVolumeTestJSON-1429749092-project] 10.222.0.67 "GET /v2.0/security-groups?id=ca3a2c21-039f-4d10-ade3-adc2682d500e&fields=id&fields=name HTTP/1.1" status: 200 len: 313 time: 0.0363951
Jul 07 13:15:20.005559 dv-cinder-786627-18-iscsi neutron-server[93698]: DEBUG neutron.pecan_wsgi.hooks.policy_enforcement [req-810db26e-e94a-4093-9e64-92ed3cfe0629 req-7b7444e5-1af2-453e-b37c-06e7e7aa5f52 tempest-ServerRescueNegativeTestJSON-817247457 tempest-ServerRescueNegativeTestJSON-817247457-project] Attributes excluded by policy engine: ['standard_attr_id', 'binding:profile', 'binding:host_id', 'binding:vif_type', 'binding:vif_details'] {{(pid=93698) _exclude_attributes_by_policy /opt/stack/neutron/neutron/pecan_wsgi/hooks/policy_enforcement.py:255}}
Jul 07 13:15:20.007303 dv-cinder-786627-18-iscsi neutron-server[93698]: INFO neutron.wsgi [req-810db26e-e94a-4093-9e64-92ed3cfe0629 req-7b7444e5-1af2-453e-b37c-06e7e7aa5f52 tempest-ServerRescueNegativeTestJSON-817247457 tempest-ServerRescueNegativeTestJSON-817247457-project] 10.222.0.67 "GET /v2.0/ports?device_id=7ce923c2-982b-4877-8e01-11cfb9e6b1dd HTTP/1.1" status: 200 len: 945 time: 0.0773907
Jul 07 13:15:20.066065 dv-cinder-786627-18-iscsi neutron-server[93698]: INFO neutron.wsgi [req-810db26e-e94a-4093-9e64-92ed3cfe0629 req-c5a76348-64e5-4143-ba0e-f1047cba2e8d tempest-ServerRescueNegativeTestJSON-817247457 tempest-ServerRescueNegativeTestJSON-817247457-project] 10.222.0.67 "GET /v2.0/security-groups?id=609df40c-fad6-4528-b575-f2871af04055&fields=id&fields=name HTTP/1.1" status: 200 len: 286 time: 0.0500028
Jul 07 13:15:20.151001 dv-cinder-786627-18-iscsi neutron-server[93699]: DEBUG neutron.pecan_wsgi.hooks.policy_enforcement [req-097d8940-73f1-4a9f-a2e5-0a91ed44a0b3 req-0a34c473-5254-4313-a9e5-5eee33c73dab service neutron] Attributes excluded by policy engine: ['standard_attr_id'] {{(pid=93699) _exclude_attributes_by_policy /opt/stack/neutron/neutron/pecan_wsgi/hooks/policy_enforcement.py:255}}
Jul 07 13:15:20.152516 dv-cinder-786627-18-iscsi neutron-server[93699]: INFO neutron.wsgi [req-097d8940-73f1-4a9f-a2e5-0a91ed44a0b3 req-0a34c473-5254-4313-a9e5-5eee33c73dab service neutron] 10.222.0.79 "GET /v2.0/ports?tenant_id=1fe629e44c1544379edd26db0e411ce0&device_id=cc1af213-7ac1-4396-a448-36ee87f97cbb HTTP/1.1" status: 200 len: 1098 time: 0.0776837
Jul 07 13:15:20.327330 dv-cinder-786627-18-iscsi neutron-server[93699]: DEBUG neutron.pecan_wsgi.hooks.policy_enforcement [req-77defca6-c7c9-4e82-9a2d-f17247ce2ebc req-b7c1bc18-e329-4dec-9b02-cfaaf64417ca service neutron] Attributes excluded by policy engine: ['standard_attr_id'] {{(pid=93699) _exclude_attributes_by_policy /opt/stack/neutron/neutron/pecan_wsgi/hooks/policy_enforcement.py:255}}
Jul 07 13:15:20.329138 dv-cinder-786627-18-iscsi neutron-server[93699]: INFO neutron.wsgi [req-77defca6-c7c9-4e82-9a2d-f17247ce2ebc req-b7c1bc18-e329-4dec-9b02-cfaaf64417ca service neutron] 10.222.0.79 "GET /v2.0/ports?device_id=123db360-66aa-4749-8843-3f9431022604 HTTP/1.1" status: 200 len: 1099 time: 0.1505723
Jul 07 13:15:20.332155 dv-cinder-786627-18-iscsi neutron-server[93699]: DEBUG neutron.pecan_wsgi.hooks.policy_enforcement [req-097d8940-73f1-4a9f-a2e5-0a91ed44a0b3 req-903d24d1-c875-418c-8eb1-e8a0f13d6020 service neutron] Attributes excluded by policy engine: ['standard_attr_id', 'vlan_transparent'] {{(pid=93699) _exclude_attributes_by_policy /opt/stack/neutron/neutron/pecan_wsgi/hooks/policy_enforcement.py:255}}
Jul 07 13:15:20.333676 dv-cinder-786627-18-iscsi neutron-server[93699]: INFO neutron.wsgi [req-097d8940-73f1-4a9f-a2e5-0a91ed44a0b3 req-903d24d1-c875-418c-8eb1-e8a0f13d6020 service neutron] 10.222.0.79 "GET /v2.0/networks?id=84df5a89-64ce-46db-be5e-11fb06a98fd3 HTTP/1.1" status: 200 len: 913 time: 0.1182404
Jul 07 13:15:20.418445 dv-cinder-786627-18-iscsi neutron-server[93699]: INFO neutron.wsgi [req-097d8940-73f1-4a9f-a2e5-0a91ed44a0b3 req-51b5c159-b419-4f27-9ca7-762d7c95d67f service neutron] 10.222.0.79 "GET /v2.0/floatingips?fixed_ip_address=172.20.0.9&port_id=6c953367-e005-458b-96b0-c5af7e4165ad HTTP/1.1" status: 200 len: 217 time: 0.0553880
Jul 07 13:15:20.437835 dv-cinder-786627-18-iscsi neutron-server[93699]: INFO neutron.wsgi [req-77defca6-c7c9-4e82-9a2d-f17247ce2ebc req-26e05508-d818-4469-8f2f-764d2495307d service neutron] 10.222.0.79 "GET /v2.0/security-groups?id=0443c840-dbad-450b-bc21-636b856fb227&fields=id&fields=name HTTP/1.1" status: 200 len: 312 time: 0.0810413
Jul 07 13:15:20.458814 dv-cinder-786627-18-iscsi neutron-server[93698]: DEBUG neutron.pecan_wsgi.hooks.policy_enforcement [req-71d8072b-2682-4e7e-aead-21ecd1bdfcf0 req-395305f3-b5c2-4245-8402-98ce81a3cd68 tempest-AttachVolumeShelveTestJSON-741824086 tempest-AttachVolumeShelveTestJSON-741824086-project] Attributes excluded by policy engine: ['standard_attr_id', 'binding:profile', 'binding:host_id', 'binding:vif_type', 'binding:vif_details'] {{(pid=93698) _exclude_attributes_by_policy /opt/stack/neutron/neutron/pecan_wsgi/hooks/policy_enforcement.py:255}}
Jul 07 13:15:20.460642 dv-cinder-786627-18-iscsi neutron-server[93698]: INFO neutron.wsgi [req-71d8072b-2682-4e7e-aead-21ecd1bdfcf0 req-395305f3-b5c2-4245-8402-98ce81a3cd68 tempest-AttachVolumeShelveTestJSON-741824086 tempest-AttachVolumeShelveTestJSON-741824086-project] 10.222.0.67 "GET /v2.0/ports?device_id=123db360-66aa-4749-8843-3f9431022604 HTTP/1.1" status: 200 len: 946 time: 0.1280270
Jul 07 13:15:20.502784 dv-cinder-786627-18-iscsi neutron-server[93699]: DEBUG neutron.pecan_wsgi.hooks.policy_enforcement [req-097d8940-73f1-4a9f-a2e5-0a91ed44a0b3 req-0c6de301-c7e9-4751-bc96-f01f0d262b52 service neutron] Attributes excluded by policy engine: ['standard_attr_id', 'shared'] {{(pid=93699) _exclude_attributes_by_policy /opt/stack/neutron/neutron/pecan_wsgi/hooks/policy_enforcement.py:255}}
Jul 07 13:15:20.504509 dv-cinder-786627-18-iscsi neutron-server[93699]: INFO neutron.wsgi [req-097d8940-73f1-4a9f-a2e5-0a91ed44a0b3 req-0c6de301-c7e9-4751-bc96-f01f0d262b52 service neutron] 10.222.0.79 "GET /v2.0/subnets?id=a593276c-d513-48ce-b376-e25e735fe0e7 HTTP/1.1" status: 200 len: 852 time: 0.0644193
Jul 07 13:15:20.505287 dv-cinder-786627-18-iscsi neutron-server[93698]: INFO neutron.wsgi [req-71d8072b-2682-4e7e-aead-21ecd1bdfcf0 req-1692ae31-f3bf-4e60-af17-75f274c8bc6c tempest-AttachVolumeShelveTestJSON-741824086 tempest-AttachVolumeShelveTestJSON-741824086-project] 10.222.0.67 "GET /v2.0/security-groups?id=0443c840-dbad-450b-bc21-636b856fb227&fields=id&fields=name HTTP/1.1" status: 200 len: 312 time: 0.0374601
Jul 07 13:15:20.948707 dv-cinder-786627-18-iscsi neutron-server[93699]: INFO neutron.wsgi [req-097d8940-73f1-4a9f-a2e5-0a91ed44a0b3 req-e0c3b9f4-1bd3-46e5-9b06-5056e27f90ad service neutron] 10.222.0.79 "GET /v2.0/ports?network_id=84df5a89-64ce-46db-be5e-11fb06a98fd3&device_owner=network%3Adhcp HTTP/1.1" status: 200 len: 210 time: 0.0478752
Jul 07 13:15:20.990944 dv-cinder-786627-18-iscsi neutron-server[93698]: DEBUG neutron.pecan_wsgi.hooks.policy_enforcement [req-a6894b93-1334-46ff-a846-c3d58a1cd6f5 req-04d9cd16-0f9d-411c-842f-2ffb9a7cae19 tempest-AttachVolumeTestJSON-1429749092 tempest-AttachVolumeTestJSON-1429749092-project] Attributes excluded by policy engine: ['standard_attr_id', 'binding:profile', 'binding:host_id', 'binding:vif_type', 'binding:vif_details'] {{(pid=93698) _exclude_attributes_by_policy /opt/stack/neutron/neutron/pecan_wsgi/hooks/policy_enforcement.py:255}}
Jul 07 13:15:20.994616 dv-cinder-786627-18-iscsi neutron-server[93698]: INFO neutron.wsgi [req-a6894b93-1334-46ff-a846-c3d58a1cd6f5 req-04d9cd16-0f9d-411c-842f-2ffb9a7cae19 tempest-AttachVolumeTestJSON-1429749092 tempest-AttachVolumeTestJSON-1429749092-project] 10.222.0.67 "GET /v2.0/ports?device_id=f9a978ab-4074-4d52-a79b-42bd21925b7d HTTP/1.1" status: 200 len: 946 time: 0.0740232
Jul 07 13:15:21.060181 dv-cinder-786627-18-iscsi neutron-server[93699]: INFO neutron.wsgi [req-097d8940-73f1-4a9f-a2e5-0a91ed44a0b3 req-9bdb2ea6-4780-4e30-b65a-f4d4f9eb39dc service neutron] 10.222.0.79 "GET /v2.0/networks/84df5a89-64ce-46db-be5e-11fb06a98fd3?fields=segments HTTP/1.1" status: 200 len: 212 time: 0.1037529
Jul 07 13:15:21.065409 dv-cinder-786627-18-iscsi neutron-server[93698]: INFO neutron.wsgi [req-a6894b93-1334-46ff-a846-c3d58a1cd6f5 req-ebf3b245-ec72-43e2-b1de-f59e5273f612 tempest-AttachVolumeTestJSON-1429749092 tempest-AttachVolumeTestJSON-1429749092-project] 10.222.0.67 "GET /v2.0/security-groups?id=ca3a2c21-039f-4d10-ade3-adc2682d500e&fields=id&fields=name HTTP/1.1" status: 200 len: 313 time: 0.0518088
Jul 07 13:15:21.282276 dv-cinder-786627-18-iscsi neutron-server[93699]: INFO neutron.wsgi [req-097d8940-73f1-4a9f-a2e5-0a91ed44a0b3 req-b7ab4696-3dc4-424d-ad4e-4c6631f51562 service neutron] 10.222.0.79 "GET /v2.0/networks/84df5a89-64ce-46db-be5e-11fb06a98fd3?fields=provider%3Aphysical_network&fields=provider%3Anetwork_type HTTP/1.1" status: 200 len: 281 time: 0.1692359
Jul 07 13:15:21.353842 dv-cinder-786627-18-iscsi neutron-server[93698]: DEBUG neutron.pecan_wsgi.hooks.policy_enforcement [req-d5dc19a2-4d85-4098-a5cf-bce001c3632a req-429e3d42-d070-4c58-b230-af312554f35e tempest-AttachVolumeTestJSON-1429749092 tempest-AttachVolumeTestJSON-1429749092-project] Attributes excluded by policy engine: ['standard_attr_id', 'binding:profile', 'binding:host_id', 'binding:vif_type', 'binding:vif_details'] {{(pid=93698) _exclude_attributes_by_policy /opt/stack/neutron/neutron/pecan_wsgi/hooks/policy_enforcement.py:255}}
Jul 07 13:15:21.355783 dv-cinder-786627-18-iscsi neutron-server[93698]: INFO neutron.wsgi [req-d5dc19a2-4d85-4098-a5cf-bce001c3632a req-429e3d42-d070-4c58-b230-af312554f35e tempest-AttachVolumeTestJSON-1429749092 tempest-AttachVolumeTestJSON-1429749092-project] 10.222.0.67 "GET /v2.0/ports?device_id=f9a978ab-4074-4d52-a79b-42bd21925b7d HTTP/1.1" status: 200 len: 946 time: 0.1240609
Jul 07 13:15:21.372623 dv-cinder-786627-18-iscsi neutron-server[93699]: DEBUG neutron.wsgi [-] (93699) accepted ('10.222.0.67', 41254) {{(pid=93699) server /usr/local/lib/python3.8/dist-packages/eventlet/wsgi.py:982}}
Jul 07 13:15:21.378411 dv-cinder-786627-18-iscsi neutron-server[93699]: DEBUG neutron.api.v2.base [None req-6a32c4ab-d597-42d6-b0c6-e071921f4e20 tempest-AttachVolumeTestJSON-1429749092 tempest-AttachVolumeTestJSON-1429749092-project] Request body: {'floatingip': {'port_id': 'c5aaa1f7-a412-4284-a452-554030779d82'}} {{(pid=93699) prepare_request_body /opt/stack/neutron/neutron/api/v2/base.py:729}}
Jul 07 13:15:21.382710 dv-cinder-786627-18-iscsi neutron-server[93698]: DEBUG neutron.pecan_wsgi.hooks.policy_enforcement [req-519fc45d-bd73-4c66-8170-e12d8cf86531 req-d38cee6e-cd3f-4240-8c45-155cca5a35ac tempest-ServerRescueNegativeTestJSON-817247457 tempest-ServerRescueNegativeTestJSON-817247457-project] Attributes excluded by policy engine: ['standard_attr_id', 'binding:profile', 'binding:host_id', 'binding:vif_type', 'binding:vif_details'] {{(pid=93698) _exclude_attributes_by_policy /opt/stack/neutron/neutron/pecan_wsgi/hooks/policy_enforcement.py:255}}
Jul 07 13:15:21.390683 dv-cinder-786627-18-iscsi neutron-server[93698]: INFO neutron.wsgi [req-519fc45d-bd73-4c66-8170-e12d8cf86531 req-d38cee6e-cd3f-4240-8c45-155cca5a35ac tempest-ServerRescueNegativeTestJSON-817247457 tempest-ServerRescueNegativeTestJSON-817247457-project] 10.222.0.67 "GET /v2.0/ports?device_id=7ce923c2-982b-4877-8e01-11cfb9e6b1dd HTTP/1.1" status: 200 len: 945 time: 0.1216726
Jul 07 13:15:21.450401 dv-cinder-786627-18-iscsi neutron-server[93698]: INFO neutron.wsgi [req-519fc45d-bd73-4c66-8170-e12d8cf86531 req-7814d03d-99c8-4694-b444-1cffe77c89cd tempest-ServerRescueNegativeTestJSON-817247457 tempest-ServerRescueNegativeTestJSON-817247457-project] 10.222.0.67 "GET /v2.0/security-groups?id=609df40c-fad6-4528-b575-f2871af04055&fields=id&fields=name HTTP/1.1" status: 200 len: 286 time: 0.0503194
Jul 07 13:15:21.478469 dv-cinder-786627-18-iscsi neutron-server[93699]: DEBUG neutron_lib.callbacks.manager [None req-6a32c4ab-d597-42d6-b0c6-e071921f4e20 tempest-AttachVolumeTestJSON-1429749092 tempest-AttachVolumeTestJSON-1429749092-project] Notify callbacks [] for floatingip, before_update {{(pid=93699) _notify_loop /usr/local/lib/python3.8/dist-packages/neutron_lib/callbacks/manager.py:192}}
Jul 07 13:15:21.736662 dv-cinder-786627-18-iscsi neutron-server[93698]: DEBUG neutron.pecan_wsgi.hooks.policy_enforcement [req-f4344589-7761-47e6-9905-19185f9c527a req-e86f79a9-b2db-4aa7-9201-95f2708852b0 tempest-AttachVolumeShelveTestJSON-741824086 tempest-AttachVolumeShelveTestJSON-741824086-project] Attributes excluded by policy engine: ['standard_attr_id', 'binding:profile', 'binding:host_id', 'binding:vif_type', 'binding:vif_details'] {{(pid=93698) _exclude_attributes_by_policy /opt/stack/neutron/neutron/pecan_wsgi/hooks/policy_enforcement.py:255}}
Jul 07 13:15:21.738721 dv-cinder-786627-18-iscsi neutron-server[93698]: INFO neutron.wsgi [req-f4344589-7761-47e6-9905-19185f9c527a req-e86f79a9-b2db-4aa7-9201-95f2708852b0 tempest-AttachVolumeShelveTestJSON-741824086 tempest-AttachVolumeShelveTestJSON-741824086-project] 10.222.0.67 "GET /v2.0/ports?device_id=123db360-66aa-4749-8843-3f9431022604 HTTP/1.1" status: 200 len: 946 time: 0.0855172
Jul 07 13:15:21.808557 dv-cinder-786627-18-iscsi neutron-server[93698]: INFO neutron.wsgi [req-f4344589-7761-47e6-9905-19185f9c527a req-463e7cdb-0ffc-488f-b79f-b3917da3c7f6 tempest-AttachVolumeShelveTestJSON-741824086 tempest-AttachVolumeShelveTestJSON-741824086-project] 10.222.0.67 "GET /v2.0/security-groups?id=0443c840-dbad-450b-bc21-636b856fb227&fields=id&fields=name HTTP/1.1" status: 200 len: 312 time: 0.0614555
Jul 07 13:15:22.223603 dv-cinder-786627-18-iscsi neutron-server[93698]: DEBUG neutron.pecan_wsgi.hooks.policy_enforcement [req-09f7fc4a-a716-4093-8365-9d15dc6e44e4 req-67a86918-f4c9-4bdb-8a26-c5fcb76c7c44 tempest-ServerRescueNegativeTestJSON-817247457 tempest-ServerRescueNegativeTestJSON-817247457-project] Attributes excluded by policy engine: ['standard_attr_id', 'binding:profile', 'binding:host_id', 'binding:vif_type', 'binding:vif_details'] {{(pid=93698) _exclude_attributes_by_policy /opt/stack/neutron/neutron/pecan_wsgi/hooks/policy_enforcement.py:255}}
Jul 07 13:15:22.225999 dv-cinder-786627-18-iscsi neutron-server[93698]: INFO neutron.wsgi [req-09f7fc4a-a716-4093-8365-9d15dc6e44e4 req-67a86918-f4c9-4bdb-8a26-c5fcb76c7c44 tempest-ServerRescueNegativeTestJSON-817247457 tempest-ServerRescueNegativeTestJSON-817247457-project] 10.222.0.67 "GET /v2.0/ports?device_id=7ce923c2-982b-4877-8e01-11cfb9e6b1dd HTTP/1.1" status: 200 len: 945 time: 0.0851011
Jul 07 13:15:22.304160 dv-cinder-786627-18-iscsi neutron-server[93698]: INFO neutron.wsgi [req-09f7fc4a-a716-4093-8365-9d15dc6e44e4 req-bb8be6b1-e622-45db-9e18-bc563aa5969c tempest-ServerRescueNegativeTestJSON-817247457 tempest-ServerRescueNegativeTestJSON-817247457-project] 10.222.0.67 "GET /v2.0/security-groups?id=609df40c-fad6-4528-b575-f2871af04055&fields=id&fields=name HTTP/1.1" status: 200 len: 286 time: 0.0524175
Jul 07 13:15:22.558330 dv-cinder-786627-18-iscsi neutron-server[93699]: DEBUG neutron.pecan_wsgi.hooks.policy_enforcement [req-6d2e8063-9274-4fc5-9a1c-13edabb620dc req-46cd36af-3848-4d8c-abc8-3866bfab81ed service neutron] Attributes excluded by policy engine: ['standard_attr_id'] {{(pid=93699) _exclude_attributes_by_policy /opt/stack/neutron/neutron/pecan_wsgi/hooks/policy_enforcement.py:255}}
Jul 07 13:15:22.559724 dv-cinder-786627-18-iscsi neutron-server[93699]: INFO neutron.wsgi [req-6d2e8063-9274-4fc5-9a1c-13edabb620dc req-46cd36af-3848-4d8c-abc8-3866bfab81ed service neutron] 10.222.0.79 "GET /v2.0/ports?tenant_id=7ac382a5a1d74eda97536a5c970e2489&device_id=7ce923c2-982b-4877-8e01-11cfb9e6b1dd HTTP/1.1" status: 200 len: 1098 time: 0.2018933
Jul 07 13:15:22.579310 dv-cinder-786627-18-iscsi neutron-server[93699]: DEBUG neutron_lib.callbacks.manager [None req-6a32c4ab-d597-42d6-b0c6-e071921f4e20 tempest-AttachVolumeTestJSON-1429749092 tempest-AttachVolumeTestJSON-1429749092-project] Notify callbacks [] for floatingip, precommit_update {{(pid=93699) _notify_loop /usr/local/lib/python3.8/dist-packages/neutron_lib/callbacks/manager.py:192}}
