Jun 29 16:07:51.596767 dv-cinder-786627-15-smb neutron-server[93727]: INFO neutron.wsgi [req-d0c78402-dd89-487b-ab05-597295afb0fd req-4b685cf2-95d0-4553-9b62-2f0de8dbb532 tempest-ServerRescueNegativeTestJSON-526446201 tempest-ServerRescueNegativeTestJSON-526446201-project] 10.222.0.72 "GET /v2.0/networks?id=e1884122-3d3f-4ed8-99a8-0a3c879f91aa HTTP/1.1" status: 200 len: 819 time: 0.3677647
Jun 29 16:07:51.618415 dv-cinder-786627-15-smb neutron-server[93727]: DEBUG neutron.api.v2.base [req-d0c78402-dd89-487b-ab05-597295afb0fd req-19577679-1021-482d-ba5b-7fc5224031b3 tempest-ServerRescueNegativeTestJSON-526446201 tempest-ServerRescueNegativeTestJSON-526446201-project] Request body: {'port': {'device_id': 'eb5e5339-95ef-4921-a9d8-ca70031c517b', 'network_id': 'e1884122-3d3f-4ed8-99a8-0a3c879f91aa', 'admin_state_up': True, 'tenant_id': '36d43f4da631498fb466679821a57522'}} {{(pid=93727) prepare_request_body /opt/stack/neutron/neutron/api/v2/base.py:729}}
Jun 29 16:07:51.646642 dv-cinder-786627-15-smb neutron-server[93727]: DEBUG neutron_lib.callbacks.manager [None req-7862b994-39b0-49a9-b41b-98cf44d1a590 tempest-AttachVolumeShelveTestJSON-1661052237 tempest-AttachVolumeShelveTestJSON-1661052237-project] Notify callbacks [] for security_group_rule, precommit_create {{(pid=93727) _notify_loop /usr/local/lib/python3.8/dist-packages/neutron_lib/callbacks/manager.py:192}}
Jun 29 16:07:51.664921 dv-cinder-786627-15-smb neutron-server[93729]: DEBUG neutron.db.provisioning_blocks [None req-fbb2f23e-2995-49a6-8e97-843a25a2b2e5 None None] Provisioning for port 4b56d881-91c5-44b1-b0ed-0d0de192b943 completed by entity L2. {{(pid=93729) provisioning_complete /opt/stack/neutron/neutron/db/provisioning_blocks.py:133}}
Jun 29 16:07:51.669397 dv-cinder-786627-15-smb neutron-server[93729]: DEBUG neutron.db.provisioning_blocks [None req-fbb2f23e-2995-49a6-8e97-843a25a2b2e5 None None] Provisioning complete for port 4b56d881-91c5-44b1-b0ed-0d0de192b943 triggered by entity L2. {{(pid=93729) provisioning_complete /opt/stack/neutron/neutron/db/provisioning_blocks.py:139}}
Jun 29 16:07:51.669851 dv-cinder-786627-15-smb neutron-server[93729]: DEBUG neutron_lib.callbacks.manager [None req-fbb2f23e-2995-49a6-8e97-843a25a2b2e5 None None] Notify callbacks ['neutron.plugins.ml2.plugin.Ml2Plugin._port_provisioned-3841801'] for port, provisioning_complete {{(pid=93729) _notify_loop /usr/local/lib/python3.8/dist-packages/neutron_lib/callbacks/manager.py:192}}
Jun 29 16:07:51.717898 dv-cinder-786627-15-smb neutron-server[93727]: DEBUG neutron.pecan_wsgi.hooks.policy_enforcement [req-681f772e-6684-4f1b-a00d-a3eca74ebded req-334363c7-4bd1-4c77-aed7-34eeb42e8cab tempest-DeleteServersTestJSON-2042476134 tempest-DeleteServersTestJSON-2042476134-project] Attributes excluded by policy engine: ['standard_attr_id', 'binding:profile', 'binding:host_id', 'binding:vif_type', 'binding:vif_details'] {{(pid=93727) _exclude_attributes_by_policy /opt/stack/neutron/neutron/pecan_wsgi/hooks/policy_enforcement.py:255}}
Jun 29 16:07:51.719492 dv-cinder-786627-15-smb neutron-server[93727]: INFO neutron.wsgi [req-681f772e-6684-4f1b-a00d-a3eca74ebded req-334363c7-4bd1-4c77-aed7-34eeb42e8cab tempest-DeleteServersTestJSON-2042476134 tempest-DeleteServersTestJSON-2042476134-project] 10.222.0.74 "GET /v2.0/ports?device_id=b21330c8-62eb-4113-b1bd-4425f708f17d HTTP/1.1" status: 200 len: 943 time: 0.2796071
Jun 29 16:07:51.780828 dv-cinder-786627-15-smb neutron-server[93727]: INFO neutron.wsgi [req-681f772e-6684-4f1b-a00d-a3eca74ebded req-8d986630-cba0-420b-a224-dd9803d2e6d6 tempest-DeleteServersTestJSON-2042476134 tempest-DeleteServersTestJSON-2042476134-project] 10.222.0.74 "GET /v2.0/security-groups?id=e8dba8d9-7d2f-4015-96c3-aac3747a8668&fields=id&fields=name HTTP/1.1" status: 200 len: 286 time: 0.0463653
Jun 29 16:07:51.783969 dv-cinder-786627-15-smb neutron-server[93727]: DEBUG neutron_lib.callbacks.manager [None req-7862b994-39b0-49a9-b41b-98cf44d1a590 tempest-AttachVolumeShelveTestJSON-1661052237 tempest-AttachVolumeShelveTestJSON-1661052237-project] Notify callbacks ['neutron.plugins.ml2.ovo_rpc._ObjectChangeHandler.handle_payload_event-672410'] for security_group_rule, after_create {{(pid=93727) _notify_loop /usr/local/lib/python3.8/dist-packages/neutron_lib/callbacks/manager.py:192}}
Jun 29 16:07:51.787999 dv-cinder-786627-15-smb neutron-server[93727]: DEBUG oslo_concurrency.lockutils [None req-4009f823-82e7-4e1d-9e69-44bf76512d1b tempest-AttachVolumeShelveTestJSON-1661052237 tempest-AttachVolumeShelveTestJSON-1661052237-project] Lock "event-dispatch" acquired by "neutron.plugins.ml2.ovo_rpc._ObjectChangeHandler.dispatch_events" :: waited 0.000s {{(pid=93727) inner /usr/local/lib/python3.8/dist-packages/oslo_concurrency/lockutils.py:355}}
Jun 29 16:07:51.835666 dv-cinder-786627-15-smb neutron-server[93727]: DEBUG neutron.api.rpc.handlers.resources_rpc [None req-7862b994-39b0-49a9-b41b-98cf44d1a590 tempest-AttachVolumeShelveTestJSON-1661052237 tempest-AttachVolumeShelveTestJSON-1661052237-project] Pushing event updated for resources: {'SecurityGroupRule': ['ID=c74aebc3-4c67-4006-9759-8711cae11881,revision_number=0']} {{(pid=93727) push /opt/stack/neutron/neutron/api/rpc/handlers/resources_rpc.py:237}}
Jun 29 16:07:51.842572 dv-cinder-786627-15-smb neutron-server[93727]: DEBUG oslo_concurrency.lockutils [None req-7862b994-39b0-49a9-b41b-98cf44d1a590 tempest-AttachVolumeShelveTestJSON-1661052237 tempest-AttachVolumeShelveTestJSON-1661052237-project] Lock "event-dispatch" released by "neutron.plugins.ml2.ovo_rpc._ObjectChangeHandler.dispatch_events" :: held 0.053s {{(pid=93727) inner /usr/local/lib/python3.8/dist-packages/oslo_concurrency/lockutils.py:367}}
Jun 29 16:07:51.880325 dv-cinder-786627-15-smb neutron-server[93729]: DEBUG neutron_lib.callbacks.manager [None req-fbb2f23e-2995-49a6-8e97-843a25a2b2e5 None None] Notify callbacks ['neutron.plugins.ml2.plugin.SecurityGroupDbMixin._ensure_default_security_group_handler-3853363'] for port, before_update {{(pid=93729) _notify_loop /usr/local/lib/python3.8/dist-packages/neutron_lib/callbacks/manager.py:192}}
Jun 29 16:07:51.922774 dv-cinder-786627-15-smb neutron-server[93727]: INFO neutron.wsgi [req-5133e90e-4e62-4488-bf47-ea5c465d54d3 req-1c7b6974-cd78-455f-bbb2-c3939e47c8d0 tempest-ServerRescueNegativeTestJSON-526446201 tempest-ServerRescueNegativeTestJSON-526446201-project] 10.222.0.74 "GET /v2.0/ports?device_id=48b3d9b7-ced6-4092-9417-b6d0c4b6af4b HTTP/1.1" status: 200 len: 210 time: 0.0562725
Jun 29 16:07:51.925307 dv-cinder-786627-15-smb neutron-server[93729]: DEBUG neutron.plugins.ml2.db [None req-fbb2f23e-2995-49a6-8e97-843a25a2b2e5 None None] For port 4b56d881-91c5-44b1-b0ed-0d0de192b943, host dv-cinder-786627-15-smb, got binding levels [PortBindingLevel(driver='openvswitch',host='dv-cinder-786627-15-smb',level=0,port_id=4b56d881-91c5-44b1-b0ed-0d0de192b943,segment=NetworkSegment(b3c674f8-88c9-40a5-8344-3379cc4de790),segment_id=b3c674f8-88c9-40a5-8344-3379cc4de790)] {{(pid=93729) get_binding_level_objs /opt/stack/neutron/neutron/plugins/ml2/db.py:74}}
Jun 29 16:07:51.933446 dv-cinder-786627-15-smb neutron-server[93728]: INFO neutron.wsgi [req-bf0f8d3c-7529-4711-875e-5c8272df24ff req-a09c7bb2-939a-4fe0-b8b1-63c93f98e9de tempest-AttachVolumeTestJSON-455921190 tempest-AttachVolumeTestJSON-455921190-project] 10.222.0.74 "GET /v2.0/security-groups?name=tempest-securitygroup--648638079&fields=id&tenant_id=0d30305e58f44a5d8d8496da93511c38 HTTP/1.1" status: 200 len: 267 time: 0.0777006
Jun 29 16:07:51.984514 dv-cinder-786627-15-smb neutron-server[93727]: DEBUG neutron.pecan_wsgi.hooks.quota_enforcement [req-d0c78402-dd89-487b-ab05-597295afb0fd req-19577679-1021-482d-ba5b-7fc5224031b3 tempest-ServerRescueNegativeTestJSON-526446201 tempest-ServerRescueNegativeTestJSON-526446201-project] Made reservation on behalf of 36d43f4da631498fb466679821a57522 for: {'port': 1} {{(pid=93727) before /opt/stack/neutron/neutron/pecan_wsgi/hooks/quota_enforcement.py:53}}
Jun 29 16:07:51.987520 dv-cinder-786627-15-smb neutron-server[93727]: DEBUG neutron_lib.callbacks.manager [req-d0c78402-dd89-487b-ab05-597295afb0fd req-19577679-1021-482d-ba5b-7fc5224031b3 tempest-ServerRescueNegativeTestJSON-526446201 tempest-ServerRescueNegativeTestJSON-526446201-project] Notify callbacks ['neutron.plugins.ml2.plugin.SecurityGroupDbMixin._ensure_default_security_group_handler-3853363'] for port, before_create {{(pid=93727) _notify_loop /usr/local/lib/python3.8/dist-packages/neutron_lib/callbacks/manager.py:192}}
Jun 29 16:07:52.114728 dv-cinder-786627-15-smb neutron-server[93729]: DEBUG neutron_lib.callbacks.manager [None req-e39426c1-4fae-4500-a2a7-beaf8336d2fb None None] Notify callbacks ['neutron.services.segments.db._update_segment_host_mapping_for_agent-8739161290545', 'neutron.plugins.ml2.plugin.Ml2Plugin._retry_binding_revived_agents-3841880'] for agent, after_update {{(pid=93729) _notify_loop /usr/local/lib/python3.8/dist-packages/neutron_lib/callbacks/manager.py:192}}
Jun 29 16:07:52.115464 dv-cinder-786627-15-smb neutron-server[93729]: DEBUG neutron_lib.callbacks.manager [None req-fbb2f23e-2995-49a6-8e97-843a25a2b2e5 None None] Notify callbacks ['neutron.plugins.ml2.plugin.SecurityGroupServerNotifierRpcMixin.notify_sg_on_port_change-3851151', 'neutron.plugins.ml2.ovo_rpc._ObjectChangeHandler.handle_event-203842', 'neutron.api.rpc.agentnotifiers.dhcp_rpc_agent_api.DhcpAgentNotifyAPI._native_event_send_dhcp_notification-625890', 'neutron.db.l3_db.L3RpcNotifierMixin._notify_gateway_port_ip_changed-8739161320906', 'neutron.db.l3_dvrscheduler_db._notify_l3_agent_port_update-8739160749343', 'neutron.db.l3_hascheduler_db._notify_l3_agent_ha_port_update-8739160749388'] for port, after_update {{(pid=93729) _notify_loop /usr/local/lib/python3.8/dist-packages/neutron_lib/callbacks/manager.py:192}}
Jun 29 16:07:52.119976 dv-cinder-786627-15-smb neutron-server[93729]: DEBUG oslo_concurrency.lockutils [-] Lock "event-dispatch" acquired by "neutron.plugins.ml2.ovo_rpc._ObjectChangeHandler.dispatch_events" :: waited 0.000s {{(pid=93729) inner /usr/local/lib/python3.8/dist-packages/oslo_concurrency/lockutils.py:355}}
Jun 29 16:07:52.150458 dv-cinder-786627-15-smb neutron-server[93727]: DEBUG neutron_lib.callbacks.manager [None req-7862b994-39b0-49a9-b41b-98cf44d1a590 tempest-AttachVolumeShelveTestJSON-1661052237 tempest-AttachVolumeShelveTestJSON-1661052237-project] Notify callbacks [] for security_group_rule, before_response {{(pid=93727) _notify_loop /usr/local/lib/python3.8/dist-packages/neutron_lib/callbacks/manager.py:192}}
Jun 29 16:07:52.152513 dv-cinder-786627-15-smb neutron-server[93727]: INFO neutron.wsgi [None req-7862b994-39b0-49a9-b41b-98cf44d1a590 tempest-AttachVolumeShelveTestJSON-1661052237 tempest-AttachVolumeShelveTestJSON-1661052237-project] 10.222.0.74 "POST /v2.0/security-group-rules HTTP/1.1" status: 201 len: 769 time: 1.0254653
Jun 29 16:07:52.163311 dv-cinder-786627-15-smb neutron-server[93727]: DEBUG neutron.wsgi [-] (93727) accepted ('10.222.0.74', 39176) {{(pid=93727) server /usr/local/lib/python3.8/dist-packages/eventlet/wsgi.py:982}}
Jun 29 16:07:52.174946 dv-cinder-786627-15-smb neutron-server[93727]: DEBUG neutron.api.v2.base [None req-b2615837-1174-403b-a0d0-064aedc92824 tempest-AttachVolumeShelveTestJSON-1661052237 tempest-AttachVolumeShelveTestJSON-1661052237-project] Request body: {'floatingip': {'floating_network_id': 'c14094ee-7936-4248-9d72-de200cbbee83'}} {{(pid=93727) prepare_request_body /opt/stack/neutron/neutron/api/v2/base.py:729}}
Jun 29 16:07:52.197874 dv-cinder-786627-15-smb neutron-server[93729]: DEBUG neutron.api.rpc.handlers.resources_rpc [None req-fbb2f23e-2995-49a6-8e97-843a25a2b2e5 None None] Pushing event updated for resources: {'Port': ['ID=4b56d881-91c5-44b1-b0ed-0d0de192b943,revision_number=5']} {{(pid=93729) push /opt/stack/neutron/neutron/api/rpc/handlers/resources_rpc.py:237}}
Jun 29 16:07:52.201148 dv-cinder-786627-15-smb neutron-server[93729]: DEBUG oslo_concurrency.lockutils [None req-fbb2f23e-2995-49a6-8e97-843a25a2b2e5 None None] Lock "event-dispatch" released by "neutron.plugins.ml2.ovo_rpc._ObjectChangeHandler.dispatch_events" :: held 0.081s {{(pid=93729) inner /usr/local/lib/python3.8/dist-packages/oslo_concurrency/lockutils.py:367}}
Jun 29 16:07:52.209341 dv-cinder-786627-15-smb neutron-server[93727]: DEBUG neutron.db.db_base_plugin_common [req-d0c78402-dd89-487b-ab05-597295afb0fd req-19577679-1021-482d-ba5b-7fc5224031b3 tempest-ServerRescueNegativeTestJSON-526446201 tempest-ServerRescueNegativeTestJSON-526446201-project] Allocated IP 172.20.0.11 (e1884122-3d3f-4ed8-99a8-0a3c879f91aa/2533994b-03fc-4990-b2c6-550549260b8a/cd4a3a50-a273-4674-b5e7-0e78177a1e1f) {{(pid=93727) _store_ip_allocation /opt/stack/neutron/neutron/db/db_base_plugin_common.py:131}}
Jun 29 16:07:52.283047 dv-cinder-786627-15-smb neutron-server[93729]: DEBUG neutron.plugins.ml2.rpc [None req-6264ecec-74db-415c-8291-68de2b9385ac None None] Device bd9b52b4-14fd-48a2-a389-10c02028076b details requested by agent hyperv_hv-cinder-78662 with host hv-cinder-78662 {{(pid=93729) get_device_details /opt/stack/neutron/neutron/plugins/ml2/rpc.py:102}}
Jun 29 16:07:52.326818 dv-cinder-786627-15-smb neutron-server[93728]: DEBUG neutron.pecan_wsgi.hooks.policy_enforcement [req-bf0f8d3c-7529-4711-875e-5c8272df24ff req-70c9433b-e985-4dce-86e4-d7f619194ada tempest-AttachVolumeTestJSON-455921190 tempest-AttachVolumeTestJSON-455921190-project] Attributes excluded by policy engine: ['standard_attr_id', 'vlan_transparent', 'provider:network_type', 'provider:physical_network', 'provider:segmentation_id'] {{(pid=93728) _exclude_attributes_by_policy /opt/stack/neutron/neutron/pecan_wsgi/hooks/policy_enforcement.py:255}}
Jun 29 16:07:52.330709 dv-cinder-786627-15-smb neutron-server[93728]: INFO neutron.wsgi [req-bf0f8d3c-7529-4711-875e-5c8272df24ff req-70c9433b-e985-4dce-86e4-d7f619194ada tempest-AttachVolumeTestJSON-455921190 tempest-AttachVolumeTestJSON-455921190-project] 10.222.0.74 "GET /v2.0/networks?id=1d1783f5-4725-41ad-8eff-c1b37d7593f1 HTTP/1.1" status: 200 len: 811 time: 0.3886595
Jun 29 16:07:52.360508 dv-cinder-786627-15-smb neutron-server[93728]: INFO neutron.wsgi [req-bf0f8d3c-7529-4711-875e-5c8272df24ff req-1551a82c-153a-4f37-b090-5e4e19ffa47b tempest-AttachVolumeTestJSON-455921190 tempest-AttachVolumeTestJSON-455921190-project] 10.222.0.74 "GET /v2.0/quotas/0d30305e58f44a5d8d8496da93511c38 HTTP/1.1" status: 200 len: 375 time: 0.0191464
Jun 29 16:07:52.399532 dv-cinder-786627-15-smb neutron-server[93727]: DEBUG neutron_lib.callbacks.manager [None req-b2615837-1174-403b-a0d0-064aedc92824 tempest-AttachVolumeShelveTestJSON-1661052237 tempest-AttachVolumeShelveTestJSON-1661052237-project] Notify callbacks [] for floatingip, before_create {{(pid=93727) _notify_loop /usr/local/lib/python3.8/dist-packages/neutron_lib/callbacks/manager.py:192}}
Jun 29 16:07:52.497106 dv-cinder-786627-15-smb neutron-server[93729]: DEBUG neutron.plugins.ml2.db [None req-6264ecec-74db-415c-8291-68de2b9385ac None None] For port bd9b52b4-14fd-48a2-a389-10c02028076b, host hv-cinder-78662, got binding levels [PortBindingLevel(driver='hyperv',host='hv-cinder-78662',level=0,port_id=bd9b52b4-14fd-48a2-a389-10c02028076b,segment=NetworkSegment(73a3f150-1597-43b1-a6ef-493e60ca6217),segment_id=73a3f150-1597-43b1-a6ef-493e60ca6217)] {{(pid=93729) get_binding_level_objs /opt/stack/neutron/neutron/plugins/ml2/db.py:74}}
Jun 29 16:07:52.513683 dv-cinder-786627-15-smb neutron-server[93728]: INFO neutron.wsgi [req-bf0f8d3c-7529-4711-875e-5c8272df24ff req-23fc2498-124b-4346-99ed-6f5557cae18f tempest-AttachVolumeTestJSON-455921190 tempest-AttachVolumeTestJSON-455921190-project] 10.222.0.74 "GET /v2.0/ports?tenant_id=0d30305e58f44a5d8d8496da93511c38&fields=id HTTP/1.1" status: 200 len: 348 time: 0.1383781
Jun 29 16:07:52.519121 dv-cinder-786627-15-smb neutron-server[93729]: DEBUG neutron.plugins.ml2.rpc [None req-6264ecec-74db-415c-8291-68de2b9385ac None None] Returning: {'device': 'bd9b52b4-14fd-48a2-a389-10c02028076b', 'network_id': '534ebf36-c1c9-4719-82fa-b6fd1171732d', 'port_id': 'bd9b52b4-14fd-48a2-a389-10c02028076b', 'mac_address': 'fa:16:3e:cf:52:a8', 'admin_state_up': True, 'network_type': 'vlan', 'segmentation_id': 795, 'physical_network': 'physnet1', 'mtu': 1500, 'fixed_ips': [{'subnet_id': '29d55851-d93d-44f5-b8b9-22523d315794', 'ip_address': '172.20.0.5'}], 'device_owner': 'compute:nova', 'allowed_address_pairs': [], 'port_security_enabled': True, 'qos_policy_id': None, 'network_qos_policy_id': None, 'profile': {}, 'propagate_uplink_status': False} {{(pid=93729) _get_device_details /opt/stack/neutron/neutron/plugins/ml2/rpc.py:184}}
Jun 29 16:07:52.594176 dv-cinder-786627-15-smb neutron-server[93729]: DEBUG neutron_lib.callbacks.manager [None req-6264ecec-74db-415c-8291-68de2b9385ac None None] Notify callbacks ['neutron.plugins.ml2.plugin.SecurityGroupDbMixin._ensure_default_security_group_handler-3853363'] for port, before_update {{(pid=93729) _notify_loop /usr/local/lib/python3.8/dist-packages/neutron_lib/callbacks/manager.py:192}}
Jun 29 16:07:52.611281 dv-cinder-786627-15-smb neutron-server[93727]: DEBUG neutron_lib.callbacks.manager [req-d0c78402-dd89-487b-ab05-597295afb0fd req-19577679-1021-482d-ba5b-7fc5224031b3 tempest-ServerRescueNegativeTestJSON-526446201 tempest-ServerRescueNegativeTestJSON-526446201-project] Notify callbacks [] for port, precommit_create {{(pid=93727) _notify_loop /usr/local/lib/python3.8/dist-packages/neutron_lib/callbacks/manager.py:192}}
Jun 29 16:07:52.615286 dv-cinder-786627-15-smb neutron-server[93729]: DEBUG neutron.notifiers.nova [None req-6264ecec-74db-415c-8291-68de2b9385ac None None] Ignoring state change previous_port_status: DOWN current_port_status: BUILD port_id bd9b52b4-14fd-48a2-a389-10c02028076b {{(pid=93729) record_port_status_changed /opt/stack/neutron/neutron/notifiers/nova.py:224}}
Jun 29 16:07:52.638108 dv-cinder-786627-15-smb neutron-server[93729]: DEBUG neutron.plugins.ml2.db [None req-6264ecec-74db-415c-8291-68de2b9385ac None None] For port bd9b52b4-14fd-48a2-a389-10c02028076b, host hv-cinder-78662, got binding levels [PortBindingLevel(driver='hyperv',host='hv-cinder-78662',level=0,port_id=bd9b52b4-14fd-48a2-a389-10c02028076b,segment=NetworkSegment(73a3f150-1597-43b1-a6ef-493e60ca6217),segment_id=73a3f150-1597-43b1-a6ef-493e60ca6217)] {{(pid=93729) get_binding_level_objs /opt/stack/neutron/neutron/plugins/ml2/db.py:74}}
Jun 29 16:07:52.706553 dv-cinder-786627-15-smb neutron-server[93728]: INFO neutron.wsgi [req-bf0f8d3c-7529-4711-875e-5c8272df24ff req-f4049af1-a545-42d7-9fa7-e4708e52db0f service neutron] 10.222.0.74 "GET /v2.0/networks/1d1783f5-4725-41ad-8eff-c1b37d7593f1?fields=segments HTTP/1.1" status: 200 len: 212 time: 0.1829107
Jun 29 16:07:52.754512 dv-cinder-786627-15-smb neutron-server[93729]: DEBUG neutron_lib.callbacks.manager [None req-6264ecec-74db-415c-8291-68de2b9385ac None None] Notify callbacks ['neutron.plugins.ml2.plugin.SecurityGroupServerNotifierRpcMixin.notify_sg_on_port_change-3851151', 'neutron.plugins.ml2.ovo_rpc._ObjectChangeHandler.handle_event-203842', 'neutron.api.rpc.agentnotifiers.dhcp_rpc_agent_api.DhcpAgentNotifyAPI._native_event_send_dhcp_notification-625890', 'neutron.db.l3_db.L3RpcNotifierMixin._notify_gateway_port_ip_changed-8739161320906', 'neutron.db.l3_dvrscheduler_db._notify_l3_agent_port_update-8739160749343', 'neutron.db.l3_hascheduler_db._notify_l3_agent_ha_port_update-8739160749388'] for port, after_update {{(pid=93729) _notify_loop /usr/local/lib/python3.8/dist-packages/neutron_lib/callbacks/manager.py:192}}
Jun 29 16:07:52.757759 dv-cinder-786627-15-smb neutron-server[93729]: DEBUG oslo_concurrency.lockutils [None req-1df084e4-2711-4cae-8aab-10770b201d16 None None] Lock "event-dispatch" acquired by "neutron.plugins.ml2.ovo_rpc._ObjectChangeHandler.dispatch_events" :: waited 0.000s {{(pid=93729) inner /usr/local/lib/python3.8/dist-packages/oslo_concurrency/lockutils.py:355}}
Jun 29 16:07:52.821308 dv-cinder-786627-15-smb neutron-server[93728]: INFO neutron.wsgi [req-bf0f8d3c-7529-4711-875e-5c8272df24ff req-0bcd0d9c-d744-46e2-94ff-dea4fa0b2572 service neutron] 10.222.0.74 "GET /v2.0/networks/1d1783f5-4725-41ad-8eff-c1b37d7593f1?fields=provider%3Aphysical_network&fields=provider%3Anetwork_type HTTP/1.1" status: 200 len: 281 time: 0.1137500
Jun 29 16:07:52.837734 dv-cinder-786627-15-smb neutron-server[93729]: DEBUG neutron.api.rpc.handlers.resources_rpc [None req-6264ecec-74db-415c-8291-68de2b9385ac None None] Pushing event updated for resources: {'Port': ['ID=bd9b52b4-14fd-48a2-a389-10c02028076b,revision_number=4']} {{(pid=93729) push /opt/stack/neutron/neutron/api/rpc/handlers/resources_rpc.py:237}}
Jun 29 16:07:52.850368 dv-cinder-786627-15-smb neutron-server[93729]: DEBUG oslo_concurrency.lockutils [None req-6264ecec-74db-415c-8291-68de2b9385ac None None] Lock "event-dispatch" released by "neutron.plugins.ml2.ovo_rpc._ObjectChangeHandler.dispatch_events" :: held 0.094s {{(pid=93729) inner /usr/local/lib/python3.8/dist-packages/oslo_concurrency/lockutils.py:367}}
Jun 29 16:07:52.928983 dv-cinder-786627-15-smb neutron-server[93727]: DEBUG neutron.pecan_wsgi.hooks.policy_enforcement [req-9464a640-2ce3-449e-8756-cbb6946e398e req-a96ee370-f780-41cd-905c-e2f1fc81d6e0 tempest-AttachVolumeNegativeTest-534019144 tempest-AttachVolumeNegativeTest-534019144-project] Attributes excluded by policy engine: ['standard_attr_id', 'binding:profile', 'binding:host_id', 'binding:vif_type', 'binding:vif_details'] {{(pid=93727) _exclude_attributes_by_policy /opt/stack/neutron/neutron/pecan_wsgi/hooks/policy_enforcement.py:255}}
Jun 29 16:07:52.931049 dv-cinder-786627-15-smb neutron-server[93727]: INFO neutron.wsgi [req-9464a640-2ce3-449e-8756-cbb6946e398e req-a96ee370-f780-41cd-905c-e2f1fc81d6e0 tempest-AttachVolumeNegativeTest-534019144 tempest-AttachVolumeNegativeTest-534019144-project] 10.222.0.74 "GET /v2.0/ports?device_id=5a4aec7a-fbbf-4ea3-ae83-45f019a31703 HTTP/1.1" status: 200 len: 943 time: 0.3369155
Jun 29 16:07:52.958352 dv-cinder-786627-15-smb neutron-server[93727]: DEBUG neutron_lib.callbacks.manager [None req-b2615837-1174-403b-a0d0-064aedc92824 tempest-AttachVolumeShelveTestJSON-1661052237 tempest-AttachVolumeShelveTestJSON-1661052237-project] Notify callbacks ['neutron.plugins.ml2.plugin.SecurityGroupDbMixin._ensure_default_security_group_handler-3853363'] for port, before_create {{(pid=93727) _notify_loop /usr/local/lib/python3.8/dist-packages/neutron_lib/callbacks/manager.py:192}}
Jun 29 16:07:53.005786 dv-cinder-786627-15-smb neutron-server[93729]: DEBUG neutron.plugins.ml2.db [None req-6264ecec-74db-415c-8291-68de2b9385ac None None] get_ports_and_sgs() called for port_ids ['bd9b52b4-14fd-48a2-a389-10c02028076b'] {{(pid=93729) get_ports_and_sgs /opt/stack/neutron/neutron/plugins/ml2/db.py:156}}
Jun 29 16:07:53.032178 dv-cinder-786627-15-smb neutron-server[93728]: DEBUG neutron.wsgi [-] (93728) accepted ('10.222.0.74', 39204) {{(pid=93728) server /usr/local/lib/python3.8/dist-packages/eventlet/wsgi.py:982}}
Jun 29 16:07:53.097156 dv-cinder-786627-15-smb neutron-server[93729]: DEBUG neutron.plugins.ml2.rpc [None req-fbb2f23e-2995-49a6-8e97-843a25a2b2e5 None None] Device 4b56d881-91c5-44b1-b0ed-0d0de192b943 up at agent ovs-agent-dv-cinder-786627-15-smb {{(pid=93729) update_device_up /opt/stack/neutron/neutron/plugins/ml2/rpc.py:296}}
Jun 29 16:07:53.097815 dv-cinder-786627-15-smb neutron-server[93727]: DEBUG neutron_lib.callbacks.manager [req-d0c78402-dd89-487b-ab05-597295afb0fd req-19577679-1021-482d-ba5b-7fc5224031b3 tempest-ServerRescueNegativeTestJSON-526446201 tempest-ServerRescueNegativeTestJSON-526446201-project] Notify callbacks ['neutron.plugins.ml2.plugin.SecurityGroupServerNotifierRpcMixin._notify_sg_on_port_after_update-3853436', 'neutron.plugins.ml2.ovo_rpc._ObjectChangeHandler.handle_payload_event-120497', 'neutron.api.rpc.agentnotifiers.dhcp_rpc_agent_api.DhcpAgentNotifyAPI._native_event_send_dhcp_notification_payload-625877', 'neutron.db.l3_dvrscheduler_db._notify_l3_agent_new_port-8739160749325', 'neutron.services.segments.plugin.NovaSegmentNotifier._notify_port_created-8911572'] for port, after_create {{(pid=93727) _notify_loop /usr/local/lib/python3.8/dist-packages/neutron_lib/callbacks/manager.py:192}}
Jun 29 16:07:53.125253 dv-cinder-786627-15-smb neutron-server[93727]: DEBUG oslo_concurrency.lockutils [None req-824598ec-4e67-425c-a43b-b79f4f9eac48 service neutron] Lock "event-dispatch" acquired by "neutron.plugins.ml2.ovo_rpc._ObjectChangeHandler.dispatch_events" :: waited 0.000s {{(pid=93727) inner /usr/local/lib/python3.8/dist-packages/oslo_concurrency/lockutils.py:355}}
Jun 29 16:07:53.156026 dv-cinder-786627-15-smb neutron-server[93727]: INFO neutron.wsgi [req-9464a640-2ce3-449e-8756-cbb6946e398e req-88aebf94-0ce1-45c9-af31-ae31fe027dc2 tempest-AttachVolumeNegativeTest-534019144 tempest-AttachVolumeNegativeTest-534019144-project] 10.222.0.74 "GET /v2.0/security-groups?id=4d0ed43f-60c9-4c8c-bbad-53d17c23ef34&fields=id&fields=name HTTP/1.1" status: 200 len: 286 time: 0.2236707
Jun 29 16:07:53.269756 dv-cinder-786627-15-smb neutron-server[93727]: DEBUG neutron.scheduler.dhcp_agent_scheduler [req-d0c78402-dd89-487b-ab05-597295afb0fd req-19577679-1021-482d-ba5b-7fc5224031b3 tempest-ServerRescueNegativeTestJSON-526446201 tempest-ServerRescueNegativeTestJSON-526446201-project] Network e1884122-3d3f-4ed8-99a8-0a3c879f91aa is already hosted by enough agents. {{(pid=93727) _get_dhcp_agents_hosting_network /opt/stack/neutron/neutron/scheduler/dhcp_agent_scheduler.py:275}}
Jun 29 16:07:53.287653 dv-cinder-786627-15-smb neutron-server[93727]: DEBUG neutron.db.db_base_plugin_common [None req-b2615837-1174-403b-a0d0-064aedc92824 tempest-AttachVolumeShelveTestJSON-1661052237 tempest-AttachVolumeShelveTestJSON-1661052237-project] Allocated IP 172.28.1.50 (c14094ee-7936-4248-9d72-de200cbbee83/5dc58c70-3284-4168-9c74-173697645402/2011aea1-70b9-4fd1-845c-2bb0f790ff64) {{(pid=93727) _store_ip_allocation /opt/stack/neutron/neutron/db/db_base_plugin_common.py:131}}
Jun 29 16:07:53.324976 dv-cinder-786627-15-smb neutron-server[93728]: DEBUG neutron_lib.callbacks.manager [None req-6f337a83-3be1-4d0d-99d6-e65a74ba4d2e admin admin] Notify callbacks [] for security_group, before_create {{(pid=93728) _notify_loop /usr/local/lib/python3.8/dist-packages/neutron_lib/callbacks/manager.py:192}}
Jun 29 16:07:53.349322 dv-cinder-786627-15-smb neutron-server[93729]: DEBUG neutron.db.provisioning_blocks [None req-fbb2f23e-2995-49a6-8e97-843a25a2b2e5 None None] Provisioning complete for port 4b56d881-91c5-44b1-b0ed-0d0de192b943 triggered by entity L2. {{(pid=93729) provisioning_complete /opt/stack/neutron/neutron/db/provisioning_blocks.py:139}}
Jun 29 16:07:53.349867 dv-cinder-786627-15-smb neutron-server[93729]: DEBUG neutron_lib.callbacks.manager [None req-fbb2f23e-2995-49a6-8e97-843a25a2b2e5 None None] Notify callbacks ['neutron.plugins.ml2.plugin.Ml2Plugin._port_provisioned-3841801'] for port, provisioning_complete {{(pid=93729) _notify_loop /usr/local/lib/python3.8/dist-packages/neutron_lib/callbacks/manager.py:192}}
Jun 29 16:07:53.359052 dv-cinder-786627-15-smb neutron-server[93727]: DEBUG neutron.scheduler.base_scheduler [req-d0c78402-dd89-487b-ab05-597295afb0fd req-19577679-1021-482d-ba5b-7fc5224031b3 tempest-ServerRescueNegativeTestJSON-526446201 tempest-ServerRescueNegativeTestJSON-526446201-project] Resources bound (agent type, host, resource id): {{(pid=93727) schedule /opt/stack/neutron/neutron/scheduler/base_scheduler.py:57}}
Jun 29 16:07:53.379686 dv-cinder-786627-15-smb neutron-server[93727]: DEBUG neutron.db.l3_dvrscheduler_db [req-d0c78402-dd89-487b-ab05-597295afb0fd req-19577679-1021-482d-ba5b-7fc5224031b3 tempest-ServerRescueNegativeTestJSON-526446201 tempest-ServerRescueNegativeTestJSON-526446201-project] Received port after_create {{(pid=93727) _notify_l3_agent_new_port /opt/stack/neutron/neutron/db/l3_dvrscheduler_db.py:535}}
Jun 29 16:07:53.383855 dv-cinder-786627-15-smb neutron-server[93727]: DEBUG neutron.api.rpc.handlers.resources_rpc [None req-19577679-1021-482d-ba5b-7fc5224031b3 tempest-ServerRescueNegativeTestJSON-526446201 tempest-ServerRescueNegativeTestJSON-526446201-project] Pushing event updated for resources: {'Port': ['ID=cd4a3a50-a273-4674-b5e7-0e78177a1e1f,revision_number=1']} {{(pid=93727) push /opt/stack/neutron/neutron/api/rpc/handlers/resources_rpc.py:237}}
Jun 29 16:07:53.387912 dv-cinder-786627-15-smb neutron-server[93727]: DEBUG oslo_concurrency.lockutils [None req-19577679-1021-482d-ba5b-7fc5224031b3 tempest-ServerRescueNegativeTestJSON-526446201 tempest-ServerRescueNegativeTestJSON-526446201-project] Lock "event-dispatch" released by "neutron.plugins.ml2.ovo_rpc._ObjectChangeHandler.dispatch_events" :: held 0.263s {{(pid=93727) inner /usr/local/lib/python3.8/dist-packages/oslo_concurrency/lockutils.py:367}}
Jun 29 16:07:53.606078 dv-cinder-786627-15-smb neutron-server[93728]: DEBUG neutron_lib.callbacks.manager [None req-6f337a83-3be1-4d0d-99d6-e65a74ba4d2e admin admin] Notify callbacks [] for security_group, precommit_create {{(pid=93728) _notify_loop /usr/local/lib/python3.8/dist-packages/neutron_lib/callbacks/manager.py:192}}
Jun 29 16:07:53.620874 dv-cinder-786627-15-smb neutron-server[93727]: DEBUG neutron.pecan_wsgi.hooks.policy_enforcement [req-d0c78402-dd89-487b-ab05-597295afb0fd req-19577679-1021-482d-ba5b-7fc5224031b3 tempest-ServerRescueNegativeTestJSON-526446201 tempest-ServerRescueNegativeTestJSON-526446201-project] Attributes excluded by policy engine: ['standard_attr_id', 'binding:profile', 'binding:host_id', 'binding:vif_type', 'binding:vif_details', 'network'] {{(pid=93727) _exclude_attributes_by_policy /opt/stack/neutron/neutron/pecan_wsgi/hooks/policy_enforcement.py:255}}
Jun 29 16:07:53.620874 dv-cinder-786627-15-smb neutron-server[93727]: DEBUG neutron_lib.callbacks.manager [req-d0c78402-dd89-487b-ab05-597295afb0fd req-19577679-1021-482d-ba5b-7fc5224031b3 tempest-ServerRescueNegativeTestJSON-526446201 tempest-ServerRescueNegativeTestJSON-526446201-project] Notify callbacks ['neutron.notifiers.nova.Notifier._send_nova_notification-91705', 'neutron.api.rpc.agentnotifiers.dhcp_rpc_agent_api.DhcpAgentNotifyAPI._send_dhcp_notification-625904'] for port, before_response {{(pid=93727) _notify_loop /usr/local/lib/python3.8/dist-packages/neutron_lib/callbacks/manager.py:192}}
Jun 29 16:07:53.669160 dv-cinder-786627-15-smb neutron-server[93729]: DEBUG neutron_lib.callbacks.manager [None req-d3b4d8e7-a097-47d8-bfc0-7d1d8a61c0d0 None None] Notify callbacks ['neutron.services.segments.db._update_segment_host_mapping_for_agent-8739161290545', 'neutron.plugins.ml2.plugin.Ml2Plugin._retry_binding_revived_agents-3841880'] for agent, after_update {{(pid=93729) _notify_loop /usr/local/lib/python3.8/dist-packages/neutron_lib/callbacks/manager.py:192}}
Jun 29 16:07:53.706926 dv-cinder-786627-15-smb neutron-server[93728]: INFO neutron.wsgi [req-3743e5ea-8146-48b1-8e48-40bbe13f4eb2 req-cd3d5e11-504c-43cc-86af-258955452e60 tempest-ServerRescueNegativeTestJSON-526446201 tempest-ServerRescueNegativeTestJSON-526446201-project] 10.222.0.74 "GET /v2.0/ports?device_id=48b3d9b7-ced6-4092-9417-b6d0c4b6af4b HTTP/1.1" status: 200 len: 210 time: 0.0809500
Jun 29 16:07:53.707391 dv-cinder-786627-15-smb neutron-server[93728]: DEBUG neutron_lib.callbacks.manager [None req-6f337a83-3be1-4d0d-99d6-e65a74ba4d2e admin admin] Notify callbacks ['neutron.plugins.ml2.ovo_rpc._ObjectChangeHandler.handle_payload_event-777322'] for security_group, after_create {{(pid=93728) _notify_loop /usr/local/lib/python3.8/dist-packages/neutron_lib/callbacks/manager.py:192}}
Jun 29 16:07:53.718761 dv-cinder-786627-15-smb neutron-server[93727]: DEBUG neutron.pecan_wsgi.hooks.policy_enforcement [req-dfc6444d-37d1-4138-9f98-ced12965d7fd req-f4faabdf-0417-483e-9df2-4129d644a33c tempest-DeleteServersTestJSON-2042476134 tempest-DeleteServersTestJSON-2042476134-project] Attributes excluded by policy engine: ['standard_attr_id', 'binding:profile', 'binding:host_id', 'binding:vif_type', 'binding:vif_details'] {{(pid=93727) _exclude_attributes_by_policy /opt/stack/neutron/neutron/pecan_wsgi/hooks/policy_enforcement.py:255}}
Jun 29 16:07:53.719719 dv-cinder-786627-15-smb neutron-server[93727]: INFO neutron.wsgi [req-dfc6444d-37d1-4138-9f98-ced12965d7fd req-f4faabdf-0417-483e-9df2-4129d644a33c tempest-DeleteServersTestJSON-2042476134 tempest-DeleteServersTestJSON-2042476134-project] 10.222.0.74 "GET /v2.0/ports?device_id=b21330c8-62eb-4113-b1bd-4425f708f17d HTTP/1.1" status: 200 len: 944 time: 0.2969241
Jun 29 16:07:53.740807 dv-cinder-786627-15-smb neutron-server[93728]: DEBUG oslo_concurrency.lockutils [-] Lock "event-dispatch" acquired by "neutron.plugins.ml2.ovo_rpc._ObjectChangeHandler.dispatch_events" :: waited 0.000s {{(pid=93728) inner /usr/local/lib/python3.8/dist-packages/oslo_concurrency/lockutils.py:355}}
Jun 29 16:07:53.747373 dv-cinder-786627-15-smb neutron-server[93728]: INFO neutron.wsgi [None req-6f337a83-3be1-4d0d-99d6-e65a74ba4d2e admin admin] 10.222.0.74 "GET /v2.0/security-groups?tenant_id=c9e63972a57a4df48128579e3005141f&name=default HTTP/1.1" status: 200 len: 2979 time: 0.7089083
Jun 29 16:07:53.751728 dv-cinder-786627-15-smb neutron-server[93728]: DEBUG neutron.wsgi [-] (93728) accepted ('10.222.0.74', 39226) {{(pid=93728) server /usr/local/lib/python3.8/dist-packages/eventlet/wsgi.py:982}}
Jun 29 16:07:53.762189 dv-cinder-786627-15-smb neutron-server[93727]: INFO neutron.wsgi [req-d0c78402-dd89-487b-ab05-597295afb0fd req-19577679-1021-482d-ba5b-7fc5224031b3 tempest-ServerRescueNegativeTestJSON-526446201 tempest-ServerRescueNegativeTestJSON-526446201-project] 10.222.0.72 "POST /v2.0/ports HTTP/1.1" status: 201 len: 934 time: 2.1533325
Jun 29 16:07:53.776198 dv-cinder-786627-15-smb neutron-server[93727]: DEBUG neutron_lib.callbacks.manager [None req-b2615837-1174-403b-a0d0-064aedc92824 tempest-AttachVolumeShelveTestJSON-1661052237 tempest-AttachVolumeShelveTestJSON-1661052237-project] Notify callbacks [] for port, precommit_create {{(pid=93727) _notify_loop /usr/local/lib/python3.8/dist-packages/neutron_lib/callbacks/manager.py:192}}
Jun 29 16:07:53.788191 dv-cinder-786627-15-smb neutron-server[93727]: DEBUG neutron.api.v2.base [req-d0c78402-dd89-487b-ab05-597295afb0fd req-86c24c02-2de2-4654-b7c9-778af98e331a service neutron] Request body: {'port': {'device_id': 'eb5e5339-95ef-4921-a9d8-ca70031c517b', 'device_owner': 'compute:nova', 'binding:host_id': 'hv-cinder-78662'}} {{(pid=93727) prepare_request_body /opt/stack/neutron/neutron/api/v2/base.py:729}}
Jun 29 16:07:53.817111 dv-cinder-786627-15-smb neutron-server[93728]: DEBUG neutron.api.rpc.handlers.resources_rpc [None req-6f337a83-3be1-4d0d-99d6-e65a74ba4d2e admin admin] Pushing event updated for resources: {'SecurityGroup': ['ID=08e211d3-a413-4bd0-b766-6db92e210133,revision_number=1']} {{(pid=93728) push /opt/stack/neutron/neutron/api/rpc/handlers/resources_rpc.py:237}}
Jun 29 16:07:53.833138 dv-cinder-786627-15-smb neutron-server[93728]: DEBUG oslo_concurrency.lockutils [None req-6f337a83-3be1-4d0d-99d6-e65a74ba4d2e admin admin] Lock "event-dispatch" released by "neutron.plugins.ml2.ovo_rpc._ObjectChangeHandler.dispatch_events" :: held 0.095s {{(pid=93728) inner /usr/local/lib/python3.8/dist-packages/oslo_concurrency/lockutils.py:367}}
Jun 29 16:07:53.835457 dv-cinder-786627-15-smb neutron-server[93728]: DEBUG neutron_lib.callbacks.manager [None req-7c5e0346-cb43-44a2-be1f-9fe7fdd7f79d admin admin] Notify callbacks [] for security_group, before_delete {{(pid=93728) _notify_loop /usr/local/lib/python3.8/dist-packages/neutron_lib/callbacks/manager.py:192}}
Jun 29 16:07:53.854928 dv-cinder-786627-15-smb neutron-server[93727]: INFO neutron.wsgi [req-dfc6444d-37d1-4138-9f98-ced12965d7fd req-3354ddfc-24a7-40c3-b36e-3c0fa36ed1f0 tempest-DeleteServersTestJSON-2042476134 tempest-DeleteServersTestJSON-2042476134-project] 10.222.0.74 "GET /v2.0/security-groups?id=e8dba8d9-7d2f-4015-96c3-aac3747a8668&fields=id&fields=name HTTP/1.1" status: 200 len: 286 time: 0.1119936
Jun 29 16:07:53.859698 dv-cinder-786627-15-smb neutron-server[93728]: INFO neutron.wsgi [req-f18d51bc-eed3-4829-8542-ad21b244c5bd req-a87e6730-5384-40ec-91aa-b896c79d8f7b tempest-AttachVolumeTestJSON-455921190 tempest-AttachVolumeTestJSON-455921190-project] 10.222.0.74 "GET /v2.0/ports?device_id=547105b9-0b27-4d4d-aac4-a730f08655f4 HTTP/1.1" status: 200 len: 210 time: 0.0493109
Jun 29 16:07:53.880542 dv-cinder-786627-15-smb neutron-server[93728]: DEBUG neutron_lib.callbacks.manager [None req-7c5e0346-cb43-44a2-be1f-9fe7fdd7f79d admin admin] Notify callbacks [] for security_group, precommit_delete {{(pid=93728) _notify_loop /usr/local/lib/python3.8/dist-packages/neutron_lib/callbacks/manager.py:192}}
Jun 29 16:07:53.921881 dv-cinder-786627-15-smb neutron-server[93727]: DEBUG neutron_lib.callbacks.manager [req-d0c78402-dd89-487b-ab05-597295afb0fd req-86c24c02-2de2-4654-b7c9-778af98e331a service neutron] Notify callbacks ['neutron.plugins.ml2.plugin.SecurityGroupDbMixin._ensure_default_security_group_handler-3853363'] for port, before_update {{(pid=93727) _notify_loop /usr/local/lib/python3.8/dist-packages/neutron_lib/callbacks/manager.py:192}}
Jun 29 16:07:54.054522 dv-cinder-786627-15-smb neutron-server[93728]: DEBUG neutron_lib.callbacks.manager [None req-7c5e0346-cb43-44a2-be1f-9fe7fdd7f79d admin admin] Notify callbacks ['neutron.plugins.ml2.ovo_rpc._ObjectChangeHandler.handle_payload_event-777322'] for security_group, after_delete {{(pid=93728) _notify_loop /usr/local/lib/python3.8/dist-packages/neutron_lib/callbacks/manager.py:192}}
Jun 29 16:07:54.064376 dv-cinder-786627-15-smb neutron-server[93728]: DEBUG neutron_lib.callbacks.manager [None req-7c5e0346-cb43-44a2-be1f-9fe7fdd7f79d admin admin] Notify callbacks [] for security_group, before_response {{(pid=93728) _notify_loop /usr/local/lib/python3.8/dist-packages/neutron_lib/callbacks/manager.py:192}}
Jun 29 16:07:54.064376 dv-cinder-786627-15-smb neutron-server[93728]: INFO neutron.wsgi [None req-7c5e0346-cb43-44a2-be1f-9fe7fdd7f79d admin admin] 10.222.0.74 "DELETE /v2.0/security-groups/08e211d3-a413-4bd0-b766-6db92e210133 HTTP/1.1" status: 204 len: 168 time: 0.3077185
Jun 29 16:07:54.064376 dv-cinder-786627-15-smb neutron-server[93728]: DEBUG oslo_concurrency.lockutils [None req-18c7d8f8-fdcb-42c5-8743-b0de12f26abb admin admin] Lock "event-dispatch" acquired by "neutron.plugins.ml2.ovo_rpc._ObjectChangeHandler.dispatch_events" :: waited 0.000s {{(pid=93728) inner /usr/local/lib/python3.8/dist-packages/oslo_concurrency/lockutils.py:355}}
Jun 29 16:07:54.076130 dv-cinder-786627-15-smb neutron-server[93728]: DEBUG neutron.api.rpc.handlers.resources_rpc [None req-7c5e0346-cb43-44a2-be1f-9fe7fdd7f79d admin admin] Pushing event deleted for resources: {'SecurityGroup': ['ID=08e211d3-a413-4bd0-b766-6db92e210133,revision_number=None']} {{(pid=93728) push /opt/stack/neutron/neutron/api/rpc/handlers/resources_rpc.py:237}}
Jun 29 16:07:54.078915 dv-cinder-786627-15-smb neutron-server[93728]: DEBUG oslo_concurrency.lockutils [None req-7c5e0346-cb43-44a2-be1f-9fe7fdd7f79d admin admin] Lock "event-dispatch" released by "neutron.plugins.ml2.ovo_rpc._ObjectChangeHandler.dispatch_events" :: held 0.017s {{(pid=93728) inner /usr/local/lib/python3.8/dist-packages/oslo_concurrency/lockutils.py:367}}
Jun 29 16:07:54.097870 dv-cinder-786627-15-smb neutron-server[93727]: DEBUG neutron_lib.callbacks.manager [None req-b2615837-1174-403b-a0d0-064aedc92824 tempest-AttachVolumeShelveTestJSON-1661052237 tempest-AttachVolumeShelveTestJSON-1661052237-project] Notify callbacks ['neutron.plugins.ml2.plugin.SecurityGroupServerNotifierRpcMixin._notify_sg_on_port_after_update-3853436', 'neutron.plugins.ml2.ovo_rpc._ObjectChangeHandler.handle_payload_event-120497', 'neutron.api.rpc.agentnotifiers.dhcp_rpc_agent_api.DhcpAgentNotifyAPI._native_event_send_dhcp_notification_payload-625877', 'neutron.db.l3_dvrscheduler_db._notify_l3_agent_new_port-8739160749325', 'neutron.services.segments.plugin.NovaSegmentNotifier._notify_port_created-8911572'] for port, after_create {{(pid=93727) _notify_loop /usr/local/lib/python3.8/dist-packages/neutron_lib/callbacks/manager.py:192}}
Jun 29 16:07:54.103901 dv-cinder-786627-15-smb neutron-server[93727]: DEBUG oslo_concurrency.lockutils [None req-be160ce6-7588-4d0e-90e1-d4c7a6c9afd5 admin admin] Lock "event-dispatch" acquired by "neutron.plugins.ml2.ovo_rpc._ObjectChangeHandler.dispatch_events" :: waited 0.000s {{(pid=93727) inner /usr/local/lib/python3.8/dist-packages/oslo_concurrency/lockutils.py:355}}
Jun 29 16:07:54.152306 dv-cinder-786627-15-smb neutron-server[93727]: DEBUG neutron.scheduler.dhcp_agent_scheduler [None req-b2615837-1174-403b-a0d0-064aedc92824 tempest-AttachVolumeShelveTestJSON-1661052237 tempest-AttachVolumeShelveTestJSON-1661052237-project] Network c14094ee-7936-4248-9d72-de200cbbee83 is already hosted by enough agents. {{(pid=93727) _get_dhcp_agents_hosting_network /opt/stack/neutron/neutron/scheduler/dhcp_agent_scheduler.py:275}}
Jun 29 16:07:54.157984 dv-cinder-786627-15-smb neutron-server[93727]: DEBUG neutron.scheduler.base_scheduler [None req-b2615837-1174-403b-a0d0-064aedc92824 tempest-AttachVolumeShelveTestJSON-1661052237 tempest-AttachVolumeShelveTestJSON-1661052237-project] Resources bound (agent type, host, resource id): {{(pid=93727) schedule /opt/stack/neutron/neutron/scheduler/base_scheduler.py:57}}
Jun 29 16:07:54.165120 dv-cinder-786627-15-smb neutron-server[93727]: DEBUG neutron.db.l3_dvrscheduler_db [None req-b2615837-1174-403b-a0d0-064aedc92824 tempest-AttachVolumeShelveTestJSON-1661052237 tempest-AttachVolumeShelveTestJSON-1661052237-project] Received port after_create {{(pid=93727) _notify_l3_agent_new_port /opt/stack/neutron/neutron/db/l3_dvrscheduler_db.py:535}}
Jun 29 16:07:54.170036 dv-cinder-786627-15-smb neutron-server[93727]: DEBUG neutron.api.rpc.handlers.resources_rpc [None req-b2615837-1174-403b-a0d0-064aedc92824 tempest-AttachVolumeShelveTestJSON-1661052237 tempest-AttachVolumeShelveTestJSON-1661052237-project] Pushing event updated for resources: {'Port': ['ID=2011aea1-70b9-4fd1-845c-2bb0f790ff64,revision_number=1']} {{(pid=93727) push /opt/stack/neutron/neutron/api/rpc/handlers/resources_rpc.py:237}}
Jun 29 16:07:54.195466 dv-cinder-786627-15-smb neutron-server[93727]: DEBUG oslo_concurrency.lockutils [None req-b2615837-1174-403b-a0d0-064aedc92824 tempest-AttachVolumeShelveTestJSON-1661052237 tempest-AttachVolumeShelveTestJSON-1661052237-project] Lock "event-dispatch" released by "neutron.plugins.ml2.ovo_rpc._ObjectChangeHandler.dispatch_events" :: held 0.091s {{(pid=93727) inner /usr/local/lib/python3.8/dist-packages/oslo_concurrency/lockutils.py:367}}
Jun 29 16:07:54.259005 dv-cinder-786627-15-smb neutron-server[93728]: DEBUG neutron.pecan_wsgi.hooks.policy_enforcement [req-c836c7b2-8207-4154-a658-2770c29f7546 req-364ec244-e124-4105-9e8b-9c4938402115 tempest-ServerRescueNegativeTestJSON-526446201 tempest-ServerRescueNegativeTestJSON-526446201-project] Attributes excluded by policy engine: ['standard_attr_id', 'vlan_transparent', 'provider:network_type', 'provider:physical_network', 'provider:segmentation_id'] {{(pid=93728) _exclude_attributes_by_policy /opt/stack/neutron/neutron/pecan_wsgi/hooks/policy_enforcement.py:255}}
Jun 29 16:07:54.260638 dv-cinder-786627-15-smb neutron-server[93728]: INFO neutron.wsgi [req-c836c7b2-8207-4154-a658-2770c29f7546 req-364ec244-e124-4105-9e8b-9c4938402115 tempest-ServerRescueNegativeTestJSON-526446201 tempest-ServerRescueNegativeTestJSON-526446201-project] 10.222.0.72 "GET /v2.0/networks?id=e1884122-3d3f-4ed8-99a8-0a3c879f91aa HTTP/1.1" status: 200 len: 819 time: 0.1696069
Jun 29 16:07:54.265988 dv-cinder-786627-15-smb neutron-server[93729]: DEBUG neutron.plugins.ml2.rpc [None req-6264ecec-74db-415c-8291-68de2b9385ac None None] Device 93cd7e64-307a-45c6-8214-767c3ef11e96 details requested by agent hyperv_hv-cinder-78662 with host hv-cinder-78662 {{(pid=93729) get_device_details /opt/stack/neutron/neutron/plugins/ml2/rpc.py:102}}
Jun 29 16:07:54.277916 dv-cinder-786627-15-smb neutron-server[93728]: DEBUG neutron.api.v2.base [req-c836c7b2-8207-4154-a658-2770c29f7546 req-3efee2ae-0fc3-4f3f-87e2-7d8696527986 tempest-ServerRescueNegativeTestJSON-526446201 tempest-ServerRescueNegativeTestJSON-526446201-project] Request body: {'port': {'device_id': '48b3d9b7-ced6-4092-9417-b6d0c4b6af4b', 'network_id': 'e1884122-3d3f-4ed8-99a8-0a3c879f91aa', 'admin_state_up': True, 'tenant_id': '36d43f4da631498fb466679821a57522'}} {{(pid=93728) prepare_request_body /opt/stack/neutron/neutron/api/v2/base.py:729}}
Jun 29 16:07:54.311826 dv-cinder-786627-15-smb neutron-server[93729]: DEBUG neutron.plugins.ml2.rpc [None req-6264ecec-74db-415c-8291-68de2b9385ac None None] Device bd9b52b4-14fd-48a2-a389-10c02028076b up at agent hyperv_hv-cinder-78662 {{(pid=93729) update_device_up /opt/stack/neutron/neutron/plugins/ml2/rpc.py:296}}
Jun 29 16:07:54.372411 dv-cinder-786627-15-smb neutron-server[93727]: DEBUG neutron_lib.callbacks.manager [None req-b2615837-1174-403b-a0d0-064aedc92824 tempest-AttachVolumeShelveTestJSON-1661052237 tempest-AttachVolumeShelveTestJSON-1661052237-project] Notify callbacks [] for floatingip, precommit_create {{(pid=93727) _notify_loop /usr/local/lib/python3.8/dist-packages/neutron_lib/callbacks/manager.py:192}}
Jun 29 16:07:54.381254 dv-cinder-786627-15-smb neutron-server[93727]: DEBUG neutron.notifiers.nova [req-d0c78402-dd89-487b-ab05-597295afb0fd req-86c24c02-2de2-4654-b7c9-778af98e331a service neutron] Ignoring state change previous_port_status: DOWN current_port_status: DOWN port_id cd4a3a50-a273-4674-b5e7-0e78177a1e1f {{(pid=93727) record_port_status_changed /opt/stack/neutron/neutron/notifiers/nova.py:224}}
Jun 29 16:07:54.394701 dv-cinder-786627-15-smb neutron-server[93727]: DEBUG neutron_lib.callbacks.manager [req-d0c78402-dd89-487b-ab05-597295afb0fd req-86c24c02-2de2-4654-b7c9-778af98e331a service neutron] Notify callbacks [] for port, precommit_update {{(pid=93727) _notify_loop /usr/local/lib/python3.8/dist-packages/neutron_lib/callbacks/manager.py:192}}
Jun 29 16:07:54.415064 dv-cinder-786627-15-smb neutron-server[93727]: DEBUG neutron.db.provisioning_blocks [req-d0c78402-dd89-487b-ab05-597295afb0fd req-86c24c02-2de2-4654-b7c9-778af98e331a service neutron] Transition to ACTIVE for port object cd4a3a50-a273-4674-b5e7-0e78177a1e1f will not be triggered until provisioned by entity L2. {{(pid=93727) add_provisioning_component /opt/stack/neutron/neutron/db/provisioning_blocks.py:73}}
Jun 29 16:07:54.512945 dv-cinder-786627-15-smb neutron-server[93727]: DEBUG neutron_lib.callbacks.manager [req-d0c78402-dd89-487b-ab05-597295afb0fd req-86c24c02-2de2-4654-b7c9-778af98e331a service neutron] Notify callbacks ['neutron.plugins.ml2.plugin.SecurityGroupServerNotifierRpcMixin.notify_sg_on_port_change-3851151', 'neutron.plugins.ml2.ovo_rpc._ObjectChangeHandler.handle_event-203842', 'neutron.api.rpc.agentnotifiers.dhcp_rpc_agent_api.DhcpAgentNotifyAPI._native_event_send_dhcp_notification-625890', 'neutron.db.l3_db.L3RpcNotifierMixin._notify_gateway_port_ip_changed-8739161320906', 'neutron.db.l3_dvrscheduler_db._notify_l3_agent_port_update-8739160749343', 'neutron.db.l3_hascheduler_db._notify_l3_agent_ha_port_update-8739160749388', 'neutron.services.segments.plugin.NovaSegmentNotifier._notify_port_updated-8911590'] for port, after_update {{(pid=93727) _notify_loop /usr/local/lib/python3.8/dist-packages/neutron_lib/callbacks/manager.py:192}}
Jun 29 16:07:54.528448 dv-cinder-786627-15-smb neutron-server[93727]: DEBUG oslo_concurrency.lockutils [None req-824598ec-4e67-425c-a43b-b79f4f9eac48 service neutron] Lock "event-dispatch" acquired by "neutron.plugins.ml2.ovo_rpc._ObjectChangeHandler.dispatch_events" :: waited 0.000s {{(pid=93727) inner /usr/local/lib/python3.8/dist-packages/oslo_concurrency/lockutils.py:355}}
Jun 29 16:07:54.552596 dv-cinder-786627-15-smb neutron-server[93728]: DEBUG neutron.pecan_wsgi.hooks.policy_enforcement [req-7b7a71a1-f341-4842-a033-a7a4c723d639 req-5d32b51a-d40d-4186-82c7-4c913d904688 tempest-AttachVolumeNegativeTest-534019144 tempest-AttachVolumeNegativeTest-534019144-project] Attributes excluded by policy engine: ['standard_attr_id', 'binding:profile', 'binding:host_id', 'binding:vif_type', 'binding:vif_details'] {{(pid=93728) _exclude_attributes_by_policy /opt/stack/neutron/neutron/pecan_wsgi/hooks/policy_enforcement.py:255}}
Jun 29 16:07:54.554628 dv-cinder-786627-15-smb neutron-server[93728]: INFO neutron.wsgi [req-7b7a71a1-f341-4842-a033-a7a4c723d639 req-5d32b51a-d40d-4186-82c7-4c913d904688 tempest-AttachVolumeNegativeTest-534019144 tempest-AttachVolumeNegativeTest-534019144-project] 10.222.0.74 "GET /v2.0/ports?device_id=5a4aec7a-fbbf-4ea3-ae83-45f019a31703 HTTP/1.1" status: 200 len: 943 time: 0.2667441
Jun 29 16:07:54.568422 dv-cinder-786627-15-smb neutron-server[93729]: DEBUG neutron.plugins.ml2.db [None req-6264ecec-74db-415c-8291-68de2b9385ac None None] For port 93cd7e64-307a-45c6-8214-767c3ef11e96, host hv-cinder-78662, got binding levels [PortBindingLevel(driver='hyperv',host='hv-cinder-78662',level=0,port_id=93cd7e64-307a-45c6-8214-767c3ef11e96,segment=NetworkSegment(8879dd12-b7dd-47fc-9c7e-20842463d95f),segment_id=8879dd12-b7dd-47fc-9c7e-20842463d95f)] {{(pid=93729) get_binding_level_objs /opt/stack/neutron/neutron/plugins/ml2/db.py:74}}
