Jun 29 10:42:48.051917 dv-cinder-786627-13-iscsi devstack@c-api.service[106436]: WARNING cinder.quota_utils [None req-c615df9c-5b39-4390-80eb-db4fc7eb16ad tempest-VolumeSnapshotQuotasNegativeTestJSON-491691150 tempest-VolumeSnapshotQuotasNegativeTestJSON-491691150-project] Quota exceeded for 2196d80ca1b941c88398c727a0bc5355, tried to create snapshot (1 snapshots already consumed).: cinder.exception.OverQuota: Quota exceeded for resources: ['snapshots']
Jun 29 10:42:48.052663 dv-cinder-786627-13-iscsi devstack@c-api.service[106436]: INFO cinder.api.middleware.fault [None req-c615df9c-5b39-4390-80eb-db4fc7eb16ad tempest-VolumeSnapshotQuotasNegativeTestJSON-491691150 tempest-VolumeSnapshotQuotasNegativeTestJSON-491691150-project] http://10.222.0.55/volume/v3/2196d80ca1b941c88398c727a0bc5355/snapshots returned with HTTP 413
Jun 29 10:42:48.059466 dv-cinder-786627-13-iscsi devstack@c-api.service[106436]: [pid: 106436|app: 0|req: 134/268] 10.222.0.55 () {60 vars in 1241 bytes} [Tue Jun 29 10:42:47 2021] POST /volume/v3/2196d80ca1b941c88398c727a0bc5355/snapshots => generated 133 bytes in 64 msecs (HTTP/1.1 413) 8 headers in 323 bytes (1 switches on core 0)
Jun 29 10:42:48.061849 dv-cinder-786627-13-iscsi devstack@c-api.service[106436]: INFO cinder.api.openstack.wsgi [None req-a4aa3461-3921-4324-8e8f-c1515fd3e52b tempest-GroupsTest-1149557104 tempest-GroupsTest-1149557104-project] GET http://10.222.0.55/volume/v3/d0c4a6cce2ec435daba57fe999f928bf/groups/89721b40-2c0a-44b0-bb73-5eed009ec399
Jun 29 10:42:48.062459 dv-cinder-786627-13-iscsi devstack@c-api.service[106436]: DEBUG cinder.api.openstack.wsgi [None req-a4aa3461-3921-4324-8e8f-c1515fd3e52b tempest-GroupsTest-1149557104 tempest-GroupsTest-1149557104-project] Empty body provided in request {{(pid=106436) get_body /opt/stack/cinder/cinder/api/openstack/wsgi.py:713}}
Jun 29 10:42:48.063407 dv-cinder-786627-13-iscsi devstack@c-api.service[106436]: /usr/local/lib/python3.8/dist-packages/webob/acceptparse.py:1047: DeprecationWarning: The behavior of AcceptValidHeader.best_match is currently being maintained for backward compatibility, but it will be deprecated in the future, as it does not conform to the RFC.
Jun 29 10:42:48.063407 dv-cinder-786627-13-iscsi devstack@c-api.service[106436]: warnings.warn(
Jun 29 10:42:48.075946 dv-cinder-786627-13-iscsi devstack@c-api.service[106436]: DEBUG cinder.api.openstack.wsgi [None req-a4aa3461-3921-4324-8e8f-c1515fd3e52b tempest-GroupsTest-1149557104 tempest-GroupsTest-1149557104-project] Calling method 'version_select' {{(pid=106436) _process_stack /opt/stack/cinder/cinder/api/openstack/wsgi.py:866}}
Jun 29 10:42:48.076531 dv-cinder-786627-13-iscsi devstack@c-api.service[106436]: DEBUG cinder.api.v3.groups [None req-a4aa3461-3921-4324-8e8f-c1515fd3e52b tempest-GroupsTest-1149557104 tempest-GroupsTest-1149557104-project] show called for member 89721b40-2c0a-44b0-bb73-5eed009ec399 {{(pid=106436) show /opt/stack/cinder/cinder/api/v3/groups.py:58}}
Jun 29 10:42:48.086205 dv-cinder-786627-13-iscsi devstack@c-api.service[106435]: DEBUG cinder.coordination [req-25ea5662-f48a-46c6-a37b-c0c38e16e331 req-6200f2a2-00c3-4bd0-9db4-b5cd8a2ac704 tempest-DeleteServersTestJSON-127227688 tempest-DeleteServersTestJSON-127227688-project] Lock "b'cinder-attachment_update-186521b3-1791-4d56-9a25-18f0b8a81679-hv-cinder-78662'" released by "attachment_update" :: held 0.511s {{(pid=106435) _synchronized /opt/stack/cinder/cinder/coordination.py:158}}
Jun 29 10:42:48.087175 dv-cinder-786627-13-iscsi devstack@c-api.service[106435]: INFO cinder.api.openstack.wsgi [req-25ea5662-f48a-46c6-a37b-c0c38e16e331 req-6200f2a2-00c3-4bd0-9db4-b5cd8a2ac704 tempest-DeleteServersTestJSON-127227688 tempest-DeleteServersTestJSON-127227688-project] http://10.222.0.55/volume/v3/37dac446e48240d1960266d0e97a0bbc/attachments/98e28a19-c98e-4f94-8079-d709e1ddf472 returned with HTTP 200
Jun 29 10:42:48.088675 dv-cinder-786627-13-iscsi devstack@c-api.service[106435]: [pid: 106435|app: 0|req: 135/269] 10.222.0.50 () {64 vars in 1478 bytes} [Tue Jun 29 10:42:47 2021] PUT /volume/v3/37dac446e48240d1960266d0e97a0bbc/attachments/98e28a19-c98e-4f94-8079-d709e1ddf472 => generated 747 bytes in 570 msecs (HTTP/1.1 200) 7 headers in 286 bytes (1 switches on core 0)
Jun 29 10:42:48.096217 dv-cinder-786627-13-iscsi devstack@c-api.service[106435]: INFO cinder.api.openstack.wsgi [None req-d2af7f80-c1cf-4afd-9109-60c10924f6a2 tempest-GroupSnapshotsTest-1578838943 tempest-GroupSnapshotsTest-1578838943-project-admin] DELETE http://10.222.0.55/volume/v3/6bdfc08fa93049bcbdf233c87e8aed11/group_types/783b84a6-f983-4782-95cc-d074a485e7fd
Jun 29 10:42:48.098997 dv-cinder-786627-13-iscsi devstack@c-api.service[106435]: DEBUG cinder.api.openstack.wsgi [None req-d2af7f80-c1cf-4afd-9109-60c10924f6a2 tempest-GroupSnapshotsTest-1578838943 tempest-GroupSnapshotsTest-1578838943-project-admin] Empty body provided in request {{(pid=106435) get_body /opt/stack/cinder/cinder/api/openstack/wsgi.py:713}}
Jun 29 10:42:48.099374 dv-cinder-786627-13-iscsi devstack@c-api.service[106435]: /usr/local/lib/python3.8/dist-packages/webob/acceptparse.py:1047: DeprecationWarning: The behavior of AcceptValidHeader.best_match is currently being maintained for backward compatibility, but it will be deprecated in the future, as it does not conform to the RFC.
Jun 29 10:42:48.099374 dv-cinder-786627-13-iscsi devstack@c-api.service[106435]: warnings.warn(
Jun 29 10:42:48.099936 dv-cinder-786627-13-iscsi devstack@c-api.service[106435]: DEBUG cinder.api.openstack.wsgi [None req-d2af7f80-c1cf-4afd-9109-60c10924f6a2 tempest-GroupSnapshotsTest-1578838943 tempest-GroupSnapshotsTest-1578838943-project-admin] Calling method 'version_select' {{(pid=106435) _process_stack /opt/stack/cinder/cinder/api/openstack/wsgi.py:866}}
Jun 29 10:42:48.101070 dv-cinder-786627-13-iscsi devstack@c-api.service[106435]: /usr/local/lib/python3.8/dist-packages/oslo_context/context.py:105: DeprecationWarning: Policy enforcement is depending on the value of is_admin. This key is deprecated. Please update your policy file to use the standard policy values.
Jun 29 10:42:48.101070 dv-cinder-786627-13-iscsi devstack@c-api.service[106435]: warnings.warn('Policy enforcement is depending on the value of '
Jun 29 10:42:48.104898 dv-cinder-786627-13-iscsi devstack@c-api.service[106436]: /usr/local/lib/python3.8/dist-packages/oslo_context/context.py:105: DeprecationWarning: Policy enforcement is depending on the value of is_admin. This key is deprecated. Please update your policy file to use the standard policy values.
Jun 29 10:42:48.104898 dv-cinder-786627-13-iscsi devstack@c-api.service[106436]: warnings.warn('Policy enforcement is depending on the value of '
Jun 29 10:42:48.138541 dv-cinder-786627-13-iscsi devstack@c-api.service[106435]: INFO cinder.api.openstack.wsgi [None req-d2af7f80-c1cf-4afd-9109-60c10924f6a2 tempest-GroupSnapshotsTest-1578838943 tempest-GroupSnapshotsTest-1578838943-project-admin] http://10.222.0.55/volume/v3/6bdfc08fa93049bcbdf233c87e8aed11/group_types/783b84a6-f983-4782-95cc-d074a485e7fd returned with HTTP 202
Jun 29 10:42:48.139128 dv-cinder-786627-13-iscsi devstack@c-api.service[106436]: INFO cinder.api.openstack.wsgi [None req-a4aa3461-3921-4324-8e8f-c1515fd3e52b tempest-GroupsTest-1149557104 tempest-GroupsTest-1149557104-project] http://10.222.0.55/volume/v3/d0c4a6cce2ec435daba57fe999f928bf/groups/89721b40-2c0a-44b0-bb73-5eed009ec399 returned with HTTP 200
Jun 29 10:42:48.140055 dv-cinder-786627-13-iscsi devstack@c-api.service[106436]: [pid: 106436|app: 0|req: 135/271] 10.222.0.55 () {60 vars in 1363 bytes} [Tue Jun 29 10:42:48 2021] GET /volume/v3/d0c4a6cce2ec435daba57fe999f928bf/groups/89721b40-2c0a-44b0-bb73-5eed009ec399 => generated 322 bytes in 85 msecs (HTTP/1.1 200) 7 headers in 286 bytes (1 switches on core 0)
Jun 29 10:42:48.141860 dv-cinder-786627-13-iscsi devstack@c-api.service[106435]: [pid: 106435|app: 0|req: 136/271] 10.222.0.55 () {60 vars in 1381 bytes} [Tue Jun 29 10:42:48 2021] DELETE /volume/v3/6bdfc08fa93049bcbdf233c87e8aed11/group_types/783b84a6-f983-4782-95cc-d074a485e7fd => generated 0 bytes in 51 msecs (HTTP/1.1 202) 6 headers in 234 bytes (1 switches on core 0)
Jun 29 10:42:48.150777 dv-cinder-786627-13-iscsi devstack@c-api.service[106436]: INFO cinder.api.openstack.wsgi [None req-c4ce3217-a285-4df4-bc27-1bd7f244e3e2 tempest-VolumeSnapshotQuotasNegativeTestJSON-491691150 tempest-VolumeSnapshotQuotasNegativeTestJSON-491691150-project] DELETE http://10.222.0.55/volume/v3/2196d80ca1b941c88398c727a0bc5355/snapshots/ad432221-6528-4d67-aadf-bc3e69dc891a
Jun 29 10:42:48.151801 dv-cinder-786627-13-iscsi devstack@c-api.service[106436]: DEBUG cinder.api.openstack.wsgi [None req-c4ce3217-a285-4df4-bc27-1bd7f244e3e2 tempest-VolumeSnapshotQuotasNegativeTestJSON-491691150 tempest-VolumeSnapshotQuotasNegativeTestJSON-491691150-project] Empty body provided in request {{(pid=106436) get_body /opt/stack/cinder/cinder/api/openstack/wsgi.py:713}}
Jun 29 10:42:48.152068 dv-cinder-786627-13-iscsi devstack@c-api.service[106436]: /usr/local/lib/python3.8/dist-packages/webob/acceptparse.py:1047: DeprecationWarning: The behavior of AcceptValidHeader.best_match is currently being maintained for backward compatibility, but it will be deprecated in the future, as it does not conform to the RFC.
Jun 29 10:42:48.152068 dv-cinder-786627-13-iscsi devstack@c-api.service[106436]: warnings.warn(
Jun 29 10:42:48.152534 dv-cinder-786627-13-iscsi devstack@c-api.service[106435]: INFO cinder.api.openstack.wsgi [None req-2203c385-5b07-44dd-960a-758f94df5f77 tempest-GroupSnapshotsTest-1578838943 tempest-GroupSnapshotsTest-1578838943-project-admin] POST http://10.222.0.55/volume/v3/6bdfc08fa93049bcbdf233c87e8aed11/types
Jun 29 10:42:48.152641 dv-cinder-786627-13-iscsi devstack@c-api.service[106436]: DEBUG cinder.api.openstack.wsgi [None req-c4ce3217-a285-4df4-bc27-1bd7f244e3e2 tempest-VolumeSnapshotQuotasNegativeTestJSON-491691150 tempest-VolumeSnapshotQuotasNegativeTestJSON-491691150-project] Calling method 'delete' {{(pid=106436) _process_stack /opt/stack/cinder/cinder/api/openstack/wsgi.py:866}}
Jun 29 10:42:48.152994 dv-cinder-786627-13-iscsi devstack@c-api.service[106436]: INFO cinder.api.v2.snapshots [None req-c4ce3217-a285-4df4-bc27-1bd7f244e3e2 tempest-VolumeSnapshotQuotasNegativeTestJSON-491691150 tempest-VolumeSnapshotQuotasNegativeTestJSON-491691150-project] Delete snapshot with id: ad432221-6528-4d67-aadf-bc3e69dc891a
Jun 29 10:42:48.153231 dv-cinder-786627-13-iscsi devstack@c-api.service[106435]: DEBUG cinder.api.openstack.wsgi [None req-2203c385-5b07-44dd-960a-758f94df5f77 tempest-GroupSnapshotsTest-1578838943 tempest-GroupSnapshotsTest-1578838943-project-admin] Action: 'create', calling method: _create, body: {"volume_type": {"name": "tempest-GroupSnapshotsTest-volume-type-1216280759"}} {{(pid=106435) _process_stack /opt/stack/cinder/cinder/api/openstack/wsgi.py:864}}
Jun 29 10:42:48.168658 dv-cinder-786627-13-iscsi devstack@c-api.service[106436]: /usr/local/lib/python3.8/dist-packages/oslo_context/context.py:105: DeprecationWarning: Policy enforcement is depending on the value of is_admin. This key is deprecated. Please update your policy file to use the standard policy values.
Jun 29 10:42:48.168658 dv-cinder-786627-13-iscsi devstack@c-api.service[106436]: warnings.warn('Policy enforcement is depending on the value of '
Jun 29 10:42:48.169877 dv-cinder-786627-13-iscsi devstack@c-api.service[106436]: INFO cinder.volume.api [None req-c4ce3217-a285-4df4-bc27-1bd7f244e3e2 tempest-VolumeSnapshotQuotasNegativeTestJSON-491691150 tempest-VolumeSnapshotQuotasNegativeTestJSON-491691150-project] Snapshot retrieved successfully.
Jun 29 10:42:48.181453 dv-cinder-786627-13-iscsi devstack@c-api.service[106435]: INFO cinder.api.openstack.wsgi [None req-2203c385-5b07-44dd-960a-758f94df5f77 tempest-GroupSnapshotsTest-1578838943 tempest-GroupSnapshotsTest-1578838943-project-admin] http://10.222.0.55/volume/v3/6bdfc08fa93049bcbdf233c87e8aed11/types returned with HTTP 200
Jun 29 10:42:48.188725 dv-cinder-786627-13-iscsi devstack@c-api.service[106435]: [pid: 106435|app: 0|req: 137/272] 10.222.0.55 () {60 vars in 1229 bytes} [Tue Jun 29 10:42:48 2021] POST /volume/v3/6bdfc08fa93049bcbdf233c87e8aed11/types => generated 224 bytes in 40 msecs (HTTP/1.1 200) 7 headers in 285 bytes (1 switches on core 0)
Jun 29 10:42:48.194065 dv-cinder-786627-13-iscsi devstack@c-api.service[106435]: INFO cinder.api.openstack.wsgi [None req-2e6c30f4-da52-4a5b-9527-495436dd1c59 tempest-GroupSnapshotsTest-1578838943 tempest-GroupSnapshotsTest-1578838943-project-admin] POST http://10.222.0.55/volume/v3/6bdfc08fa93049bcbdf233c87e8aed11/group_types
Jun 29 10:42:48.195155 dv-cinder-786627-13-iscsi devstack@c-api.service[106435]: DEBUG cinder.api.openstack.wsgi [None req-2e6c30f4-da52-4a5b-9527-495436dd1c59 tempest-GroupSnapshotsTest-1578838943 tempest-GroupSnapshotsTest-1578838943-project-admin] Action: 'create', calling method: version_select, body: {"group_type": {"name": "tempest-GroupSnapshotsTest-group-type-1457473061"}} {{(pid=106435) _process_stack /opt/stack/cinder/cinder/api/openstack/wsgi.py:864}}
Jun 29 10:42:48.203184 dv-cinder-786627-13-iscsi devstack@c-api.service[106436]: INFO cinder.volume.api [None req-c4ce3217-a285-4df4-bc27-1bd7f244e3e2 tempest-VolumeSnapshotQuotasNegativeTestJSON-491691150 tempest-VolumeSnapshotQuotasNegativeTestJSON-491691150-project] Snapshot delete request issued successfully.
Jun 29 10:42:48.205703 dv-cinder-786627-13-iscsi devstack@c-api.service[106436]: INFO cinder.api.openstack.wsgi [None req-c4ce3217-a285-4df4-bc27-1bd7f244e3e2 tempest-VolumeSnapshotQuotasNegativeTestJSON-491691150 tempest-VolumeSnapshotQuotasNegativeTestJSON-491691150-project] http://10.222.0.55/volume/v3/2196d80ca1b941c88398c727a0bc5355/snapshots/ad432221-6528-4d67-aadf-bc3e69dc891a returned with HTTP 202
Jun 29 10:42:48.206883 dv-cinder-786627-13-iscsi devstack@c-api.service[106436]: [pid: 106436|app: 0|req: 136/273] 10.222.0.55 () {58 vars in 1334 bytes} [Tue Jun 29 10:42:48 2021] DELETE /volume/v3/2196d80ca1b941c88398c727a0bc5355/snapshots/ad432221-6528-4d67-aadf-bc3e69dc891a => generated 0 bytes in 66 msecs (HTTP/1.1 202) 6 headers in 233 bytes (1 switches on core 0)
Jun 29 10:42:48.218028 dv-cinder-786627-13-iscsi devstack@c-api.service[106436]: INFO cinder.api.openstack.wsgi [None req-d10f98b8-91c1-44d8-b475-843ab88eebaa tempest-VolumeSnapshotQuotasNegativeTestJSON-491691150 tempest-VolumeSnapshotQuotasNegativeTestJSON-491691150-project] GET http://10.222.0.55/volume/v3/2196d80ca1b941c88398c727a0bc5355/snapshots/ad432221-6528-4d67-aadf-bc3e69dc891a
Jun 29 10:42:48.218489 dv-cinder-786627-13-iscsi devstack@c-api.service[106436]: DEBUG cinder.api.openstack.wsgi [None req-d10f98b8-91c1-44d8-b475-843ab88eebaa tempest-VolumeSnapshotQuotasNegativeTestJSON-491691150 tempest-VolumeSnapshotQuotasNegativeTestJSON-491691150-project] Empty body provided in request {{(pid=106436) get_body /opt/stack/cinder/cinder/api/openstack/wsgi.py:713}}
Jun 29 10:42:48.218667 dv-cinder-786627-13-iscsi devstack@c-api.service[106436]: /usr/local/lib/python3.8/dist-packages/webob/acceptparse.py:1047: DeprecationWarning: The behavior of AcceptValidHeader.best_match is currently being maintained for backward compatibility, but it will be deprecated in the future, as it does not conform to the RFC.
Jun 29 10:42:48.218667 dv-cinder-786627-13-iscsi devstack@c-api.service[106436]: warnings.warn(
Jun 29 10:42:48.219082 dv-cinder-786627-13-iscsi devstack@c-api.service[106436]: DEBUG cinder.api.openstack.wsgi [None req-d10f98b8-91c1-44d8-b475-843ab88eebaa tempest-VolumeSnapshotQuotasNegativeTestJSON-491691150 tempest-VolumeSnapshotQuotasNegativeTestJSON-491691150-project] Calling method 'show' {{(pid=106436) _process_stack /opt/stack/cinder/cinder/api/openstack/wsgi.py:866}}
Jun 29 10:42:48.231323 dv-cinder-786627-13-iscsi devstack@c-api.service[106435]: INFO cinder.api.openstack.wsgi [None req-2e6c30f4-da52-4a5b-9527-495436dd1c59 tempest-GroupSnapshotsTest-1578838943 tempest-GroupSnapshotsTest-1578838943-project-admin] http://10.222.0.55/volume/v3/6bdfc08fa93049bcbdf233c87e8aed11/group_types returned with HTTP 202
Jun 29 10:42:48.233674 dv-cinder-786627-13-iscsi devstack@c-api.service[106435]: [pid: 106435|app: 0|req: 138/274] 10.222.0.55 () {62 vars in 1288 bytes} [Tue Jun 29 10:42:48 2021] POST /volume/v3/6bdfc08fa93049bcbdf233c87e8aed11/group_types => generated 181 bytes in 43 msecs (HTTP/1.1 202) 7 headers in 292 bytes (1 switches on core 0)
Jun 29 10:42:48.241664 dv-cinder-786627-13-iscsi devstack@c-api.service[106435]: INFO cinder.api.openstack.wsgi [None req-0dbcc1c0-e1ee-4420-9411-f019486d1b8c tempest-GroupSnapshotsTest-265216784 tempest-GroupSnapshotsTest-265216784-project] POST http://10.222.0.55/volume/v3/712c33b3455a400b953bcf81ebfd6210/groups
Jun 29 10:42:48.242276 dv-cinder-786627-13-iscsi devstack@c-api.service[106435]: DEBUG cinder.api.openstack.wsgi [None req-0dbcc1c0-e1ee-4420-9411-f019486d1b8c tempest-GroupSnapshotsTest-265216784 tempest-GroupSnapshotsTest-265216784-project] Action: 'create', calling method: version_select, body: {"group": {"group_type": "59a3094c-9b4d-4513-a1ea-438044b39d0b", "volume_types": ["a2773e19-b0e7-499e-b939-614c66369e31"], "name": "tempest-GroupSnapshotsTest-Group-1171946594"}} {{(pid=106435) _process_stack /opt/stack/cinder/cinder/api/openstack/wsgi.py:864}}
Jun 29 10:42:48.243564 dv-cinder-786627-13-iscsi devstack@c-api.service[106436]: /usr/local/lib/python3.8/dist-packages/oslo_context/context.py:105: DeprecationWarning: Policy enforcement is depending on the value of is_admin. This key is deprecated. Please update your policy file to use the standard policy values.
Jun 29 10:42:48.243564 dv-cinder-786627-13-iscsi devstack@c-api.service[106436]: warnings.warn('Policy enforcement is depending on the value of '
Jun 29 10:42:48.244449 dv-cinder-786627-13-iscsi devstack@c-api.service[106436]: INFO cinder.volume.api [None req-d10f98b8-91c1-44d8-b475-843ab88eebaa tempest-VolumeSnapshotQuotasNegativeTestJSON-491691150 tempest-VolumeSnapshotQuotasNegativeTestJSON-491691150-project] Snapshot retrieved successfully.
Jun 29 10:42:48.246343 dv-cinder-786627-13-iscsi devstack@c-api.service[106436]: INFO cinder.api.openstack.wsgi [None req-d10f98b8-91c1-44d8-b475-843ab88eebaa tempest-VolumeSnapshotQuotasNegativeTestJSON-491691150 tempest-VolumeSnapshotQuotasNegativeTestJSON-491691150-project] http://10.222.0.55/volume/v3/2196d80ca1b941c88398c727a0bc5355/snapshots/ad432221-6528-4d67-aadf-bc3e69dc891a returned with HTTP 200
Jun 29 10:42:48.247259 dv-cinder-786627-13-iscsi devstack@c-api.service[106436]: [pid: 106436|app: 0|req: 137/275] 10.222.0.55 () {58 vars in 1331 bytes} [Tue Jun 29 10:42:48 2021] GET /volume/v3/2196d80ca1b941c88398c727a0bc5355/snapshots/ad432221-6528-4d67-aadf-bc3e69dc891a => generated 478 bytes in 36 msecs (HTTP/1.1 200) 7 headers in 285 bytes (1 switches on core 0)
Jun 29 10:42:48.250956 dv-cinder-786627-13-iscsi devstack@c-api.service[106435]: DEBUG cinder.api.v3.groups [None req-0dbcc1c0-e1ee-4420-9411-f019486d1b8c tempest-GroupSnapshotsTest-265216784 tempest-GroupSnapshotsTest-265216784-project] Creating new group {'group': {'group_type': '59a3094c-9b4d-4513-a1ea-438044b39d0b', 'volume_types': ['a2773e19-b0e7-499e-b939-614c66369e31'], 'name': 'tempest-GroupSnapshotsTest-Group-1171946594'}} {{(pid=106435) create /opt/stack/cinder/cinder/api/v3/groups.py:190}}
Jun 29 10:42:48.256538 dv-cinder-786627-13-iscsi devstack@c-api.service[106435]: INFO cinder.api.v3.groups [None req-0dbcc1c0-e1ee-4420-9411-f019486d1b8c tempest-GroupSnapshotsTest-265216784 tempest-GroupSnapshotsTest-265216784-project] Creating group tempest-GroupSnapshotsTest-Group-1171946594.
Jun 29 10:42:48.269056 dv-cinder-786627-13-iscsi devstack@c-api.service[106435]: INFO cinder.volume.api [None req-0dbcc1c0-e1ee-4420-9411-f019486d1b8c tempest-GroupSnapshotsTest-265216784 tempest-GroupSnapshotsTest-265216784-project] Availability Zones retrieved successfully.
Jun 29 10:42:48.303128 dv-cinder-786627-13-iscsi devstack@c-api.service[106435]: DEBUG cinder.quota [None req-0dbcc1c0-e1ee-4420-9411-f019486d1b8c tempest-GroupSnapshotsTest-265216784 tempest-GroupSnapshotsTest-265216784-project] Created reservations ['e8c70496-5d91-4759-b079-5cf40f87d2c5'] {{(pid=106435) reserve /opt/stack/cinder/cinder/quota.py:755}}
Jun 29 10:42:48.353694 dv-cinder-786627-13-iscsi devstack@c-api.service[106436]: INFO cinder.api.openstack.wsgi [None req-af8b0592-d5f7-465e-882d-4d39ea42ae50 tempest-DeleteServersTestJSON-127227688 tempest-DeleteServersTestJSON-127227688-project] GET http://10.222.0.55/volume/v3/37dac446e48240d1960266d0e97a0bbc/volumes/186521b3-1791-4d56-9a25-18f0b8a81679
Jun 29 10:42:48.355881 dv-cinder-786627-13-iscsi devstack@c-api.service[106436]: DEBUG cinder.api.openstack.wsgi [None req-af8b0592-d5f7-465e-882d-4d39ea42ae50 tempest-DeleteServersTestJSON-127227688 tempest-DeleteServersTestJSON-127227688-project] Empty body provided in request {{(pid=106436) get_body /opt/stack/cinder/cinder/api/openstack/wsgi.py:713}}
Jun 29 10:42:48.356441 dv-cinder-786627-13-iscsi devstack@c-api.service[106436]: /usr/local/lib/python3.8/dist-packages/webob/acceptparse.py:1047: DeprecationWarning: The behavior of AcceptValidHeader.best_match is currently being maintained for backward compatibility, but it will be deprecated in the future, as it does not conform to the RFC.
Jun 29 10:42:48.356441 dv-cinder-786627-13-iscsi devstack@c-api.service[106436]: warnings.warn(
Jun 29 10:42:48.357705 dv-cinder-786627-13-iscsi devstack@c-api.service[106436]: DEBUG cinder.api.openstack.wsgi [None req-af8b0592-d5f7-465e-882d-4d39ea42ae50 tempest-DeleteServersTestJSON-127227688 tempest-DeleteServersTestJSON-127227688-project] Calling method 'show' {{(pid=106436) _process_stack /opt/stack/cinder/cinder/api/openstack/wsgi.py:866}}
Jun 29 10:42:48.363029 dv-cinder-786627-13-iscsi devstack@c-api.service[106435]: INFO cinder.api.openstack.wsgi [None req-0dbcc1c0-e1ee-4420-9411-f019486d1b8c tempest-GroupSnapshotsTest-265216784 tempest-GroupSnapshotsTest-265216784-project] http://10.222.0.55/volume/v3/712c33b3455a400b953bcf81ebfd6210/groups returned with HTTP 202
Jun 29 10:42:48.370010 dv-cinder-786627-13-iscsi devstack@c-api.service[106435]: [pid: 106435|app: 0|req: 139/276] 10.222.0.55 () {62 vars in 1274 bytes} [Tue Jun 29 10:42:48 2021] POST /volume/v3/712c33b3455a400b953bcf81ebfd6210/groups => generated 112 bytes in 132 msecs (HTTP/1.1 202) 7 headers in 292 bytes (2 switches on core 0)
Jun 29 10:42:48.376084 dv-cinder-786627-13-iscsi devstack@c-api.service[106435]: INFO cinder.api.openstack.wsgi [None req-5a2aada1-d17a-4242-be02-a062a9ed150e tempest-GroupSnapshotsTest-265216784 tempest-GroupSnapshotsTest-265216784-project] GET http://10.222.0.55/volume/v3/712c33b3455a400b953bcf81ebfd6210/groups/460963cd-bba5-4d15-83e7-fbf59cb18439
Jun 29 10:42:48.376959 dv-cinder-786627-13-iscsi devstack@c-api.service[106435]: DEBUG cinder.api.openstack.wsgi [None req-5a2aada1-d17a-4242-be02-a062a9ed150e tempest-GroupSnapshotsTest-265216784 tempest-GroupSnapshotsTest-265216784-project] Empty body provided in request {{(pid=106435) get_body /opt/stack/cinder/cinder/api/openstack/wsgi.py:713}}
Jun 29 10:42:48.377282 dv-cinder-786627-13-iscsi devstack@c-api.service[106435]: /usr/local/lib/python3.8/dist-packages/webob/acceptparse.py:1047: DeprecationWarning: The behavior of AcceptValidHeader.best_match is currently being maintained for backward compatibility, but it will be deprecated in the future, as it does not conform to the RFC.
Jun 29 10:42:48.377282 dv-cinder-786627-13-iscsi devstack@c-api.service[106435]: warnings.warn(
Jun 29 10:42:48.378192 dv-cinder-786627-13-iscsi devstack@c-api.service[106435]: DEBUG cinder.api.openstack.wsgi [None req-5a2aada1-d17a-4242-be02-a062a9ed150e tempest-GroupSnapshotsTest-265216784 tempest-GroupSnapshotsTest-265216784-project] Calling method 'version_select' {{(pid=106435) _process_stack /opt/stack/cinder/cinder/api/openstack/wsgi.py:866}}
Jun 29 10:42:48.378707 dv-cinder-786627-13-iscsi devstack@c-api.service[106435]: DEBUG cinder.api.v3.groups [None req-5a2aada1-d17a-4242-be02-a062a9ed150e tempest-GroupSnapshotsTest-265216784 tempest-GroupSnapshotsTest-265216784-project] show called for member 460963cd-bba5-4d15-83e7-fbf59cb18439 {{(pid=106435) show /opt/stack/cinder/cinder/api/v3/groups.py:58}}
Jun 29 10:42:48.385397 dv-cinder-786627-13-iscsi devstack@c-api.service[106436]: /usr/local/lib/python3.8/dist-packages/oslo_context/context.py:105: DeprecationWarning: Policy enforcement is depending on the value of is_admin. This key is deprecated. Please update your policy file to use the standard policy values.
Jun 29 10:42:48.385397 dv-cinder-786627-13-iscsi devstack@c-api.service[106436]: warnings.warn('Policy enforcement is depending on the value of '
Jun 29 10:42:48.386416 dv-cinder-786627-13-iscsi devstack@c-api.service[106435]: /usr/local/lib/python3.8/dist-packages/oslo_context/context.py:105: DeprecationWarning: Policy enforcement is depending on the value of is_admin. This key is deprecated. Please update your policy file to use the standard policy values.
Jun 29 10:42:48.386416 dv-cinder-786627-13-iscsi devstack@c-api.service[106435]: warnings.warn('Policy enforcement is depending on the value of '
Jun 29 10:42:48.415126 dv-cinder-786627-13-iscsi devstack@c-api.service[106435]: INFO cinder.api.openstack.wsgi [None req-5a2aada1-d17a-4242-be02-a062a9ed150e tempest-GroupSnapshotsTest-265216784 tempest-GroupSnapshotsTest-265216784-project] http://10.222.0.55/volume/v3/712c33b3455a400b953bcf81ebfd6210/groups/460963cd-bba5-4d15-83e7-fbf59cb18439 returned with HTTP 200
Jun 29 10:42:48.417401 dv-cinder-786627-13-iscsi devstack@c-api.service[106435]: [pid: 106435|app: 0|req: 140/277] 10.222.0.55 () {60 vars in 1363 bytes} [Tue Jun 29 10:42:48 2021] GET /volume/v3/712c33b3455a400b953bcf81ebfd6210/groups/460963cd-bba5-4d15-83e7-fbf59cb18439 => generated 392 bytes in 47 msecs (HTTP/1.1 200) 7 headers in 286 bytes (1 switches on core 0)
Jun 29 10:42:48.422502 dv-cinder-786627-13-iscsi devstack@c-api.service[106436]: INFO cinder.volume.api [None req-af8b0592-d5f7-465e-882d-4d39ea42ae50 tempest-DeleteServersTestJSON-127227688 tempest-DeleteServersTestJSON-127227688-project] Volume info retrieved successfully.
Jun 29 10:42:48.443438 dv-cinder-786627-13-iscsi devstack@c-api.service[106436]: /usr/local/lib/python3.8/dist-packages/oslo_context/context.py:105: DeprecationWarning: Policy enforcement is depending on the value of is_admin. This key is deprecated. Please update your policy file to use the standard policy values.
Jun 29 10:42:48.443438 dv-cinder-786627-13-iscsi devstack@c-api.service[106436]: warnings.warn('Policy enforcement is depending on the value of '
Jun 29 10:42:48.451914 dv-cinder-786627-13-iscsi devstack@c-api.service[106436]: INFO cinder.api.openstack.wsgi [None req-af8b0592-d5f7-465e-882d-4d39ea42ae50 tempest-DeleteServersTestJSON-127227688 tempest-DeleteServersTestJSON-127227688-project] http://10.222.0.55/volume/v3/37dac446e48240d1960266d0e97a0bbc/volumes/186521b3-1791-4d56-9a25-18f0b8a81679 returned with HTTP 200
Jun 29 10:42:48.460610 dv-cinder-786627-13-iscsi devstack@c-api.service[106436]: [pid: 106436|app: 0|req: 138/278] 10.222.0.55 () {58 vars in 1325 bytes} [Tue Jun 29 10:42:48 2021] GET /volume/v3/37dac446e48240d1960266d0e97a0bbc/volumes/186521b3-1791-4d56-9a25-18f0b8a81679 => generated 912 bytes in 111 msecs (HTTP/1.1 200) 7 headers in 285 bytes (2 switches on core 0)
Jun 29 10:42:48.460797 dv-cinder-786627-13-iscsi devstack@c-api.service[106435]: INFO cinder.api.openstack.wsgi [None req-25b1d9b0-1ea6-4941-9f51-dd0f4c84e2c6 tempest-SnapshotMetadataTestJSON-911816917 tempest-SnapshotMetadataTestJSON-911816917-project] GET http://10.222.0.55/volume/v3/d486220e4ca945cc8642723d03a4b6ac/volumes/ab372c18-e3bd-4436-9090-b5bc58e035f4
Jun 29 10:42:48.460797 dv-cinder-786627-13-iscsi devstack@c-api.service[106435]: DEBUG cinder.api.openstack.wsgi [None req-25b1d9b0-1ea6-4941-9f51-dd0f4c84e2c6 tempest-SnapshotMetadataTestJSON-911816917 tempest-SnapshotMetadataTestJSON-911816917-project] Empty body provided in request {{(pid=106435) get_body /opt/stack/cinder/cinder/api/openstack/wsgi.py:713}}
Jun 29 10:42:48.460797 dv-cinder-786627-13-iscsi devstack@c-api.service[106435]: /usr/local/lib/python3.8/dist-packages/webob/acceptparse.py:1047: DeprecationWarning: The behavior of AcceptValidHeader.best_match is currently being maintained for backward compatibility, but it will be deprecated in the future, as it does not conform to the RFC.
Jun 29 10:42:48.460797 dv-cinder-786627-13-iscsi devstack@c-api.service[106435]: warnings.warn(
Jun 29 10:42:48.460797 dv-cinder-786627-13-iscsi devstack@c-api.service[106435]: DEBUG cinder.api.openstack.wsgi [None req-25b1d9b0-1ea6-4941-9f51-dd0f4c84e2c6 tempest-SnapshotMetadataTestJSON-911816917 tempest-SnapshotMetadataTestJSON-911816917-project] Calling method 'show' {{(pid=106435) _process_stack /opt/stack/cinder/cinder/api/openstack/wsgi.py:866}}
Jun 29 10:42:48.470572 dv-cinder-786627-13-iscsi devstack@c-api.service[106435]: /usr/local/lib/python3.8/dist-packages/oslo_context/context.py:105: DeprecationWarning: Policy enforcement is depending on the value of is_admin. This key is deprecated. Please update your policy file to use the standard policy values.
Jun 29 10:42:48.470572 dv-cinder-786627-13-iscsi devstack@c-api.service[106435]: warnings.warn('Policy enforcement is depending on the value of '
Jun 29 10:42:48.479378 dv-cinder-786627-13-iscsi devstack@c-api.service[106435]: INFO cinder.volume.api [None req-25b1d9b0-1ea6-4941-9f51-dd0f4c84e2c6 tempest-SnapshotMetadataTestJSON-911816917 tempest-SnapshotMetadataTestJSON-911816917-project] Volume info retrieved successfully.
Jun 29 10:42:48.497019 dv-cinder-786627-13-iscsi devstack@c-api.service[106435]: INFO cinder.api.openstack.wsgi [None req-25b1d9b0-1ea6-4941-9f51-dd0f4c84e2c6 tempest-SnapshotMetadataTestJSON-911816917 tempest-SnapshotMetadataTestJSON-911816917-project] http://10.222.0.55/volume/v3/d486220e4ca945cc8642723d03a4b6ac/volumes/ab372c18-e3bd-4436-9090-b5bc58e035f4 returned with HTTP 200
Jun 29 10:42:48.498404 dv-cinder-786627-13-iscsi devstack@c-api.service[106435]: [pid: 106435|app: 0|req: 141/279] 10.222.0.55 () {58 vars in 1325 bytes} [Tue Jun 29 10:42:48 2021] GET /volume/v3/d486220e4ca945cc8642723d03a4b6ac/volumes/ab372c18-e3bd-4436-9090-b5bc58e035f4 => generated 917 bytes in 48 msecs (HTTP/1.1 200) 7 headers in 285 bytes (2 switches on core 0)
Jun 29 10:42:48.511750 dv-cinder-786627-13-iscsi devstack@c-api.service[106436]: INFO cinder.api.openstack.wsgi [None req-c2e148bc-cbe6-43eb-aaa4-87bdb3c31873 tempest-SnapshotMetadataTestJSON-911816917 tempest-SnapshotMetadataTestJSON-911816917-project] POST http://10.222.0.55/volume/v3/d486220e4ca945cc8642723d03a4b6ac/snapshots
Jun 29 10:42:48.512146 dv-cinder-786627-13-iscsi devstack@c-api.service[106436]: /usr/local/lib/python3.8/dist-packages/webob/acceptparse.py:1047: DeprecationWarning: The behavior of AcceptValidHeader.best_match is currently being maintained for backward compatibility, but it will be deprecated in the future, as it does not conform to the RFC.
Jun 29 10:42:48.512146 dv-cinder-786627-13-iscsi devstack@c-api.service[106436]: warnings.warn(
Jun 29 10:42:48.512509 dv-cinder-786627-13-iscsi devstack@c-api.service[106436]: DEBUG cinder.api.openstack.wsgi [None req-c2e148bc-cbe6-43eb-aaa4-87bdb3c31873 tempest-SnapshotMetadataTestJSON-911816917 tempest-SnapshotMetadataTestJSON-911816917-project] Action: 'create', calling method: create, body: {"snapshot": {"volume_id": "ab372c18-e3bd-4436-9090-b5bc58e035f4", "name": "tempest-SnapshotMetadataTestJSON-Snapshot-516174744"}} {{(pid=106436) _process_stack /opt/stack/cinder/cinder/api/openstack/wsgi.py:864}}
Jun 29 10:42:48.526574 dv-cinder-786627-13-iscsi devstack@c-api.service[106436]: /usr/local/lib/python3.8/dist-packages/oslo_context/context.py:105: DeprecationWarning: Policy enforcement is depending on the value of is_admin. This key is deprecated. Please update your policy file to use the standard policy values.
Jun 29 10:42:48.526574 dv-cinder-786627-13-iscsi devstack@c-api.service[106436]: warnings.warn('Policy enforcement is depending on the value of '
Jun 29 10:42:48.527550 dv-cinder-786627-13-iscsi devstack@c-api.service[106436]: INFO cinder.volume.api [None req-c2e148bc-cbe6-43eb-aaa4-87bdb3c31873 tempest-SnapshotMetadataTestJSON-911816917 tempest-SnapshotMetadataTestJSON-911816917-project] Volume info retrieved successfully.
Jun 29 10:42:48.527852 dv-cinder-786627-13-iscsi devstack@c-api.service[106436]: INFO cinder.api.v2.snapshots [None req-c2e148bc-cbe6-43eb-aaa4-87bdb3c31873 tempest-SnapshotMetadataTestJSON-911816917 tempest-SnapshotMetadataTestJSON-911816917-project] Create snapshot from volume ab372c18-e3bd-4436-9090-b5bc58e035f4
Jun 29 10:42:48.583345 dv-cinder-786627-13-iscsi devstack@c-api.service[106436]: DEBUG cinder.quota [None req-c2e148bc-cbe6-43eb-aaa4-87bdb3c31873 tempest-SnapshotMetadataTestJSON-911816917 tempest-SnapshotMetadataTestJSON-911816917-project] Created reservations ['ed2cea64-ce39-4e83-ba7b-b4bcb19a89e9', '53c4d080-0b72-4384-a9b3-37f6ed99030a', '08ce8e68-6770-461b-8d4d-fdabf006a59e', 'd5eb12bd-b972-48bb-8765-c9738ab3cf53'] {{(pid=106436) reserve /opt/stack/cinder/cinder/quota.py:755}}
Jun 29 10:42:48.636508 dv-cinder-786627-13-iscsi devstack@c-api.service[106436]: INFO cinder.volume.api [None req-c2e148bc-cbe6-43eb-aaa4-87bdb3c31873 tempest-SnapshotMetadataTestJSON-911816917 tempest-SnapshotMetadataTestJSON-911816917-project] Snapshot create request issued successfully.
Jun 29 10:42:48.637225 dv-cinder-786627-13-iscsi devstack@c-api.service[106436]: INFO cinder.api.openstack.wsgi [None req-c2e148bc-cbe6-43eb-aaa4-87bdb3c31873 tempest-SnapshotMetadataTestJSON-911816917 tempest-SnapshotMetadataTestJSON-911816917-project] http://10.222.0.55/volume/v3/d486220e4ca945cc8642723d03a4b6ac/snapshots returned with HTTP 202
Jun 29 10:42:48.643213 dv-cinder-786627-13-iscsi devstack@c-api.service[106436]: [pid: 106436|app: 0|req: 139/280] 10.222.0.55 () {60 vars in 1242 bytes} [Tue Jun 29 10:42:48 2021] POST /volume/v3/d486220e4ca945cc8642723d03a4b6ac/snapshots => generated 310 bytes in 130 msecs (HTTP/1.1 202) 7 headers in 291 bytes (1 switches on core 0)
Jun 29 10:42:48.648026 dv-cinder-786627-13-iscsi devstack@c-api.service[106435]: INFO cinder.api.openstack.wsgi [None req-e208aa6a-172e-4ff4-a5d0-804931ba806b tempest-SnapshotMetadataTestJSON-911816917 tempest-SnapshotMetadataTestJSON-911816917-project] GET http://10.222.0.55/volume/v3/d486220e4ca945cc8642723d03a4b6ac/snapshots/1d6c452e-c0c2-47fd-ade1-9b252144ed9f
Jun 29 10:42:48.648541 dv-cinder-786627-13-iscsi devstack@c-api.service[106435]: DEBUG cinder.api.openstack.wsgi [None req-e208aa6a-172e-4ff4-a5d0-804931ba806b tempest-SnapshotMetadataTestJSON-911816917 tempest-SnapshotMetadataTestJSON-911816917-project] Empty body provided in request {{(pid=106435) get_body /opt/stack/cinder/cinder/api/openstack/wsgi.py:713}}
Jun 29 10:42:48.648800 dv-cinder-786627-13-iscsi devstack@c-api.service[106435]: /usr/local/lib/python3.8/dist-packages/webob/acceptparse.py:1047: DeprecationWarning: The behavior of AcceptValidHeader.best_match is currently being maintained for backward compatibility, but it will be deprecated in the future, as it does not conform to the RFC.
Jun 29 10:42:48.648800 dv-cinder-786627-13-iscsi devstack@c-api.service[106435]: warnings.warn(
Jun 29 10:42:48.649219 dv-cinder-786627-13-iscsi devstack@c-api.service[106435]: DEBUG cinder.api.openstack.wsgi [None req-e208aa6a-172e-4ff4-a5d0-804931ba806b tempest-SnapshotMetadataTestJSON-911816917 tempest-SnapshotMetadataTestJSON-911816917-project] Calling method 'show' {{(pid=106435) _process_stack /opt/stack/cinder/cinder/api/openstack/wsgi.py:866}}
Jun 29 10:42:48.659716 dv-cinder-786627-13-iscsi devstack@c-api.service[106435]: /usr/local/lib/python3.8/dist-packages/oslo_context/context.py:105: DeprecationWarning: Policy enforcement is depending on the value of is_admin. This key is deprecated. Please update your policy file to use the standard policy values.
Jun 29 10:42:48.659716 dv-cinder-786627-13-iscsi devstack@c-api.service[106435]: warnings.warn('Policy enforcement is depending on the value of '
Jun 29 10:42:48.660669 dv-cinder-786627-13-iscsi devstack@c-api.service[106435]: INFO cinder.volume.api [None req-e208aa6a-172e-4ff4-a5d0-804931ba806b tempest-SnapshotMetadataTestJSON-911816917 tempest-SnapshotMetadataTestJSON-911816917-project] Snapshot retrieved successfully.
Jun 29 10:42:48.662463 dv-cinder-786627-13-iscsi devstack@c-api.service[106435]: INFO cinder.api.openstack.wsgi [None req-e208aa6a-172e-4ff4-a5d0-804931ba806b tempest-SnapshotMetadataTestJSON-911816917 tempest-SnapshotMetadataTestJSON-911816917-project] http://10.222.0.55/volume/v3/d486220e4ca945cc8642723d03a4b6ac/snapshots/1d6c452e-c0c2-47fd-ade1-9b252144ed9f returned with HTTP 200
Jun 29 10:42:48.666122 dv-cinder-786627-13-iscsi devstack@c-api.service[106435]: [pid: 106435|app: 0|req: 142/281] 10.222.0.55 () {58 vars in 1331 bytes} [Tue Jun 29 10:42:48 2021] GET /volume/v3/d486220e4ca945cc8642723d03a4b6ac/snapshots/1d6c452e-c0c2-47fd-ade1-9b252144ed9f => generated 442 bytes in 19 msecs (HTTP/1.1 200) 7 headers in 285 bytes (1 switches on core 0)
Jun 29 10:42:49.152052 dv-cinder-786627-13-iscsi devstack@c-api.service[106436]: INFO cinder.api.openstack.wsgi [None req-113e47c6-af67-4f9b-98d6-6d303190ffce tempest-GroupsTest-1149557104 tempest-GroupsTest-1149557104-project] GET http://10.222.0.55/volume/v3/d0c4a6cce2ec435daba57fe999f928bf/groups/89721b40-2c0a-44b0-bb73-5eed009ec399
Jun 29 10:42:49.152637 dv-cinder-786627-13-iscsi devstack@c-api.service[106436]: DEBUG cinder.api.openstack.wsgi [None req-113e47c6-af67-4f9b-98d6-6d303190ffce tempest-GroupsTest-1149557104 tempest-GroupsTest-1149557104-project] Empty body provided in request {{(pid=106436) get_body /opt/stack/cinder/cinder/api/openstack/wsgi.py:713}}
Jun 29 10:42:49.152780 dv-cinder-786627-13-iscsi devstack@c-api.service[106436]: /usr/local/lib/python3.8/dist-packages/webob/acceptparse.py:1047: DeprecationWarning: The behavior of AcceptValidHeader.best_match is currently being maintained for backward compatibility, but it will be deprecated in the future, as it does not conform to the RFC.
Jun 29 10:42:49.152780 dv-cinder-786627-13-iscsi devstack@c-api.service[106436]: warnings.warn(
Jun 29 10:42:49.153115 dv-cinder-786627-13-iscsi devstack@c-api.service[106436]: DEBUG cinder.api.openstack.wsgi [None req-113e47c6-af67-4f9b-98d6-6d303190ffce tempest-GroupsTest-1149557104 tempest-GroupsTest-1149557104-project] Calling method 'version_select' {{(pid=106436) _process_stack /opt/stack/cinder/cinder/api/openstack/wsgi.py:866}}
Jun 29 10:42:49.153459 dv-cinder-786627-13-iscsi devstack@c-api.service[106436]: DEBUG cinder.api.v3.groups [None req-113e47c6-af67-4f9b-98d6-6d303190ffce tempest-GroupsTest-1149557104 tempest-GroupsTest-1149557104-project] show called for member 89721b40-2c0a-44b0-bb73-5eed009ec399 {{(pid=106436) show /opt/stack/cinder/cinder/api/v3/groups.py:58}}
Jun 29 10:42:49.158378 dv-cinder-786627-13-iscsi devstack@c-api.service[106436]: INFO cinder.api.openstack.wsgi [None req-113e47c6-af67-4f9b-98d6-6d303190ffce tempest-GroupsTest-1149557104 tempest-GroupsTest-1149557104-project] http://10.222.0.55/volume/v3/d0c4a6cce2ec435daba57fe999f928bf/groups/89721b40-2c0a-44b0-bb73-5eed009ec399 returned with HTTP 404
Jun 29 10:42:49.159203 dv-cinder-786627-13-iscsi devstack@c-api.service[106436]: [pid: 106436|app: 0|req: 140/282] 10.222.0.55 () {60 vars in 1363 bytes} [Tue Jun 29 10:42:49 2021] GET /volume/v3/d0c4a6cce2ec435daba57fe999f928bf/groups/89721b40-2c0a-44b0-bb73-5eed009ec399 => generated 108 bytes in 12 msecs (HTTP/1.1 404) 7 headers in 293 bytes (1 switches on core 0)
Jun 29 10:42:49.166630 dv-cinder-786627-13-iscsi devstack@c-api.service[106435]: INFO cinder.api.openstack.wsgi [None req-a04f3e20-1384-4405-a147-010e3a2ee320 tempest-GroupsTest-1149557104 tempest-GroupsTest-1149557104-project] GET http://10.222.0.55/volume/v3/d0c4a6cce2ec435daba57fe999f928bf/groups/detail
Jun 29 10:42:49.167124 dv-cinder-786627-13-iscsi devstack@c-api.service[106435]: DEBUG cinder.api.openstack.wsgi [None req-a04f3e20-1384-4405-a147-010e3a2ee320 tempest-GroupsTest-1149557104 tempest-GroupsTest-1149557104-project] Empty body provided in request {{(pid=106435) get_body /opt/stack/cinder/cinder/api/openstack/wsgi.py:713}}
Jun 29 10:42:49.167329 dv-cinder-786627-13-iscsi devstack@c-api.service[106435]: /usr/local/lib/python3.8/dist-packages/webob/acceptparse.py:1047: DeprecationWarning: The behavior of AcceptValidHeader.best_match is currently being maintained for backward compatibility, but it will be deprecated in the future, as it does not conform to the RFC.
Jun 29 10:42:49.167329 dv-cinder-786627-13-iscsi devstack@c-api.service[106435]: warnings.warn(
Jun 29 10:42:49.167647 dv-cinder-786627-13-iscsi devstack@c-api.service[106435]: DEBUG cinder.api.openstack.wsgi [None req-a04f3e20-1384-4405-a147-010e3a2ee320 tempest-GroupsTest-1149557104 tempest-GroupsTest-1149557104-project] Calling method 'version_select' {{(pid=106435) _process_stack /opt/stack/cinder/cinder/api/openstack/wsgi.py:866}}
Jun 29 10:42:49.176492 dv-cinder-786627-13-iscsi devstack@c-api.service[106435]: INFO cinder.api.openstack.wsgi [None req-a04f3e20-1384-4405-a147-010e3a2ee320 tempest-GroupsTest-1149557104 tempest-GroupsTest-1149557104-project] http://10.222.0.55/volume/v3/d0c4a6cce2ec435daba57fe999f928bf/groups/detail returned with HTTP 200
Jun 29 10:42:49.177267 dv-cinder-786627-13-iscsi devstack@c-api.service[106435]: [pid: 106435|app: 0|req: 143/283] 10.222.0.55 () {60 vars in 1273 bytes} [Tue Jun 29 10:42:49 2021] GET /volume/v3/d0c4a6cce2ec435daba57fe999f928bf/groups/detail => generated 14 bytes in 14 msecs (HTTP/1.1 200) 7 headers in 285 bytes (1 switches on core 0)
Jun 29 10:42:49.186427 dv-cinder-786627-13-iscsi devstack@c-api.service[106436]: INFO cinder.api.openstack.wsgi [None req-62f0a96b-cb9b-41b2-a94c-4050bd762acd tempest-GroupsTest-1149557104 tempest-GroupsTest-1149557104-project] GET http://10.222.0.55/volume/v3/d0c4a6cce2ec435daba57fe999f928bf/volumes/detail
Jun 29 10:42:49.186914 dv-cinder-786627-13-iscsi devstack@c-api.service[106436]: DEBUG cinder.api.openstack.wsgi [None req-62f0a96b-cb9b-41b2-a94c-4050bd762acd tempest-GroupsTest-1149557104 tempest-GroupsTest-1149557104-project] Empty body provided in request {{(pid=106436) get_body /opt/stack/cinder/cinder/api/openstack/wsgi.py:713}}
Jun 29 10:42:49.187330 dv-cinder-786627-13-iscsi devstack@c-api.service[106436]: DEBUG cinder.api.openstack.wsgi [None req-62f0a96b-cb9b-41b2-a94c-4050bd762acd tempest-GroupsTest-1149557104 tempest-GroupsTest-1149557104-project] Calling method 'detail' {{(pid=106436) _process_stack /opt/stack/cinder/cinder/api/openstack/wsgi.py:866}}
Jun 29 10:42:49.187965 dv-cinder-786627-13-iscsi devstack@c-api.service[106436]: DEBUG cinder.api.api_utils [None req-62f0a96b-cb9b-41b2-a94c-4050bd762acd tempest-GroupsTest-1149557104 tempest-GroupsTest-1149557104-project] Removing options '' from query. {{(pid=106436) remove_invalid_filter_options /opt/stack/cinder/cinder/api/api_utils.py:73}}
Jun 29 10:42:49.188868 dv-cinder-786627-13-iscsi devstack@c-api.service[106436]: /usr/local/lib/python3.8/dist-packages/oslo_context/context.py:105: DeprecationWarning: Policy enforcement is depending on the value of is_admin. This key is deprecated. Please update your policy file to use the standard policy values.
Jun 29 10:42:49.188868 dv-cinder-786627-13-iscsi devstack@c-api.service[106436]: warnings.warn('Policy enforcement is depending on the value of '
Jun 29 10:42:49.189848 dv-cinder-786627-13-iscsi devstack@c-api.service[106436]: DEBUG cinder.volume.api [None req-62f0a96b-cb9b-41b2-a94c-4050bd762acd tempest-GroupsTest-1149557104 tempest-GroupsTest-1149557104-project] Searching by: MultiDict([('no_migration_targets', True)]). {{(pid=106436) get_all /opt/stack/cinder/cinder/volume/api.py:617}}
Jun 29 10:42:49.235507 dv-cinder-786627-13-iscsi devstack@c-api.service[106436]: INFO cinder.volume.api [None req-62f0a96b-cb9b-41b2-a94c-4050bd762acd tempest-GroupsTest-1149557104 tempest-GroupsTest-1149557104-project] Get all volumes completed successfully.
Jun 29 10:42:49.240601 dv-cinder-786627-13-iscsi devstack@c-api.service[106436]: INFO cinder.api.openstack.wsgi [None req-62f0a96b-cb9b-41b2-a94c-4050bd762acd tempest-GroupsTest-1149557104 tempest-GroupsTest-1149557104-project] http://10.222.0.55/volume/v3/d0c4a6cce2ec435daba57fe999f928bf/volumes/detail returned with HTTP 200
Jun 29 10:42:49.241332 dv-cinder-786627-13-iscsi devstack@c-api.service[106436]: [pid: 106436|app: 0|req: 141/284] 10.222.0.55 () {60 vars in 1276 bytes} [Tue Jun 29 10:42:49 2021] GET /volume/v3/d0c4a6cce2ec435daba57fe999f928bf/volumes/detail => generated 15 bytes in 58 msecs (HTTP/1.1 200) 7 headers in 285 bytes (1 switches on core 0)
Jun 29 10:42:49.255360 dv-cinder-786627-13-iscsi devstack@c-api.service[106435]: INFO cinder.api.openstack.wsgi [None req-084484db-1185-41ca-b58b-9d181c5c73e2 tempest-GroupsTest-1149557104 tempest-GroupsTest-1149557104-project] POST http://10.222.0.55/volume/v3/d0c4a6cce2ec435daba57fe999f928bf/groups/89721b40-2c0a-44b0-bb73-5eed009ec399/action
Jun 29 10:42:49.256349 dv-cinder-786627-13-iscsi devstack@c-api.service[106435]: DEBUG cinder.api.openstack.wsgi [None req-084484db-1185-41ca-b58b-9d181c5c73e2 tempest-GroupsTest-1149557104 tempest-GroupsTest-1149557104-project] Action body: b'{"delete": {"delete-volumes": true}}' {{(pid=106435) get_method /opt/stack/cinder/cinder/api/openstack/wsgi.py:981}}
Jun 29 10:42:49.256678 dv-cinder-786627-13-iscsi devstack@c-api.service[106435]: DEBUG cinder.api.openstack.wsgi [None req-084484db-1185-41ca-b58b-9d181c5c73e2 tempest-GroupsTest-1149557104 tempest-GroupsTest-1149557104-project] Action: 'action', calling method: delete_group, body: {"delete": {"delete-volumes": true}} {{(pid=106435) _process_stack /opt/stack/cinder/cinder/api/openstack/wsgi.py:864}}
Jun 29 10:42:49.257658 dv-cinder-786627-13-iscsi devstack@c-api.service[106435]: DEBUG cinder.api.v3.groups [None req-084484db-1185-41ca-b58b-9d181c5c73e2 tempest-GroupsTest-1149557104 tempest-GroupsTest-1149557104-project] delete called for group 89721b40-2c0a-44b0-bb73-5eed009ec399 {{(pid=106435) _delete /opt/stack/cinder/cinder/api/v3/groups.py:117}}
Jun 29 10:42:49.257959 dv-cinder-786627-13-iscsi devstack@c-api.service[106435]: INFO cinder.api.v3.groups [None req-084484db-1185-41ca-b58b-9d181c5c73e2 tempest-GroupsTest-1149557104 tempest-GroupsTest-1149557104-project] Delete group with id: 89721b40-2c0a-44b0-bb73-5eed009ec399
Jun 29 10:42:49.258560 dv-cinder-786627-13-iscsi devstack@c-api.service[106436]: INFO cinder.api.openstack.wsgi [None req-2757e535-d749-4ac7-a2f5-84a454f20aa1 tempest-VolumeSnapshotQuotasNegativeTestJSON-491691150 tempest-VolumeSnapshotQuotasNegativeTestJSON-491691150-project] GET http://10.222.0.55/volume/v3/2196d80ca1b941c88398c727a0bc5355/snapshots/ad432221-6528-4d67-aadf-bc3e69dc891a
Jun 29 10:42:49.259347 dv-cinder-786627-13-iscsi devstack@c-api.service[106436]: DEBUG cinder.api.openstack.wsgi [None req-2757e535-d749-4ac7-a2f5-84a454f20aa1 tempest-VolumeSnapshotQuotasNegativeTestJSON-491691150 tempest-VolumeSnapshotQuotasNegativeTestJSON-491691150-project] Empty body provided in request {{(pid=106436) get_body /opt/stack/cinder/cinder/api/openstack/wsgi.py:713}}
Jun 29 10:42:49.260043 dv-cinder-786627-13-iscsi devstack@c-api.service[106436]: DEBUG cinder.api.openstack.wsgi [None req-2757e535-d749-4ac7-a2f5-84a454f20aa1 tempest-VolumeSnapshotQuotasNegativeTestJSON-491691150 tempest-VolumeSnapshotQuotasNegativeTestJSON-491691150-project] Calling method 'show' {{(pid=106436) _process_stack /opt/stack/cinder/cinder/api/openstack/wsgi.py:866}}
Jun 29 10:42:49.263350 dv-cinder-786627-13-iscsi devstack@c-api.service[106435]: INFO cinder.api.openstack.wsgi [None req-084484db-1185-41ca-b58b-9d181c5c73e2 tempest-GroupsTest-1149557104 tempest-GroupsTest-1149557104-project] http://10.222.0.55/volume/v3/d0c4a6cce2ec435daba57fe999f928bf/groups/89721b40-2c0a-44b0-bb73-5eed009ec399/action returned with HTTP 404
Jun 29 10:42:49.267683 dv-cinder-786627-13-iscsi devstack@c-api.service[106435]: [pid: 106435|app: 0|req: 144/285] 10.222.0.55 () {62 vars in 1405 bytes} [Tue Jun 29 10:42:49 2021] POST /volume/v3/d0c4a6cce2ec435daba57fe999f928bf/groups/89721b40-2c0a-44b0-bb73-5eed009ec399/action => generated 108 bytes in 16 msecs (HTTP/1.1 404) 7 headers in 293 bytes (1 switches on core 0)
Jun 29 10:42:49.269238 dv-cinder-786627-13-iscsi devstack@c-api.service[106436]: INFO cinder.api.openstack.wsgi [None req-2757e535-d749-4ac7-a2f5-84a454f20aa1 tempest-VolumeSnapshotQuotasNegativeTestJSON-491691150 tempest-VolumeSnapshotQuotasNegativeTestJSON-491691150-project] http://10.222.0.55/volume/v3/2196d80ca1b941c88398c727a0bc5355/snapshots/ad432221-6528-4d67-aadf-bc3e69dc891a returned with HTTP 404
Jun 29 10:42:49.273680 dv-cinder-786627-13-iscsi devstack@c-api.service[106436]: [pid: 106436|app: 0|req: 142/286] 10.222.0.55 () {58 vars in 1331 bytes} [Tue Jun 29 10:42:49 2021] GET /volume/v3/2196d80ca1b941c88398c727a0bc5355/snapshots/ad432221-6528-4d67-aadf-bc3e69dc891a => generated 111 bytes in 17 msecs (HTTP/1.1 404) 7 headers in 292 bytes (1 switches on core 0)
Jun 29 10:42:49.273803 dv-cinder-786627-13-iscsi devstack@c-api.service[106435]: INFO cinder.api.openstack.wsgi [None req-7f3ed886-c08b-4ceb-9d0d-15900241e53f tempest-GroupsTest-1149557104 tempest-GroupsTest-1149557104-project] GET http://10.222.0.55/volume/v3/d0c4a6cce2ec435daba57fe999f928bf/volumes/detail
