Jun 29 10:42:08.450854 dv-cinder-786627-13-iscsi devstack@c-api.service[106436]: [pid: 106436|app: 0|req: 18/42] 10.222.0.55 () {62 vars in 1274 bytes} [Tue Jun 29 10:42:07 2021] POST /volume/v3/712c33b3455a400b953bcf81ebfd6210/groups => generated 112 bytes in 642 msecs (HTTP/1.1 202) 7 headers in 292 bytes (1 switches on core 0)
Jun 29 10:42:08.467762 dv-cinder-786627-13-iscsi devstack@c-api.service[106436]: INFO cinder.api.openstack.wsgi [None req-8d881fe0-a443-433d-9f23-bbb7703ec11d tempest-GroupSnapshotsTest-265216784 tempest-GroupSnapshotsTest-265216784-project] GET http://10.222.0.55/volume/v3/712c33b3455a400b953bcf81ebfd6210/groups/2c28bac4-16cf-457e-a3eb-296773f20b26
Jun 29 10:42:08.472108 dv-cinder-786627-13-iscsi devstack@c-api.service[106436]: DEBUG cinder.api.openstack.wsgi [None req-8d881fe0-a443-433d-9f23-bbb7703ec11d tempest-GroupSnapshotsTest-265216784 tempest-GroupSnapshotsTest-265216784-project] Empty body provided in request {{(pid=106436) get_body /opt/stack/cinder/cinder/api/openstack/wsgi.py:713}}
Jun 29 10:42:08.473332 dv-cinder-786627-13-iscsi devstack@c-api.service[106436]: /usr/local/lib/python3.8/dist-packages/webob/acceptparse.py:1047: DeprecationWarning: The behavior of AcceptValidHeader.best_match is currently being maintained for backward compatibility, but it will be deprecated in the future, as it does not conform to the RFC.
Jun 29 10:42:08.473332 dv-cinder-786627-13-iscsi devstack@c-api.service[106436]: warnings.warn(
Jun 29 10:42:08.475594 dv-cinder-786627-13-iscsi devstack@c-api.service[106436]: DEBUG cinder.api.openstack.wsgi [None req-8d881fe0-a443-433d-9f23-bbb7703ec11d tempest-GroupSnapshotsTest-265216784 tempest-GroupSnapshotsTest-265216784-project] Calling method 'version_select' {{(pid=106436) _process_stack /opt/stack/cinder/cinder/api/openstack/wsgi.py:866}}
Jun 29 10:42:08.485072 dv-cinder-786627-13-iscsi devstack@c-api.service[106436]: DEBUG cinder.api.v3.groups [None req-8d881fe0-a443-433d-9f23-bbb7703ec11d tempest-GroupSnapshotsTest-265216784 tempest-GroupSnapshotsTest-265216784-project] show called for member 2c28bac4-16cf-457e-a3eb-296773f20b26 {{(pid=106436) show /opt/stack/cinder/cinder/api/v3/groups.py:58}}
Jun 29 10:42:08.485722 dv-cinder-786627-13-iscsi devstack@c-api.service[106435]: /usr/local/lib/python3.8/dist-packages/oslo_context/context.py:105: DeprecationWarning: Policy enforcement is depending on the value of is_admin. This key is deprecated. Please update your policy file to use the standard policy values.
Jun 29 10:42:08.485722 dv-cinder-786627-13-iscsi devstack@c-api.service[106435]: warnings.warn('Policy enforcement is depending on the value of '
Jun 29 10:42:08.514562 dv-cinder-786627-13-iscsi devstack@c-api.service[106436]: /usr/local/lib/python3.8/dist-packages/oslo_context/context.py:105: DeprecationWarning: Policy enforcement is depending on the value of is_admin. This key is deprecated. Please update your policy file to use the standard policy values.
Jun 29 10:42:08.514562 dv-cinder-786627-13-iscsi devstack@c-api.service[106436]: warnings.warn('Policy enforcement is depending on the value of '
Jun 29 10:42:08.519804 dv-cinder-786627-13-iscsi devstack@c-api.service[106435]: INFO cinder.volume.api [None req-700ed2eb-04a5-4835-bead-2d04c3187263 tempest-VolumesTestJSON-1673506699 tempest-VolumesTestJSON-1673506699-project] Volume info retrieved successfully.
Jun 29 10:42:08.582000 dv-cinder-786627-13-iscsi devstack@c-api.service[106435]: INFO cinder.api.openstack.wsgi [None req-700ed2eb-04a5-4835-bead-2d04c3187263 tempest-VolumesTestJSON-1673506699 tempest-VolumesTestJSON-1673506699-project] http://10.222.0.55/volume/v3/d95871eca46e483d9b8516a6e815e3fe/volumes/49745d4e-a708-456b-82f3-b8b305552493 returned with HTTP 200
Jun 29 10:42:08.596991 dv-cinder-786627-13-iscsi devstack@c-api.service[106435]: [pid: 106435|app: 0|req: 25/43] 10.222.0.55 () {58 vars in 1325 bytes} [Tue Jun 29 10:42:08 2021] GET /volume/v3/d95871eca46e483d9b8516a6e815e3fe/volumes/49745d4e-a708-456b-82f3-b8b305552493 => generated 922 bytes in 159 msecs (HTTP/1.1 200) 7 headers in 285 bytes (1 switches on core 0)
Jun 29 10:42:08.611661 dv-cinder-786627-13-iscsi devstack@c-api.service[106436]: INFO cinder.api.openstack.wsgi [None req-8d881fe0-a443-433d-9f23-bbb7703ec11d tempest-GroupSnapshotsTest-265216784 tempest-GroupSnapshotsTest-265216784-project] http://10.222.0.55/volume/v3/712c33b3455a400b953bcf81ebfd6210/groups/2c28bac4-16cf-457e-a3eb-296773f20b26 returned with HTTP 200
Jun 29 10:42:08.612922 dv-cinder-786627-13-iscsi devstack@c-api.service[106436]: [pid: 106436|app: 0|req: 19/44] 10.222.0.55 () {60 vars in 1363 bytes} [Tue Jun 29 10:42:08 2021] GET /volume/v3/712c33b3455a400b953bcf81ebfd6210/groups/2c28bac4-16cf-457e-a3eb-296773f20b26 => generated 392 bytes in 156 msecs (HTTP/1.1 200) 7 headers in 286 bytes (1 switches on core 0)
Jun 29 10:42:08.639151 dv-cinder-786627-13-iscsi devstack@c-api.service[106435]: INFO cinder.api.openstack.wsgi [req-c21ed5b4-f55b-428d-b6d8-d9400f6c71a5 req-f68af70a-5ae0-4d4f-907e-10183a52c564 tempest-VolumesTestJSON-1673506699 tempest-VolumesTestJSON-1673506699-project] GET http://10.222.0.55/volume/v3/d95871eca46e483d9b8516a6e815e3fe/volumes/49745d4e-a708-456b-82f3-b8b305552493
Jun 29 10:42:08.639816 dv-cinder-786627-13-iscsi devstack@c-api.service[106435]: DEBUG cinder.api.openstack.wsgi [req-c21ed5b4-f55b-428d-b6d8-d9400f6c71a5 req-f68af70a-5ae0-4d4f-907e-10183a52c564 tempest-VolumesTestJSON-1673506699 tempest-VolumesTestJSON-1673506699-project] Empty body provided in request {{(pid=106435) get_body /opt/stack/cinder/cinder/api/openstack/wsgi.py:713}}
Jun 29 10:42:08.640162 dv-cinder-786627-13-iscsi devstack@c-api.service[106435]: /usr/local/lib/python3.8/dist-packages/webob/acceptparse.py:1047: DeprecationWarning: The behavior of AcceptValidHeader.best_match is currently being maintained for backward compatibility, but it will be deprecated in the future, as it does not conform to the RFC.
Jun 29 10:42:08.640162 dv-cinder-786627-13-iscsi devstack@c-api.service[106435]: warnings.warn(
Jun 29 10:42:08.640721 dv-cinder-786627-13-iscsi devstack@c-api.service[106435]: DEBUG cinder.api.openstack.wsgi [req-c21ed5b4-f55b-428d-b6d8-d9400f6c71a5 req-f68af70a-5ae0-4d4f-907e-10183a52c564 tempest-VolumesTestJSON-1673506699 tempest-VolumesTestJSON-1673506699-project] Calling method 'show' {{(pid=106435) _process_stack /opt/stack/cinder/cinder/api/openstack/wsgi.py:866}}
Jun 29 10:42:08.664891 dv-cinder-786627-13-iscsi devstack@c-api.service[106435]: /usr/local/lib/python3.8/dist-packages/oslo_context/context.py:105: DeprecationWarning: Policy enforcement is depending on the value of is_admin. This key is deprecated. Please update your policy file to use the standard policy values.
Jun 29 10:42:08.664891 dv-cinder-786627-13-iscsi devstack@c-api.service[106435]: warnings.warn('Policy enforcement is depending on the value of '
Jun 29 10:42:08.679140 dv-cinder-786627-13-iscsi devstack@c-api.service[106436]: INFO cinder.api.openstack.wsgi [req-1eab658f-4881-4a30-9028-2a93429c910b req-b5312bbd-13ab-4e89-8336-d088b27fe3d9 tempest-VolumesSnapshotsTestJSON-1672227319 tempest-VolumesSnapshotsTestJSON-1672227319-project] GET http://10.222.0.55/volume/v3/912a0e2f63704f94a9806bcf95ab9def/snapshots/0b5552c2-6d42-4d2d-b08c-c98ff8c89e10
Jun 29 10:42:08.680039 dv-cinder-786627-13-iscsi devstack@c-api.service[106436]: DEBUG cinder.api.openstack.wsgi [req-1eab658f-4881-4a30-9028-2a93429c910b req-b5312bbd-13ab-4e89-8336-d088b27fe3d9 tempest-VolumesSnapshotsTestJSON-1672227319 tempest-VolumesSnapshotsTestJSON-1672227319-project] Empty body provided in request {{(pid=106436) get_body /opt/stack/cinder/cinder/api/openstack/wsgi.py:713}}
Jun 29 10:42:08.680404 dv-cinder-786627-13-iscsi devstack@c-api.service[106436]: /usr/local/lib/python3.8/dist-packages/webob/acceptparse.py:1047: DeprecationWarning: The behavior of AcceptValidHeader.best_match is currently being maintained for backward compatibility, but it will be deprecated in the future, as it does not conform to the RFC.
Jun 29 10:42:08.680404 dv-cinder-786627-13-iscsi devstack@c-api.service[106436]: warnings.warn(
Jun 29 10:42:08.680588 dv-cinder-786627-13-iscsi devstack@c-api.service[106436]: DEBUG cinder.api.openstack.wsgi [req-1eab658f-4881-4a30-9028-2a93429c910b req-b5312bbd-13ab-4e89-8336-d088b27fe3d9 tempest-VolumesSnapshotsTestJSON-1672227319 tempest-VolumesSnapshotsTestJSON-1672227319-project] Calling method 'show' {{(pid=106436) _process_stack /opt/stack/cinder/cinder/api/openstack/wsgi.py:866}}
Jun 29 10:42:08.695897 dv-cinder-786627-13-iscsi devstack@c-api.service[106436]: INFO cinder.api.openstack.wsgi [req-1eab658f-4881-4a30-9028-2a93429c910b req-b5312bbd-13ab-4e89-8336-d088b27fe3d9 tempest-VolumesSnapshotsTestJSON-1672227319 tempest-VolumesSnapshotsTestJSON-1672227319-project] http://10.222.0.55/volume/v3/912a0e2f63704f94a9806bcf95ab9def/snapshots/0b5552c2-6d42-4d2d-b08c-c98ff8c89e10 returned with HTTP 404
Jun 29 10:42:08.696985 dv-cinder-786627-13-iscsi devstack@c-api.service[106436]: [pid: 106436|app: 0|req: 20/45] 10.222.0.55 () {60 vars in 1585 bytes} [Tue Jun 29 10:42:08 2021] GET /volume/v3/912a0e2f63704f94a9806bcf95ab9def/snapshots/0b5552c2-6d42-4d2d-b08c-c98ff8c89e10 => generated 111 bytes in 23 msecs (HTTP/1.1 404) 7 headers in 292 bytes (2 switches on core 0)
Jun 29 10:42:08.705334 dv-cinder-786627-13-iscsi devstack@c-api.service[106435]: INFO cinder.volume.api [req-c21ed5b4-f55b-428d-b6d8-d9400f6c71a5 req-f68af70a-5ae0-4d4f-907e-10183a52c564 tempest-VolumesTestJSON-1673506699 tempest-VolumesTestJSON-1673506699-project] Volume info retrieved successfully.
Jun 29 10:42:08.736943 dv-cinder-786627-13-iscsi devstack@c-api.service[106435]: INFO cinder.api.openstack.wsgi [req-c21ed5b4-f55b-428d-b6d8-d9400f6c71a5 req-f68af70a-5ae0-4d4f-907e-10183a52c564 tempest-VolumesTestJSON-1673506699 tempest-VolumesTestJSON-1673506699-project] http://10.222.0.55/volume/v3/d95871eca46e483d9b8516a6e815e3fe/volumes/49745d4e-a708-456b-82f3-b8b305552493 returned with HTTP 200
Jun 29 10:42:08.738061 dv-cinder-786627-13-iscsi devstack@c-api.service[106435]: [pid: 106435|app: 0|req: 26/46] 10.222.0.55 () {60 vars in 1579 bytes} [Tue Jun 29 10:42:08 2021] GET /volume/v3/d95871eca46e483d9b8516a6e815e3fe/volumes/49745d4e-a708-456b-82f3-b8b305552493 => generated 922 bytes in 104 msecs (HTTP/1.1 200) 7 headers in 285 bytes (1 switches on core 0)
Jun 29 10:42:08.755981 dv-cinder-786627-13-iscsi devstack@c-api.service[106436]: INFO cinder.api.openstack.wsgi [req-d285346f-51ea-4f53-abdd-13c3f14690a3 req-f77534d9-8264-4e29-9a60-6fce9f9645bc tempest-VolumesSnapshotsTestJSON-1672227319 tempest-VolumesSnapshotsTestJSON-1672227319-project] DELETE http://10.222.0.55/volume/v3/912a0e2f63704f94a9806bcf95ab9def/volumes/8ca78735-4568-425d-bec1-bd684cb1aa58
Jun 29 10:42:08.756727 dv-cinder-786627-13-iscsi devstack@c-api.service[106436]: DEBUG cinder.api.openstack.wsgi [req-d285346f-51ea-4f53-abdd-13c3f14690a3 req-f77534d9-8264-4e29-9a60-6fce9f9645bc tempest-VolumesSnapshotsTestJSON-1672227319 tempest-VolumesSnapshotsTestJSON-1672227319-project] Empty body provided in request {{(pid=106436) get_body /opt/stack/cinder/cinder/api/openstack/wsgi.py:713}}
Jun 29 10:42:08.757380 dv-cinder-786627-13-iscsi devstack@c-api.service[106436]: DEBUG cinder.api.openstack.wsgi [req-d285346f-51ea-4f53-abdd-13c3f14690a3 req-f77534d9-8264-4e29-9a60-6fce9f9645bc tempest-VolumesSnapshotsTestJSON-1672227319 tempest-VolumesSnapshotsTestJSON-1672227319-project] Calling method 'delete' {{(pid=106436) _process_stack /opt/stack/cinder/cinder/api/openstack/wsgi.py:866}}
Jun 29 10:42:08.758146 dv-cinder-786627-13-iscsi devstack@c-api.service[106436]: INFO cinder.api.v3.volumes [req-d285346f-51ea-4f53-abdd-13c3f14690a3 req-f77534d9-8264-4e29-9a60-6fce9f9645bc tempest-VolumesSnapshotsTestJSON-1672227319 tempest-VolumesSnapshotsTestJSON-1672227319-project] Delete volume with id: 8ca78735-4568-425d-bec1-bd684cb1aa58
Jun 29 10:42:08.782663 dv-cinder-786627-13-iscsi devstack@c-api.service[106435]: INFO cinder.api.openstack.wsgi [req-8e01dbde-a56f-4f1f-91ab-907625e3ae01 req-656d6375-867b-4fd6-9b7f-88120842a1ca tempest-VolumesTestJSON-1673506699 tempest-VolumesTestJSON-1673506699-project] GET http://10.222.0.55/volume/v3/d95871eca46e483d9b8516a6e815e3fe/volumes/detail
Jun 29 10:42:08.783374 dv-cinder-786627-13-iscsi devstack@c-api.service[106435]: DEBUG cinder.api.openstack.wsgi [req-8e01dbde-a56f-4f1f-91ab-907625e3ae01 req-656d6375-867b-4fd6-9b7f-88120842a1ca tempest-VolumesTestJSON-1673506699 tempest-VolumesTestJSON-1673506699-project] Empty body provided in request {{(pid=106435) get_body /opt/stack/cinder/cinder/api/openstack/wsgi.py:713}}
Jun 29 10:42:08.783784 dv-cinder-786627-13-iscsi devstack@c-api.service[106435]: /usr/local/lib/python3.8/dist-packages/webob/acceptparse.py:1047: DeprecationWarning: The behavior of AcceptValidHeader.best_match is currently being maintained for backward compatibility, but it will be deprecated in the future, as it does not conform to the RFC.
Jun 29 10:42:08.783784 dv-cinder-786627-13-iscsi devstack@c-api.service[106435]: warnings.warn(
Jun 29 10:42:08.784373 dv-cinder-786627-13-iscsi devstack@c-api.service[106435]: DEBUG cinder.api.openstack.wsgi [req-8e01dbde-a56f-4f1f-91ab-907625e3ae01 req-656d6375-867b-4fd6-9b7f-88120842a1ca tempest-VolumesTestJSON-1673506699 tempest-VolumesTestJSON-1673506699-project] Calling method 'detail' {{(pid=106435) _process_stack /opt/stack/cinder/cinder/api/openstack/wsgi.py:866}}
Jun 29 10:42:08.785541 dv-cinder-786627-13-iscsi devstack@c-api.service[106435]: DEBUG cinder.api.api_utils [req-8e01dbde-a56f-4f1f-91ab-907625e3ae01 req-656d6375-867b-4fd6-9b7f-88120842a1ca tempest-VolumesTestJSON-1673506699 tempest-VolumesTestJSON-1673506699-project] Removing options '' from query. {{(pid=106435) remove_invalid_filter_options /opt/stack/cinder/cinder/api/api_utils.py:73}}
Jun 29 10:42:08.787558 dv-cinder-786627-13-iscsi devstack@c-api.service[106435]: DEBUG cinder.volume.api [req-8e01dbde-a56f-4f1f-91ab-907625e3ae01 req-656d6375-867b-4fd6-9b7f-88120842a1ca tempest-VolumesTestJSON-1673506699 tempest-VolumesTestJSON-1673506699-project] Searching by: MultiDict([('no_migration_targets', True)]). {{(pid=106435) get_all /opt/stack/cinder/cinder/volume/api.py:617}}
Jun 29 10:42:08.815479 dv-cinder-786627-13-iscsi devstack@c-api.service[106436]: /usr/local/lib/python3.8/dist-packages/oslo_context/context.py:105: DeprecationWarning: Policy enforcement is depending on the value of is_admin. This key is deprecated. Please update your policy file to use the standard policy values.
Jun 29 10:42:08.815479 dv-cinder-786627-13-iscsi devstack@c-api.service[106436]: warnings.warn('Policy enforcement is depending on the value of '
Jun 29 10:42:08.827657 dv-cinder-786627-13-iscsi devstack@c-api.service[106436]: INFO cinder.volume.api [req-d285346f-51ea-4f53-abdd-13c3f14690a3 req-f77534d9-8264-4e29-9a60-6fce9f9645bc tempest-VolumesSnapshotsTestJSON-1672227319 tempest-VolumesSnapshotsTestJSON-1672227319-project] Volume info retrieved successfully.
Jun 29 10:42:08.915139 dv-cinder-786627-13-iscsi devstack@c-api.service[106436]: INFO cinder.volume.api [req-d285346f-51ea-4f53-abdd-13c3f14690a3 req-f77534d9-8264-4e29-9a60-6fce9f9645bc tempest-VolumesSnapshotsTestJSON-1672227319 tempest-VolumesSnapshotsTestJSON-1672227319-project] Delete volume request issued successfully.
Jun 29 10:42:08.915867 dv-cinder-786627-13-iscsi devstack@c-api.service[106436]: INFO cinder.api.openstack.wsgi [req-d285346f-51ea-4f53-abdd-13c3f14690a3 req-f77534d9-8264-4e29-9a60-6fce9f9645bc tempest-VolumesSnapshotsTestJSON-1672227319 tempest-VolumesSnapshotsTestJSON-1672227319-project] http://10.222.0.55/volume/v3/912a0e2f63704f94a9806bcf95ab9def/volumes/8ca78735-4568-425d-bec1-bd684cb1aa58 returned with HTTP 202
Jun 29 10:42:08.916954 dv-cinder-786627-13-iscsi devstack@c-api.service[106436]: [pid: 106436|app: 0|req: 21/47] 10.222.0.55 () {62 vars in 1601 bytes} [Tue Jun 29 10:42:08 2021] DELETE /volume/v3/912a0e2f63704f94a9806bcf95ab9def/volumes/8ca78735-4568-425d-bec1-bd684cb1aa58 => generated 0 bytes in 165 msecs (HTTP/1.1 202) 6 headers in 233 bytes (1 switches on core 0)
Jun 29 10:42:08.943613 dv-cinder-786627-13-iscsi devstack@c-api.service[106435]: INFO cinder.volume.api [req-8e01dbde-a56f-4f1f-91ab-907625e3ae01 req-656d6375-867b-4fd6-9b7f-88120842a1ca tempest-VolumesTestJSON-1673506699 tempest-VolumesTestJSON-1673506699-project] Get all volumes completed successfully.
Jun 29 10:42:08.949436 dv-cinder-786627-13-iscsi devstack@c-api.service[106435]: /usr/local/lib/python3.8/dist-packages/oslo_context/context.py:105: DeprecationWarning: Policy enforcement is depending on the value of is_admin. This key is deprecated. Please update your policy file to use the standard policy values.
Jun 29 10:42:08.949436 dv-cinder-786627-13-iscsi devstack@c-api.service[106435]: warnings.warn('Policy enforcement is depending on the value of '
Jun 29 10:42:08.975960 dv-cinder-786627-13-iscsi devstack@c-api.service[106435]: INFO cinder.api.openstack.wsgi [req-8e01dbde-a56f-4f1f-91ab-907625e3ae01 req-656d6375-867b-4fd6-9b7f-88120842a1ca tempest-VolumesTestJSON-1673506699 tempest-VolumesTestJSON-1673506699-project] http://10.222.0.55/volume/v3/d95871eca46e483d9b8516a6e815e3fe/volumes/detail returned with HTTP 200
Jun 29 10:42:08.993481 dv-cinder-786627-13-iscsi devstack@c-api.service[106435]: [pid: 106435|app: 0|req: 27/48] 10.222.0.55 () {60 vars in 1489 bytes} [Tue Jun 29 10:42:08 2021] GET /volume/v3/d95871eca46e483d9b8516a6e815e3fe/volumes/detail => generated 2748 bytes in 214 msecs (HTTP/1.1 200) 7 headers in 286 bytes (2 switches on core 0)
Jun 29 10:42:09.022249 dv-cinder-786627-13-iscsi devstack@c-api.service[106436]: INFO cinder.api.openstack.wsgi [req-afe8c98e-3da1-4431-a245-ba421fcde9b6 req-a8e571b2-f033-4cd2-94b4-fa701a7a62bc tempest-VolumesSnapshotsTestJSON-1672227319 tempest-VolumesSnapshotsTestJSON-1672227319-project] GET http://10.222.0.55/volume/v3/912a0e2f63704f94a9806bcf95ab9def/volumes/8ca78735-4568-425d-bec1-bd684cb1aa58
Jun 29 10:42:09.023542 dv-cinder-786627-13-iscsi devstack@c-api.service[106436]: DEBUG cinder.api.openstack.wsgi [req-afe8c98e-3da1-4431-a245-ba421fcde9b6 req-a8e571b2-f033-4cd2-94b4-fa701a7a62bc tempest-VolumesSnapshotsTestJSON-1672227319 tempest-VolumesSnapshotsTestJSON-1672227319-project] Empty body provided in request {{(pid=106436) get_body /opt/stack/cinder/cinder/api/openstack/wsgi.py:713}}
Jun 29 10:42:09.023902 dv-cinder-786627-13-iscsi devstack@c-api.service[106436]: /usr/local/lib/python3.8/dist-packages/webob/acceptparse.py:1047: DeprecationWarning: The behavior of AcceptValidHeader.best_match is currently being maintained for backward compatibility, but it will be deprecated in the future, as it does not conform to the RFC.
Jun 29 10:42:09.023902 dv-cinder-786627-13-iscsi devstack@c-api.service[106436]: warnings.warn(
Jun 29 10:42:09.024547 dv-cinder-786627-13-iscsi devstack@c-api.service[106436]: DEBUG cinder.api.openstack.wsgi [req-afe8c98e-3da1-4431-a245-ba421fcde9b6 req-a8e571b2-f033-4cd2-94b4-fa701a7a62bc tempest-VolumesSnapshotsTestJSON-1672227319 tempest-VolumesSnapshotsTestJSON-1672227319-project] Calling method 'show' {{(pid=106436) _process_stack /opt/stack/cinder/cinder/api/openstack/wsgi.py:866}}
Jun 29 10:42:09.057914 dv-cinder-786627-13-iscsi devstack@c-api.service[106436]: /usr/local/lib/python3.8/dist-packages/oslo_context/context.py:105: DeprecationWarning: Policy enforcement is depending on the value of is_admin. This key is deprecated. Please update your policy file to use the standard policy values.
Jun 29 10:42:09.057914 dv-cinder-786627-13-iscsi devstack@c-api.service[106436]: warnings.warn('Policy enforcement is depending on the value of '
Jun 29 10:42:09.081178 dv-cinder-786627-13-iscsi devstack@c-api.service[106436]: INFO cinder.volume.api [req-afe8c98e-3da1-4431-a245-ba421fcde9b6 req-a8e571b2-f033-4cd2-94b4-fa701a7a62bc tempest-VolumesSnapshotsTestJSON-1672227319 tempest-VolumesSnapshotsTestJSON-1672227319-project] Volume info retrieved successfully.
Jun 29 10:42:09.123334 dv-cinder-786627-13-iscsi devstack@c-api.service[106436]: INFO cinder.api.openstack.wsgi [req-afe8c98e-3da1-4431-a245-ba421fcde9b6 req-a8e571b2-f033-4cd2-94b4-fa701a7a62bc tempest-VolumesSnapshotsTestJSON-1672227319 tempest-VolumesSnapshotsTestJSON-1672227319-project] http://10.222.0.55/volume/v3/912a0e2f63704f94a9806bcf95ab9def/volumes/8ca78735-4568-425d-bec1-bd684cb1aa58 returned with HTTP 200
Jun 29 10:42:09.127276 dv-cinder-786627-13-iscsi devstack@c-api.service[106436]: [pid: 106436|app: 0|req: 22/49] 10.222.0.55 () {60 vars in 1579 bytes} [Tue Jun 29 10:42:09 2021] GET /volume/v3/912a0e2f63704f94a9806bcf95ab9def/volumes/8ca78735-4568-425d-bec1-bd684cb1aa58 => generated 916 bytes in 110 msecs (HTTP/1.1 200) 7 headers in 285 bytes (1 switches on core 0)
Jun 29 10:42:09.196488 dv-cinder-786627-13-iscsi devstack@c-api.service[106435]: INFO cinder.api.openstack.wsgi [req-354e512b-6666-4152-8f57-f90242d203a6 req-4b9a8b69-97cd-4372-a16d-aa0f95ff0e07 tempest-VolumesTestJSON-1673506699 tempest-VolumesTestJSON-1673506699-project] GET http://10.222.0.55/volume/v3/d95871eca46e483d9b8516a6e815e3fe/volumes/detail
Jun 29 10:42:09.197425 dv-cinder-786627-13-iscsi devstack@c-api.service[106435]: DEBUG cinder.api.openstack.wsgi [req-354e512b-6666-4152-8f57-f90242d203a6 req-4b9a8b69-97cd-4372-a16d-aa0f95ff0e07 tempest-VolumesTestJSON-1673506699 tempest-VolumesTestJSON-1673506699-project] Empty body provided in request {{(pid=106435) get_body /opt/stack/cinder/cinder/api/openstack/wsgi.py:713}}
Jun 29 10:42:09.197841 dv-cinder-786627-13-iscsi devstack@c-api.service[106435]: /usr/local/lib/python3.8/dist-packages/webob/acceptparse.py:1047: DeprecationWarning: The behavior of AcceptValidHeader.best_match is currently being maintained for backward compatibility, but it will be deprecated in the future, as it does not conform to the RFC.
Jun 29 10:42:09.197841 dv-cinder-786627-13-iscsi devstack@c-api.service[106435]: warnings.warn(
Jun 29 10:42:09.198477 dv-cinder-786627-13-iscsi devstack@c-api.service[106435]: DEBUG cinder.api.openstack.wsgi [req-354e512b-6666-4152-8f57-f90242d203a6 req-4b9a8b69-97cd-4372-a16d-aa0f95ff0e07 tempest-VolumesTestJSON-1673506699 tempest-VolumesTestJSON-1673506699-project] Calling method 'detail' {{(pid=106435) _process_stack /opt/stack/cinder/cinder/api/openstack/wsgi.py:866}}
Jun 29 10:42:09.199368 dv-cinder-786627-13-iscsi devstack@c-api.service[106435]: DEBUG cinder.api.api_utils [req-354e512b-6666-4152-8f57-f90242d203a6 req-4b9a8b69-97cd-4372-a16d-aa0f95ff0e07 tempest-VolumesTestJSON-1673506699 tempest-VolumesTestJSON-1673506699-project] Removing options '' from query. {{(pid=106435) remove_invalid_filter_options /opt/stack/cinder/cinder/api/api_utils.py:73}}
Jun 29 10:42:09.201445 dv-cinder-786627-13-iscsi devstack@c-api.service[106435]: DEBUG cinder.volume.api [req-354e512b-6666-4152-8f57-f90242d203a6 req-4b9a8b69-97cd-4372-a16d-aa0f95ff0e07 tempest-VolumesTestJSON-1673506699 tempest-VolumesTestJSON-1673506699-project] Searching by: MultiDict([('no_migration_targets', True)]). {{(pid=106435) get_all /opt/stack/cinder/cinder/volume/api.py:617}}
Jun 29 10:42:09.597679 dv-cinder-786627-13-iscsi devstack@c-api.service[106435]: INFO cinder.volume.api [req-354e512b-6666-4152-8f57-f90242d203a6 req-4b9a8b69-97cd-4372-a16d-aa0f95ff0e07 tempest-VolumesTestJSON-1673506699 tempest-VolumesTestJSON-1673506699-project] Get all volumes completed successfully.
Jun 29 10:42:09.606968 dv-cinder-786627-13-iscsi devstack@c-api.service[106435]: /usr/local/lib/python3.8/dist-packages/oslo_context/context.py:105: DeprecationWarning: Policy enforcement is depending on the value of is_admin. This key is deprecated. Please update your policy file to use the standard policy values.
Jun 29 10:42:09.606968 dv-cinder-786627-13-iscsi devstack@c-api.service[106435]: warnings.warn('Policy enforcement is depending on the value of '
Jun 29 10:42:09.625123 dv-cinder-786627-13-iscsi devstack@c-api.service[106436]: INFO cinder.api.openstack.wsgi [None req-79b1c51c-d49c-48d7-a73b-7b69ea37c338 tempest-GroupSnapshotsTest-265216784 tempest-GroupSnapshotsTest-265216784-project] GET http://10.222.0.55/volume/v3/712c33b3455a400b953bcf81ebfd6210/groups/2c28bac4-16cf-457e-a3eb-296773f20b26
Jun 29 10:42:09.626318 dv-cinder-786627-13-iscsi devstack@c-api.service[106436]: DEBUG cinder.api.openstack.wsgi [None req-79b1c51c-d49c-48d7-a73b-7b69ea37c338 tempest-GroupSnapshotsTest-265216784 tempest-GroupSnapshotsTest-265216784-project] Empty body provided in request {{(pid=106436) get_body /opt/stack/cinder/cinder/api/openstack/wsgi.py:713}}
Jun 29 10:42:09.626700 dv-cinder-786627-13-iscsi devstack@c-api.service[106436]: /usr/local/lib/python3.8/dist-packages/webob/acceptparse.py:1047: DeprecationWarning: The behavior of AcceptValidHeader.best_match is currently being maintained for backward compatibility, but it will be deprecated in the future, as it does not conform to the RFC.
Jun 29 10:42:09.626700 dv-cinder-786627-13-iscsi devstack@c-api.service[106436]: warnings.warn(
Jun 29 10:42:09.627375 dv-cinder-786627-13-iscsi devstack@c-api.service[106436]: DEBUG cinder.api.openstack.wsgi [None req-79b1c51c-d49c-48d7-a73b-7b69ea37c338 tempest-GroupSnapshotsTest-265216784 tempest-GroupSnapshotsTest-265216784-project] Calling method 'version_select' {{(pid=106436) _process_stack /opt/stack/cinder/cinder/api/openstack/wsgi.py:866}}
Jun 29 10:42:09.627938 dv-cinder-786627-13-iscsi devstack@c-api.service[106436]: DEBUG cinder.api.v3.groups [None req-79b1c51c-d49c-48d7-a73b-7b69ea37c338 tempest-GroupSnapshotsTest-265216784 tempest-GroupSnapshotsTest-265216784-project] show called for member 2c28bac4-16cf-457e-a3eb-296773f20b26 {{(pid=106436) show /opt/stack/cinder/cinder/api/v3/groups.py:58}}
Jun 29 10:42:09.635685 dv-cinder-786627-13-iscsi devstack@c-api.service[106436]: /usr/local/lib/python3.8/dist-packages/oslo_context/context.py:105: DeprecationWarning: Policy enforcement is depending on the value of is_admin. This key is deprecated. Please update your policy file to use the standard policy values.
Jun 29 10:42:09.635685 dv-cinder-786627-13-iscsi devstack@c-api.service[106436]: warnings.warn('Policy enforcement is depending on the value of '
Jun 29 10:42:09.643051 dv-cinder-786627-13-iscsi devstack@c-api.service[106435]: INFO cinder.api.openstack.wsgi [req-354e512b-6666-4152-8f57-f90242d203a6 req-4b9a8b69-97cd-4372-a16d-aa0f95ff0e07 tempest-VolumesTestJSON-1673506699 tempest-VolumesTestJSON-1673506699-project] http://10.222.0.55/volume/v3/d95871eca46e483d9b8516a6e815e3fe/volumes/detail returned with HTTP 200
Jun 29 10:42:09.654504 dv-cinder-786627-13-iscsi devstack@c-api.service[106435]: [pid: 106435|app: 0|req: 28/50] 10.222.0.55 () {60 vars in 1489 bytes} [Tue Jun 29 10:42:09 2021] GET /volume/v3/d95871eca46e483d9b8516a6e815e3fe/volumes/detail => generated 2748 bytes in 463 msecs (HTTP/1.1 200) 7 headers in 286 bytes (1 switches on core 0)
Jun 29 10:42:09.687008 dv-cinder-786627-13-iscsi devstack@c-api.service[106436]: INFO cinder.api.openstack.wsgi [None req-79b1c51c-d49c-48d7-a73b-7b69ea37c338 tempest-GroupSnapshotsTest-265216784 tempest-GroupSnapshotsTest-265216784-project] http://10.222.0.55/volume/v3/712c33b3455a400b953bcf81ebfd6210/groups/2c28bac4-16cf-457e-a3eb-296773f20b26 returned with HTTP 200
Jun 29 10:42:09.688158 dv-cinder-786627-13-iscsi devstack@c-api.service[106436]: [pid: 106436|app: 0|req: 23/51] 10.222.0.55 () {60 vars in 1363 bytes} [Tue Jun 29 10:42:09 2021] GET /volume/v3/712c33b3455a400b953bcf81ebfd6210/groups/2c28bac4-16cf-457e-a3eb-296773f20b26 => generated 393 bytes in 67 msecs (HTTP/1.1 200) 7 headers in 286 bytes (1 switches on core 0)
Jun 29 10:42:09.699957 dv-cinder-786627-13-iscsi devstack@c-api.service[106435]: INFO cinder.api.openstack.wsgi [None req-3732f284-f957-4569-9c6b-10191021ba56 tempest-GroupSnapshotsTest-265216784 tempest-GroupSnapshotsTest-265216784-project] POST http://10.222.0.55/volume/v3/712c33b3455a400b953bcf81ebfd6210/volumes
Jun 29 10:42:09.700626 dv-cinder-786627-13-iscsi devstack@c-api.service[106435]: /usr/local/lib/python3.8/dist-packages/webob/acceptparse.py:1047: DeprecationWarning: The behavior of AcceptValidHeader.best_match is currently being maintained for backward compatibility, but it will be deprecated in the future, as it does not conform to the RFC.
Jun 29 10:42:09.700626 dv-cinder-786627-13-iscsi devstack@c-api.service[106435]: warnings.warn(
Jun 29 10:42:09.701265 dv-cinder-786627-13-iscsi devstack@c-api.service[106435]: DEBUG cinder.api.openstack.wsgi [None req-3732f284-f957-4569-9c6b-10191021ba56 tempest-GroupSnapshotsTest-265216784 tempest-GroupSnapshotsTest-265216784-project] Action: 'create', calling method: create, body: {"volume": {"volume_type": "efc12c01-d49c-4da5-9055-3543ba3571ce", "group_id": "2c28bac4-16cf-457e-a3eb-296773f20b26", "size": 1, "name": "tempest-GroupSnapshotsTest-Volume-1836917900"}} {{(pid=106435) _process_stack /opt/stack/cinder/cinder/api/openstack/wsgi.py:864}}
Jun 29 10:42:09.702524 dv-cinder-786627-13-iscsi devstack@c-api.service[106435]: DEBUG cinder.api.v3.volumes [None req-3732f284-f957-4569-9c6b-10191021ba56 tempest-GroupSnapshotsTest-265216784 tempest-GroupSnapshotsTest-265216784-project] Create volume request body: {'volume': {'volume_type': 'efc12c01-d49c-4da5-9055-3543ba3571ce', 'group_id': '2c28bac4-16cf-457e-a3eb-296773f20b26', 'size': 1, 'name': 'tempest-GroupSnapshotsTest-Volume-1836917900'}} {{(pid=106435) create /opt/stack/cinder/cinder/api/v3/volumes.py:289}}
Jun 29 10:42:09.722208 dv-cinder-786627-13-iscsi devstack@c-api.service[106436]: INFO cinder.api.openstack.wsgi [req-844af205-d0f8-47c0-8ea7-4feb70bcea30 req-18d54204-e96f-48aa-be05-2faa94756773 tempest-VolumesTestJSON-1673506699 tempest-VolumesTestJSON-1673506699-project] GET http://10.222.0.55/volume/v3/d95871eca46e483d9b8516a6e815e3fe/volumes/detail
Jun 29 10:42:09.724711 dv-cinder-786627-13-iscsi devstack@c-api.service[106436]: DEBUG cinder.api.openstack.wsgi [req-844af205-d0f8-47c0-8ea7-4feb70bcea30 req-18d54204-e96f-48aa-be05-2faa94756773 tempest-VolumesTestJSON-1673506699 tempest-VolumesTestJSON-1673506699-project] Empty body provided in request {{(pid=106436) get_body /opt/stack/cinder/cinder/api/openstack/wsgi.py:713}}
Jun 29 10:42:09.724951 dv-cinder-786627-13-iscsi devstack@c-api.service[106436]: /usr/local/lib/python3.8/dist-packages/webob/acceptparse.py:1047: DeprecationWarning: The behavior of AcceptValidHeader.best_match is currently being maintained for backward compatibility, but it will be deprecated in the future, as it does not conform to the RFC.
Jun 29 10:42:09.724951 dv-cinder-786627-13-iscsi devstack@c-api.service[106436]: warnings.warn(
Jun 29 10:42:09.725210 dv-cinder-786627-13-iscsi devstack@c-api.service[106436]: DEBUG cinder.api.openstack.wsgi [req-844af205-d0f8-47c0-8ea7-4feb70bcea30 req-18d54204-e96f-48aa-be05-2faa94756773 tempest-VolumesTestJSON-1673506699 tempest-VolumesTestJSON-1673506699-project] Calling method 'detail' {{(pid=106436) _process_stack /opt/stack/cinder/cinder/api/openstack/wsgi.py:866}}
Jun 29 10:42:09.726235 dv-cinder-786627-13-iscsi devstack@c-api.service[106436]: DEBUG cinder.api.api_utils [req-844af205-d0f8-47c0-8ea7-4feb70bcea30 req-18d54204-e96f-48aa-be05-2faa94756773 tempest-VolumesTestJSON-1673506699 tempest-VolumesTestJSON-1673506699-project] Removing options '' from query. {{(pid=106436) remove_invalid_filter_options /opt/stack/cinder/cinder/api/api_utils.py:73}}
Jun 29 10:42:09.742272 dv-cinder-786627-13-iscsi devstack@c-api.service[106436]: /usr/local/lib/python3.8/dist-packages/oslo_context/context.py:105: DeprecationWarning: Policy enforcement is depending on the value of is_admin. This key is deprecated. Please update your policy file to use the standard policy values.
Jun 29 10:42:09.742272 dv-cinder-786627-13-iscsi devstack@c-api.service[106436]: warnings.warn('Policy enforcement is depending on the value of '
Jun 29 10:42:09.743340 dv-cinder-786627-13-iscsi devstack@c-api.service[106436]: DEBUG cinder.volume.api [req-844af205-d0f8-47c0-8ea7-4feb70bcea30 req-18d54204-e96f-48aa-be05-2faa94756773 tempest-VolumesTestJSON-1673506699 tempest-VolumesTestJSON-1673506699-project] Searching by: MultiDict([('no_migration_targets', True)]). {{(pid=106436) get_all /opt/stack/cinder/cinder/volume/api.py:617}}
Jun 29 10:42:09.750354 dv-cinder-786627-13-iscsi devstack@c-api.service[106435]: /usr/local/lib/python3.8/dist-packages/oslo_context/context.py:105: DeprecationWarning: Policy enforcement is depending on the value of is_admin. This key is deprecated. Please update your policy file to use the standard policy values.
Jun 29 10:42:09.750354 dv-cinder-786627-13-iscsi devstack@c-api.service[106435]: warnings.warn('Policy enforcement is depending on the value of '
Jun 29 10:42:09.756817 dv-cinder-786627-13-iscsi devstack@c-api.service[106435]: INFO cinder.api.v3.volumes [None req-3732f284-f957-4569-9c6b-10191021ba56 tempest-GroupSnapshotsTest-265216784 tempest-GroupSnapshotsTest-265216784-project] Create volume of 1 GB
Jun 29 10:42:09.816568 dv-cinder-786627-13-iscsi devstack@c-api.service[106435]: INFO cinder.volume.api [None req-3732f284-f957-4569-9c6b-10191021ba56 tempest-GroupSnapshotsTest-265216784 tempest-GroupSnapshotsTest-265216784-project] Availability Zones retrieved successfully.
Jun 29 10:42:09.856360 dv-cinder-786627-13-iscsi devstack@c-api.service[106435]: DEBUG cinder.volume.api [None req-3732f284-f957-4569-9c6b-10191021ba56 tempest-GroupSnapshotsTest-265216784 tempest-GroupSnapshotsTest-265216784-project] Flow 'volume_create_api' (fd92fa13-798b-476f-a534-3369a66551c4) transitioned into state 'RUNNING' from state 'PENDING' {{(pid=106435) _flow_receiver /usr/local/lib/python3.8/dist-packages/taskflow/listeners/logging.py:141}}
Jun 29 10:42:09.861412 dv-cinder-786627-13-iscsi devstack@c-api.service[106435]: DEBUG cinder.volume.api [None req-3732f284-f957-4569-9c6b-10191021ba56 tempest-GroupSnapshotsTest-265216784 tempest-GroupSnapshotsTest-265216784-project] Task 'cinder.volume.flows.api.create_volume.ExtractVolumeRequestTask;volume:create' (ea442098-1fcc-4514-bd7f-f9240376e1d3) transitioned into state 'RUNNING' from state 'PENDING' {{(pid=106435) _task_receiver /usr/local/lib/python3.8/dist-packages/taskflow/listeners/logging.py:190}}
Jun 29 10:42:09.864596 dv-cinder-786627-13-iscsi devstack@c-api.service[106435]: /usr/local/lib/python3.8/dist-packages/oslo_context/context.py:105: DeprecationWarning: Policy enforcement is depending on the value of is_admin. This key is deprecated. Please update your policy file to use the standard policy values.
Jun 29 10:42:09.864596 dv-cinder-786627-13-iscsi devstack@c-api.service[106435]: warnings.warn('Policy enforcement is depending on the value of '
Jun 29 10:42:09.866697 dv-cinder-786627-13-iscsi devstack@c-api.service[106435]: DEBUG cinder.volume.flows.api.create_volume [None req-3732f284-f957-4569-9c6b-10191021ba56 tempest-GroupSnapshotsTest-265216784 tempest-GroupSnapshotsTest-265216784-project] Validating volume size '1' using validate_int {{(pid=106435) _extract_size /opt/stack/cinder/cinder/volume/flows/api/create_volume.py:201}}
Jun 29 10:42:09.930858 dv-cinder-786627-13-iscsi devstack@c-api.service[106435]: DEBUG cinder.volume.api [None req-3732f284-f957-4569-9c6b-10191021ba56 tempest-GroupSnapshotsTest-265216784 tempest-GroupSnapshotsTest-265216784-project] Task 'cinder.volume.flows.api.create_volume.ExtractVolumeRequestTask;volume:create' (ea442098-1fcc-4514-bd7f-f9240376e1d3) transitioned into state 'SUCCESS' from state 'RUNNING' with result '{'size': 1, 'snapshot_id': None, 'source_volid': None, 'volume_type': VolumeType(created_at=2021-06-29T10:42:08Z,deleted=False,deleted_at=None,description=None,extra_specs={},id=efc12c01-d49c-4da5-9055-3543ba3571ce,is_public=True,name='tempest-GroupSnapshotsTest-volume-type-354568267',projects=[],qos_specs=,qos_specs_id=None,updated_at=None), 'volume_type_id': 'efc12c01-d49c-4da5-9055-3543ba3571ce', 'encryption_key_id': None, 'qos_specs': None, 'consistencygroup_id': None, 'cgsnapshot_id': None, 'group_id': '2c28bac4-16cf-457e-a3eb-296773f20b26', 'replication_status': 'disabled', 'refresh_az': False, 'backup_id': None, 'multiattach': False, 'availability_zones': ['nova']}' {{(pid=106435) _task_receiver /usr/local/lib/python3.8/dist-packages/taskflow/listeners/logging.py:178}}
Jun 29 10:42:09.940619 dv-cinder-786627-13-iscsi devstack@c-api.service[106435]: DEBUG cinder.volume.api [None req-3732f284-f957-4569-9c6b-10191021ba56 tempest-GroupSnapshotsTest-265216784 tempest-GroupSnapshotsTest-265216784-project] Task 'cinder.volume.flows.api.create_volume.QuotaReserveTask;volume:create' (5353a0c6-051f-404b-bda9-c125c975a96c) transitioned into state 'RUNNING' from state 'PENDING' {{(pid=106435) _task_receiver /usr/local/lib/python3.8/dist-packages/taskflow/listeners/logging.py:190}}
Jun 29 10:42:10.059484 dv-cinder-786627-13-iscsi devstack@c-api.service[106435]: WARNING cinder.quota [None req-3732f284-f957-4569-9c6b-10191021ba56 tempest-GroupSnapshotsTest-265216784 tempest-GroupSnapshotsTest-265216784-project] Deprecated: Default quota for resource: volumes_tempest-GroupSnapshotsTest-volume-type-354568267 is set by the default quota flag: quota_volumes_tempest-GroupSnapshotsTest-volume-type-354568267, it is now deprecated. Please use the default quota class for default quota.
Jun 29 10:42:10.060278 dv-cinder-786627-13-iscsi devstack@c-api.service[106435]: WARNING cinder.quota [None req-3732f284-f957-4569-9c6b-10191021ba56 tempest-GroupSnapshotsTest-265216784 tempest-GroupSnapshotsTest-265216784-project] Deprecated: Default quota for resource: gigabytes_tempest-GroupSnapshotsTest-volume-type-354568267 is set by the default quota flag: quota_gigabytes_tempest-GroupSnapshotsTest-volume-type-354568267, it is now deprecated. Please use the default quota class for default quota.
Jun 29 10:42:10.062129 dv-cinder-786627-13-iscsi devstack@c-api.service[106436]: INFO cinder.volume.api [req-844af205-d0f8-47c0-8ea7-4feb70bcea30 req-18d54204-e96f-48aa-be05-2faa94756773 tempest-VolumesTestJSON-1673506699 tempest-VolumesTestJSON-1673506699-project] Get all volumes completed successfully.
Jun 29 10:42:10.064979 dv-cinder-786627-13-iscsi devstack@c-api.service[106436]: /usr/local/lib/python3.8/dist-packages/oslo_context/context.py:105: DeprecationWarning: Policy enforcement is depending on the value of is_admin. This key is deprecated. Please update your policy file to use the standard policy values.
Jun 29 10:42:10.064979 dv-cinder-786627-13-iscsi devstack@c-api.service[106436]: warnings.warn('Policy enforcement is depending on the value of '
Jun 29 10:42:10.074153 dv-cinder-786627-13-iscsi devstack@c-api.service[106436]: INFO cinder.api.openstack.wsgi [req-844af205-d0f8-47c0-8ea7-4feb70bcea30 req-18d54204-e96f-48aa-be05-2faa94756773 tempest-VolumesTestJSON-1673506699 tempest-VolumesTestJSON-1673506699-project] http://10.222.0.55/volume/v3/d95871eca46e483d9b8516a6e815e3fe/volumes/detail returned with HTTP 200
Jun 29 10:42:10.075586 dv-cinder-786627-13-iscsi devstack@c-api.service[106436]: [pid: 106436|app: 0|req: 24/52] 10.222.0.55 () {60 vars in 1489 bytes} [Tue Jun 29 10:42:09 2021] GET /volume/v3/d95871eca46e483d9b8516a6e815e3fe/volumes/detail => generated 2748 bytes in 361 msecs (HTTP/1.1 200) 7 headers in 286 bytes (1 switches on core 0)
Jun 29 10:42:10.116847 dv-cinder-786627-13-iscsi devstack@c-api.service[106436]: INFO cinder.api.openstack.wsgi [req-09d3fa27-9103-4ada-b58d-b3ade20e3e7c req-b648f6eb-e81c-4dcc-b095-62703197eb96 tempest-VolumesTestJSON-1673506699 tempest-VolumesTestJSON-1673506699-project] GET http://10.222.0.55/volume/v3/d95871eca46e483d9b8516a6e815e3fe/volumes/detail
Jun 29 10:42:10.117712 dv-cinder-786627-13-iscsi devstack@c-api.service[106436]: DEBUG cinder.api.openstack.wsgi [req-09d3fa27-9103-4ada-b58d-b3ade20e3e7c req-b648f6eb-e81c-4dcc-b095-62703197eb96 tempest-VolumesTestJSON-1673506699 tempest-VolumesTestJSON-1673506699-project] Empty body provided in request {{(pid=106436) get_body /opt/stack/cinder/cinder/api/openstack/wsgi.py:713}}
Jun 29 10:42:10.118669 dv-cinder-786627-13-iscsi devstack@c-api.service[106436]: /usr/local/lib/python3.8/dist-packages/webob/acceptparse.py:1047: DeprecationWarning: The behavior of AcceptValidHeader.best_match is currently being maintained for backward compatibility, but it will be deprecated in the future, as it does not conform to the RFC.
Jun 29 10:42:10.118669 dv-cinder-786627-13-iscsi devstack@c-api.service[106436]: warnings.warn(
Jun 29 10:42:10.119296 dv-cinder-786627-13-iscsi devstack@c-api.service[106436]: DEBUG cinder.api.openstack.wsgi [req-09d3fa27-9103-4ada-b58d-b3ade20e3e7c req-b648f6eb-e81c-4dcc-b095-62703197eb96 tempest-VolumesTestJSON-1673506699 tempest-VolumesTestJSON-1673506699-project] Calling method 'detail' {{(pid=106436) _process_stack /opt/stack/cinder/cinder/api/openstack/wsgi.py:866}}
Jun 29 10:42:10.120174 dv-cinder-786627-13-iscsi devstack@c-api.service[106436]: DEBUG cinder.api.api_utils [req-09d3fa27-9103-4ada-b58d-b3ade20e3e7c req-b648f6eb-e81c-4dcc-b095-62703197eb96 tempest-VolumesTestJSON-1673506699 tempest-VolumesTestJSON-1673506699-project] Removing options '' from query. {{(pid=106436) remove_invalid_filter_options /opt/stack/cinder/cinder/api/api_utils.py:73}}
Jun 29 10:42:10.122632 dv-cinder-786627-13-iscsi devstack@c-api.service[106436]: DEBUG cinder.volume.api [req-09d3fa27-9103-4ada-b58d-b3ade20e3e7c req-b648f6eb-e81c-4dcc-b095-62703197eb96 tempest-VolumesTestJSON-1673506699 tempest-VolumesTestJSON-1673506699-project] Searching by: MultiDict([('no_migration_targets', True)]). {{(pid=106436) get_all /opt/stack/cinder/cinder/volume/api.py:617}}
Jun 29 10:42:10.203203 dv-cinder-786627-13-iscsi devstack@c-api.service[106435]: DEBUG cinder.quota [None req-3732f284-f957-4569-9c6b-10191021ba56 tempest-GroupSnapshotsTest-265216784 tempest-GroupSnapshotsTest-265216784-project] Created reservations ['ab2f0ce1-23fd-4a21-822b-565d8a64d5a7', 'd730d18e-11cc-47a2-8d50-8e1a704de7bf', '50043589-e1a8-4f04-a666-1d5a0bc1c8c3', 'f8f66764-1428-45a0-a447-e3ca94b8d059'] {{(pid=106435) reserve /opt/stack/cinder/cinder/quota.py:755}}
Jun 29 10:42:10.204897 dv-cinder-786627-13-iscsi devstack@c-api.service[106435]: DEBUG cinder.volume.api [None req-3732f284-f957-4569-9c6b-10191021ba56 tempest-GroupSnapshotsTest-265216784 tempest-GroupSnapshotsTest-265216784-project] Task 'cinder.volume.flows.api.create_volume.QuotaReserveTask;volume:create' (5353a0c6-051f-404b-bda9-c125c975a96c) transitioned into state 'SUCCESS' from state 'RUNNING' with result '{'reservations': ['ab2f0ce1-23fd-4a21-822b-565d8a64d5a7', 'd730d18e-11cc-47a2-8d50-8e1a704de7bf', '50043589-e1a8-4f04-a666-1d5a0bc1c8c3', 'f8f66764-1428-45a0-a447-e3ca94b8d059']}' {{(pid=106435) _task_receiver /usr/local/lib/python3.8/dist-packages/taskflow/listeners/logging.py:178}}
Jun 29 10:42:10.207177 dv-cinder-786627-13-iscsi devstack@c-api.service[106435]: DEBUG cinder.volume.api [None req-3732f284-f957-4569-9c6b-10191021ba56 tempest-GroupSnapshotsTest-265216784 tempest-GroupSnapshotsTest-265216784-project] Task 'cinder.volume.flows.api.create_volume.EntryCreateTask;volume:create' (116e16f1-36b5-4584-9135-e824cb59e62c) transitioned into state 'RUNNING' from state 'PENDING' {{(pid=106435) _task_receiver /usr/local/lib/python3.8/dist-packages/taskflow/listeners/logging.py:190}}
Jun 29 10:42:10.217763 dv-cinder-786627-13-iscsi devstack@c-api.service[106436]: INFO cinder.volume.api [req-09d3fa27-9103-4ada-b58d-b3ade20e3e7c req-b648f6eb-e81c-4dcc-b095-62703197eb96 tempest-VolumesTestJSON-1673506699 tempest-VolumesTestJSON-1673506699-project] Get all volumes completed successfully.
Jun 29 10:42:10.222087 dv-cinder-786627-13-iscsi devstack@c-api.service[106436]: /usr/local/lib/python3.8/dist-packages/oslo_context/context.py:105: DeprecationWarning: Policy enforcement is depending on the value of is_admin. This key is deprecated. Please update your policy file to use the standard policy values.
Jun 29 10:42:10.222087 dv-cinder-786627-13-iscsi devstack@c-api.service[106436]: warnings.warn('Policy enforcement is depending on the value of '
Jun 29 10:42:10.233140 dv-cinder-786627-13-iscsi devstack@c-api.service[106436]: INFO cinder.api.openstack.wsgi [req-09d3fa27-9103-4ada-b58d-b3ade20e3e7c req-b648f6eb-e81c-4dcc-b095-62703197eb96 tempest-VolumesTestJSON-1673506699 tempest-VolumesTestJSON-1673506699-project] http://10.222.0.55/volume/v3/d95871eca46e483d9b8516a6e815e3fe/volumes/detail returned with HTTP 200
Jun 29 10:42:10.234658 dv-cinder-786627-13-iscsi devstack@c-api.service[106436]: [pid: 106436|app: 0|req: 25/53] 10.222.0.55 () {60 vars in 1489 bytes} [Tue Jun 29 10:42:10 2021] GET /volume/v3/d95871eca46e483d9b8516a6e815e3fe/volumes/detail => generated 2748 bytes in 125 msecs (HTTP/1.1 200) 7 headers in 286 bytes (1 switches on core 0)
Jun 29 10:42:10.245822 dv-cinder-786627-13-iscsi devstack@c-api.service[106436]: INFO cinder.api.openstack.wsgi [req-c0507cae-5289-4c58-b8f9-eab15300158d req-137f8d05-9e30-4c29-8f9d-7cc6453b6bbb tempest-VolumesSnapshotsTestJSON-1672227319 tempest-VolumesSnapshotsTestJSON-1672227319-project] GET http://10.222.0.55/volume/v3/912a0e2f63704f94a9806bcf95ab9def/volumes/8ca78735-4568-425d-bec1-bd684cb1aa58
Jun 29 10:42:10.245822 dv-cinder-786627-13-iscsi devstack@c-api.service[106436]: DEBUG cinder.api.openstack.wsgi [req-c0507cae-5289-4c58-b8f9-eab15300158d req-137f8d05-9e30-4c29-8f9d-7cc6453b6bbb tempest-VolumesSnapshotsTestJSON-1672227319 tempest-VolumesSnapshotsTestJSON-1672227319-project] Empty body provided in request {{(pid=106436) get_body /opt/stack/cinder/cinder/api/openstack/wsgi.py:713}}
Jun 29 10:42:10.245822 dv-cinder-786627-13-iscsi devstack@c-api.service[106436]: /usr/local/lib/python3.8/dist-packages/webob/acceptparse.py:1047: DeprecationWarning: The behavior of AcceptValidHeader.best_match is currently being maintained for backward compatibility, but it will be deprecated in the future, as it does not conform to the RFC.
Jun 29 10:42:10.245822 dv-cinder-786627-13-iscsi devstack@c-api.service[106436]: warnings.warn(
Jun 29 10:42:10.245822 dv-cinder-786627-13-iscsi devstack@c-api.service[106436]: DEBUG cinder.api.openstack.wsgi [req-c0507cae-5289-4c58-b8f9-eab15300158d req-137f8d05-9e30-4c29-8f9d-7cc6453b6bbb tempest-VolumesSnapshotsTestJSON-1672227319 tempest-VolumesSnapshotsTestJSON-1672227319-project] Calling method 'show' {{(pid=106436) _process_stack /opt/stack/cinder/cinder/api/openstack/wsgi.py:866}}
Jun 29 10:42:10.262885 dv-cinder-786627-13-iscsi devstack@c-api.service[106435]: DEBUG cinder.volume.api [None req-3732f284-f957-4569-9c6b-10191021ba56 tempest-GroupSnapshotsTest-265216784 tempest-GroupSnapshotsTest-265216784-project] Task 'cinder.volume.flows.api.create_volume.EntryCreateTask;volume:create' (116e16f1-36b5-4584-9135-e824cb59e62c) transitioned into state 'SUCCESS' from state 'RUNNING' with result '{'volume_id': '519a78f2-1378-4c65-a7aa-187827927cba', 'volume_properties': VolumeProperties(attach_status='detached',availability_zone='nova',cgsnapshot_id=None,consistencygroup_id=None,display_description=None,display_name='tempest-GroupSnapshotsTest-Volume-1836917900',encryption_key_id=None,group_id=2c28bac4-16cf-457e-a3eb-296773f20b26,group_type_id=,metadata={},multiattach=False,project_id='712c33b3455a400b953bcf81ebfd6210',qos_specs=None,replication_status=,reservations=['ab2f0ce1-23fd-4a21-822b-565d8a64d5a7','d730d18e-11cc-47a2-8d50-8e1a704de7bf','50043589-e1a8-4f04-a666-1d5a0bc1c8c3','f8f66764-1428-45a0-a447-e3ca94b8d059'],size=1,snapshot_id=None,source_replicaid=,source_volid=None,status='creating',user_id='27fdf8951d05400bb2d91f2f0c2286b0',volume_type_id=efc12c01-d49c-4da5-9055-3543ba3571ce), 'volume': Volume(_name_id=None,admin_metadata=,attach_status='detached',availability_zone='nova',bootable=False,cluster=,cluster_name=None,consistencygroup=,consistencygroup_id=None,created_at=2021-06-29T10:42:10Z,deleted=False,deleted_at=None,display_description=None,display_name='tempest-GroupSnapshotsTest-Volume-1836917900',ec2_id=None,encryption_key_id=None,glance_metadata=,group=,group_id=2c28bac4-16cf-457e-a3eb-296773f20b26,host=None,id=519a78f2-1378-4c65-a7aa-187827927cba,launched_at=None,metadata={},migration_status=None,multiattach=False,previous_status=None,project_id='712c33b3455a400b953bcf81ebfd6210',provider_auth=None,provider_geometry=None,provider_id=None,provider_location=None,replication_driver_data=None,replication_extended_status=None,replication_status=None,scheduled_at=None,service_uuid=None,shared_targets=True,size=1,snapshot_id=None,snapshots=,source_volid=None,status='creating',terminated_at=None,updated_at=None,user_id='27fdf8951d05400bb2d91f2f0c2286b0',volume_attachment=,volume_type=VolumeType(efc12c01-d49c-4da5-9055-3543ba3571ce),volume_type_id=efc12c01-d49c-4da5-9055-3543ba3571ce)}' {{(pid=106435) _task_receiver /usr/local/lib/python3.8/dist-packages/taskflow/listeners/logging.py:178}}
Jun 29 10:42:10.268897 dv-cinder-786627-13-iscsi devstack@c-api.service[106436]: INFO cinder.api.openstack.wsgi [req-c0507cae-5289-4c58-b8f9-eab15300158d req-137f8d05-9e30-4c29-8f9d-7cc6453b6bbb tempest-VolumesSnapshotsTestJSON-1672227319 tempest-VolumesSnapshotsTestJSON-1672227319-project] http://10.222.0.55/volume/v3/912a0e2f63704f94a9806bcf95ab9def/volumes/8ca78735-4568-425d-bec1-bd684cb1aa58 returned with HTTP 404
Jun 29 10:42:10.270335 dv-cinder-786627-13-iscsi devstack@c-api.service[106436]: [pid: 106436|app: 0|req: 26/54] 10.222.0.55 () {60 vars in 1579 bytes} [Tue Jun 29 10:42:10 2021] GET /volume/v3/912a0e2f63704f94a9806bcf95ab9def/volumes/8ca78735-4568-425d-bec1-bd684cb1aa58 => generated 109 bytes in 35 msecs (HTTP/1.1 404) 7 headers in 292 bytes (1 switches on core 0)
