Jun 22 07:12:11.665013 dv-cinder-786627-11-smb devstack@c-api.service[99621]: INFO cinder.api.openstack.wsgi [None req-fcb84e67-a9b9-4c83-910a-69a7ffde20a2 tempest-VolumeTypesAccessTest-1078302563 tempest-VolumeTypesAccessTest-1078302563-project-admin] GET http://10.222.0.22/volume/v3/6f4f7c7ead824ae4a8091d172b04b2a2/types/049eb3e2-b365-4942-a00a-6bc047fe09aa/os-volume-type-access
Jun 22 07:12:11.665779 dv-cinder-786627-11-smb devstack@c-api.service[99621]: DEBUG cinder.api.openstack.wsgi [None req-fcb84e67-a9b9-4c83-910a-69a7ffde20a2 tempest-VolumeTypesAccessTest-1078302563 tempest-VolumeTypesAccessTest-1078302563-project-admin] Empty body provided in request {{(pid=99621) get_body /opt/stack/cinder/cinder/api/openstack/wsgi.py:713}}
Jun 22 07:12:11.666202 dv-cinder-786627-11-smb devstack@c-api.service[99621]: DEBUG cinder.api.openstack.wsgi [None req-fcb84e67-a9b9-4c83-910a-69a7ffde20a2 tempest-VolumeTypesAccessTest-1078302563 tempest-VolumeTypesAccessTest-1078302563-project-admin] Calling method 'index' {{(pid=99621) _process_stack /opt/stack/cinder/cinder/api/openstack/wsgi.py:866}}
Jun 22 07:12:11.685949 dv-cinder-786627-11-smb devstack@c-api.service[99621]: INFO cinder.api.openstack.wsgi [None req-fcb84e67-a9b9-4c83-910a-69a7ffde20a2 tempest-VolumeTypesAccessTest-1078302563 tempest-VolumeTypesAccessTest-1078302563-project-admin] http://10.222.0.22/volume/v3/6f4f7c7ead824ae4a8091d172b04b2a2/types/049eb3e2-b365-4942-a00a-6bc047fe09aa/os-volume-type-access returned with HTTP 200
Jun 22 07:12:11.688149 dv-cinder-786627-11-smb devstack@c-api.service[99620]: INFO cinder.api.openstack.wsgi [None req-a99063cd-6560-4971-a736-f82bad6db694 tempest-VolumeQuotasAdminTestJSON-739157047 tempest-VolumeQuotasAdminTestJSON-739157047-project-admin] GET http://10.222.0.22/volume/v3/3511c7670b47466c9d16c88e0c378489/volumes/8c04c86b-ecb0-43bb-8437-ea7ed3f8f04b
Jun 22 07:12:11.688632 dv-cinder-786627-11-smb devstack@c-api.service[99620]: DEBUG cinder.api.openstack.wsgi [None req-a99063cd-6560-4971-a736-f82bad6db694 tempest-VolumeQuotasAdminTestJSON-739157047 tempest-VolumeQuotasAdminTestJSON-739157047-project-admin] Empty body provided in request {{(pid=99620) get_body /opt/stack/cinder/cinder/api/openstack/wsgi.py:713}}
Jun 22 07:12:11.690364 dv-cinder-786627-11-smb devstack@c-api.service[99620]: DEBUG cinder.api.openstack.wsgi [None req-a99063cd-6560-4971-a736-f82bad6db694 tempest-VolumeQuotasAdminTestJSON-739157047 tempest-VolumeQuotasAdminTestJSON-739157047-project-admin] Calling method 'show' {{(pid=99620) _process_stack /opt/stack/cinder/cinder/api/openstack/wsgi.py:866}}
Jun 22 07:12:11.697484 dv-cinder-786627-11-smb devstack@c-api.service[99621]: [pid: 99621|app: 0|req: 141/292] 10.222.0.22 () {58 vars in 1385 bytes} [Tue Jun 22 07:12:11 2021] GET /volume/v3/6f4f7c7ead824ae4a8091d172b04b2a2/types/049eb3e2-b365-4942-a00a-6bc047fe09aa/os-volume-type-access => generated 244 bytes in 39 msecs (HTTP/1.1 200) 7 headers in 285 bytes (1 switches on core 0)
Jun 22 07:12:11.709441 dv-cinder-786627-11-smb devstack@c-api.service[99621]: INFO cinder.api.openstack.wsgi [None req-529d449f-dc95-44e4-a9a7-499d82d3b8d0 tempest-VolumeTypesAccessTest-1078302563 tempest-VolumeTypesAccessTest-1078302563-project-admin] POST http://10.222.0.22/volume/v3/6f4f7c7ead824ae4a8091d172b04b2a2/types/049eb3e2-b365-4942-a00a-6bc047fe09aa/action
Jun 22 07:12:11.711514 dv-cinder-786627-11-smb devstack@c-api.service[99621]: DEBUG cinder.api.openstack.wsgi [None req-529d449f-dc95-44e4-a9a7-499d82d3b8d0 tempest-VolumeTypesAccessTest-1078302563 tempest-VolumeTypesAccessTest-1078302563-project-admin] Action body: b'{"removeProjectAccess": {"project": "d4eb74c6a1584ee7b2d11fccb6139e0e"}}' {{(pid=99621) get_method /opt/stack/cinder/cinder/api/openstack/wsgi.py:981}}
Jun 22 07:12:11.711880 dv-cinder-786627-11-smb devstack@c-api.service[99621]: DEBUG cinder.api.openstack.wsgi [None req-529d449f-dc95-44e4-a9a7-499d82d3b8d0 tempest-VolumeTypesAccessTest-1078302563 tempest-VolumeTypesAccessTest-1078302563-project-admin] Action: 'action', calling method: _removeProjectAccess, body: {"removeProjectAccess": {"project": "d4eb74c6a1584ee7b2d11fccb6139e0e"}} {{(pid=99621) _process_stack /opt/stack/cinder/cinder/api/openstack/wsgi.py:864}}
Jun 22 07:12:11.713715 dv-cinder-786627-11-smb devstack@c-api.service[99620]: INFO cinder.api.openstack.wsgi [None req-a99063cd-6560-4971-a736-f82bad6db694 tempest-VolumeQuotasAdminTestJSON-739157047 tempest-VolumeQuotasAdminTestJSON-739157047-project-admin] http://10.222.0.22/volume/v3/3511c7670b47466c9d16c88e0c378489/volumes/8c04c86b-ecb0-43bb-8437-ea7ed3f8f04b returned with HTTP 404
Jun 22 07:12:11.715170 dv-cinder-786627-11-smb devstack@c-api.service[99620]: [pid: 99620|app: 0|req: 152/293] 10.222.0.22 () {58 vars in 1325 bytes} [Tue Jun 22 07:12:11 2021] GET /volume/v3/3511c7670b47466c9d16c88e0c378489/volumes/8c04c86b-ecb0-43bb-8437-ea7ed3f8f04b => generated 109 bytes in 32 msecs (HTTP/1.1 404) 7 headers in 292 bytes (2 switches on core 0)
Jun 22 07:12:11.730634 dv-cinder-786627-11-smb devstack@c-api.service[99620]: INFO cinder.api.openstack.wsgi [None req-beeeac01-722d-407b-8358-e37d0724d7c8 tempest-VolumeQuotasAdminTestJSON-739157047 tempest-VolumeQuotasAdminTestJSON-739157047-project-admin] GET http://10.222.0.22/volume/v3/3511c7670b47466c9d16c88e0c378489/os-quota-sets/3511c7670b47466c9d16c88e0c378489?usage=True
Jun 22 07:12:11.732516 dv-cinder-786627-11-smb devstack@c-api.service[99620]: DEBUG cinder.api.openstack.wsgi [None req-beeeac01-722d-407b-8358-e37d0724d7c8 tempest-VolumeQuotasAdminTestJSON-739157047 tempest-VolumeQuotasAdminTestJSON-739157047-project-admin] Empty body provided in request {{(pid=99620) get_body /opt/stack/cinder/cinder/api/openstack/wsgi.py:713}}
Jun 22 07:12:11.733060 dv-cinder-786627-11-smb devstack@c-api.service[99620]: DEBUG cinder.api.openstack.wsgi [None req-beeeac01-722d-407b-8358-e37d0724d7c8 tempest-VolumeQuotasAdminTestJSON-739157047 tempest-VolumeQuotasAdminTestJSON-739157047-project-admin] Calling method 'show' {{(pid=99620) _process_stack /opt/stack/cinder/cinder/api/openstack/wsgi.py:866}}
Jun 22 07:12:11.743705 dv-cinder-786627-11-smb devstack@c-api.service[99621]: INFO cinder.api.openstack.wsgi [None req-529d449f-dc95-44e4-a9a7-499d82d3b8d0 tempest-VolumeTypesAccessTest-1078302563 tempest-VolumeTypesAccessTest-1078302563-project-admin] http://10.222.0.22/volume/v3/6f4f7c7ead824ae4a8091d172b04b2a2/types/049eb3e2-b365-4942-a00a-6bc047fe09aa/action returned with HTTP 202
Jun 22 07:12:11.744738 dv-cinder-786627-11-smb devstack@c-api.service[99621]: [pid: 99621|app: 0|req: 142/294] 10.222.0.22 () {60 vars in 1361 bytes} [Tue Jun 22 07:12:11 2021] POST /volume/v3/6f4f7c7ead824ae4a8091d172b04b2a2/types/049eb3e2-b365-4942-a00a-6bc047fe09aa/action => generated 0 bytes in 47 msecs (HTTP/1.1 202) 6 headers in 233 bytes (1 switches on core 0)
Jun 22 07:12:11.757267 dv-cinder-786627-11-smb devstack@c-api.service[99621]: INFO cinder.api.openstack.wsgi [None req-f01f29a0-9cb3-4fdb-b743-1764f128db89 tempest-SnapshotMetadataTestJSON-598515883 tempest-SnapshotMetadataTestJSON-598515883-project] GET http://10.222.0.22/volume/v3/25f3ec4dcb394078b8fd985466fd5f3d/volumes/6f73b2d6-84a9-447d-be01-3949ca168e01
Jun 22 07:12:11.757651 dv-cinder-786627-11-smb devstack@c-api.service[99621]: DEBUG cinder.api.openstack.wsgi [None req-f01f29a0-9cb3-4fdb-b743-1764f128db89 tempest-SnapshotMetadataTestJSON-598515883 tempest-SnapshotMetadataTestJSON-598515883-project] Empty body provided in request {{(pid=99621) get_body /opt/stack/cinder/cinder/api/openstack/wsgi.py:713}}
Jun 22 07:12:11.759904 dv-cinder-786627-11-smb devstack@c-api.service[99621]: DEBUG cinder.api.openstack.wsgi [None req-f01f29a0-9cb3-4fdb-b743-1764f128db89 tempest-SnapshotMetadataTestJSON-598515883 tempest-SnapshotMetadataTestJSON-598515883-project] Calling method 'show' {{(pid=99621) _process_stack /opt/stack/cinder/cinder/api/openstack/wsgi.py:866}}
Jun 22 07:12:11.761321 dv-cinder-786627-11-smb devstack@c-api.service[99620]: WARNING cinder.quota [None req-beeeac01-722d-407b-8358-e37d0724d7c8 tempest-VolumeQuotasAdminTestJSON-739157047 tempest-VolumeQuotasAdminTestJSON-739157047-project-admin] Deprecated: Default quota for resource: volumes_tempest-VolumeTypesAccessTest-volume-type-672267733 is set by the default quota flag: quota_volumes_tempest-VolumeTypesAccessTest-volume-type-672267733, it is now deprecated. Please use the default quota class for default quota.
Jun 22 07:12:11.763331 dv-cinder-786627-11-smb devstack@c-api.service[99620]: WARNING cinder.quota [None req-beeeac01-722d-407b-8358-e37d0724d7c8 tempest-VolumeQuotasAdminTestJSON-739157047 tempest-VolumeQuotasAdminTestJSON-739157047-project-admin] Deprecated: Default quota for resource: gigabytes_tempest-VolumeTypesAccessTest-volume-type-672267733 is set by the default quota flag: quota_gigabytes_tempest-VolumeTypesAccessTest-volume-type-672267733, it is now deprecated. Please use the default quota class for default quota.
Jun 22 07:12:11.764244 dv-cinder-786627-11-smb devstack@c-api.service[99620]: WARNING cinder.quota [None req-beeeac01-722d-407b-8358-e37d0724d7c8 tempest-VolumeQuotasAdminTestJSON-739157047 tempest-VolumeQuotasAdminTestJSON-739157047-project-admin] Deprecated: Default quota for resource: snapshots_tempest-VolumeTypesAccessTest-volume-type-672267733 is set by the default quota flag: quota_snapshots_tempest-VolumeTypesAccessTest-volume-type-672267733, it is now deprecated. Please use the default quota class for default quota.
Jun 22 07:12:11.784412 dv-cinder-786627-11-smb devstack@c-api.service[99621]: /usr/local/lib/python3.8/dist-packages/oslo_context/context.py:105: DeprecationWarning: Policy enforcement is depending on the value of is_admin. This key is deprecated. Please update your policy file to use the standard policy values.
Jun 22 07:12:11.784412 dv-cinder-786627-11-smb devstack@c-api.service[99621]: warnings.warn('Policy enforcement is depending on the value of '
Jun 22 07:12:11.789493 dv-cinder-786627-11-smb devstack@c-api.service[99620]: INFO cinder.api.openstack.wsgi [None req-beeeac01-722d-407b-8358-e37d0724d7c8 tempest-VolumeQuotasAdminTestJSON-739157047 tempest-VolumeQuotasAdminTestJSON-739157047-project-admin] http://10.222.0.22/volume/v3/3511c7670b47466c9d16c88e0c378489/os-quota-sets/3511c7670b47466c9d16c88e0c378489?usage=True returned with HTTP 200
Jun 22 07:12:11.790760 dv-cinder-786627-11-smb devstack@c-api.service[99620]: [pid: 99620|app: 0|req: 153/295] 10.222.0.22 () {58 vars in 1352 bytes} [Tue Jun 22 07:12:11 2021] GET /volume/v3/3511c7670b47466c9d16c88e0c378489/os-quota-sets/3511c7670b47466c9d16c88e0c378489?usage=True => generated 2099 bytes in 68 msecs (HTTP/1.1 200) 7 headers in 286 bytes (2 switches on core 0)
Jun 22 07:12:11.795369 dv-cinder-786627-11-smb devstack@c-api.service[99620]: INFO cinder.api.openstack.wsgi [None req-895192ff-4cb3-4707-830a-6a79bed6e653 tempest-VolumeTypesAccessTest-1078302563 tempest-VolumeTypesAccessTest-1078302563-project-admin] POST http://10.222.0.22/volume/v3/6f4f7c7ead824ae4a8091d172b04b2a2/types/049eb3e2-b365-4942-a00a-6bc047fe09aa/action
Jun 22 07:12:11.796137 dv-cinder-786627-11-smb devstack@c-api.service[99620]: DEBUG cinder.api.openstack.wsgi [None req-895192ff-4cb3-4707-830a-6a79bed6e653 tempest-VolumeTypesAccessTest-1078302563 tempest-VolumeTypesAccessTest-1078302563-project-admin] Action body: b'{"removeProjectAccess": {"project": "1df384ef9271462c9e4f779bc1f67a26"}}' {{(pid=99620) get_method /opt/stack/cinder/cinder/api/openstack/wsgi.py:981}}
Jun 22 07:12:11.796468 dv-cinder-786627-11-smb devstack@c-api.service[99620]: DEBUG cinder.api.openstack.wsgi [None req-895192ff-4cb3-4707-830a-6a79bed6e653 tempest-VolumeTypesAccessTest-1078302563 tempest-VolumeTypesAccessTest-1078302563-project-admin] Action: 'action', calling method: _removeProjectAccess, body: {"removeProjectAccess": {"project": "1df384ef9271462c9e4f779bc1f67a26"}} {{(pid=99620) _process_stack /opt/stack/cinder/cinder/api/openstack/wsgi.py:864}}
Jun 22 07:12:11.805415 dv-cinder-786627-11-smb devstack@c-api.service[99621]: INFO cinder.volume.api [None req-f01f29a0-9cb3-4fdb-b743-1764f128db89 tempest-SnapshotMetadataTestJSON-598515883 tempest-SnapshotMetadataTestJSON-598515883-project] Volume info retrieved successfully.
Jun 22 07:12:11.838735 dv-cinder-786627-11-smb devstack@c-api.service[99620]: INFO cinder.api.openstack.wsgi [None req-895192ff-4cb3-4707-830a-6a79bed6e653 tempest-VolumeTypesAccessTest-1078302563 tempest-VolumeTypesAccessTest-1078302563-project-admin] http://10.222.0.22/volume/v3/6f4f7c7ead824ae4a8091d172b04b2a2/types/049eb3e2-b365-4942-a00a-6bc047fe09aa/action returned with HTTP 202
Jun 22 07:12:11.839584 dv-cinder-786627-11-smb devstack@c-api.service[99620]: [pid: 99620|app: 0|req: 154/296] 10.222.0.22 () {60 vars in 1361 bytes} [Tue Jun 22 07:12:11 2021] POST /volume/v3/6f4f7c7ead824ae4a8091d172b04b2a2/types/049eb3e2-b365-4942-a00a-6bc047fe09aa/action => generated 0 bytes in 48 msecs (HTTP/1.1 202) 6 headers in 233 bytes (1 switches on core 0)
Jun 22 07:12:11.848581 dv-cinder-786627-11-smb devstack@c-api.service[99620]: INFO cinder.api.openstack.wsgi [None req-88d19dbf-5da0-4fc2-8d60-2252678aeb01 tempest-VolumeQuotasAdminTestJSON-739157047 tempest-VolumeQuotasAdminTestJSON-739157047-project-admin] PUT http://10.222.0.22/volume/v3/3511c7670b47466c9d16c88e0c378489/os-quota-sets/490aab52fb4e4842b10d478a6c86c5fd
Jun 22 07:12:11.849286 dv-cinder-786627-11-smb devstack@c-api.service[99620]: DEBUG cinder.api.openstack.wsgi [None req-88d19dbf-5da0-4fc2-8d60-2252678aeb01 tempest-VolumeQuotasAdminTestJSON-739157047 tempest-VolumeQuotasAdminTestJSON-739157047-project-admin] Action: 'update', calling method: update, body: {"quota_set": {"gigabytes": 1009, "volumes": 11, "snapshots": 11, "backups": 11, "backup_gigabytes": 1009, "per_volume_gigabytes": 1009}} {{(pid=99620) _process_stack /opt/stack/cinder/cinder/api/openstack/wsgi.py:864}}
Jun 22 07:12:11.874918 dv-cinder-786627-11-smb devstack@c-api.service[99621]: INFO cinder.api.openstack.wsgi [None req-f01f29a0-9cb3-4fdb-b743-1764f128db89 tempest-SnapshotMetadataTestJSON-598515883 tempest-SnapshotMetadataTestJSON-598515883-project] http://10.222.0.22/volume/v3/25f3ec4dcb394078b8fd985466fd5f3d/volumes/6f73b2d6-84a9-447d-be01-3949ca168e01 returned with HTTP 200
Jun 22 07:12:11.878127 dv-cinder-786627-11-smb devstack@c-api.service[99621]: [pid: 99621|app: 0|req: 143/297] 10.222.0.22 () {58 vars in 1325 bytes} [Tue Jun 22 07:12:11 2021] GET /volume/v3/25f3ec4dcb394078b8fd985466fd5f3d/volumes/6f73b2d6-84a9-447d-be01-3949ca168e01 => generated 916 bytes in 133 msecs (HTTP/1.1 200) 7 headers in 285 bytes (1 switches on core 0)
Jun 22 07:12:11.882481 dv-cinder-786627-11-smb devstack@c-api.service[99621]: INFO cinder.api.openstack.wsgi [None req-23e6e1f9-bcec-4a98-adcb-2317ad28dc81 tempest-VolumeTypesAccessTest-1078302563 tempest-VolumeTypesAccessTest-1078302563-project-admin] DELETE http://10.222.0.22/volume/v3/6f4f7c7ead824ae4a8091d172b04b2a2/types/049eb3e2-b365-4942-a00a-6bc047fe09aa
Jun 22 07:12:11.883051 dv-cinder-786627-11-smb devstack@c-api.service[99621]: DEBUG cinder.api.openstack.wsgi [None req-23e6e1f9-bcec-4a98-adcb-2317ad28dc81 tempest-VolumeTypesAccessTest-1078302563 tempest-VolumeTypesAccessTest-1078302563-project-admin] Empty body provided in request {{(pid=99621) get_body /opt/stack/cinder/cinder/api/openstack/wsgi.py:713}}
Jun 22 07:12:11.883279 dv-cinder-786627-11-smb devstack@c-api.service[99621]: /usr/local/lib/python3.8/dist-packages/webob/acceptparse.py:1047: DeprecationWarning: The behavior of AcceptValidHeader.best_match is currently being maintained for backward compatibility, but it will be deprecated in the future, as it does not conform to the RFC.
Jun 22 07:12:11.883279 dv-cinder-786627-11-smb devstack@c-api.service[99621]: warnings.warn(
Jun 22 07:12:11.883747 dv-cinder-786627-11-smb devstack@c-api.service[99621]: DEBUG cinder.api.openstack.wsgi [None req-23e6e1f9-bcec-4a98-adcb-2317ad28dc81 tempest-VolumeTypesAccessTest-1078302563 tempest-VolumeTypesAccessTest-1078302563-project-admin] Calling method '_delete' {{(pid=99621) _process_stack /opt/stack/cinder/cinder/api/openstack/wsgi.py:866}}
Jun 22 07:12:11.995317 dv-cinder-786627-11-smb devstack@c-api.service[99621]: INFO cinder.api.openstack.wsgi [None req-23e6e1f9-bcec-4a98-adcb-2317ad28dc81 tempest-VolumeTypesAccessTest-1078302563 tempest-VolumeTypesAccessTest-1078302563-project-admin] http://10.222.0.22/volume/v3/6f4f7c7ead824ae4a8091d172b04b2a2/types/049eb3e2-b365-4942-a00a-6bc047fe09aa returned with HTTP 202
Jun 22 07:12:11.996540 dv-cinder-786627-11-smb devstack@c-api.service[99621]: [pid: 99621|app: 0|req: 144/298] 10.222.0.22 () {58 vars in 1322 bytes} [Tue Jun 22 07:12:11 2021] DELETE /volume/v3/6f4f7c7ead824ae4a8091d172b04b2a2/types/049eb3e2-b365-4942-a00a-6bc047fe09aa => generated 0 bytes in 118 msecs (HTTP/1.1 202) 6 headers in 233 bytes (1 switches on core 0)
Jun 22 07:12:12.001267 dv-cinder-786627-11-smb devstack@c-api.service[99621]: INFO cinder.api.openstack.wsgi [None req-bcaf8e83-560c-4860-ae63-ce5ed4e35fbd tempest-SnapshotMetadataTestJSON-598515883 tempest-SnapshotMetadataTestJSON-598515883-project] POST http://10.222.0.22/volume/v3/25f3ec4dcb394078b8fd985466fd5f3d/snapshots
Jun 22 07:12:12.002077 dv-cinder-786627-11-smb devstack@c-api.service[99621]: DEBUG cinder.api.openstack.wsgi [None req-bcaf8e83-560c-4860-ae63-ce5ed4e35fbd tempest-SnapshotMetadataTestJSON-598515883 tempest-SnapshotMetadataTestJSON-598515883-project] Action: 'create', calling method: create, body: {"snapshot": {"volume_id": "6f73b2d6-84a9-447d-be01-3949ca168e01", "name": "tempest-SnapshotMetadataTestJSON-Snapshot-2068448681"}} {{(pid=99621) _process_stack /opt/stack/cinder/cinder/api/openstack/wsgi.py:864}}
Jun 22 07:12:12.022325 dv-cinder-786627-11-smb devstack@c-api.service[99621]: /usr/local/lib/python3.8/dist-packages/oslo_context/context.py:105: DeprecationWarning: Policy enforcement is depending on the value of is_admin. This key is deprecated. Please update your policy file to use the standard policy values.
Jun 22 07:12:12.022325 dv-cinder-786627-11-smb devstack@c-api.service[99621]: warnings.warn('Policy enforcement is depending on the value of '
Jun 22 07:12:12.023484 dv-cinder-786627-11-smb devstack@c-api.service[99621]: INFO cinder.volume.api [None req-bcaf8e83-560c-4860-ae63-ce5ed4e35fbd tempest-SnapshotMetadataTestJSON-598515883 tempest-SnapshotMetadataTestJSON-598515883-project] Volume info retrieved successfully.
Jun 22 07:12:12.023806 dv-cinder-786627-11-smb devstack@c-api.service[99621]: INFO cinder.api.v2.snapshots [None req-bcaf8e83-560c-4860-ae63-ce5ed4e35fbd tempest-SnapshotMetadataTestJSON-598515883 tempest-SnapshotMetadataTestJSON-598515883-project] Create snapshot from volume 6f73b2d6-84a9-447d-be01-3949ca168e01
Jun 22 07:12:12.064481 dv-cinder-786627-11-smb devstack@c-api.service[99620]: INFO cinder.api.openstack.wsgi [None req-88d19dbf-5da0-4fc2-8d60-2252678aeb01 tempest-VolumeQuotasAdminTestJSON-739157047 tempest-VolumeQuotasAdminTestJSON-739157047-project-admin] http://10.222.0.22/volume/v3/3511c7670b47466c9d16c88e0c378489/os-quota-sets/490aab52fb4e4842b10d478a6c86c5fd returned with HTTP 200
Jun 22 07:12:12.065575 dv-cinder-786627-11-smb devstack@c-api.service[99620]: [pid: 99620|app: 0|req: 155/299] 10.222.0.22 () {60 vars in 1352 bytes} [Tue Jun 22 07:12:11 2021] PUT /volume/v3/3511c7670b47466c9d16c88e0c378489/os-quota-sets/490aab52fb4e4842b10d478a6c86c5fd => generated 879 bytes in 225 msecs (HTTP/1.1 200) 7 headers in 285 bytes (1 switches on core 0)
Jun 22 07:12:12.069782 dv-cinder-786627-11-smb devstack@c-api.service[99620]: INFO cinder.api.openstack.wsgi [None req-1ff86b3f-43bb-4aba-bbff-cfeab5bcc63d tempest-GroupsTest-2008989198 tempest-GroupsTest-2008989198-project] GET http://10.222.0.22/volume/v3/e4b5512c15984418bd6997c4e085687f/volumes/66b44a7e-30ad-40ab-a365-cf5223734fa7
Jun 22 07:12:12.070575 dv-cinder-786627-11-smb devstack@c-api.service[99620]: DEBUG cinder.api.openstack.wsgi [None req-1ff86b3f-43bb-4aba-bbff-cfeab5bcc63d tempest-GroupsTest-2008989198 tempest-GroupsTest-2008989198-project] Empty body provided in request {{(pid=99620) get_body /opt/stack/cinder/cinder/api/openstack/wsgi.py:713}}
Jun 22 07:12:12.070786 dv-cinder-786627-11-smb devstack@c-api.service[99620]: DEBUG cinder.api.openstack.wsgi [None req-1ff86b3f-43bb-4aba-bbff-cfeab5bcc63d tempest-GroupsTest-2008989198 tempest-GroupsTest-2008989198-project] Calling method 'show' {{(pid=99620) _process_stack /opt/stack/cinder/cinder/api/openstack/wsgi.py:866}}
Jun 22 07:12:12.082272 dv-cinder-786627-11-smb devstack@c-api.service[99620]: INFO cinder.api.openstack.wsgi [None req-1ff86b3f-43bb-4aba-bbff-cfeab5bcc63d tempest-GroupsTest-2008989198 tempest-GroupsTest-2008989198-project] http://10.222.0.22/volume/v3/e4b5512c15984418bd6997c4e085687f/volumes/66b44a7e-30ad-40ab-a365-cf5223734fa7 returned with HTTP 404
Jun 22 07:12:12.083318 dv-cinder-786627-11-smb devstack@c-api.service[99620]: [pid: 99620|app: 0|req: 156/300] 10.222.0.22 () {60 vars in 1366 bytes} [Tue Jun 22 07:12:12 2021] GET /volume/v3/e4b5512c15984418bd6997c4e085687f/volumes/66b44a7e-30ad-40ab-a365-cf5223734fa7 => generated 109 bytes in 17 msecs (HTTP/1.1 404) 7 headers in 293 bytes (1 switches on core 0)
Jun 22 07:12:12.087049 dv-cinder-786627-11-smb devstack@c-api.service[99620]: INFO cinder.api.openstack.wsgi [None req-cbe99f94-3aae-4e26-9132-12b59655c8eb tempest-VolumeTypesAccessTest-1078302563 tempest-VolumeTypesAccessTest-1078302563-project-admin] GET http://10.222.0.22/volume/v3/6f4f7c7ead824ae4a8091d172b04b2a2/types/049eb3e2-b365-4942-a00a-6bc047fe09aa
Jun 22 07:12:12.087551 dv-cinder-786627-11-smb devstack@c-api.service[99620]: DEBUG cinder.api.openstack.wsgi [None req-cbe99f94-3aae-4e26-9132-12b59655c8eb tempest-VolumeTypesAccessTest-1078302563 tempest-VolumeTypesAccessTest-1078302563-project-admin] Empty body provided in request {{(pid=99620) get_body /opt/stack/cinder/cinder/api/openstack/wsgi.py:713}}
Jun 22 07:12:12.087997 dv-cinder-786627-11-smb devstack@c-api.service[99620]: DEBUG cinder.api.openstack.wsgi [None req-cbe99f94-3aae-4e26-9132-12b59655c8eb tempest-VolumeTypesAccessTest-1078302563 tempest-VolumeTypesAccessTest-1078302563-project-admin] Calling method 'show' {{(pid=99620) _process_stack /opt/stack/cinder/cinder/api/openstack/wsgi.py:866}}
Jun 22 07:12:12.095069 dv-cinder-786627-11-smb devstack@c-api.service[99620]: INFO cinder.api.openstack.wsgi [None req-cbe99f94-3aae-4e26-9132-12b59655c8eb tempest-VolumeTypesAccessTest-1078302563 tempest-VolumeTypesAccessTest-1078302563-project-admin] http://10.222.0.22/volume/v3/6f4f7c7ead824ae4a8091d172b04b2a2/types/049eb3e2-b365-4942-a00a-6bc047fe09aa returned with HTTP 404
Jun 22 07:12:12.096085 dv-cinder-786627-11-smb devstack@c-api.service[99620]: [pid: 99620|app: 0|req: 157/301] 10.222.0.22 () {58 vars in 1319 bytes} [Tue Jun 22 07:12:12 2021] GET /volume/v3/6f4f7c7ead824ae4a8091d172b04b2a2/types/049eb3e2-b365-4942-a00a-6bc047fe09aa => generated 114 bytes in 12 msecs (HTTP/1.1 404) 7 headers in 292 bytes (1 switches on core 0)
Jun 22 07:12:12.103114 dv-cinder-786627-11-smb devstack@c-api.service[99620]: INFO cinder.api.openstack.wsgi [None req-953d3825-14a4-4428-bc1a-6cdfdb3ef017 tempest-VolumeQuotasAdminTestJSON-739157047 tempest-VolumeQuotasAdminTestJSON-739157047-project-admin] PUT http://10.222.0.22/volume/v3/3511c7670b47466c9d16c88e0c378489/os-quota-sets/490aab52fb4e4842b10d478a6c86c5fd
Jun 22 07:12:12.103614 dv-cinder-786627-11-smb devstack@c-api.service[99621]: DEBUG cinder.quota [None req-bcaf8e83-560c-4860-ae63-ce5ed4e35fbd tempest-SnapshotMetadataTestJSON-598515883 tempest-SnapshotMetadataTestJSON-598515883-project] Created reservations ['df90fe34-6da1-4408-9a2d-d04defd0189c', '9319c2c1-a664-4450-b918-9a64d25d5a98', '51df49cc-dd51-4c79-9f9f-3fc3837c925e', '96869375-ba00-43fc-909d-53b360b3ea60'] {{(pid=99621) reserve /opt/stack/cinder/cinder/quota.py:755}}
Jun 22 07:12:12.103923 dv-cinder-786627-11-smb devstack@c-api.service[99620]: DEBUG cinder.api.openstack.wsgi [None req-953d3825-14a4-4428-bc1a-6cdfdb3ef017 tempest-VolumeQuotasAdminTestJSON-739157047 tempest-VolumeQuotasAdminTestJSON-739157047-project-admin] Action: 'update', calling method: update, body: {"quota_set": {"volumes": 10, "per_volume_gigabytes": -1, "snapshots": 10, "gigabytes": 1000, "backups": 10, "backup_gigabytes": 1000}} {{(pid=99620) _process_stack /opt/stack/cinder/cinder/api/openstack/wsgi.py:864}}
Jun 22 07:12:12.201608 dv-cinder-786627-11-smb devstack@c-api.service[99621]: INFO cinder.volume.api [None req-bcaf8e83-560c-4860-ae63-ce5ed4e35fbd tempest-SnapshotMetadataTestJSON-598515883 tempest-SnapshotMetadataTestJSON-598515883-project] Snapshot create request issued successfully.
Jun 22 07:12:12.202639 dv-cinder-786627-11-smb devstack@c-api.service[99621]: INFO cinder.api.openstack.wsgi [None req-bcaf8e83-560c-4860-ae63-ce5ed4e35fbd tempest-SnapshotMetadataTestJSON-598515883 tempest-SnapshotMetadataTestJSON-598515883-project] http://10.222.0.22/volume/v3/25f3ec4dcb394078b8fd985466fd5f3d/snapshots returned with HTTP 202
Jun 22 07:12:12.203786 dv-cinder-786627-11-smb devstack@c-api.service[99621]: [pid: 99621|app: 0|req: 145/302] 10.222.0.22 () {60 vars in 1242 bytes} [Tue Jun 22 07:12:11 2021] POST /volume/v3/25f3ec4dcb394078b8fd985466fd5f3d/snapshots => generated 311 bytes in 207 msecs (HTTP/1.1 202) 7 headers in 291 bytes (1 switches on core 0)
Jun 22 07:12:12.208616 dv-cinder-786627-11-smb devstack@c-api.service[99621]: INFO cinder.api.openstack.wsgi [None req-a206c7a9-6117-4d6a-b81a-4f1d17b514a9 tempest-GroupsTest-2008989198 tempest-GroupsTest-2008989198-project] GET http://10.222.0.22/volume/v3/e4b5512c15984418bd6997c4e085687f/volumes/59296dc7-72a2-4edb-9f8e-c2f912469052
Jun 22 07:12:12.209368 dv-cinder-786627-11-smb devstack@c-api.service[99621]: DEBUG cinder.api.openstack.wsgi [None req-a206c7a9-6117-4d6a-b81a-4f1d17b514a9 tempest-GroupsTest-2008989198 tempest-GroupsTest-2008989198-project] Empty body provided in request {{(pid=99621) get_body /opt/stack/cinder/cinder/api/openstack/wsgi.py:713}}
Jun 22 07:12:12.210056 dv-cinder-786627-11-smb devstack@c-api.service[99621]: /usr/local/lib/python3.8/dist-packages/webob/acceptparse.py:1047: DeprecationWarning: The behavior of AcceptValidHeader.best_match is currently being maintained for backward compatibility, but it will be deprecated in the future, as it does not conform to the RFC.
Jun 22 07:12:12.210056 dv-cinder-786627-11-smb devstack@c-api.service[99621]: warnings.warn(
Jun 22 07:12:12.210682 dv-cinder-786627-11-smb devstack@c-api.service[99621]: DEBUG cinder.api.openstack.wsgi [None req-a206c7a9-6117-4d6a-b81a-4f1d17b514a9 tempest-GroupsTest-2008989198 tempest-GroupsTest-2008989198-project] Calling method 'show' {{(pid=99621) _process_stack /opt/stack/cinder/cinder/api/openstack/wsgi.py:866}}
Jun 22 07:12:12.225499 dv-cinder-786627-11-smb devstack@c-api.service[99621]: INFO cinder.api.openstack.wsgi [None req-a206c7a9-6117-4d6a-b81a-4f1d17b514a9 tempest-GroupsTest-2008989198 tempest-GroupsTest-2008989198-project] http://10.222.0.22/volume/v3/e4b5512c15984418bd6997c4e085687f/volumes/59296dc7-72a2-4edb-9f8e-c2f912469052 returned with HTTP 404
Jun 22 07:12:12.232281 dv-cinder-786627-11-smb devstack@c-api.service[99621]: [pid: 99621|app: 0|req: 146/303] 10.222.0.22 () {60 vars in 1366 bytes} [Tue Jun 22 07:12:12 2021] GET /volume/v3/e4b5512c15984418bd6997c4e085687f/volumes/59296dc7-72a2-4edb-9f8e-c2f912469052 => generated 109 bytes in 28 msecs (HTTP/1.1 404) 7 headers in 293 bytes (1 switches on core 0)
Jun 22 07:12:12.244321 dv-cinder-786627-11-smb devstack@c-api.service[99621]: INFO cinder.api.openstack.wsgi [None req-9694a3fa-2bf3-4a46-8710-79de24ba1b10 tempest-VolumeTypesAccessTest-1588846376 tempest-VolumeTypesAccessTest-1588846376-project] DELETE http://10.222.0.22/volume/v3/1df384ef9271462c9e4f779bc1f67a26/volumes/07ff4667-f6a4-44ed-8c47-cb14023d6038
Jun 22 07:12:12.245276 dv-cinder-786627-11-smb devstack@c-api.service[99621]: DEBUG cinder.api.openstack.wsgi [None req-9694a3fa-2bf3-4a46-8710-79de24ba1b10 tempest-VolumeTypesAccessTest-1588846376 tempest-VolumeTypesAccessTest-1588846376-project] Empty body provided in request {{(pid=99621) get_body /opt/stack/cinder/cinder/api/openstack/wsgi.py:713}}
Jun 22 07:12:12.245715 dv-cinder-786627-11-smb devstack@c-api.service[99621]: DEBUG cinder.api.openstack.wsgi [None req-9694a3fa-2bf3-4a46-8710-79de24ba1b10 tempest-VolumeTypesAccessTest-1588846376 tempest-VolumeTypesAccessTest-1588846376-project] Calling method 'delete' {{(pid=99621) _process_stack /opt/stack/cinder/cinder/api/openstack/wsgi.py:866}}
Jun 22 07:12:12.246140 dv-cinder-786627-11-smb devstack@c-api.service[99621]: INFO cinder.api.v3.volumes [None req-9694a3fa-2bf3-4a46-8710-79de24ba1b10 tempest-VolumeTypesAccessTest-1588846376 tempest-VolumeTypesAccessTest-1588846376-project] Delete volume with id: 07ff4667-f6a4-44ed-8c47-cb14023d6038
Jun 22 07:12:12.261228 dv-cinder-786627-11-smb devstack@c-api.service[99621]: /usr/local/lib/python3.8/dist-packages/oslo_context/context.py:105: DeprecationWarning: Policy enforcement is depending on the value of is_admin. This key is deprecated. Please update your policy file to use the standard policy values.
Jun 22 07:12:12.261228 dv-cinder-786627-11-smb devstack@c-api.service[99621]: warnings.warn('Policy enforcement is depending on the value of '
Jun 22 07:12:12.263107 dv-cinder-786627-11-smb devstack@c-api.service[99621]: INFO cinder.volume.api [None req-9694a3fa-2bf3-4a46-8710-79de24ba1b10 tempest-VolumeTypesAccessTest-1588846376 tempest-VolumeTypesAccessTest-1588846376-project] Volume info retrieved successfully.
Jun 22 07:12:12.276799 dv-cinder-786627-11-smb devstack@c-api.service[99620]: INFO cinder.api.openstack.wsgi [None req-953d3825-14a4-4428-bc1a-6cdfdb3ef017 tempest-VolumeQuotasAdminTestJSON-739157047 tempest-VolumeQuotasAdminTestJSON-739157047-project-admin] http://10.222.0.22/volume/v3/3511c7670b47466c9d16c88e0c378489/os-quota-sets/490aab52fb4e4842b10d478a6c86c5fd returned with HTTP 200
Jun 22 07:12:12.277638 dv-cinder-786627-11-smb devstack@c-api.service[99620]: [pid: 99620|app: 0|req: 158/304] 10.222.0.22 () {60 vars in 1352 bytes} [Tue Jun 22 07:12:12 2021] PUT /volume/v3/3511c7670b47466c9d16c88e0c378489/os-quota-sets/490aab52fb4e4842b10d478a6c86c5fd => generated 877 bytes in 181 msecs (HTTP/1.1 200) 7 headers in 285 bytes (1 switches on core 0)
Jun 22 07:12:12.284280 dv-cinder-786627-11-smb devstack@c-api.service[99620]: INFO cinder.api.openstack.wsgi [None req-a372ea81-7754-4871-8bd8-9231d8b0a2d2 tempest-SnapshotMetadataTestJSON-598515883 tempest-SnapshotMetadataTestJSON-598515883-project] GET http://10.222.0.22/volume/v3/25f3ec4dcb394078b8fd985466fd5f3d/snapshots/26bf677c-91a0-4e65-b53f-abefd8192857
Jun 22 07:12:12.285155 dv-cinder-786627-11-smb devstack@c-api.service[99620]: DEBUG cinder.api.openstack.wsgi [None req-a372ea81-7754-4871-8bd8-9231d8b0a2d2 tempest-SnapshotMetadataTestJSON-598515883 tempest-SnapshotMetadataTestJSON-598515883-project] Empty body provided in request {{(pid=99620) get_body /opt/stack/cinder/cinder/api/openstack/wsgi.py:713}}
Jun 22 07:12:12.285745 dv-cinder-786627-11-smb devstack@c-api.service[99620]: DEBUG cinder.api.openstack.wsgi [None req-a372ea81-7754-4871-8bd8-9231d8b0a2d2 tempest-SnapshotMetadataTestJSON-598515883 tempest-SnapshotMetadataTestJSON-598515883-project] Calling method 'show' {{(pid=99620) _process_stack /opt/stack/cinder/cinder/api/openstack/wsgi.py:866}}
Jun 22 07:12:12.305447 dv-cinder-786627-11-smb devstack@c-api.service[99621]: INFO cinder.volume.api [None req-9694a3fa-2bf3-4a46-8710-79de24ba1b10 tempest-VolumeTypesAccessTest-1588846376 tempest-VolumeTypesAccessTest-1588846376-project] Delete volume request issued successfully.
Jun 22 07:12:12.305895 dv-cinder-786627-11-smb devstack@c-api.service[99621]: INFO cinder.api.openstack.wsgi [None req-9694a3fa-2bf3-4a46-8710-79de24ba1b10 tempest-VolumeTypesAccessTest-1588846376 tempest-VolumeTypesAccessTest-1588846376-project] http://10.222.0.22/volume/v3/1df384ef9271462c9e4f779bc1f67a26/volumes/07ff4667-f6a4-44ed-8c47-cb14023d6038 returned with HTTP 202
Jun 22 07:12:12.310445 dv-cinder-786627-11-smb devstack@c-api.service[99621]: [pid: 99621|app: 0|req: 147/305] 10.222.0.22 () {58 vars in 1328 bytes} [Tue Jun 22 07:12:12 2021] DELETE /volume/v3/1df384ef9271462c9e4f779bc1f67a26/volumes/07ff4667-f6a4-44ed-8c47-cb14023d6038 => generated 0 bytes in 74 msecs (HTTP/1.1 202) 6 headers in 233 bytes (1 switches on core 0)
Jun 22 07:12:12.312889 dv-cinder-786627-11-smb devstack@c-api.service[99621]: INFO cinder.api.openstack.wsgi [None req-48f13601-bc3d-496d-b0e7-99e9f4915099 tempest-GroupsTest-2008989198 tempest-GroupsTest-2008989198-project] GET http://10.222.0.22/volume/v3/e4b5512c15984418bd6997c4e085687f/groups/4b8a543a-5dc0-4e45-8aa2-7135b55a3a54
Jun 22 07:12:12.313400 dv-cinder-786627-11-smb devstack@c-api.service[99621]: DEBUG cinder.api.openstack.wsgi [None req-48f13601-bc3d-496d-b0e7-99e9f4915099 tempest-GroupsTest-2008989198 tempest-GroupsTest-2008989198-project] Empty body provided in request {{(pid=99621) get_body /opt/stack/cinder/cinder/api/openstack/wsgi.py:713}}
Jun 22 07:12:12.314644 dv-cinder-786627-11-smb devstack@c-api.service[99621]: /usr/local/lib/python3.8/dist-packages/webob/acceptparse.py:1047: DeprecationWarning: The behavior of AcceptValidHeader.best_match is currently being maintained for backward compatibility, but it will be deprecated in the future, as it does not conform to the RFC.
Jun 22 07:12:12.314644 dv-cinder-786627-11-smb devstack@c-api.service[99621]: warnings.warn(
Jun 22 07:12:12.314990 dv-cinder-786627-11-smb devstack@c-api.service[99621]: DEBUG cinder.api.openstack.wsgi [None req-48f13601-bc3d-496d-b0e7-99e9f4915099 tempest-GroupsTest-2008989198 tempest-GroupsTest-2008989198-project] Calling method 'version_select' {{(pid=99621) _process_stack /opt/stack/cinder/cinder/api/openstack/wsgi.py:866}}
Jun 22 07:12:12.316896 dv-cinder-786627-11-smb devstack@c-api.service[99621]: DEBUG cinder.api.v3.groups [None req-48f13601-bc3d-496d-b0e7-99e9f4915099 tempest-GroupsTest-2008989198 tempest-GroupsTest-2008989198-project] show called for member 4b8a543a-5dc0-4e45-8aa2-7135b55a3a54 {{(pid=99621) show /opt/stack/cinder/cinder/api/v3/groups.py:58}}
Jun 22 07:12:12.322025 dv-cinder-786627-11-smb devstack@c-api.service[99621]: INFO cinder.api.openstack.wsgi [None req-48f13601-bc3d-496d-b0e7-99e9f4915099 tempest-GroupsTest-2008989198 tempest-GroupsTest-2008989198-project] http://10.222.0.22/volume/v3/e4b5512c15984418bd6997c4e085687f/groups/4b8a543a-5dc0-4e45-8aa2-7135b55a3a54 returned with HTTP 404
Jun 22 07:12:12.326928 dv-cinder-786627-11-smb devstack@c-api.service[99621]: [pid: 99621|app: 0|req: 148/306] 10.222.0.22 () {60 vars in 1363 bytes} [Tue Jun 22 07:12:12 2021] GET /volume/v3/e4b5512c15984418bd6997c4e085687f/groups/4b8a543a-5dc0-4e45-8aa2-7135b55a3a54 => generated 108 bytes in 15 msecs (HTTP/1.1 404) 7 headers in 293 bytes (1 switches on core 0)
Jun 22 07:12:12.327083 dv-cinder-786627-11-smb devstack@c-api.service[99620]: /usr/local/lib/python3.8/dist-packages/oslo_context/context.py:105: DeprecationWarning: Policy enforcement is depending on the value of is_admin. This key is deprecated. Please update your policy file to use the standard policy values.
Jun 22 07:12:12.327083 dv-cinder-786627-11-smb devstack@c-api.service[99620]: warnings.warn('Policy enforcement is depending on the value of '
Jun 22 07:12:12.327083 dv-cinder-786627-11-smb devstack@c-api.service[99620]: INFO cinder.volume.api [None req-a372ea81-7754-4871-8bd8-9231d8b0a2d2 tempest-SnapshotMetadataTestJSON-598515883 tempest-SnapshotMetadataTestJSON-598515883-project] Snapshot retrieved successfully.
Jun 22 07:12:12.328085 dv-cinder-786627-11-smb devstack@c-api.service[99620]: INFO cinder.api.openstack.wsgi [None req-a372ea81-7754-4871-8bd8-9231d8b0a2d2 tempest-SnapshotMetadataTestJSON-598515883 tempest-SnapshotMetadataTestJSON-598515883-project] http://10.222.0.22/volume/v3/25f3ec4dcb394078b8fd985466fd5f3d/snapshots/26bf677c-91a0-4e65-b53f-abefd8192857 returned with HTTP 200
Jun 22 07:12:12.329264 dv-cinder-786627-11-smb devstack@c-api.service[99620]: [pid: 99620|app: 0|req: 159/307] 10.222.0.22 () {58 vars in 1331 bytes} [Tue Jun 22 07:12:12 2021] GET /volume/v3/25f3ec4dcb394078b8fd985466fd5f3d/snapshots/26bf677c-91a0-4e65-b53f-abefd8192857 => generated 443 bytes in 51 msecs (HTTP/1.1 200) 7 headers in 285 bytes (1 switches on core 0)
Jun 22 07:12:12.329383 dv-cinder-786627-11-smb devstack@c-api.service[99621]: INFO cinder.api.openstack.wsgi [None req-bd5a3121-6d4b-4d99-a00e-f4a4c5172dff tempest-VolumeQuotasAdminTestJSON-474886897 tempest-VolumeQuotasAdminTestJSON-474886897-project] DELETE http://10.222.0.22/volume/v3/490aab52fb4e4842b10d478a6c86c5fd/volumes/8c04c86b-ecb0-43bb-8437-ea7ed3f8f04b
Jun 22 07:12:12.329808 dv-cinder-786627-11-smb devstack@c-api.service[99621]: DEBUG cinder.api.openstack.wsgi [None req-bd5a3121-6d4b-4d99-a00e-f4a4c5172dff tempest-VolumeQuotasAdminTestJSON-474886897 tempest-VolumeQuotasAdminTestJSON-474886897-project] Empty body provided in request {{(pid=99621) get_body /opt/stack/cinder/cinder/api/openstack/wsgi.py:713}}
Jun 22 07:12:12.330645 dv-cinder-786627-11-smb devstack@c-api.service[99621]: DEBUG cinder.api.openstack.wsgi [None req-bd5a3121-6d4b-4d99-a00e-f4a4c5172dff tempest-VolumeQuotasAdminTestJSON-474886897 tempest-VolumeQuotasAdminTestJSON-474886897-project] Calling method 'delete' {{(pid=99621) _process_stack /opt/stack/cinder/cinder/api/openstack/wsgi.py:866}}
Jun 22 07:12:12.331399 dv-cinder-786627-11-smb devstack@c-api.service[99621]: INFO cinder.api.v3.volumes [None req-bd5a3121-6d4b-4d99-a00e-f4a4c5172dff tempest-VolumeQuotasAdminTestJSON-474886897 tempest-VolumeQuotasAdminTestJSON-474886897-project] Delete volume with id: 8c04c86b-ecb0-43bb-8437-ea7ed3f8f04b
Jun 22 07:12:12.333392 dv-cinder-786627-11-smb devstack@c-api.service[99620]: INFO cinder.api.openstack.wsgi [None req-36ae2e1d-85aa-4932-b3c4-80bcc2fa02ea tempest-VolumeTypesAccessTest-1588846376 tempest-VolumeTypesAccessTest-1588846376-project] GET http://10.222.0.22/volume/v3/1df384ef9271462c9e4f779bc1f67a26/volumes/07ff4667-f6a4-44ed-8c47-cb14023d6038
Jun 22 07:12:12.333880 dv-cinder-786627-11-smb devstack@c-api.service[99620]: DEBUG cinder.api.openstack.wsgi [None req-36ae2e1d-85aa-4932-b3c4-80bcc2fa02ea tempest-VolumeTypesAccessTest-1588846376 tempest-VolumeTypesAccessTest-1588846376-project] Empty body provided in request {{(pid=99620) get_body /opt/stack/cinder/cinder/api/openstack/wsgi.py:713}}
Jun 22 07:12:12.334072 dv-cinder-786627-11-smb devstack@c-api.service[99620]: /usr/local/lib/python3.8/dist-packages/webob/acceptparse.py:1047: DeprecationWarning: The behavior of AcceptValidHeader.best_match is currently being maintained for backward compatibility, but it will be deprecated in the future, as it does not conform to the RFC.
Jun 22 07:12:12.334072 dv-cinder-786627-11-smb devstack@c-api.service[99620]: warnings.warn(
Jun 22 07:12:12.334440 dv-cinder-786627-11-smb devstack@c-api.service[99620]: DEBUG cinder.api.openstack.wsgi [None req-36ae2e1d-85aa-4932-b3c4-80bcc2fa02ea tempest-VolumeTypesAccessTest-1588846376 tempest-VolumeTypesAccessTest-1588846376-project] Calling method 'show' {{(pid=99620) _process_stack /opt/stack/cinder/cinder/api/openstack/wsgi.py:866}}
Jun 22 07:12:12.344800 dv-cinder-786627-11-smb devstack@c-api.service[99621]: INFO cinder.api.openstack.wsgi [None req-bd5a3121-6d4b-4d99-a00e-f4a4c5172dff tempest-VolumeQuotasAdminTestJSON-474886897 tempest-VolumeQuotasAdminTestJSON-474886897-project] http://10.222.0.22/volume/v3/490aab52fb4e4842b10d478a6c86c5fd/volumes/8c04c86b-ecb0-43bb-8437-ea7ed3f8f04b returned with HTTP 404
Jun 22 07:12:12.345742 dv-cinder-786627-11-smb devstack@c-api.service[99621]: [pid: 99621|app: 0|req: 149/308] 10.222.0.22 () {58 vars in 1328 bytes} [Tue Jun 22 07:12:12 2021] DELETE /volume/v3/490aab52fb4e4842b10d478a6c86c5fd/volumes/8c04c86b-ecb0-43bb-8437-ea7ed3f8f04b => generated 109 bytes in 22 msecs (HTTP/1.1 404) 7 headers in 292 bytes (1 switches on core 0)
Jun 22 07:12:12.350682 dv-cinder-786627-11-smb devstack@c-api.service[99621]: INFO cinder.api.openstack.wsgi [None req-81104649-359e-4b93-93b8-fc57b3bc3e52 tempest-GroupsTest-1372947762 tempest-GroupsTest-1372947762-project-admin] DELETE http://10.222.0.22/volume/v3/9cde49de7e844388a98c8ebac49f9caf/group_types/d7d6a5bf-f196-4d5a-bd0a-8a8c90495c91
Jun 22 07:12:12.351191 dv-cinder-786627-11-smb devstack@c-api.service[99621]: DEBUG cinder.api.openstack.wsgi [None req-81104649-359e-4b93-93b8-fc57b3bc3e52 tempest-GroupsTest-1372947762 tempest-GroupsTest-1372947762-project-admin] Empty body provided in request {{(pid=99621) get_body /opt/stack/cinder/cinder/api/openstack/wsgi.py:713}}
Jun 22 07:12:12.351769 dv-cinder-786627-11-smb devstack@c-api.service[99621]: DEBUG cinder.api.openstack.wsgi [None req-81104649-359e-4b93-93b8-fc57b3bc3e52 tempest-GroupsTest-1372947762 tempest-GroupsTest-1372947762-project-admin] Calling method 'version_select' {{(pid=99621) _process_stack /opt/stack/cinder/cinder/api/openstack/wsgi.py:866}}
Jun 22 07:12:12.353636 dv-cinder-786627-11-smb devstack@c-api.service[99620]: /usr/local/lib/python3.8/dist-packages/oslo_context/context.py:105: DeprecationWarning: Policy enforcement is depending on the value of is_admin. This key is deprecated. Please update your policy file to use the standard policy values.
Jun 22 07:12:12.353636 dv-cinder-786627-11-smb devstack@c-api.service[99620]: warnings.warn('Policy enforcement is depending on the value of '
Jun 22 07:12:12.362280 dv-cinder-786627-11-smb devstack@c-api.service[99620]: INFO cinder.volume.api [None req-36ae2e1d-85aa-4932-b3c4-80bcc2fa02ea tempest-VolumeTypesAccessTest-1588846376 tempest-VolumeTypesAccessTest-1588846376-project] Volume info retrieved successfully.
Jun 22 07:12:12.374713 dv-cinder-786627-11-smb devstack@c-api.service[99621]: INFO cinder.api.openstack.wsgi [None req-81104649-359e-4b93-93b8-fc57b3bc3e52 tempest-GroupsTest-1372947762 tempest-GroupsTest-1372947762-project-admin] http://10.222.0.22/volume/v3/9cde49de7e844388a98c8ebac49f9caf/group_types/d7d6a5bf-f196-4d5a-bd0a-8a8c90495c91 returned with HTTP 202
Jun 22 07:12:12.376350 dv-cinder-786627-11-smb devstack@c-api.service[99621]: [pid: 99621|app: 0|req: 150/309] 10.222.0.22 () {60 vars in 1381 bytes} [Tue Jun 22 07:12:12 2021] DELETE /volume/v3/9cde49de7e844388a98c8ebac49f9caf/group_types/d7d6a5bf-f196-4d5a-bd0a-8a8c90495c91 => generated 0 bytes in 30 msecs (HTTP/1.1 202) 6 headers in 234 bytes (1 switches on core 0)
Jun 22 07:12:12.382292 dv-cinder-786627-11-smb devstack@c-api.service[99620]: INFO cinder.api.openstack.wsgi [None req-36ae2e1d-85aa-4932-b3c4-80bcc2fa02ea tempest-VolumeTypesAccessTest-1588846376 tempest-VolumeTypesAccessTest-1588846376-project] http://10.222.0.22/volume/v3/1df384ef9271462c9e4f779bc1f67a26/volumes/07ff4667-f6a4-44ed-8c47-cb14023d6038 returned with HTTP 200
Jun 22 07:12:12.382292 dv-cinder-786627-11-smb devstack@c-api.service[99620]: [pid: 99620|app: 0|req: 160/310] 10.222.0.22 () {58 vars in 1325 bytes} [Tue Jun 22 07:12:12 2021] GET /volume/v3/1df384ef9271462c9e4f779bc1f67a26/volumes/07ff4667-f6a4-44ed-8c47-cb14023d6038 => generated 952 bytes in 50 msecs (HTTP/1.1 200) 7 headers in 285 bytes (1 switches on core 0)
Jun 22 07:12:12.382518 dv-cinder-786627-11-smb devstack@c-api.service[99621]: INFO cinder.api.openstack.wsgi [None req-de9fbe3f-2b98-4450-a1be-9ebfd8d0952a tempest-VolumeQuotasAdminTestJSON-474886897 tempest-VolumeQuotasAdminTestJSON-474886897-project] DELETE http://10.222.0.22/volume/v3/490aab52fb4e4842b10d478a6c86c5fd/volumes/83b468eb-937a-469e-9921-0c126eabc953
Jun 22 07:12:12.382518 dv-cinder-786627-11-smb devstack@c-api.service[99621]: DEBUG cinder.api.openstack.wsgi [None req-de9fbe3f-2b98-4450-a1be-9ebfd8d0952a tempest-VolumeQuotasAdminTestJSON-474886897 tempest-VolumeQuotasAdminTestJSON-474886897-project] Empty body provided in request {{(pid=99621) get_body /opt/stack/cinder/cinder/api/openstack/wsgi.py:713}}
Jun 22 07:12:12.382518 dv-cinder-786627-11-smb devstack@c-api.service[99621]: DEBUG cinder.api.openstack.wsgi [None req-de9fbe3f-2b98-4450-a1be-9ebfd8d0952a tempest-VolumeQuotasAdminTestJSON-474886897 tempest-VolumeQuotasAdminTestJSON-474886897-project] Calling method 'delete' {{(pid=99621) _process_stack /opt/stack/cinder/cinder/api/openstack/wsgi.py:866}}
Jun 22 07:12:12.382518 dv-cinder-786627-11-smb devstack@c-api.service[99621]: INFO cinder.api.v3.volumes [None req-de9fbe3f-2b98-4450-a1be-9ebfd8d0952a tempest-VolumeQuotasAdminTestJSON-474886897 tempest-VolumeQuotasAdminTestJSON-474886897-project] Delete volume with id: 83b468eb-937a-469e-9921-0c126eabc953
Jun 22 07:12:12.384194 dv-cinder-786627-11-smb devstack@c-api.service[99620]: INFO cinder.api.openstack.wsgi [None req-bd73e4ff-3bbe-425c-94ce-ad8ed66e24af tempest-GroupsTest-2008989198 tempest-GroupsTest-2008989198-project] DELETE http://10.222.0.22/volume/v3/e4b5512c15984418bd6997c4e085687f/volumes/66b44a7e-30ad-40ab-a365-cf5223734fa7
Jun 22 07:12:12.384709 dv-cinder-786627-11-smb devstack@c-api.service[99620]: DEBUG cinder.api.openstack.wsgi [None req-bd73e4ff-3bbe-425c-94ce-ad8ed66e24af tempest-GroupsTest-2008989198 tempest-GroupsTest-2008989198-project] Empty body provided in request {{(pid=99620) get_body /opt/stack/cinder/cinder/api/openstack/wsgi.py:713}}
Jun 22 07:12:12.386056 dv-cinder-786627-11-smb devstack@c-api.service[99620]: /usr/local/lib/python3.8/dist-packages/webob/acceptparse.py:1047: DeprecationWarning: The behavior of AcceptValidHeader.best_match is currently being maintained for backward compatibility, but it will be deprecated in the future, as it does not conform to the RFC.
Jun 22 07:12:12.386056 dv-cinder-786627-11-smb devstack@c-api.service[99620]: warnings.warn(
Jun 22 07:12:12.386056 dv-cinder-786627-11-smb devstack@c-api.service[99620]: DEBUG cinder.api.openstack.wsgi [None req-bd73e4ff-3bbe-425c-94ce-ad8ed66e24af tempest-GroupsTest-2008989198 tempest-GroupsTest-2008989198-project] Calling method 'delete' {{(pid=99620) _process_stack /opt/stack/cinder/cinder/api/openstack/wsgi.py:866}}
Jun 22 07:12:12.386056 dv-cinder-786627-11-smb devstack@c-api.service[99620]: INFO cinder.api.v3.volumes [None req-bd73e4ff-3bbe-425c-94ce-ad8ed66e24af tempest-GroupsTest-2008989198 tempest-GroupsTest-2008989198-project] Delete volume with id: 66b44a7e-30ad-40ab-a365-cf5223734fa7
Jun 22 07:12:12.393855 dv-cinder-786627-11-smb devstack@c-api.service[99621]: INFO cinder.api.openstack.wsgi [None req-de9fbe3f-2b98-4450-a1be-9ebfd8d0952a tempest-VolumeQuotasAdminTestJSON-474886897 tempest-VolumeQuotasAdminTestJSON-474886897-project] http://10.222.0.22/volume/v3/490aab52fb4e4842b10d478a6c86c5fd/volumes/83b468eb-937a-469e-9921-0c126eabc953 returned with HTTP 404
Jun 22 07:12:12.395235 dv-cinder-786627-11-smb devstack@c-api.service[99621]: [pid: 99621|app: 0|req: 151/311] 10.222.0.22 () {58 vars in 1328 bytes} [Tue Jun 22 07:12:12 2021] DELETE /volume/v3/490aab52fb4e4842b10d478a6c86c5fd/volumes/83b468eb-937a-469e-9921-0c126eabc953 => generated 109 bytes in 19 msecs (HTTP/1.1 404) 7 headers in 292 bytes (1 switches on core 0)
Jun 22 07:12:12.400630 dv-cinder-786627-11-smb devstack@c-api.service[99620]: INFO cinder.api.openstack.wsgi [None req-bd73e4ff-3bbe-425c-94ce-ad8ed66e24af tempest-GroupsTest-2008989198 tempest-GroupsTest-2008989198-project] http://10.222.0.22/volume/v3/e4b5512c15984418bd6997c4e085687f/volumes/66b44a7e-30ad-40ab-a365-cf5223734fa7 returned with HTTP 404
Jun 22 07:12:12.402230 dv-cinder-786627-11-smb devstack@c-api.service[99620]: [pid: 99620|app: 0|req: 161/312] 10.222.0.22 () {58 vars in 1328 bytes} [Tue Jun 22 07:12:12 2021] DELETE /volume/v3/e4b5512c15984418bd6997c4e085687f/volumes/66b44a7e-30ad-40ab-a365-cf5223734fa7 => generated 109 bytes in 21 msecs (HTTP/1.1 404) 7 headers in 292 bytes (2 switches on core 0)
Jun 22 07:12:12.409656 dv-cinder-786627-11-smb devstack@c-api.service[99621]: INFO cinder.api.openstack.wsgi [None req-033d4605-1f6a-4c76-b202-5f764f529e90 tempest-GroupsTest-2008989198 tempest-GroupsTest-2008989198-project] DELETE http://10.222.0.22/volume/v3/e4b5512c15984418bd6997c4e085687f/volumes/59296dc7-72a2-4edb-9f8e-c2f912469052
Jun 22 07:12:12.410721 dv-cinder-786627-11-smb devstack@c-api.service[99621]: DEBUG cinder.api.openstack.wsgi [None req-033d4605-1f6a-4c76-b202-5f764f529e90 tempest-GroupsTest-2008989198 tempest-GroupsTest-2008989198-project] Empty body provided in request {{(pid=99621) get_body /opt/stack/cinder/cinder/api/openstack/wsgi.py:713}}
Jun 22 07:12:12.411380 dv-cinder-786627-11-smb devstack@c-api.service[99621]: DEBUG cinder.api.openstack.wsgi [None req-033d4605-1f6a-4c76-b202-5f764f529e90 tempest-GroupsTest-2008989198 tempest-GroupsTest-2008989198-project] Calling method 'delete' {{(pid=99621) _process_stack /opt/stack/cinder/cinder/api/openstack/wsgi.py:866}}
Jun 22 07:12:12.411950 dv-cinder-786627-11-smb devstack@c-api.service[99621]: INFO cinder.api.v3.volumes [None req-033d4605-1f6a-4c76-b202-5f764f529e90 tempest-GroupsTest-2008989198 tempest-GroupsTest-2008989198-project] Delete volume with id: 59296dc7-72a2-4edb-9f8e-c2f912469052
Jun 22 07:12:12.423987 dv-cinder-786627-11-smb devstack@c-api.service[99621]: INFO cinder.api.openstack.wsgi [None req-033d4605-1f6a-4c76-b202-5f764f529e90 tempest-GroupsTest-2008989198 tempest-GroupsTest-2008989198-project] http://10.222.0.22/volume/v3/e4b5512c15984418bd6997c4e085687f/volumes/59296dc7-72a2-4edb-9f8e-c2f912469052 returned with HTTP 404
