Jun 22 07:12:22.989186 dv-cinder-786627-11-smb devstack@c-api.service[99620]: INFO cinder.volume.api [None req-8c0183ca-c1e1-466a-94e8-1fee5811153e tempest-VolumeQuotasNegativeTestJSON-642139894 tempest-VolumeQuotasNegativeTestJSON-642139894-project] Volume info retrieved successfully.
Jun 22 07:12:23.011836 dv-cinder-786627-11-smb devstack@c-api.service[99621]: DEBUG cinder.quota [None req-f2d1a47b-b511-41b1-86ba-a74428ff3e1e tempest-AbsoluteLimitsTests-87443747 tempest-AbsoluteLimitsTests-87443747-project] Created reservations ['7c3c5043-9de4-4786-b509-6ee85637678f', '63667993-5578-46cb-8687-ed1a93a2b105', '6818cd14-1a6a-4cb8-8bb1-2a934af87313', '04a15c74-0b1f-4e1b-8e8d-6d58daa6d4f6'] {{(pid=99621) reserve /opt/stack/cinder/cinder/quota.py:755}}
Jun 22 07:12:23.014307 dv-cinder-786627-11-smb devstack@c-api.service[99621]: DEBUG cinder.volume.api [None req-f2d1a47b-b511-41b1-86ba-a74428ff3e1e tempest-AbsoluteLimitsTests-87443747 tempest-AbsoluteLimitsTests-87443747-project] Task 'cinder.volume.flows.api.create_volume.QuotaReserveTask;volume:create' (9a83e1fa-13bb-4ca2-917c-d2236ec075f5) transitioned into state 'SUCCESS' from state 'RUNNING' with result '{'reservations': ['7c3c5043-9de4-4786-b509-6ee85637678f', '63667993-5578-46cb-8687-ed1a93a2b105', '6818cd14-1a6a-4cb8-8bb1-2a934af87313', '04a15c74-0b1f-4e1b-8e8d-6d58daa6d4f6']}' {{(pid=99621) _task_receiver /usr/local/lib/python3.8/dist-packages/taskflow/listeners/logging.py:178}}
Jun 22 07:12:23.017373 dv-cinder-786627-11-smb devstack@c-api.service[99620]: INFO cinder.api.openstack.wsgi [None req-8c0183ca-c1e1-466a-94e8-1fee5811153e tempest-VolumeQuotasNegativeTestJSON-642139894 tempest-VolumeQuotasNegativeTestJSON-642139894-project] http://10.222.0.22/volume/v3/9a6bdc3eec864be8a24745ec779421e0/volumes/978f494d-1852-4aea-b981-3fac6113f603 returned with HTTP 200
Jun 22 07:12:23.018042 dv-cinder-786627-11-smb devstack@c-api.service[99621]: DEBUG cinder.volume.api [None req-f2d1a47b-b511-41b1-86ba-a74428ff3e1e tempest-AbsoluteLimitsTests-87443747 tempest-AbsoluteLimitsTests-87443747-project] Task 'cinder.volume.flows.api.create_volume.EntryCreateTask;volume:create' (e65d7e23-d8f6-4e76-adb0-3d33f7a0c99e) transitioned into state 'RUNNING' from state 'PENDING' {{(pid=99621) _task_receiver /usr/local/lib/python3.8/dist-packages/taskflow/listeners/logging.py:190}}
Jun 22 07:12:23.029491 dv-cinder-786627-11-smb devstack@c-api.service[99620]: [pid: 99620|app: 0|req: 189/367] 10.222.0.22 () {58 vars in 1325 bytes} [Tue Jun 22 07:12:22 2021] GET /volume/v3/9a6bdc3eec864be8a24745ec779421e0/volumes/978f494d-1852-4aea-b981-3fac6113f603 => generated 921 bytes in 85 msecs (HTTP/1.1 200) 7 headers in 285 bytes (1 switches on core 0)
Jun 22 07:12:23.035168 dv-cinder-786627-11-smb devstack@c-api.service[99620]: INFO cinder.api.openstack.wsgi [None req-1f3d538f-bfc4-442b-a254-0309b4531f1f tempest-VolumeQuotasNegativeTestJSON-1042776513 tempest-VolumeQuotasNegativeTestJSON-1042776513-project-admin] PUT http://10.222.0.22/volume/v3/b996d0bd8ca641c09b218efa13895636/os-quota-sets/9a6bdc3eec864be8a24745ec779421e0
Jun 22 07:12:23.035970 dv-cinder-786627-11-smb devstack@c-api.service[99620]: /usr/local/lib/python3.8/dist-packages/webob/acceptparse.py:1047: DeprecationWarning: The behavior of AcceptValidHeader.best_match is currently being maintained for backward compatibility, but it will be deprecated in the future, as it does not conform to the RFC.
Jun 22 07:12:23.035970 dv-cinder-786627-11-smb devstack@c-api.service[99620]: warnings.warn(
Jun 22 07:12:23.035970 dv-cinder-786627-11-smb devstack@c-api.service[99620]: DEBUG cinder.api.openstack.wsgi [None req-1f3d538f-bfc4-442b-a254-0309b4531f1f tempest-VolumeQuotasNegativeTestJSON-1042776513 tempest-VolumeQuotasNegativeTestJSON-1042776513-project-admin] Action: 'update', calling method: update, body: {"quota_set": {"gigabytes": 1, "volumes": -1}} {{(pid=99620) _process_stack /opt/stack/cinder/cinder/api/openstack/wsgi.py:864}}
Jun 22 07:12:23.069726 dv-cinder-786627-11-smb devstack@c-api.service[99621]: DEBUG cinder.volume.api [None req-f2d1a47b-b511-41b1-86ba-a74428ff3e1e tempest-AbsoluteLimitsTests-87443747 tempest-AbsoluteLimitsTests-87443747-project] Task 'cinder.volume.flows.api.create_volume.EntryCreateTask;volume:create' (e65d7e23-d8f6-4e76-adb0-3d33f7a0c99e) transitioned into state 'SUCCESS' from state 'RUNNING' with result '{'volume_id': '4ceb3368-ac45-45b8-bc34-db0e1269b126', 'volume_properties': VolumeProperties(attach_status='detached',availability_zone='nova',cgsnapshot_id=None,consistencygroup_id=None,display_description=None,display_name='tempest-AbsoluteLimitsTests-Volume-213095511',encryption_key_id=None,group_id=None,group_type_id=,metadata={},multiattach=False,project_id='422f6ae60a114bdcadf8dd48d472a2a4',qos_specs=None,replication_status=,reservations=['7c3c5043-9de4-4786-b509-6ee85637678f','63667993-5578-46cb-8687-ed1a93a2b105','6818cd14-1a6a-4cb8-8bb1-2a934af87313','04a15c74-0b1f-4e1b-8e8d-6d58daa6d4f6'],size=1,snapshot_id=None,source_replicaid=,source_volid=None,status='creating',user_id='a52720fb73ec4a7f8a0a6219c36801e7',volume_type_id=67242a19-7c74-4669-83c8-39c771331400), 'volume': Volume(_name_id=None,admin_metadata=,attach_status='detached',availability_zone='nova',bootable=False,cluster=,cluster_name=None,consistencygroup=,consistencygroup_id=None,created_at=2021-06-22T07:12:23Z,deleted=False,deleted_at=None,display_description=None,display_name='tempest-AbsoluteLimitsTests-Volume-213095511',ec2_id=None,encryption_key_id=None,glance_metadata=,group=,group_id=None,host=None,id=4ceb3368-ac45-45b8-bc34-db0e1269b126,launched_at=None,metadata={},migration_status=None,multiattach=False,previous_status=None,project_id='422f6ae60a114bdcadf8dd48d472a2a4',provider_auth=None,provider_geometry=None,provider_id=None,provider_location=None,replication_driver_data=None,replication_extended_status=None,replication_status=None,scheduled_at=None,service_uuid=None,shared_targets=True,size=1,snapshot_id=None,snapshots=,source_volid=None,status='creating',terminated_at=None,updated_at=None,user_id='a52720fb73ec4a7f8a0a6219c36801e7',volume_attachment=,volume_type=VolumeType(67242a19-7c74-4669-83c8-39c771331400),volume_type_id=67242a19-7c74-4669-83c8-39c771331400)}' {{(pid=99621) _task_receiver /usr/local/lib/python3.8/dist-packages/taskflow/listeners/logging.py:178}}
Jun 22 07:12:23.073080 dv-cinder-786627-11-smb devstack@c-api.service[99621]: DEBUG cinder.volume.api [None req-f2d1a47b-b511-41b1-86ba-a74428ff3e1e tempest-AbsoluteLimitsTests-87443747 tempest-AbsoluteLimitsTests-87443747-project] Task 'cinder.volume.flows.api.create_volume.QuotaCommitTask;volume:create' (c37125c2-8c7c-4dbb-aa68-c7db0f2ef05c) transitioned into state 'RUNNING' from state 'PENDING' {{(pid=99621) _task_receiver /usr/local/lib/python3.8/dist-packages/taskflow/listeners/logging.py:190}}
Jun 22 07:12:23.110608 dv-cinder-786627-11-smb devstack@c-api.service[99621]: DEBUG cinder.volume.api [None req-f2d1a47b-b511-41b1-86ba-a74428ff3e1e tempest-AbsoluteLimitsTests-87443747 tempest-AbsoluteLimitsTests-87443747-project] Task 'cinder.volume.flows.api.create_volume.QuotaCommitTask;volume:create' (c37125c2-8c7c-4dbb-aa68-c7db0f2ef05c) transitioned into state 'SUCCESS' from state 'RUNNING' with result '{'volume_properties': VolumeProperties(attach_status='detached',availability_zone='nova',cgsnapshot_id=None,consistencygroup_id=None,display_description=None,display_name='tempest-AbsoluteLimitsTests-Volume-213095511',encryption_key_id=None,group_id=None,group_type_id=,metadata={},multiattach=False,project_id='422f6ae60a114bdcadf8dd48d472a2a4',qos_specs=None,replication_status=,reservations=['7c3c5043-9de4-4786-b509-6ee85637678f','63667993-5578-46cb-8687-ed1a93a2b105','6818cd14-1a6a-4cb8-8bb1-2a934af87313','04a15c74-0b1f-4e1b-8e8d-6d58daa6d4f6'],size=1,snapshot_id=None,source_replicaid=,source_volid=None,status='creating',user_id='a52720fb73ec4a7f8a0a6219c36801e7',volume_type_id=67242a19-7c74-4669-83c8-39c771331400)}' {{(pid=99621) _task_receiver /usr/local/lib/python3.8/dist-packages/taskflow/listeners/logging.py:178}}
Jun 22 07:12:23.112796 dv-cinder-786627-11-smb devstack@c-api.service[99621]: DEBUG cinder.volume.api [None req-f2d1a47b-b511-41b1-86ba-a74428ff3e1e tempest-AbsoluteLimitsTests-87443747 tempest-AbsoluteLimitsTests-87443747-project] Task 'cinder.volume.flows.api.create_volume.VolumeCastTask;volume:create' (731ab8eb-bcff-401f-8884-4beef482bebe) transitioned into state 'RUNNING' from state 'PENDING' {{(pid=99621) _task_receiver /usr/local/lib/python3.8/dist-packages/taskflow/listeners/logging.py:190}}
Jun 22 07:12:23.132141 dv-cinder-786627-11-smb devstack@c-api.service[99620]: INFO cinder.api.openstack.wsgi [None req-1f3d538f-bfc4-442b-a254-0309b4531f1f tempest-VolumeQuotasNegativeTestJSON-1042776513 tempest-VolumeQuotasNegativeTestJSON-1042776513-project-admin] http://10.222.0.22/volume/v3/b996d0bd8ca641c09b218efa13895636/os-quota-sets/9a6bdc3eec864be8a24745ec779421e0 returned with HTTP 200
Jun 22 07:12:23.134083 dv-cinder-786627-11-smb devstack@c-api.service[99620]: [pid: 99620|app: 0|req: 190/368] 10.222.0.22 () {60 vars in 1351 bytes} [Tue Jun 22 07:12:23 2021] PUT /volume/v3/b996d0bd8ca641c09b218efa13895636/os-quota-sets/9a6bdc3eec864be8a24745ec779421e0 => generated 316 bytes in 104 msecs (HTTP/1.1 200) 7 headers in 285 bytes (1 switches on core 0)
Jun 22 07:12:23.144192 dv-cinder-786627-11-smb devstack@c-api.service[99620]: INFO cinder.api.openstack.wsgi [None req-0fe9241d-ff67-4d4d-9ed9-02b2663f1d84 tempest-VolumeQuotasNegativeTestJSON-642139894 tempest-VolumeQuotasNegativeTestJSON-642139894-project] POST http://10.222.0.22/volume/v3/9a6bdc3eec864be8a24745ec779421e0/volumes
Jun 22 07:12:23.146143 dv-cinder-786627-11-smb devstack@c-api.service[99620]: DEBUG cinder.api.openstack.wsgi [None req-0fe9241d-ff67-4d4d-9ed9-02b2663f1d84 tempest-VolumeQuotasNegativeTestJSON-642139894 tempest-VolumeQuotasNegativeTestJSON-642139894-project] Action: 'create', calling method: create, body: {"volume": {"size": 2}} {{(pid=99620) _process_stack /opt/stack/cinder/cinder/api/openstack/wsgi.py:864}}
Jun 22 07:12:23.146706 dv-cinder-786627-11-smb devstack@c-api.service[99621]: DEBUG cinder.volume.api [None req-f2d1a47b-b511-41b1-86ba-a74428ff3e1e tempest-AbsoluteLimitsTests-87443747 tempest-AbsoluteLimitsTests-87443747-project] Task 'cinder.volume.flows.api.create_volume.VolumeCastTask;volume:create' (731ab8eb-bcff-401f-8884-4beef482bebe) transitioned into state 'SUCCESS' from state 'RUNNING' with result 'None' {{(pid=99621) _task_receiver /usr/local/lib/python3.8/dist-packages/taskflow/listeners/logging.py:178}}
Jun 22 07:12:23.148790 dv-cinder-786627-11-smb devstack@c-api.service[99620]: DEBUG cinder.api.v3.volumes [None req-0fe9241d-ff67-4d4d-9ed9-02b2663f1d84 tempest-VolumeQuotasNegativeTestJSON-642139894 tempest-VolumeQuotasNegativeTestJSON-642139894-project] Create volume request body: {'volume': {'size': 2}} {{(pid=99620) create /opt/stack/cinder/cinder/api/v3/volumes.py:289}}
Jun 22 07:12:23.148790 dv-cinder-786627-11-smb devstack@c-api.service[99620]: INFO cinder.api.v3.volumes [None req-0fe9241d-ff67-4d4d-9ed9-02b2663f1d84 tempest-VolumeQuotasNegativeTestJSON-642139894 tempest-VolumeQuotasNegativeTestJSON-642139894-project] Create volume of 2 GB
Jun 22 07:12:23.155317 dv-cinder-786627-11-smb devstack@c-api.service[99621]: DEBUG cinder.volume.api [None req-f2d1a47b-b511-41b1-86ba-a74428ff3e1e tempest-AbsoluteLimitsTests-87443747 tempest-AbsoluteLimitsTests-87443747-project] Flow 'volume_create_api' (aa6207c2-722b-49cc-b97b-0c808f755d47) transitioned into state 'SUCCESS' from state 'RUNNING' {{(pid=99621) _flow_receiver /usr/local/lib/python3.8/dist-packages/taskflow/listeners/logging.py:141}}
Jun 22 07:12:23.157298 dv-cinder-786627-11-smb devstack@c-api.service[99621]: INFO cinder.volume.api [None req-f2d1a47b-b511-41b1-86ba-a74428ff3e1e tempest-AbsoluteLimitsTests-87443747 tempest-AbsoluteLimitsTests-87443747-project] Create volume request issued successfully.
Jun 22 07:12:23.160583 dv-cinder-786627-11-smb devstack@c-api.service[99620]: INFO cinder.volume.api [None req-0fe9241d-ff67-4d4d-9ed9-02b2663f1d84 tempest-VolumeQuotasNegativeTestJSON-642139894 tempest-VolumeQuotasNegativeTestJSON-642139894-project] Availability Zones retrieved successfully.
Jun 22 07:12:23.167187 dv-cinder-786627-11-smb devstack@c-api.service[99621]: INFO cinder.api.openstack.wsgi [None req-f2d1a47b-b511-41b1-86ba-a74428ff3e1e tempest-AbsoluteLimitsTests-87443747 tempest-AbsoluteLimitsTests-87443747-project] http://10.222.0.22/volume/v3/422f6ae60a114bdcadf8dd48d472a2a4/volumes returned with HTTP 202
Jun 22 07:12:23.168117 dv-cinder-786627-11-smb devstack@c-api.service[99621]: [pid: 99621|app: 0|req: 179/369] 10.222.0.22 () {60 vars in 1235 bytes} [Tue Jun 22 07:12:22 2021] POST /volume/v3/422f6ae60a114bdcadf8dd48d472a2a4/volumes => generated 818 bytes in 768 msecs (HTTP/1.1 202) 7 headers in 291 bytes (1 switches on core 0)
Jun 22 07:12:23.179944 dv-cinder-786627-11-smb devstack@c-api.service[99620]: DEBUG cinder.volume.api [None req-0fe9241d-ff67-4d4d-9ed9-02b2663f1d84 tempest-VolumeQuotasNegativeTestJSON-642139894 tempest-VolumeQuotasNegativeTestJSON-642139894-project] Flow 'volume_create_api' (01a5f2ee-90e0-4e3d-bc5c-eab48348b5eb) transitioned into state 'RUNNING' from state 'PENDING' {{(pid=99620) _flow_receiver /usr/local/lib/python3.8/dist-packages/taskflow/listeners/logging.py:141}}
Jun 22 07:12:23.183195 dv-cinder-786627-11-smb devstack@c-api.service[99620]: DEBUG cinder.volume.api [None req-0fe9241d-ff67-4d4d-9ed9-02b2663f1d84 tempest-VolumeQuotasNegativeTestJSON-642139894 tempest-VolumeQuotasNegativeTestJSON-642139894-project] Task 'cinder.volume.flows.api.create_volume.ExtractVolumeRequestTask;volume:create' (14cf6d20-68cc-4ab7-8830-ec5f0c69675b) transitioned into state 'RUNNING' from state 'PENDING' {{(pid=99620) _task_receiver /usr/local/lib/python3.8/dist-packages/taskflow/listeners/logging.py:190}}
Jun 22 07:12:23.185328 dv-cinder-786627-11-smb devstack@c-api.service[99621]: INFO cinder.api.openstack.wsgi [None req-dbbd9cf6-05e2-406b-8f51-94ed467c2076 tempest-AbsoluteLimitsTests-87443747 tempest-AbsoluteLimitsTests-87443747-project] GET http://10.222.0.22/volume/v3/422f6ae60a114bdcadf8dd48d472a2a4/volumes/4ceb3368-ac45-45b8-bc34-db0e1269b126
Jun 22 07:12:23.185915 dv-cinder-786627-11-smb devstack@c-api.service[99621]: DEBUG cinder.api.openstack.wsgi [None req-dbbd9cf6-05e2-406b-8f51-94ed467c2076 tempest-AbsoluteLimitsTests-87443747 tempest-AbsoluteLimitsTests-87443747-project] Empty body provided in request {{(pid=99621) get_body /opt/stack/cinder/cinder/api/openstack/wsgi.py:713}}
Jun 22 07:12:23.186164 dv-cinder-786627-11-smb devstack@c-api.service[99621]: /usr/local/lib/python3.8/dist-packages/webob/acceptparse.py:1047: DeprecationWarning: The behavior of AcceptValidHeader.best_match is currently being maintained for backward compatibility, but it will be deprecated in the future, as it does not conform to the RFC.
Jun 22 07:12:23.186164 dv-cinder-786627-11-smb devstack@c-api.service[99621]: warnings.warn(
Jun 22 07:12:23.186492 dv-cinder-786627-11-smb devstack@c-api.service[99621]: DEBUG cinder.api.openstack.wsgi [None req-dbbd9cf6-05e2-406b-8f51-94ed467c2076 tempest-AbsoluteLimitsTests-87443747 tempest-AbsoluteLimitsTests-87443747-project] Calling method 'show' {{(pid=99621) _process_stack /opt/stack/cinder/cinder/api/openstack/wsgi.py:866}}
Jun 22 07:12:23.187357 dv-cinder-786627-11-smb devstack@c-api.service[99620]: DEBUG cinder.volume.flows.api.create_volume [None req-0fe9241d-ff67-4d4d-9ed9-02b2663f1d84 tempest-VolumeQuotasNegativeTestJSON-642139894 tempest-VolumeQuotasNegativeTestJSON-642139894-project] Validating volume size '2' using validate_int {{(pid=99620) _extract_size /opt/stack/cinder/cinder/volume/flows/api/create_volume.py:201}}
Jun 22 07:12:23.204355 dv-cinder-786627-11-smb devstack@c-api.service[99621]: /usr/local/lib/python3.8/dist-packages/oslo_context/context.py:105: DeprecationWarning: Policy enforcement is depending on the value of is_admin. This key is deprecated. Please update your policy file to use the standard policy values.
Jun 22 07:12:23.204355 dv-cinder-786627-11-smb devstack@c-api.service[99621]: warnings.warn('Policy enforcement is depending on the value of '
Jun 22 07:12:23.213962 dv-cinder-786627-11-smb devstack@c-api.service[99621]: INFO cinder.volume.api [None req-dbbd9cf6-05e2-406b-8f51-94ed467c2076 tempest-AbsoluteLimitsTests-87443747 tempest-AbsoluteLimitsTests-87443747-project] Volume info retrieved successfully.
Jun 22 07:12:23.223614 dv-cinder-786627-11-smb devstack@c-api.service[99620]: DEBUG cinder.volume.api [None req-0fe9241d-ff67-4d4d-9ed9-02b2663f1d84 tempest-VolumeQuotasNegativeTestJSON-642139894 tempest-VolumeQuotasNegativeTestJSON-642139894-project] Task 'cinder.volume.flows.api.create_volume.ExtractVolumeRequestTask;volume:create' (14cf6d20-68cc-4ab7-8830-ec5f0c69675b) transitioned into state 'SUCCESS' from state 'RUNNING' with result '{'size': 2, 'snapshot_id': None, 'source_volid': None, 'volume_type': VolumeType(created_at=2021-06-22T07:02:00Z,deleted=False,deleted_at=None,description='Default Volume Type',extra_specs={},id=67242a19-7c74-4669-83c8-39c771331400,is_public=True,name='__DEFAULT__',projects=[],qos_specs=,qos_specs_id=None,updated_at=2021-06-22T07:02:00Z), 'volume_type_id': '67242a19-7c74-4669-83c8-39c771331400', 'encryption_key_id': None, 'qos_specs': None, 'consistencygroup_id': None, 'cgsnapshot_id': None, 'group_id': None, 'replication_status': 'disabled', 'refresh_az': False, 'backup_id': None, 'multiattach': False, 'availability_zones': ['nova']}' {{(pid=99620) _task_receiver /usr/local/lib/python3.8/dist-packages/taskflow/listeners/logging.py:178}}
Jun 22 07:12:23.226316 dv-cinder-786627-11-smb devstack@c-api.service[99620]: DEBUG cinder.volume.api [None req-0fe9241d-ff67-4d4d-9ed9-02b2663f1d84 tempest-VolumeQuotasNegativeTestJSON-642139894 tempest-VolumeQuotasNegativeTestJSON-642139894-project] Task 'cinder.volume.flows.api.create_volume.QuotaReserveTask;volume:create' (3dc0716e-2a6c-4e6d-96b4-9f611d817ed6) transitioned into state 'RUNNING' from state 'PENDING' {{(pid=99620) _task_receiver /usr/local/lib/python3.8/dist-packages/taskflow/listeners/logging.py:190}}
Jun 22 07:12:23.234440 dv-cinder-786627-11-smb devstack@c-api.service[99621]: INFO cinder.api.openstack.wsgi [None req-dbbd9cf6-05e2-406b-8f51-94ed467c2076 tempest-AbsoluteLimitsTests-87443747 tempest-AbsoluteLimitsTests-87443747-project] http://10.222.0.22/volume/v3/422f6ae60a114bdcadf8dd48d472a2a4/volumes/4ceb3368-ac45-45b8-bc34-db0e1269b126 returned with HTTP 200
Jun 22 07:12:23.235740 dv-cinder-786627-11-smb devstack@c-api.service[99621]: [pid: 99621|app: 0|req: 180/370] 10.222.0.22 () {58 vars in 1325 bytes} [Tue Jun 22 07:12:23 2021] GET /volume/v3/422f6ae60a114bdcadf8dd48d472a2a4/volumes/4ceb3368-ac45-45b8-bc34-db0e1269b126 => generated 886 bytes in 56 msecs (HTTP/1.1 200) 7 headers in 285 bytes (1 switches on core 0)
Jun 22 07:12:23.298239 dv-cinder-786627-11-smb devstack@c-api.service[99620]: WARNING cinder.quota_utils [None req-0fe9241d-ff67-4d4d-9ed9-02b2663f1d84 tempest-VolumeQuotasNegativeTestJSON-642139894 tempest-VolumeQuotasNegativeTestJSON-642139894-project] Quota exceeded for 9a6bdc3eec864be8a24745ec779421e0, tried to create 2G volume (1G of 1G already consumed).: cinder.exception.OverQuota: Quota exceeded for resources: ['gigabytes']
Jun 22 07:12:23.305933 dv-cinder-786627-11-smb devstack@c-api.service[99620]: WARNING cinder.volume.api [None req-0fe9241d-ff67-4d4d-9ed9-02b2663f1d84 tempest-VolumeQuotasNegativeTestJSON-642139894 tempest-VolumeQuotasNegativeTestJSON-642139894-project] Task 'cinder.volume.flows.api.create_volume.QuotaReserveTask;volume:create' (3dc0716e-2a6c-4e6d-96b4-9f611d817ed6) transitioned into state 'FAILURE' from state 'RUNNING'
Jun 22 07:12:23.305933 dv-cinder-786627-11-smb devstack@c-api.service[99620]: Failure: cinder.exception.VolumeSizeExceedsAvailableQuota: Requested volume or snapshot exceeds allowed gigabytes quota. Requested 2G, quota is 1G and 1G has been consumed.
Jun 22 07:12:23.313325 dv-cinder-786627-11-smb devstack@c-api.service[99620]: DEBUG cinder.volume.api [None req-0fe9241d-ff67-4d4d-9ed9-02b2663f1d84 tempest-VolumeQuotasNegativeTestJSON-642139894 tempest-VolumeQuotasNegativeTestJSON-642139894-project] Task 'cinder.volume.flows.api.create_volume.QuotaReserveTask;volume:create' (3dc0716e-2a6c-4e6d-96b4-9f611d817ed6) transitioned into state 'REVERTING' from state 'FAILURE' {{(pid=99620) _task_receiver /usr/local/lib/python3.8/dist-packages/taskflow/listeners/logging.py:190}}
Jun 22 07:12:23.316145 dv-cinder-786627-11-smb devstack@c-api.service[99620]: WARNING cinder.volume.api [None req-0fe9241d-ff67-4d4d-9ed9-02b2663f1d84 tempest-VolumeQuotasNegativeTestJSON-642139894 tempest-VolumeQuotasNegativeTestJSON-642139894-project] Task 'cinder.volume.flows.api.create_volume.QuotaReserveTask;volume:create' (3dc0716e-2a6c-4e6d-96b4-9f611d817ed6) transitioned into state 'REVERTED' from state 'REVERTING' with result 'None'
Jun 22 07:12:23.317949 dv-cinder-786627-11-smb devstack@c-api.service[99620]: DEBUG cinder.volume.api [None req-0fe9241d-ff67-4d4d-9ed9-02b2663f1d84 tempest-VolumeQuotasNegativeTestJSON-642139894 tempest-VolumeQuotasNegativeTestJSON-642139894-project] Task 'cinder.volume.flows.api.create_volume.ExtractVolumeRequestTask;volume:create' (14cf6d20-68cc-4ab7-8830-ec5f0c69675b) transitioned into state 'REVERTING' from state 'SUCCESS' {{(pid=99620) _task_receiver /usr/local/lib/python3.8/dist-packages/taskflow/listeners/logging.py:190}}
Jun 22 07:12:23.320406 dv-cinder-786627-11-smb devstack@c-api.service[99620]: WARNING cinder.volume.api [None req-0fe9241d-ff67-4d4d-9ed9-02b2663f1d84 tempest-VolumeQuotasNegativeTestJSON-642139894 tempest-VolumeQuotasNegativeTestJSON-642139894-project] Task 'cinder.volume.flows.api.create_volume.ExtractVolumeRequestTask;volume:create' (14cf6d20-68cc-4ab7-8830-ec5f0c69675b) transitioned into state 'REVERTED' from state 'REVERTING' with result 'None'
Jun 22 07:12:23.322902 dv-cinder-786627-11-smb devstack@c-api.service[99620]: WARNING cinder.volume.api [None req-0fe9241d-ff67-4d4d-9ed9-02b2663f1d84 tempest-VolumeQuotasNegativeTestJSON-642139894 tempest-VolumeQuotasNegativeTestJSON-642139894-project] Flow 'volume_create_api' (01a5f2ee-90e0-4e3d-bc5c-eab48348b5eb) transitioned into state 'REVERTED' from state 'RUNNING'
Jun 22 07:12:23.323762 dv-cinder-786627-11-smb devstack@c-api.service[99620]: INFO cinder.api.middleware.fault [None req-0fe9241d-ff67-4d4d-9ed9-02b2663f1d84 tempest-VolumeQuotasNegativeTestJSON-642139894 tempest-VolumeQuotasNegativeTestJSON-642139894-project] http://10.222.0.22/volume/v3/9a6bdc3eec864be8a24745ec779421e0/volumes returned with HTTP 413
Jun 22 07:12:23.325410 dv-cinder-786627-11-smb devstack@c-api.service[99620]: [pid: 99620|app: 0|req: 191/371] 10.222.0.22 () {60 vars in 1235 bytes} [Tue Jun 22 07:12:23 2021] POST /volume/v3/9a6bdc3eec864be8a24745ec779421e0/volumes => generated 208 bytes in 186 msecs (HTTP/1.1 413) 8 headers in 323 bytes (2 switches on core 0)
Jun 22 07:12:23.339764 dv-cinder-786627-11-smb devstack@c-api.service[99620]: INFO cinder.api.openstack.wsgi [None req-841f72ae-c517-4c2a-8c36-d9625d8d52df tempest-VolumeQuotasNegativeTestJSON-1042776513 tempest-VolumeQuotasNegativeTestJSON-1042776513-project-admin] PUT http://10.222.0.22/volume/v3/b996d0bd8ca641c09b218efa13895636/os-quota-sets/9a6bdc3eec864be8a24745ec779421e0
Jun 22 07:12:23.341578 dv-cinder-786627-11-smb devstack@c-api.service[99620]: /usr/local/lib/python3.8/dist-packages/webob/acceptparse.py:1047: DeprecationWarning: The behavior of AcceptValidHeader.best_match is currently being maintained for backward compatibility, but it will be deprecated in the future, as it does not conform to the RFC.
Jun 22 07:12:23.341578 dv-cinder-786627-11-smb devstack@c-api.service[99620]: warnings.warn(
Jun 22 07:12:23.343475 dv-cinder-786627-11-smb devstack@c-api.service[99620]: DEBUG cinder.api.openstack.wsgi [None req-841f72ae-c517-4c2a-8c36-d9625d8d52df tempest-VolumeQuotasNegativeTestJSON-1042776513 tempest-VolumeQuotasNegativeTestJSON-1042776513-project-admin] Action: 'update', calling method: update, body: {"quota_set": {"volumes": 1, "gigabytes": -1}} {{(pid=99620) _process_stack /opt/stack/cinder/cinder/api/openstack/wsgi.py:864}}
Jun 22 07:12:23.365504 dv-cinder-786627-11-smb devstack@c-api.service[99620]: /usr/local/lib/python3.8/dist-packages/oslo_context/context.py:105: DeprecationWarning: Policy enforcement is depending on the value of is_admin. This key is deprecated. Please update your policy file to use the standard policy values.
Jun 22 07:12:23.365504 dv-cinder-786627-11-smb devstack@c-api.service[99620]: warnings.warn('Policy enforcement is depending on the value of '
Jun 22 07:12:23.478729 dv-cinder-786627-11-smb devstack@c-api.service[99620]: INFO cinder.api.openstack.wsgi [None req-841f72ae-c517-4c2a-8c36-d9625d8d52df tempest-VolumeQuotasNegativeTestJSON-1042776513 tempest-VolumeQuotasNegativeTestJSON-1042776513-project-admin] http://10.222.0.22/volume/v3/b996d0bd8ca641c09b218efa13895636/os-quota-sets/9a6bdc3eec864be8a24745ec779421e0 returned with HTTP 200
Jun 22 07:12:23.485833 dv-cinder-786627-11-smb devstack@c-api.service[99620]: [pid: 99620|app: 0|req: 192/372] 10.222.0.22 () {60 vars in 1351 bytes} [Tue Jun 22 07:12:23 2021] PUT /volume/v3/b996d0bd8ca641c09b218efa13895636/os-quota-sets/9a6bdc3eec864be8a24745ec779421e0 => generated 316 bytes in 152 msecs (HTTP/1.1 200) 7 headers in 285 bytes (1 switches on core 0)
Jun 22 07:12:23.536001 dv-cinder-786627-11-smb devstack@c-api.service[99621]: INFO cinder.api.openstack.wsgi [None req-4dcf77bb-b426-4b6b-bbd0-73f68f0d428b tempest-VolumeTypesTest-1487659059 tempest-VolumeTypesTest-1487659059-project-admin] POST http://10.222.0.22/volume/v3/bd418cc7bb48405a892cea0ec666375a/types
Jun 22 07:12:23.536382 dv-cinder-786627-11-smb devstack@c-api.service[99621]: /usr/local/lib/python3.8/dist-packages/webob/acceptparse.py:1047: DeprecationWarning: The behavior of AcceptValidHeader.best_match is currently being maintained for backward compatibility, but it will be deprecated in the future, as it does not conform to the RFC.
Jun 22 07:12:23.536382 dv-cinder-786627-11-smb devstack@c-api.service[99621]: warnings.warn(
Jun 22 07:12:23.536914 dv-cinder-786627-11-smb devstack@c-api.service[99621]: DEBUG cinder.api.openstack.wsgi [None req-4dcf77bb-b426-4b6b-bbd0-73f68f0d428b tempest-VolumeTypesTest-1487659059 tempest-VolumeTypesTest-1487659059-project-admin] Action: 'create', calling method: _create, body: {"volume_type": {"name": "tempest-VolumeTypesTest-volume-type-1031299480", "extra_specs": {"storage_protocol": "smbfs", "vendor_name": "Open Source"}}} {{(pid=99621) _process_stack /opt/stack/cinder/cinder/api/openstack/wsgi.py:864}}
Jun 22 07:12:23.571900 dv-cinder-786627-11-smb devstack@c-api.service[99621]: INFO cinder.api.openstack.wsgi [None req-4dcf77bb-b426-4b6b-bbd0-73f68f0d428b tempest-VolumeTypesTest-1487659059 tempest-VolumeTypesTest-1487659059-project-admin] http://10.222.0.22/volume/v3/bd418cc7bb48405a892cea0ec666375a/types returned with HTTP 200
Jun 22 07:12:23.572810 dv-cinder-786627-11-smb devstack@c-api.service[99621]: [pid: 99621|app: 0|req: 181/373] 10.222.0.22 () {60 vars in 1230 bytes} [Tue Jun 22 07:12:23 2021] POST /volume/v3/bd418cc7bb48405a892cea0ec666375a/types => generated 278 bytes in 314 msecs (HTTP/1.1 200) 7 headers in 285 bytes (1 switches on core 0)
Jun 22 07:12:23.576935 dv-cinder-786627-11-smb devstack@c-api.service[99621]: INFO cinder.api.openstack.wsgi [None req-4758fb6d-7fe5-41b1-b484-0e2ee69c5bb5 tempest-VolumeQuotasNegativeTestJSON-642139894 tempest-VolumeQuotasNegativeTestJSON-642139894-project] POST http://10.222.0.22/volume/v3/9a6bdc3eec864be8a24745ec779421e0/volumes
Jun 22 07:12:23.577591 dv-cinder-786627-11-smb devstack@c-api.service[99621]: DEBUG cinder.api.openstack.wsgi [None req-4758fb6d-7fe5-41b1-b484-0e2ee69c5bb5 tempest-VolumeQuotasNegativeTestJSON-642139894 tempest-VolumeQuotasNegativeTestJSON-642139894-project] Action: 'create', calling method: create, body: {"volume": {"size": 1}} {{(pid=99621) _process_stack /opt/stack/cinder/cinder/api/openstack/wsgi.py:864}}
Jun 22 07:12:23.578872 dv-cinder-786627-11-smb devstack@c-api.service[99621]: DEBUG cinder.api.v3.volumes [None req-4758fb6d-7fe5-41b1-b484-0e2ee69c5bb5 tempest-VolumeQuotasNegativeTestJSON-642139894 tempest-VolumeQuotasNegativeTestJSON-642139894-project] Create volume request body: {'volume': {'size': 1}} {{(pid=99621) create /opt/stack/cinder/cinder/api/v3/volumes.py:289}}
Jun 22 07:12:23.579194 dv-cinder-786627-11-smb devstack@c-api.service[99621]: INFO cinder.api.v3.volumes [None req-4758fb6d-7fe5-41b1-b484-0e2ee69c5bb5 tempest-VolumeQuotasNegativeTestJSON-642139894 tempest-VolumeQuotasNegativeTestJSON-642139894-project] Create volume of 1 GB
Jun 22 07:12:23.585962 dv-cinder-786627-11-smb devstack@c-api.service[99621]: INFO cinder.volume.api [None req-4758fb6d-7fe5-41b1-b484-0e2ee69c5bb5 tempest-VolumeQuotasNegativeTestJSON-642139894 tempest-VolumeQuotasNegativeTestJSON-642139894-project] Availability Zones retrieved successfully.
Jun 22 07:12:23.602098 dv-cinder-786627-11-smb devstack@c-api.service[99621]: DEBUG cinder.volume.api [None req-4758fb6d-7fe5-41b1-b484-0e2ee69c5bb5 tempest-VolumeQuotasNegativeTestJSON-642139894 tempest-VolumeQuotasNegativeTestJSON-642139894-project] Flow 'volume_create_api' (17338b58-f18e-46db-8a20-878812d1cf76) transitioned into state 'RUNNING' from state 'PENDING' {{(pid=99621) _flow_receiver /usr/local/lib/python3.8/dist-packages/taskflow/listeners/logging.py:141}}
Jun 22 07:12:23.605049 dv-cinder-786627-11-smb devstack@c-api.service[99621]: DEBUG cinder.volume.api [None req-4758fb6d-7fe5-41b1-b484-0e2ee69c5bb5 tempest-VolumeQuotasNegativeTestJSON-642139894 tempest-VolumeQuotasNegativeTestJSON-642139894-project] Task 'cinder.volume.flows.api.create_volume.ExtractVolumeRequestTask;volume:create' (b23f762c-67d7-4e67-9e4c-b93c1d3382e7) transitioned into state 'RUNNING' from state 'PENDING' {{(pid=99621) _task_receiver /usr/local/lib/python3.8/dist-packages/taskflow/listeners/logging.py:190}}
Jun 22 07:12:23.608039 dv-cinder-786627-11-smb devstack@c-api.service[99621]: DEBUG cinder.volume.flows.api.create_volume [None req-4758fb6d-7fe5-41b1-b484-0e2ee69c5bb5 tempest-VolumeQuotasNegativeTestJSON-642139894 tempest-VolumeQuotasNegativeTestJSON-642139894-project] Validating volume size '1' using validate_int {{(pid=99621) _extract_size /opt/stack/cinder/cinder/volume/flows/api/create_volume.py:201}}
Jun 22 07:12:23.666760 dv-cinder-786627-11-smb devstack@c-api.service[99621]: DEBUG cinder.volume.api [None req-4758fb6d-7fe5-41b1-b484-0e2ee69c5bb5 tempest-VolumeQuotasNegativeTestJSON-642139894 tempest-VolumeQuotasNegativeTestJSON-642139894-project] Task 'cinder.volume.flows.api.create_volume.ExtractVolumeRequestTask;volume:create' (b23f762c-67d7-4e67-9e4c-b93c1d3382e7) transitioned into state 'SUCCESS' from state 'RUNNING' with result '{'size': 1, 'snapshot_id': None, 'source_volid': None, 'volume_type': VolumeType(created_at=2021-06-22T07:02:00Z,deleted=False,deleted_at=None,description='Default Volume Type',extra_specs={},id=67242a19-7c74-4669-83c8-39c771331400,is_public=True,name='__DEFAULT__',projects=[],qos_specs=,qos_specs_id=None,updated_at=2021-06-22T07:02:00Z), 'volume_type_id': '67242a19-7c74-4669-83c8-39c771331400', 'encryption_key_id': None, 'qos_specs': None, 'consistencygroup_id': None, 'cgsnapshot_id': None, 'group_id': None, 'replication_status': 'disabled', 'refresh_az': False, 'backup_id': None, 'multiattach': False, 'availability_zones': ['nova']}' {{(pid=99621) _task_receiver /usr/local/lib/python3.8/dist-packages/taskflow/listeners/logging.py:178}}
Jun 22 07:12:23.669597 dv-cinder-786627-11-smb devstack@c-api.service[99621]: DEBUG cinder.volume.api [None req-4758fb6d-7fe5-41b1-b484-0e2ee69c5bb5 tempest-VolumeQuotasNegativeTestJSON-642139894 tempest-VolumeQuotasNegativeTestJSON-642139894-project] Task 'cinder.volume.flows.api.create_volume.QuotaReserveTask;volume:create' (81a758cf-8043-4bc0-9f8f-c7ce1033a2d6) transitioned into state 'RUNNING' from state 'PENDING' {{(pid=99621) _task_receiver /usr/local/lib/python3.8/dist-packages/taskflow/listeners/logging.py:190}}
Jun 22 07:12:23.678903 dv-cinder-786627-11-smb devstack@c-api.service[99620]: INFO cinder.api.openstack.wsgi [None req-b8f79b26-ef4e-4e4c-8dd3-ccd8bd062603 tempest-VolumesTransfersV355Test-2021632285 tempest-VolumesTransfersV355Test-2021632285-project] POST http://10.222.0.22/volume/v3/806056d00e204a41bbb6d83911943f7d/volumes
Jun 22 07:12:23.679752 dv-cinder-786627-11-smb devstack@c-api.service[99620]: DEBUG cinder.api.openstack.wsgi [None req-b8f79b26-ef4e-4e4c-8dd3-ccd8bd062603 tempest-VolumesTransfersV355Test-2021632285 tempest-VolumesTransfersV355Test-2021632285-project] Action: 'create', calling method: create, body: {"volume": {"size": 1, "name": "tempest-VolumesTransfersV355Test-Volume-580467566"}} {{(pid=99620) _process_stack /opt/stack/cinder/cinder/api/openstack/wsgi.py:864}}
Jun 22 07:12:23.680676 dv-cinder-786627-11-smb devstack@c-api.service[99620]: DEBUG cinder.api.v3.volumes [None req-b8f79b26-ef4e-4e4c-8dd3-ccd8bd062603 tempest-VolumesTransfersV355Test-2021632285 tempest-VolumesTransfersV355Test-2021632285-project] Create volume request body: {'volume': {'size': 1, 'name': 'tempest-VolumesTransfersV355Test-Volume-580467566'}} {{(pid=99620) create /opt/stack/cinder/cinder/api/v3/volumes.py:289}}
Jun 22 07:12:23.681052 dv-cinder-786627-11-smb devstack@c-api.service[99620]: INFO cinder.api.v3.volumes [None req-b8f79b26-ef4e-4e4c-8dd3-ccd8bd062603 tempest-VolumesTransfersV355Test-2021632285 tempest-VolumesTransfersV355Test-2021632285-project] Create volume of 1 GB
Jun 22 07:12:23.688557 dv-cinder-786627-11-smb devstack@c-api.service[99620]: INFO cinder.volume.api [None req-b8f79b26-ef4e-4e4c-8dd3-ccd8bd062603 tempest-VolumesTransfersV355Test-2021632285 tempest-VolumesTransfersV355Test-2021632285-project] Availability Zones retrieved successfully.
Jun 22 07:12:23.706000 dv-cinder-786627-11-smb devstack@c-api.service[99621]: WARNING cinder.quota_utils [None req-4758fb6d-7fe5-41b1-b484-0e2ee69c5bb5 tempest-VolumeQuotasNegativeTestJSON-642139894 tempest-VolumeQuotasNegativeTestJSON-642139894-project] Quota exceeded for 9a6bdc3eec864be8a24745ec779421e0, tried to create volume (1 volumes already consumed).: cinder.exception.OverQuota: Quota exceeded for resources: ['volumes']
Jun 22 07:12:23.709950 dv-cinder-786627-11-smb devstack@c-api.service[99620]: DEBUG cinder.volume.api [None req-b8f79b26-ef4e-4e4c-8dd3-ccd8bd062603 tempest-VolumesTransfersV355Test-2021632285 tempest-VolumesTransfersV355Test-2021632285-project] Flow 'volume_create_api' (254d8094-de5f-4ba1-b515-681d8ec537d3) transitioned into state 'RUNNING' from state 'PENDING' {{(pid=99620) _flow_receiver /usr/local/lib/python3.8/dist-packages/taskflow/listeners/logging.py:141}}
Jun 22 07:12:23.712364 dv-cinder-786627-11-smb devstack@c-api.service[99621]: WARNING cinder.volume.api [None req-4758fb6d-7fe5-41b1-b484-0e2ee69c5bb5 tempest-VolumeQuotasNegativeTestJSON-642139894 tempest-VolumeQuotasNegativeTestJSON-642139894-project] Task 'cinder.volume.flows.api.create_volume.QuotaReserveTask;volume:create' (81a758cf-8043-4bc0-9f8f-c7ce1033a2d6) transitioned into state 'FAILURE' from state 'RUNNING'
Jun 22 07:12:23.712364 dv-cinder-786627-11-smb devstack@c-api.service[99621]: Failure: cinder.exception.VolumeLimitExceeded: Maximum number of volumes allowed (1) exceeded for quota 'volumes'.
Jun 22 07:12:23.712551 dv-cinder-786627-11-smb devstack@c-api.service[99620]: DEBUG cinder.volume.api [None req-b8f79b26-ef4e-4e4c-8dd3-ccd8bd062603 tempest-VolumesTransfersV355Test-2021632285 tempest-VolumesTransfersV355Test-2021632285-project] Task 'cinder.volume.flows.api.create_volume.ExtractVolumeRequestTask;volume:create' (cba38026-8242-41db-bf9d-34337f11a458) transitioned into state 'RUNNING' from state 'PENDING' {{(pid=99620) _task_receiver /usr/local/lib/python3.8/dist-packages/taskflow/listeners/logging.py:190}}
Jun 22 07:12:23.714570 dv-cinder-786627-11-smb devstack@c-api.service[99620]: DEBUG cinder.volume.flows.api.create_volume [None req-b8f79b26-ef4e-4e4c-8dd3-ccd8bd062603 tempest-VolumesTransfersV355Test-2021632285 tempest-VolumesTransfersV355Test-2021632285-project] Validating volume size '1' using validate_int {{(pid=99620) _extract_size /opt/stack/cinder/cinder/volume/flows/api/create_volume.py:201}}
Jun 22 07:12:23.717555 dv-cinder-786627-11-smb devstack@c-api.service[99621]: DEBUG cinder.volume.api [None req-4758fb6d-7fe5-41b1-b484-0e2ee69c5bb5 tempest-VolumeQuotasNegativeTestJSON-642139894 tempest-VolumeQuotasNegativeTestJSON-642139894-project] Task 'cinder.volume.flows.api.create_volume.QuotaReserveTask;volume:create' (81a758cf-8043-4bc0-9f8f-c7ce1033a2d6) transitioned into state 'REVERTING' from state 'FAILURE' {{(pid=99621) _task_receiver /usr/local/lib/python3.8/dist-packages/taskflow/listeners/logging.py:190}}
Jun 22 07:12:23.719938 dv-cinder-786627-11-smb devstack@c-api.service[99621]: WARNING cinder.volume.api [None req-4758fb6d-7fe5-41b1-b484-0e2ee69c5bb5 tempest-VolumeQuotasNegativeTestJSON-642139894 tempest-VolumeQuotasNegativeTestJSON-642139894-project] Task 'cinder.volume.flows.api.create_volume.QuotaReserveTask;volume:create' (81a758cf-8043-4bc0-9f8f-c7ce1033a2d6) transitioned into state 'REVERTED' from state 'REVERTING' with result 'None'
Jun 22 07:12:23.722187 dv-cinder-786627-11-smb devstack@c-api.service[99621]: DEBUG cinder.volume.api [None req-4758fb6d-7fe5-41b1-b484-0e2ee69c5bb5 tempest-VolumeQuotasNegativeTestJSON-642139894 tempest-VolumeQuotasNegativeTestJSON-642139894-project] Task 'cinder.volume.flows.api.create_volume.ExtractVolumeRequestTask;volume:create' (b23f762c-67d7-4e67-9e4c-b93c1d3382e7) transitioned into state 'REVERTING' from state 'SUCCESS' {{(pid=99621) _task_receiver /usr/local/lib/python3.8/dist-packages/taskflow/listeners/logging.py:190}}
Jun 22 07:12:23.724067 dv-cinder-786627-11-smb devstack@c-api.service[99621]: WARNING cinder.volume.api [None req-4758fb6d-7fe5-41b1-b484-0e2ee69c5bb5 tempest-VolumeQuotasNegativeTestJSON-642139894 tempest-VolumeQuotasNegativeTestJSON-642139894-project] Task 'cinder.volume.flows.api.create_volume.ExtractVolumeRequestTask;volume:create' (b23f762c-67d7-4e67-9e4c-b93c1d3382e7) transitioned into state 'REVERTED' from state 'REVERTING' with result 'None'
Jun 22 07:12:23.726403 dv-cinder-786627-11-smb devstack@c-api.service[99621]: WARNING cinder.volume.api [None req-4758fb6d-7fe5-41b1-b484-0e2ee69c5bb5 tempest-VolumeQuotasNegativeTestJSON-642139894 tempest-VolumeQuotasNegativeTestJSON-642139894-project] Flow 'volume_create_api' (17338b58-f18e-46db-8a20-878812d1cf76) transitioned into state 'REVERTED' from state 'RUNNING'
Jun 22 07:12:23.726999 dv-cinder-786627-11-smb devstack@c-api.service[99621]: INFO cinder.api.middleware.fault [None req-4758fb6d-7fe5-41b1-b484-0e2ee69c5bb5 tempest-VolumeQuotasNegativeTestJSON-642139894 tempest-VolumeQuotasNegativeTestJSON-642139894-project] http://10.222.0.22/volume/v3/9a6bdc3eec864be8a24745ec779421e0/volumes returned with HTTP 413
Jun 22 07:12:23.728892 dv-cinder-786627-11-smb devstack@c-api.service[99621]: [pid: 99621|app: 0|req: 182/374] 10.222.0.22 () {60 vars in 1235 bytes} [Tue Jun 22 07:12:23 2021] POST /volume/v3/9a6bdc3eec864be8a24745ec779421e0/volumes => generated 150 bytes in 155 msecs (HTTP/1.1 413) 8 headers in 323 bytes (1 switches on core 0)
Jun 22 07:12:23.737077 dv-cinder-786627-11-smb devstack@c-api.service[99621]: INFO cinder.api.openstack.wsgi [None req-33318d5b-569a-4916-a7ab-7243f38cbd59 tempest-VolumeTypesTest-1487659059 tempest-VolumeTypesTest-1487659059-project-admin] POST http://10.222.0.22/volume/v3/bd418cc7bb48405a892cea0ec666375a/types
Jun 22 07:12:23.737685 dv-cinder-786627-11-smb devstack@c-api.service[99621]: /usr/local/lib/python3.8/dist-packages/webob/acceptparse.py:1047: DeprecationWarning: The behavior of AcceptValidHeader.best_match is currently being maintained for backward compatibility, but it will be deprecated in the future, as it does not conform to the RFC.
Jun 22 07:12:23.737685 dv-cinder-786627-11-smb devstack@c-api.service[99621]: warnings.warn(
Jun 22 07:12:23.738431 dv-cinder-786627-11-smb devstack@c-api.service[99621]: DEBUG cinder.api.openstack.wsgi [None req-33318d5b-569a-4916-a7ab-7243f38cbd59 tempest-VolumeTypesTest-1487659059 tempest-VolumeTypesTest-1487659059-project-admin] Action: 'create', calling method: _create, body: {"volume_type": {"name": "tempest-VolumeTypesTest-volume-type-1730534986", "extra_specs": {"storage_protocol": "smbfs", "vendor_name": "Open Source"}}} {{(pid=99621) _process_stack /opt/stack/cinder/cinder/api/openstack/wsgi.py:864}}
Jun 22 07:12:23.739872 dv-cinder-786627-11-smb devstack@c-api.service[99621]: /usr/local/lib/python3.8/dist-packages/oslo_context/context.py:105: DeprecationWarning: Policy enforcement is depending on the value of is_admin. This key is deprecated. Please update your policy file to use the standard policy values.
Jun 22 07:12:23.739872 dv-cinder-786627-11-smb devstack@c-api.service[99621]: warnings.warn('Policy enforcement is depending on the value of '
Jun 22 07:12:23.770863 dv-cinder-786627-11-smb devstack@c-api.service[99620]: DEBUG cinder.volume.api [None req-b8f79b26-ef4e-4e4c-8dd3-ccd8bd062603 tempest-VolumesTransfersV355Test-2021632285 tempest-VolumesTransfersV355Test-2021632285-project] Task 'cinder.volume.flows.api.create_volume.ExtractVolumeRequestTask;volume:create' (cba38026-8242-41db-bf9d-34337f11a458) transitioned into state 'SUCCESS' from state 'RUNNING' with result '{'size': 1, 'snapshot_id': None, 'source_volid': None, 'volume_type': VolumeType(created_at=2021-06-22T07:02:00Z,deleted=False,deleted_at=None,description='Default Volume Type',extra_specs={},id=67242a19-7c74-4669-83c8-39c771331400,is_public=True,name='__DEFAULT__',projects=[],qos_specs=,qos_specs_id=None,updated_at=2021-06-22T07:02:00Z), 'volume_type_id': '67242a19-7c74-4669-83c8-39c771331400', 'encryption_key_id': None, 'qos_specs': None, 'consistencygroup_id': None, 'cgsnapshot_id': None, 'group_id': None, 'replication_status': 'disabled', 'refresh_az': False, 'backup_id': None, 'multiattach': False, 'availability_zones': ['nova']}' {{(pid=99620) _task_receiver /usr/local/lib/python3.8/dist-packages/taskflow/listeners/logging.py:178}}
Jun 22 07:12:23.773094 dv-cinder-786627-11-smb devstack@c-api.service[99620]: DEBUG cinder.volume.api [None req-b8f79b26-ef4e-4e4c-8dd3-ccd8bd062603 tempest-VolumesTransfersV355Test-2021632285 tempest-VolumesTransfersV355Test-2021632285-project] Task 'cinder.volume.flows.api.create_volume.QuotaReserveTask;volume:create' (29136efc-382a-4131-bdcd-cc90b6ce2e42) transitioned into state 'RUNNING' from state 'PENDING' {{(pid=99620) _task_receiver /usr/local/lib/python3.8/dist-packages/taskflow/listeners/logging.py:190}}
Jun 22 07:12:23.784952 dv-cinder-786627-11-smb devstack@c-api.service[99621]: INFO cinder.api.openstack.wsgi [None req-33318d5b-569a-4916-a7ab-7243f38cbd59 tempest-VolumeTypesTest-1487659059 tempest-VolumeTypesTest-1487659059-project-admin] http://10.222.0.22/volume/v3/bd418cc7bb48405a892cea0ec666375a/types returned with HTTP 200
Jun 22 07:12:23.786690 dv-cinder-786627-11-smb devstack@c-api.service[99621]: [pid: 99621|app: 0|req: 183/375] 10.222.0.22 () {60 vars in 1230 bytes} [Tue Jun 22 07:12:23 2021] POST /volume/v3/bd418cc7bb48405a892cea0ec666375a/types => generated 278 bytes in 57 msecs (HTTP/1.1 200) 7 headers in 285 bytes (1 switches on core 0)
Jun 22 07:12:23.791875 dv-cinder-786627-11-smb devstack@c-api.service[99621]: INFO cinder.api.openstack.wsgi [None req-236b622e-ff2e-4225-a40d-fc155c868ec7 tempest-VolumeQuotasNegativeTestJSON-1042776513 tempest-VolumeQuotasNegativeTestJSON-1042776513-project-admin] PUT http://10.222.0.22/volume/v3/b996d0bd8ca641c09b218efa13895636/os-quota-sets/9a6bdc3eec864be8a24745ec779421e0
Jun 22 07:12:23.792531 dv-cinder-786627-11-smb devstack@c-api.service[99621]: DEBUG cinder.api.openstack.wsgi [None req-236b622e-ff2e-4225-a40d-fc155c868ec7 tempest-VolumeQuotasNegativeTestJSON-1042776513 tempest-VolumeQuotasNegativeTestJSON-1042776513-project-admin] Action: 'update', calling method: update, body: {"quota_set": {"gigabytes": 1}} {{(pid=99621) _process_stack /opt/stack/cinder/cinder/api/openstack/wsgi.py:864}}
Jun 22 07:12:23.898691 dv-cinder-786627-11-smb devstack@c-api.service[99621]: WARNING cinder.quota [None req-236b622e-ff2e-4225-a40d-fc155c868ec7 tempest-VolumeQuotasNegativeTestJSON-1042776513 tempest-VolumeQuotasNegativeTestJSON-1042776513-project-admin] Deprecated: Default quota for resource: volumes_tempest-VolumeTypesTest-volume-type-1730534986 is set by the default quota flag: quota_volumes_tempest-VolumeTypesTest-volume-type-1730534986, it is now deprecated. Please use the default quota class for default quota.
Jun 22 07:12:23.900271 dv-cinder-786627-11-smb devstack@c-api.service[99621]: WARNING cinder.quota [None req-236b622e-ff2e-4225-a40d-fc155c868ec7 tempest-VolumeQuotasNegativeTestJSON-1042776513 tempest-VolumeQuotasNegativeTestJSON-1042776513-project-admin] Deprecated: Default quota for resource: gigabytes_tempest-VolumeTypesTest-volume-type-1730534986 is set by the default quota flag: quota_gigabytes_tempest-VolumeTypesTest-volume-type-1730534986, it is now deprecated. Please use the default quota class for default quota.
Jun 22 07:12:23.901298 dv-cinder-786627-11-smb devstack@c-api.service[99621]: WARNING cinder.quota [None req-236b622e-ff2e-4225-a40d-fc155c868ec7 tempest-VolumeQuotasNegativeTestJSON-1042776513 tempest-VolumeQuotasNegativeTestJSON-1042776513-project-admin] Deprecated: Default quota for resource: snapshots_tempest-VolumeTypesTest-volume-type-1730534986 is set by the default quota flag: quota_snapshots_tempest-VolumeTypesTest-volume-type-1730534986, it is now deprecated. Please use the default quota class for default quota.
Jun 22 07:12:23.902326 dv-cinder-786627-11-smb devstack@c-api.service[99621]: WARNING cinder.quota [None req-236b622e-ff2e-4225-a40d-fc155c868ec7 tempest-VolumeQuotasNegativeTestJSON-1042776513 tempest-VolumeQuotasNegativeTestJSON-1042776513-project-admin] Deprecated: Default quota for resource: volumes_tempest-VolumeTypesTest-volume-type-1031299480 is set by the default quota flag: quota_volumes_tempest-VolumeTypesTest-volume-type-1031299480, it is now deprecated. Please use the default quota class for default quota.
Jun 22 07:12:23.903401 dv-cinder-786627-11-smb devstack@c-api.service[99621]: WARNING cinder.quota [None req-236b622e-ff2e-4225-a40d-fc155c868ec7 tempest-VolumeQuotasNegativeTestJSON-1042776513 tempest-VolumeQuotasNegativeTestJSON-1042776513-project-admin] Deprecated: Default quota for resource: gigabytes_tempest-VolumeTypesTest-volume-type-1031299480 is set by the default quota flag: quota_gigabytes_tempest-VolumeTypesTest-volume-type-1031299480, it is now deprecated. Please use the default quota class for default quota.
Jun 22 07:12:23.904551 dv-cinder-786627-11-smb devstack@c-api.service[99621]: WARNING cinder.quota [None req-236b622e-ff2e-4225-a40d-fc155c868ec7 tempest-VolumeQuotasNegativeTestJSON-1042776513 tempest-VolumeQuotasNegativeTestJSON-1042776513-project-admin] Deprecated: Default quota for resource: snapshots_tempest-VolumeTypesTest-volume-type-1031299480 is set by the default quota flag: quota_snapshots_tempest-VolumeTypesTest-volume-type-1031299480, it is now deprecated. Please use the default quota class for default quota.
Jun 22 07:12:23.922939 dv-cinder-786627-11-smb devstack@c-api.service[99621]: INFO cinder.api.openstack.wsgi [None req-236b622e-ff2e-4225-a40d-fc155c868ec7 tempest-VolumeQuotasNegativeTestJSON-1042776513 tempest-VolumeQuotasNegativeTestJSON-1042776513-project-admin] http://10.222.0.22/volume/v3/b996d0bd8ca641c09b218efa13895636/os-quota-sets/9a6bdc3eec864be8a24745ec779421e0 returned with HTTP 200
Jun 22 07:12:23.924195 dv-cinder-786627-11-smb devstack@c-api.service[99621]: [pid: 99621|app: 0|req: 184/376] 10.222.0.22 () {60 vars in 1351 bytes} [Tue Jun 22 07:12:23 2021] PUT /volume/v3/b996d0bd8ca641c09b218efa13895636/os-quota-sets/9a6bdc3eec864be8a24745ec779421e0 => generated 695 bytes in 137 msecs (HTTP/1.1 200) 7 headers in 285 bytes (1 switches on core 0)
Jun 22 07:12:23.938902 dv-cinder-786627-11-smb devstack@c-api.service[99620]: DEBUG cinder.quota [None req-b8f79b26-ef4e-4e4c-8dd3-ccd8bd062603 tempest-VolumesTransfersV355Test-2021632285 tempest-VolumesTransfersV355Test-2021632285-project] Created reservations ['23d23a1f-cf88-446d-93e7-a9143c6e4040', 'd54cff6d-31b6-429f-ac65-0d9f846547bf', '83a2ff45-f339-4c52-bde6-57cbcac14d54', 'ebeeeac7-1d71-4509-ad31-5dde4e679222'] {{(pid=99620) reserve /opt/stack/cinder/cinder/quota.py:755}}
Jun 22 07:12:23.940767 dv-cinder-786627-11-smb devstack@c-api.service[99620]: DEBUG cinder.volume.api [None req-b8f79b26-ef4e-4e4c-8dd3-ccd8bd062603 tempest-VolumesTransfersV355Test-2021632285 tempest-VolumesTransfersV355Test-2021632285-project] Task 'cinder.volume.flows.api.create_volume.QuotaReserveTask;volume:create' (29136efc-382a-4131-bdcd-cc90b6ce2e42) transitioned into state 'SUCCESS' from state 'RUNNING' with result '{'reservations': ['23d23a1f-cf88-446d-93e7-a9143c6e4040', 'd54cff6d-31b6-429f-ac65-0d9f846547bf', '83a2ff45-f339-4c52-bde6-57cbcac14d54', 'ebeeeac7-1d71-4509-ad31-5dde4e679222']}' {{(pid=99620) _task_receiver /usr/local/lib/python3.8/dist-packages/taskflow/listeners/logging.py:178}}
