Jun 22 07:14:49.328298 dv-cinder-786627-11-iscsi neutron-server[92921]: DEBUG neutron.plugins.ml2.db [None req-a58d8977-4ced-4ee3-b16f-d4cc7a975498 None None] For port 99f0a8af-47c5-43e8-b357-f99b10755c08, host hv-cinder-78662, got binding levels [PortBindingLevel(driver='hyperv',host='hv-cinder-78662',level=0,port_id=99f0a8af-47c5-43e8-b357-f99b10755c08,segment=NetworkSegment(4bb8bbca-dc02-47a4-86ed-2cfeff644e2b),segment_id=4bb8bbca-dc02-47a4-86ed-2cfeff644e2b)] {{(pid=92921) get_binding_level_objs /opt/stack/neutron/neutron/plugins/ml2/db.py:74}}
Jun 22 07:14:49.342716 dv-cinder-786627-11-iscsi neutron-server[92921]: DEBUG neutron.plugins.ml2.rpc [None req-a58d8977-4ced-4ee3-b16f-d4cc7a975498 None None] Returning: {'device': '99f0a8af-47c5-43e8-b357-f99b10755c08', 'network_id': 'f69f16c5-4741-459e-b289-137e3cebe98a', 'port_id': '99f0a8af-47c5-43e8-b357-f99b10755c08', 'mac_address': 'fa:16:3e:da:33:90', 'admin_state_up': True, 'network_type': 'vlan', 'segmentation_id': 421, 'physical_network': 'physnet1', 'mtu': 1500, 'fixed_ips': [{'subnet_id': 'b4ea35c2-f75a-434d-b504-9ebc67b0580b', 'ip_address': '172.20.0.8'}], 'device_owner': 'compute:nova', 'allowed_address_pairs': [], 'port_security_enabled': True, 'qos_policy_id': None, 'network_qos_policy_id': None, 'profile': {}, 'propagate_uplink_status': False} {{(pid=92921) _get_device_details /opt/stack/neutron/neutron/plugins/ml2/rpc.py:168}}
Jun 22 07:14:49.373017 dv-cinder-786627-11-iscsi neutron-server[92919]: INFO neutron.wsgi [req-65508508-5ac6-4467-8878-219efe0e799e req-8c643bb1-2562-4969-ad30-77803386cdbc tempest-ServerRescueNegativeTestJSON-411527339 tempest-ServerRescueNegativeTestJSON-411527339-project] 10.222.0.24 "GET /v2.0/security-groups?id=30e0c465-7839-4da2-bd45-e1fbd7ad0257&fields=id&fields=name HTTP/1.1" status: 200 len: 286 time: 0.0828266
Jun 22 07:14:49.386728 dv-cinder-786627-11-iscsi neutron-server[92921]: DEBUG neutron_lib.callbacks.manager [None req-a58d8977-4ced-4ee3-b16f-d4cc7a975498 None None] Notify callbacks ['neutron.plugins.ml2.plugin.SecurityGroupDbMixin._ensure_default_security_group_handler_port-1809780'] for port, before_update {{(pid=92921) _notify_loop /usr/local/lib/python3.8/dist-packages/neutron_lib/callbacks/manager.py:192}}
Jun 22 07:14:49.409415 dv-cinder-786627-11-iscsi neutron-server[92921]: DEBUG neutron.notifiers.nova [None req-a58d8977-4ced-4ee3-b16f-d4cc7a975498 None None] Ignoring state change previous_port_status: DOWN current_port_status: BUILD port_id 99f0a8af-47c5-43e8-b357-f99b10755c08 {{(pid=92921) record_port_status_changed /opt/stack/neutron/neutron/notifiers/nova.py:224}}
Jun 22 07:14:49.426853 dv-cinder-786627-11-iscsi neutron-server[92919]: DEBUG neutron_lib.callbacks.manager [None req-57364c6f-4518-40f3-a327-2b6158727a45 admin admin] Notify callbacks [] for security_group, before_create {{(pid=92919) _notify_loop /usr/local/lib/python3.8/dist-packages/neutron_lib/callbacks/manager.py:192}}
Jun 22 07:14:49.437846 dv-cinder-786627-11-iscsi neutron-server[92921]: DEBUG neutron.plugins.ml2.db [None req-a58d8977-4ced-4ee3-b16f-d4cc7a975498 None None] For port 99f0a8af-47c5-43e8-b357-f99b10755c08, host hv-cinder-78662, got binding levels [PortBindingLevel(driver='hyperv',host='hv-cinder-78662',level=0,port_id=99f0a8af-47c5-43e8-b357-f99b10755c08,segment=NetworkSegment(4bb8bbca-dc02-47a4-86ed-2cfeff644e2b),segment_id=4bb8bbca-dc02-47a4-86ed-2cfeff644e2b)] {{(pid=92921) get_binding_level_objs /opt/stack/neutron/neutron/plugins/ml2/db.py:74}}
Jun 22 07:14:49.445658 dv-cinder-786627-11-iscsi neutron-server[92921]: DEBUG neutron_lib.callbacks.manager [None req-a58d8977-4ced-4ee3-b16f-d4cc7a975498 None None] Notify callbacks ['neutron.plugins.ml2.plugin.SecurityGroupServerNotifierRpcMixin.notify_sg_on_port_change-1809558', 'neutron.plugins.ml2.ovo_rpc._ObjectChangeHandler.handle_event-42744', 'neutron.api.rpc.agentnotifiers.dhcp_rpc_agent_api.DhcpAgentNotifyAPI._native_event_send_dhcp_notification-690197', 'neutron.db.l3_db.L3RpcNotifierMixin._notify_gateway_port_ip_changed-8773474061011', 'neutron.db.l3_dvrscheduler_db._notify_l3_agent_port_update-8773473471609', 'neutron.db.l3_hascheduler_db._notify_l3_agent_ha_port_update-8773473471654'] for port, after_update {{(pid=92921) _notify_loop /usr/local/lib/python3.8/dist-packages/neutron_lib/callbacks/manager.py:192}}
Jun 22 07:14:49.446705 dv-cinder-786627-11-iscsi neutron-server[92921]: DEBUG neutron.plugins.ml2.rpc [None req-a58d8977-4ced-4ee3-b16f-d4cc7a975498 None None] Device e4159f94-5527-4466-8635-e476cd2fc9b0 details requested by agent hyperv_hv-cinder-78662 with host hv-cinder-78662 {{(pid=92921) get_device_details /opt/stack/neutron/neutron/plugins/ml2/rpc.py:88}}
Jun 22 07:14:49.450659 dv-cinder-786627-11-iscsi neutron-server[92921]: DEBUG oslo_concurrency.lockutils [-] Lock "event-dispatch" acquired by "neutron.plugins.ml2.ovo_rpc._ObjectChangeHandler.dispatch_events" :: waited 0.000s {{(pid=92921) inner /usr/local/lib/python3.8/dist-packages/oslo_concurrency/lockutils.py:355}}
Jun 22 07:14:49.540223 dv-cinder-786627-11-iscsi neutron-server[92919]: DEBUG neutron.pecan_wsgi.hooks.policy_enforcement [req-ef22b071-75eb-44b5-a8cb-3f4162291c6b req-f9f2cda9-789a-4ce0-84be-457ea601ac71 tempest-AttachVolumeShelveTestJSON-1771394016 tempest-AttachVolumeShelveTestJSON-1771394016-project] Attributes excluded by policy engine: ['standard_attr_id', 'binding:profile', 'binding:host_id', 'binding:vif_type', 'binding:vif_details'] {{(pid=92919) _exclude_attributes_by_policy /opt/stack/neutron/neutron/pecan_wsgi/hooks/policy_enforcement.py:255}}
Jun 22 07:14:49.542288 dv-cinder-786627-11-iscsi neutron-server[92919]: INFO neutron.wsgi [req-ef22b071-75eb-44b5-a8cb-3f4162291c6b req-f9f2cda9-789a-4ce0-84be-457ea601ac71 tempest-AttachVolumeShelveTestJSON-1771394016 tempest-AttachVolumeShelveTestJSON-1771394016-project] 10.222.0.24 "GET /v2.0/ports?device_id=32e6e243-eeda-4a0d-a837-8692933a5789 HTTP/1.1" status: 200 len: 943 time: 0.1462493
Jun 22 07:14:49.542593 dv-cinder-786627-11-iscsi neutron-server[92921]: DEBUG neutron.api.rpc.handlers.resources_rpc [None req-a58d8977-4ced-4ee3-b16f-d4cc7a975498 None None] Pushing event updated for resources: {'Port': ['ID=99f0a8af-47c5-43e8-b357-f99b10755c08,revision_number=4']} {{(pid=92921) push /opt/stack/neutron/neutron/api/rpc/handlers/resources_rpc.py:237}}
Jun 22 07:14:49.627750 dv-cinder-786627-11-iscsi neutron-server[92921]: DEBUG neutron.api.rpc.callbacks.version_manager [None req-a58d8977-4ced-4ee3-b16f-d4cc7a975498 None None] Version for resource type AddressGroup changed None to 1.2 on consumer Open vSwitch agent@dv-cinder-786627-11-iscsi {{(pid=92921) _set_version /opt/stack/neutron/neutron/api/rpc/callbacks/version_manager.py:113}}
Jun 22 07:14:49.628404 dv-cinder-786627-11-iscsi neutron-server[92921]: DEBUG neutron.api.rpc.callbacks.version_manager [None req-a58d8977-4ced-4ee3-b16f-d4cc7a975498 None None] Version for resource type ConntrackHelper changed None to 1.0 on consumer Open vSwitch agent@dv-cinder-786627-11-iscsi {{(pid=92921) _set_version /opt/stack/neutron/neutron/api/rpc/callbacks/version_manager.py:113}}
Jun 22 07:14:49.628570 dv-cinder-786627-11-iscsi neutron-server[92919]: INFO neutron.wsgi [req-ef22b071-75eb-44b5-a8cb-3f4162291c6b req-ece6ea3d-a38c-4810-95a0-003683fb5da3 tempest-AttachVolumeShelveTestJSON-1771394016 tempest-AttachVolumeShelveTestJSON-1771394016-project] 10.222.0.24 "GET /v2.0/security-groups?id=b51056aa-037c-4921-b43f-ffbaaf0d81d8&fields=id&fields=name HTTP/1.1" status: 200 len: 313 time: 0.0704956
Jun 22 07:14:49.629056 dv-cinder-786627-11-iscsi neutron-server[92921]: DEBUG neutron.api.rpc.callbacks.version_manager [None req-a58d8977-4ced-4ee3-b16f-d4cc7a975498 None None] Version for resource type Log changed None to 1.0 on consumer Open vSwitch agent@dv-cinder-786627-11-iscsi {{(pid=92921) _set_version /opt/stack/neutron/neutron/api/rpc/callbacks/version_manager.py:113}}
Jun 22 07:14:49.629486 dv-cinder-786627-11-iscsi neutron-server[92921]: DEBUG neutron.api.rpc.callbacks.version_manager [None req-a58d8977-4ced-4ee3-b16f-d4cc7a975498 None None] Version for resource type Network changed None to 1.1 on consumer Open vSwitch agent@dv-cinder-786627-11-iscsi {{(pid=92921) _set_version /opt/stack/neutron/neutron/api/rpc/callbacks/version_manager.py:113}}
Jun 22 07:14:49.629939 dv-cinder-786627-11-iscsi neutron-server[92921]: DEBUG neutron.api.rpc.callbacks.version_manager [None req-a58d8977-4ced-4ee3-b16f-d4cc7a975498 None None] Version for resource type Port changed None to 1.7 on consumer Open vSwitch agent@dv-cinder-786627-11-iscsi {{(pid=92921) _set_version /opt/stack/neutron/neutron/api/rpc/callbacks/version_manager.py:113}}
Jun 22 07:14:49.630365 dv-cinder-786627-11-iscsi neutron-server[92921]: DEBUG neutron.api.rpc.callbacks.version_manager [None req-a58d8977-4ced-4ee3-b16f-d4cc7a975498 None None] Version for resource type PortForwarding changed None to 1.2 on consumer Open vSwitch agent@dv-cinder-786627-11-iscsi {{(pid=92921) _set_version /opt/stack/neutron/neutron/api/rpc/callbacks/version_manager.py:113}}
Jun 22 07:14:49.630861 dv-cinder-786627-11-iscsi neutron-server[92921]: DEBUG neutron.api.rpc.callbacks.version_manager [None req-a58d8977-4ced-4ee3-b16f-d4cc7a975498 None None] Version for resource type QosPolicy changed None to 1.8 on consumer Open vSwitch agent@dv-cinder-786627-11-iscsi {{(pid=92921) _set_version /opt/stack/neutron/neutron/api/rpc/callbacks/version_manager.py:113}}
Jun 22 07:14:49.631267 dv-cinder-786627-11-iscsi neutron-server[92921]: DEBUG neutron.api.rpc.callbacks.version_manager [None req-a58d8977-4ced-4ee3-b16f-d4cc7a975498 None None] Version for resource type SecurityGroup changed None to 1.4 on consumer Open vSwitch agent@dv-cinder-786627-11-iscsi {{(pid=92921) _set_version /opt/stack/neutron/neutron/api/rpc/callbacks/version_manager.py:113}}
Jun 22 07:14:49.631861 dv-cinder-786627-11-iscsi neutron-server[92921]: DEBUG neutron.api.rpc.callbacks.version_manager [None req-a58d8977-4ced-4ee3-b16f-d4cc7a975498 None None] Version for resource type SecurityGroupRule changed None to 1.2 on consumer Open vSwitch agent@dv-cinder-786627-11-iscsi {{(pid=92921) _set_version /opt/stack/neutron/neutron/api/rpc/callbacks/version_manager.py:113}}
Jun 22 07:14:49.632451 dv-cinder-786627-11-iscsi neutron-server[92921]: DEBUG neutron.api.rpc.callbacks.version_manager [None req-a58d8977-4ced-4ee3-b16f-d4cc7a975498 None None] Version for resource type SubPort changed None to 1.0 on consumer Open vSwitch agent@dv-cinder-786627-11-iscsi {{(pid=92921) _set_version /opt/stack/neutron/neutron/api/rpc/callbacks/version_manager.py:113}}
Jun 22 07:14:49.632878 dv-cinder-786627-11-iscsi neutron-server[92921]: DEBUG neutron.api.rpc.callbacks.version_manager [None req-a58d8977-4ced-4ee3-b16f-d4cc7a975498 None None] Version for resource type Subnet changed None to 1.1 on consumer Open vSwitch agent@dv-cinder-786627-11-iscsi {{(pid=92921) _set_version /opt/stack/neutron/neutron/api/rpc/callbacks/version_manager.py:113}}
Jun 22 07:14:49.633361 dv-cinder-786627-11-iscsi neutron-server[92921]: DEBUG neutron.api.rpc.callbacks.version_manager [None req-a58d8977-4ced-4ee3-b16f-d4cc7a975498 None None] Version for resource type Trunk changed None to 1.1 on consumer Open vSwitch agent@dv-cinder-786627-11-iscsi {{(pid=92921) _set_version /opt/stack/neutron/neutron/api/rpc/callbacks/version_manager.py:113}}
Jun 22 07:14:49.647787 dv-cinder-786627-11-iscsi neutron-server[92921]: DEBUG oslo_concurrency.lockutils [None req-a58d8977-4ced-4ee3-b16f-d4cc7a975498 None None] Lock "event-dispatch" released by "neutron.plugins.ml2.ovo_rpc._ObjectChangeHandler.dispatch_events" :: held 0.197s {{(pid=92921) inner /usr/local/lib/python3.8/dist-packages/oslo_concurrency/lockutils.py:367}}
Jun 22 07:14:49.652036 dv-cinder-786627-11-iscsi neutron-server[92919]: DEBUG neutron_lib.callbacks.manager [None req-57364c6f-4518-40f3-a327-2b6158727a45 admin admin] Notify callbacks [] for security_group, precommit_create {{(pid=92919) _notify_loop /usr/local/lib/python3.8/dist-packages/neutron_lib/callbacks/manager.py:192}}
Jun 22 07:14:49.665876 dv-cinder-786627-11-iscsi neutron-server[92919]: DEBUG neutron_lib.callbacks.manager [None req-57364c6f-4518-40f3-a327-2b6158727a45 admin admin] Notify callbacks ['neutron.plugins.ml2.ovo_rpc._ObjectChangeHandler.handle_event-54538'] for security_group, after_create {{(pid=92919) _notify_loop /usr/local/lib/python3.8/dist-packages/neutron_lib/callbacks/manager.py:192}}
Jun 22 07:14:49.671610 dv-cinder-786627-11-iscsi neutron-server[92921]: DEBUG neutron.plugins.ml2.db [None req-a58d8977-4ced-4ee3-b16f-d4cc7a975498 None None] For port e4159f94-5527-4466-8635-e476cd2fc9b0, host hv-cinder-78662, got binding levels [PortBindingLevel(driver='hyperv',host='hv-cinder-78662',level=0,port_id=e4159f94-5527-4466-8635-e476cd2fc9b0,segment=NetworkSegment(2158ff00-7488-4d6e-bcd3-02a0699d8dc9),segment_id=2158ff00-7488-4d6e-bcd3-02a0699d8dc9)] {{(pid=92921) get_binding_level_objs /opt/stack/neutron/neutron/plugins/ml2/db.py:74}}
Jun 22 07:14:49.686219 dv-cinder-786627-11-iscsi neutron-server[92921]: DEBUG neutron.plugins.ml2.rpc [None req-a58d8977-4ced-4ee3-b16f-d4cc7a975498 None None] Returning: {'device': 'e4159f94-5527-4466-8635-e476cd2fc9b0', 'network_id': 'e45ca323-df81-4e4e-ad4b-9a2282b40737', 'port_id': 'e4159f94-5527-4466-8635-e476cd2fc9b0', 'mac_address': 'fa:16:3e:8e:02:79', 'admin_state_up': True, 'network_type': 'vlan', 'segmentation_id': 440, 'physical_network': 'physnet1', 'mtu': 1500, 'fixed_ips': [{'subnet_id': 'f68816de-e03b-4f38-99ee-40e3f1c0a6fd', 'ip_address': '172.20.0.9'}], 'device_owner': 'compute:nova', 'allowed_address_pairs': [], 'port_security_enabled': True, 'qos_policy_id': None, 'network_qos_policy_id': None, 'profile': {}, 'propagate_uplink_status': False} {{(pid=92921) _get_device_details /opt/stack/neutron/neutron/plugins/ml2/rpc.py:168}}
Jun 22 07:14:49.686602 dv-cinder-786627-11-iscsi neutron-server[92919]: DEBUG oslo_concurrency.lockutils [None req-d0a4103c-24d1-4e9f-90d7-c22105b7a496 admin admin] Lock "event-dispatch" acquired by "neutron.plugins.ml2.ovo_rpc._ObjectChangeHandler.dispatch_events" :: waited 0.000s {{(pid=92919) inner /usr/local/lib/python3.8/dist-packages/oslo_concurrency/lockutils.py:355}}
Jun 22 07:14:49.740635 dv-cinder-786627-11-iscsi neutron-server[92921]: DEBUG neutron_lib.callbacks.manager [None req-a58d8977-4ced-4ee3-b16f-d4cc7a975498 None None] Notify callbacks ['neutron.plugins.ml2.plugin.SecurityGroupDbMixin._ensure_default_security_group_handler_port-1809780'] for port, before_update {{(pid=92921) _notify_loop /usr/local/lib/python3.8/dist-packages/neutron_lib/callbacks/manager.py:192}}
Jun 22 07:14:49.752425 dv-cinder-786627-11-iscsi neutron-server[92919]: INFO neutron.wsgi [None req-57364c6f-4518-40f3-a327-2b6158727a45 admin admin] 10.222.0.24 "GET /v2.0/security-groups?tenant_id=2d9e1f1ca90d4b1196dc61bdfcbd9038&name=default HTTP/1.1" status: 200 len: 2979 time: 0.6038404
Jun 22 07:14:49.755172 dv-cinder-786627-11-iscsi neutron-server[92920]: DEBUG neutron.wsgi [-] (92920) accepted ('10.222.0.24', 43036) {{(pid=92920) server /usr/local/lib/python3.8/dist-packages/eventlet/wsgi.py:992}}
Jun 22 07:14:49.758032 dv-cinder-786627-11-iscsi neutron-server[92919]: DEBUG neutron.api.rpc.handlers.resources_rpc [None req-57364c6f-4518-40f3-a327-2b6158727a45 admin admin] Pushing event updated for resources: {'SecurityGroup': ['ID=75841a0b-6278-4ea3-9f1d-c62db5dbe08f,revision_number=1']} {{(pid=92919) push /opt/stack/neutron/neutron/api/rpc/handlers/resources_rpc.py:237}}
Jun 22 07:14:49.761953 dv-cinder-786627-11-iscsi neutron-server[92919]: DEBUG oslo_concurrency.lockutils [None req-57364c6f-4518-40f3-a327-2b6158727a45 admin admin] Lock "event-dispatch" released by "neutron.plugins.ml2.ovo_rpc._ObjectChangeHandler.dispatch_events" :: held 0.076s {{(pid=92919) inner /usr/local/lib/python3.8/dist-packages/oslo_concurrency/lockutils.py:367}}
Jun 22 07:14:49.768485 dv-cinder-786627-11-iscsi neutron-server[92921]: DEBUG neutron.notifiers.nova [None req-a58d8977-4ced-4ee3-b16f-d4cc7a975498 None None] Ignoring state change previous_port_status: DOWN current_port_status: BUILD port_id e4159f94-5527-4466-8635-e476cd2fc9b0 {{(pid=92921) record_port_status_changed /opt/stack/neutron/neutron/notifiers/nova.py:224}}
Jun 22 07:14:49.799578 dv-cinder-786627-11-iscsi neutron-server[92921]: DEBUG neutron.plugins.ml2.db [None req-a58d8977-4ced-4ee3-b16f-d4cc7a975498 None None] For port e4159f94-5527-4466-8635-e476cd2fc9b0, host hv-cinder-78662, got binding levels [PortBindingLevel(driver='hyperv',host='hv-cinder-78662',level=0,port_id=e4159f94-5527-4466-8635-e476cd2fc9b0,segment=NetworkSegment(2158ff00-7488-4d6e-bcd3-02a0699d8dc9),segment_id=2158ff00-7488-4d6e-bcd3-02a0699d8dc9)] {{(pid=92921) get_binding_level_objs /opt/stack/neutron/neutron/plugins/ml2/db.py:74}}
Jun 22 07:14:49.804552 dv-cinder-786627-11-iscsi neutron-server[92921]: DEBUG neutron_lib.callbacks.manager [None req-a58d8977-4ced-4ee3-b16f-d4cc7a975498 None None] Notify callbacks ['neutron.plugins.ml2.plugin.SecurityGroupServerNotifierRpcMixin.notify_sg_on_port_change-1809558', 'neutron.plugins.ml2.ovo_rpc._ObjectChangeHandler.handle_event-42744', 'neutron.api.rpc.agentnotifiers.dhcp_rpc_agent_api.DhcpAgentNotifyAPI._native_event_send_dhcp_notification-690197', 'neutron.db.l3_db.L3RpcNotifierMixin._notify_gateway_port_ip_changed-8773474061011', 'neutron.db.l3_dvrscheduler_db._notify_l3_agent_port_update-8773473471609', 'neutron.db.l3_hascheduler_db._notify_l3_agent_ha_port_update-8773473471654'] for port, after_update {{(pid=92921) _notify_loop /usr/local/lib/python3.8/dist-packages/neutron_lib/callbacks/manager.py:192}}
Jun 22 07:14:49.805601 dv-cinder-786627-11-iscsi neutron-server[92921]: DEBUG neutron.plugins.ml2.rpc [None req-a58d8977-4ced-4ee3-b16f-d4cc7a975498 None None] Device 4d8e0191-6514-4042-b61d-e3d6c352f619 details requested by agent hyperv_hv-cinder-78662 with host hv-cinder-78662 {{(pid=92921) get_device_details /opt/stack/neutron/neutron/plugins/ml2/rpc.py:88}}
Jun 22 07:14:49.808678 dv-cinder-786627-11-iscsi neutron-server[92921]: DEBUG oslo_concurrency.lockutils [-] Lock "event-dispatch" acquired by "neutron.plugins.ml2.ovo_rpc._ObjectChangeHandler.dispatch_events" :: waited 0.000s {{(pid=92921) inner /usr/local/lib/python3.8/dist-packages/oslo_concurrency/lockutils.py:355}}
Jun 22 07:14:49.824886 dv-cinder-786627-11-iscsi neutron-server[92920]: DEBUG neutron_lib.callbacks.manager [None req-1d8f864d-f2a7-46f3-93ef-55a5d4490871 admin admin] Notify callbacks [] for security_group, before_delete {{(pid=92920) _notify_loop /usr/local/lib/python3.8/dist-packages/neutron_lib/callbacks/manager.py:192}}
Jun 22 07:14:49.851504 dv-cinder-786627-11-iscsi neutron-server[92920]: DEBUG neutron_lib.callbacks.manager [None req-1d8f864d-f2a7-46f3-93ef-55a5d4490871 admin admin] Notify callbacks [] for security_group, precommit_delete {{(pid=92920) _notify_loop /usr/local/lib/python3.8/dist-packages/neutron_lib/callbacks/manager.py:192}}
Jun 22 07:14:49.912697 dv-cinder-786627-11-iscsi neutron-server[92921]: DEBUG neutron.api.rpc.handlers.resources_rpc [None req-a58d8977-4ced-4ee3-b16f-d4cc7a975498 None None] Pushing event updated for resources: {'Port': ['ID=e4159f94-5527-4466-8635-e476cd2fc9b0,revision_number=4']} {{(pid=92921) push /opt/stack/neutron/neutron/api/rpc/handlers/resources_rpc.py:237}}
Jun 22 07:14:49.914905 dv-cinder-786627-11-iscsi neutron-server[92921]: DEBUG oslo_concurrency.lockutils [None req-a58d8977-4ced-4ee3-b16f-d4cc7a975498 None None] Lock "event-dispatch" released by "neutron.plugins.ml2.ovo_rpc._ObjectChangeHandler.dispatch_events" :: held 0.106s {{(pid=92921) inner /usr/local/lib/python3.8/dist-packages/oslo_concurrency/lockutils.py:367}}
Jun 22 07:14:49.919261 dv-cinder-786627-11-iscsi neutron-server[92920]: DEBUG neutron_lib.callbacks.manager [None req-1d8f864d-f2a7-46f3-93ef-55a5d4490871 admin admin] Notify callbacks ['neutron.plugins.ml2.ovo_rpc._ObjectChangeHandler.handle_event-54538'] for security_group, after_delete {{(pid=92920) _notify_loop /usr/local/lib/python3.8/dist-packages/neutron_lib/callbacks/manager.py:192}}
Jun 22 07:14:49.922701 dv-cinder-786627-11-iscsi neutron-server[92920]: DEBUG neutron_lib.callbacks.manager [None req-1d8f864d-f2a7-46f3-93ef-55a5d4490871 admin admin] Notify callbacks [] for security_group, before_response {{(pid=92920) _notify_loop /usr/local/lib/python3.8/dist-packages/neutron_lib/callbacks/manager.py:192}}
Jun 22 07:14:49.926718 dv-cinder-786627-11-iscsi neutron-server[92920]: INFO neutron.wsgi [None req-1d8f864d-f2a7-46f3-93ef-55a5d4490871 admin admin] 10.222.0.24 "DELETE /v2.0/security-groups/75841a0b-6278-4ea3-9f1d-c62db5dbe08f HTTP/1.1" status: 204 len: 168 time: 0.1703629
Jun 22 07:14:49.939540 dv-cinder-786627-11-iscsi neutron-server[92920]: DEBUG oslo_concurrency.lockutils [None req-24dbb9d8-5f49-46c9-bd43-12b092a06854 admin admin] Lock "event-dispatch" acquired by "neutron.plugins.ml2.ovo_rpc._ObjectChangeHandler.dispatch_events" :: waited 0.000s {{(pid=92920) inner /usr/local/lib/python3.8/dist-packages/oslo_concurrency/lockutils.py:355}}
Jun 22 07:14:49.949096 dv-cinder-786627-11-iscsi neutron-server[92920]: DEBUG neutron.api.rpc.handlers.resources_rpc [None req-1d8f864d-f2a7-46f3-93ef-55a5d4490871 admin admin] Pushing event deleted for resources: {'SecurityGroup': ['ID=75841a0b-6278-4ea3-9f1d-c62db5dbe08f,revision_number=None']} {{(pid=92920) push /opt/stack/neutron/neutron/api/rpc/handlers/resources_rpc.py:237}}
Jun 22 07:14:49.951545 dv-cinder-786627-11-iscsi neutron-server[92920]: DEBUG oslo_concurrency.lockutils [None req-1d8f864d-f2a7-46f3-93ef-55a5d4490871 admin admin] Lock "event-dispatch" released by "neutron.plugins.ml2.ovo_rpc._ObjectChangeHandler.dispatch_events" :: held 0.022s {{(pid=92920) inner /usr/local/lib/python3.8/dist-packages/oslo_concurrency/lockutils.py:367}}
Jun 22 07:14:49.991926 dv-cinder-786627-11-iscsi neutron-server[92921]: DEBUG neutron.plugins.ml2.db [None req-a58d8977-4ced-4ee3-b16f-d4cc7a975498 None None] For port 4d8e0191-6514-4042-b61d-e3d6c352f619, host hv-cinder-78662, got binding levels [PortBindingLevel(driver='hyperv',host='hv-cinder-78662',level=0,port_id=4d8e0191-6514-4042-b61d-e3d6c352f619,segment=NetworkSegment(8d1bc002-3124-433f-9368-96f826d6cba6),segment_id=8d1bc002-3124-433f-9368-96f826d6cba6)] {{(pid=92921) get_binding_level_objs /opt/stack/neutron/neutron/plugins/ml2/db.py:74}}
Jun 22 07:14:50.005409 dv-cinder-786627-11-iscsi neutron-server[92921]: DEBUG neutron.plugins.ml2.rpc [None req-a58d8977-4ced-4ee3-b16f-d4cc7a975498 None None] Returning: {'device': '4d8e0191-6514-4042-b61d-e3d6c352f619', 'network_id': 'b91fcb38-ada5-4353-b77e-00fb398ce7d0', 'port_id': '4d8e0191-6514-4042-b61d-e3d6c352f619', 'mac_address': 'fa:16:3e:7a:8e:36', 'admin_state_up': True, 'network_type': 'vlan', 'segmentation_id': 446, 'physical_network': 'physnet1', 'mtu': 1500, 'fixed_ips': [{'subnet_id': 'f579e111-0d0d-464b-ba2e-9baae47e7af2', 'ip_address': '172.20.0.7'}], 'device_owner': 'compute:nova', 'allowed_address_pairs': [], 'port_security_enabled': True, 'qos_policy_id': None, 'network_qos_policy_id': None, 'profile': {}, 'propagate_uplink_status': False} {{(pid=92921) _get_device_details /opt/stack/neutron/neutron/plugins/ml2/rpc.py:168}}
Jun 22 07:14:50.055155 dv-cinder-786627-11-iscsi neutron-server[92921]: DEBUG neutron_lib.callbacks.manager [None req-a58d8977-4ced-4ee3-b16f-d4cc7a975498 None None] Notify callbacks ['neutron.plugins.ml2.plugin.SecurityGroupDbMixin._ensure_default_security_group_handler_port-1809780'] for port, before_update {{(pid=92921) _notify_loop /usr/local/lib/python3.8/dist-packages/neutron_lib/callbacks/manager.py:192}}
Jun 22 07:14:50.070267 dv-cinder-786627-11-iscsi neutron-server[92921]: DEBUG neutron.notifiers.nova [None req-a58d8977-4ced-4ee3-b16f-d4cc7a975498 None None] Ignoring state change previous_port_status: DOWN current_port_status: BUILD port_id 4d8e0191-6514-4042-b61d-e3d6c352f619 {{(pid=92921) record_port_status_changed /opt/stack/neutron/neutron/notifiers/nova.py:224}}
Jun 22 07:14:50.096623 dv-cinder-786627-11-iscsi neutron-server[92921]: DEBUG neutron.plugins.ml2.db [None req-a58d8977-4ced-4ee3-b16f-d4cc7a975498 None None] For port 4d8e0191-6514-4042-b61d-e3d6c352f619, host hv-cinder-78662, got binding levels [PortBindingLevel(driver='hyperv',host='hv-cinder-78662',level=0,port_id=4d8e0191-6514-4042-b61d-e3d6c352f619,segment=NetworkSegment(8d1bc002-3124-433f-9368-96f826d6cba6),segment_id=8d1bc002-3124-433f-9368-96f826d6cba6)] {{(pid=92921) get_binding_level_objs /opt/stack/neutron/neutron/plugins/ml2/db.py:74}}
Jun 22 07:14:50.104050 dv-cinder-786627-11-iscsi neutron-server[92921]: DEBUG neutron_lib.callbacks.manager [None req-a58d8977-4ced-4ee3-b16f-d4cc7a975498 None None] Notify callbacks ['neutron.plugins.ml2.plugin.SecurityGroupServerNotifierRpcMixin.notify_sg_on_port_change-1809558', 'neutron.plugins.ml2.ovo_rpc._ObjectChangeHandler.handle_event-42744', 'neutron.api.rpc.agentnotifiers.dhcp_rpc_agent_api.DhcpAgentNotifyAPI._native_event_send_dhcp_notification-690197', 'neutron.db.l3_db.L3RpcNotifierMixin._notify_gateway_port_ip_changed-8773474061011', 'neutron.db.l3_dvrscheduler_db._notify_l3_agent_port_update-8773473471609', 'neutron.db.l3_hascheduler_db._notify_l3_agent_ha_port_update-8773473471654'] for port, after_update {{(pid=92921) _notify_loop /usr/local/lib/python3.8/dist-packages/neutron_lib/callbacks/manager.py:192}}
Jun 22 07:14:50.106624 dv-cinder-786627-11-iscsi neutron-server[92921]: DEBUG neutron.plugins.ml2.rpc [None req-a58d8977-4ced-4ee3-b16f-d4cc7a975498 None None] Device e4c5e89b-6f1f-4a27-b090-bc12a9842c1d details requested by agent hyperv_hv-cinder-78662 with host hv-cinder-78662 {{(pid=92921) get_device_details /opt/stack/neutron/neutron/plugins/ml2/rpc.py:88}}
Jun 22 07:14:50.196844 dv-cinder-786627-11-iscsi neutron-server[92921]: DEBUG oslo_concurrency.lockutils [None req-a58d8977-4ced-4ee3-b16f-d4cc7a975498 None None] Lock "event-dispatch" acquired by "neutron.plugins.ml2.ovo_rpc._ObjectChangeHandler.dispatch_events" :: waited 0.000s {{(pid=92921) inner /usr/local/lib/python3.8/dist-packages/oslo_concurrency/lockutils.py:355}}
Jun 22 07:14:50.289654 dv-cinder-786627-11-iscsi neutron-server[92921]: DEBUG neutron.plugins.ml2.db [None req-a58d8977-4ced-4ee3-b16f-d4cc7a975498 None None] For port e4c5e89b-6f1f-4a27-b090-bc12a9842c1d, host hv-cinder-78662, got binding levels [PortBindingLevel(driver='hyperv',host='hv-cinder-78662',level=0,port_id=e4c5e89b-6f1f-4a27-b090-bc12a9842c1d,segment=NetworkSegment(ad1695f4-d579-4854-bcbf-7f27a2eb4dc6),segment_id=ad1695f4-d579-4854-bcbf-7f27a2eb4dc6)] {{(pid=92921) get_binding_level_objs /opt/stack/neutron/neutron/plugins/ml2/db.py:74}}
Jun 22 07:14:50.297622 dv-cinder-786627-11-iscsi neutron-server[92919]: DEBUG neutron.pecan_wsgi.hooks.policy_enforcement [req-5e20bac7-28cc-4f14-b6b5-6994f7308f88 req-d1397989-1302-4f36-8b23-78c7cc2738e0 tempest-DeleteServersTestJSON-1840482181 tempest-DeleteServersTestJSON-1840482181-project] Attributes excluded by policy engine: ['standard_attr_id', 'binding:profile', 'binding:host_id', 'binding:vif_type', 'binding:vif_details'] {{(pid=92919) _exclude_attributes_by_policy /opt/stack/neutron/neutron/pecan_wsgi/hooks/policy_enforcement.py:255}}
Jun 22 07:14:50.304704 dv-cinder-786627-11-iscsi neutron-server[92919]: INFO neutron.wsgi [req-5e20bac7-28cc-4f14-b6b5-6994f7308f88 req-d1397989-1302-4f36-8b23-78c7cc2738e0 tempest-DeleteServersTestJSON-1840482181 tempest-DeleteServersTestJSON-1840482181-project] 10.222.0.24 "GET /v2.0/ports?device_id=408e9ee9-a3c9-4c89-a36d-c9312e22824a HTTP/1.1" status: 200 len: 944 time: 0.1376595
Jun 22 07:14:50.310745 dv-cinder-786627-11-iscsi neutron-server[92921]: DEBUG neutron.api.rpc.handlers.resources_rpc [None req-a58d8977-4ced-4ee3-b16f-d4cc7a975498 None None] Pushing event updated for resources: {'Port': ['ID=4d8e0191-6514-4042-b61d-e3d6c352f619,revision_number=4']} {{(pid=92921) push /opt/stack/neutron/neutron/api/rpc/handlers/resources_rpc.py:237}}
Jun 22 07:14:50.315903 dv-cinder-786627-11-iscsi neutron-server[92921]: DEBUG oslo_concurrency.lockutils [None req-a58d8977-4ced-4ee3-b16f-d4cc7a975498 None None] Lock "event-dispatch" released by "neutron.plugins.ml2.ovo_rpc._ObjectChangeHandler.dispatch_events" :: held 0.119s {{(pid=92921) inner /usr/local/lib/python3.8/dist-packages/oslo_concurrency/lockutils.py:367}}
Jun 22 07:14:50.317843 dv-cinder-786627-11-iscsi neutron-server[92921]: DEBUG neutron.plugins.ml2.rpc [None req-a58d8977-4ced-4ee3-b16f-d4cc7a975498 None None] Returning: {'device': 'e4c5e89b-6f1f-4a27-b090-bc12a9842c1d', 'network_id': '2cb6791c-9360-429c-a118-cd829e120353', 'port_id': 'e4c5e89b-6f1f-4a27-b090-bc12a9842c1d', 'mac_address': 'fa:16:3e:f4:55:cb', 'admin_state_up': True, 'network_type': 'vlan', 'segmentation_id': 416, 'physical_network': 'physnet1', 'mtu': 1500, 'fixed_ips': [{'subnet_id': '1c5404e1-ac7c-4acf-ad2d-147e6479ce37', 'ip_address': '172.20.0.11'}], 'device_owner': 'compute:nova', 'allowed_address_pairs': [], 'port_security_enabled': True, 'qos_policy_id': None, 'network_qos_policy_id': None, 'profile': {}, 'propagate_uplink_status': False} {{(pid=92921) _get_device_details /opt/stack/neutron/neutron/plugins/ml2/rpc.py:168}}
Jun 22 07:14:50.336345 dv-cinder-786627-11-iscsi neutron-server[92919]: DEBUG neutron.pecan_wsgi.hooks.policy_enforcement [req-51cd10b3-7463-494e-b86c-08c9c1539767 req-15274344-bde9-4d9d-999d-d1c193701989 tempest-AttachVolumeTestJSON-886104879 tempest-AttachVolumeTestJSON-886104879-project] Attributes excluded by policy engine: ['standard_attr_id', 'binding:profile', 'binding:host_id', 'binding:vif_type', 'binding:vif_details'] {{(pid=92919) _exclude_attributes_by_policy /opt/stack/neutron/neutron/pecan_wsgi/hooks/policy_enforcement.py:255}}
Jun 22 07:14:50.341012 dv-cinder-786627-11-iscsi neutron-server[92919]: INFO neutron.wsgi [req-51cd10b3-7463-494e-b86c-08c9c1539767 req-15274344-bde9-4d9d-999d-d1c193701989 tempest-AttachVolumeTestJSON-886104879 tempest-AttachVolumeTestJSON-886104879-project] 10.222.0.24 "GET /v2.0/ports?device_id=6f376705-0d18-4006-8bca-dd49b0e55cca HTTP/1.1" status: 200 len: 944 time: 0.1342893
Jun 22 07:14:50.390031 dv-cinder-786627-11-iscsi neutron-server[92921]: DEBUG neutron_lib.callbacks.manager [None req-a58d8977-4ced-4ee3-b16f-d4cc7a975498 None None] Notify callbacks ['neutron.plugins.ml2.plugin.SecurityGroupDbMixin._ensure_default_security_group_handler_port-1809780'] for port, before_update {{(pid=92921) _notify_loop /usr/local/lib/python3.8/dist-packages/neutron_lib/callbacks/manager.py:192}}
Jun 22 07:14:50.399691 dv-cinder-786627-11-iscsi neutron-server[92919]: INFO neutron.wsgi [req-5e20bac7-28cc-4f14-b6b5-6994f7308f88 req-5207abba-e16f-4e3c-8a44-9fcfe72bd460 tempest-DeleteServersTestJSON-1840482181 tempest-DeleteServersTestJSON-1840482181-project] 10.222.0.24 "GET /v2.0/security-groups?id=a94922fc-8ff5-4870-8e70-23a0b4e4efe9&fields=id&fields=name HTTP/1.1" status: 200 len: 286 time: 0.0938621
Jun 22 07:14:50.415071 dv-cinder-786627-11-iscsi neutron-server[92921]: DEBUG neutron.notifiers.nova [None req-a58d8977-4ced-4ee3-b16f-d4cc7a975498 None None] Ignoring state change previous_port_status: DOWN current_port_status: BUILD port_id e4c5e89b-6f1f-4a27-b090-bc12a9842c1d {{(pid=92921) record_port_status_changed /opt/stack/neutron/neutron/notifiers/nova.py:224}}
Jun 22 07:14:50.435230 dv-cinder-786627-11-iscsi neutron-server[92920]: DEBUG neutron.wsgi [-] (92920) accepted ('10.222.0.24', 43064) {{(pid=92920) server /usr/local/lib/python3.8/dist-packages/eventlet/wsgi.py:992}}
Jun 22 07:14:50.441724 dv-cinder-786627-11-iscsi neutron-server[92919]: INFO neutron.wsgi [req-51cd10b3-7463-494e-b86c-08c9c1539767 req-328bb372-cc77-4dd5-9dd6-d3324e827be6 tempest-AttachVolumeTestJSON-886104879 tempest-AttachVolumeTestJSON-886104879-project] 10.222.0.24 "GET /v2.0/security-groups?id=6daf760c-5a05-4dd1-83f7-482b29ac14c4&fields=id&fields=name HTTP/1.1" status: 200 len: 313 time: 0.0909557
Jun 22 07:14:50.448162 dv-cinder-786627-11-iscsi neutron-server[92921]: DEBUG neutron.plugins.ml2.db [None req-a58d8977-4ced-4ee3-b16f-d4cc7a975498 None None] For port e4c5e89b-6f1f-4a27-b090-bc12a9842c1d, host hv-cinder-78662, got binding levels [PortBindingLevel(driver='hyperv',host='hv-cinder-78662',level=0,port_id=e4c5e89b-6f1f-4a27-b090-bc12a9842c1d,segment=NetworkSegment(ad1695f4-d579-4854-bcbf-7f27a2eb4dc6),segment_id=ad1695f4-d579-4854-bcbf-7f27a2eb4dc6)] {{(pid=92921) get_binding_level_objs /opt/stack/neutron/neutron/plugins/ml2/db.py:74}}
Jun 22 07:14:50.452376 dv-cinder-786627-11-iscsi neutron-server[92920]: DEBUG neutron_lib.callbacks.manager [None req-5f64cb45-6f94-4fee-8cb3-43a104236f1d admin admin] Notify callbacks [] for security_group, before_create {{(pid=92920) _notify_loop /usr/local/lib/python3.8/dist-packages/neutron_lib/callbacks/manager.py:192}}
Jun 22 07:14:50.454262 dv-cinder-786627-11-iscsi neutron-server[92921]: DEBUG neutron_lib.callbacks.manager [None req-a58d8977-4ced-4ee3-b16f-d4cc7a975498 None None] Notify callbacks ['neutron.plugins.ml2.plugin.SecurityGroupServerNotifierRpcMixin.notify_sg_on_port_change-1809558', 'neutron.plugins.ml2.ovo_rpc._ObjectChangeHandler.handle_event-42744', 'neutron.api.rpc.agentnotifiers.dhcp_rpc_agent_api.DhcpAgentNotifyAPI._native_event_send_dhcp_notification-690197', 'neutron.db.l3_db.L3RpcNotifierMixin._notify_gateway_port_ip_changed-8773474061011', 'neutron.db.l3_dvrscheduler_db._notify_l3_agent_port_update-8773473471609', 'neutron.db.l3_hascheduler_db._notify_l3_agent_ha_port_update-8773473471654'] for port, after_update {{(pid=92921) _notify_loop /usr/local/lib/python3.8/dist-packages/neutron_lib/callbacks/manager.py:192}}
Jun 22 07:14:50.456225 dv-cinder-786627-11-iscsi neutron-server[92921]: DEBUG neutron.plugins.ml2.rpc [None req-a58d8977-4ced-4ee3-b16f-d4cc7a975498 None None] Device 0c37ff52-be9d-4855-ad57-401153daeb5e details requested by agent hyperv_hv-cinder-78662 with host hv-cinder-78662 {{(pid=92921) get_device_details /opt/stack/neutron/neutron/plugins/ml2/rpc.py:88}}
Jun 22 07:14:50.461956 dv-cinder-786627-11-iscsi neutron-server[92921]: DEBUG oslo_concurrency.lockutils [None req-ec7553ed-5846-431b-a82d-206932f71487 None None] Lock "event-dispatch" acquired by "neutron.plugins.ml2.ovo_rpc._ObjectChangeHandler.dispatch_events" :: waited 0.000s {{(pid=92921) inner /usr/local/lib/python3.8/dist-packages/oslo_concurrency/lockutils.py:355}}
Jun 22 07:14:50.589804 dv-cinder-786627-11-iscsi neutron-server[92920]: DEBUG neutron_lib.callbacks.manager [None req-5f64cb45-6f94-4fee-8cb3-43a104236f1d admin admin] Notify callbacks [] for security_group, precommit_create {{(pid=92920) _notify_loop /usr/local/lib/python3.8/dist-packages/neutron_lib/callbacks/manager.py:192}}
Jun 22 07:14:50.597225 dv-cinder-786627-11-iscsi neutron-server[92920]: DEBUG neutron_lib.callbacks.manager [None req-5f64cb45-6f94-4fee-8cb3-43a104236f1d admin admin] Notify callbacks ['neutron.plugins.ml2.ovo_rpc._ObjectChangeHandler.handle_event-54538'] for security_group, after_create {{(pid=92920) _notify_loop /usr/local/lib/python3.8/dist-packages/neutron_lib/callbacks/manager.py:192}}
Jun 22 07:14:50.597454 dv-cinder-786627-11-iscsi neutron-server[92921]: DEBUG neutron.plugins.ml2.db [None req-a58d8977-4ced-4ee3-b16f-d4cc7a975498 None None] For port 0c37ff52-be9d-4855-ad57-401153daeb5e, host hv-cinder-78662, got binding levels [PortBindingLevel(driver='hyperv',host='hv-cinder-78662',level=0,port_id=0c37ff52-be9d-4855-ad57-401153daeb5e,segment=NetworkSegment(ad1695f4-d579-4854-bcbf-7f27a2eb4dc6),segment_id=ad1695f4-d579-4854-bcbf-7f27a2eb4dc6)] {{(pid=92921) get_binding_level_objs /opt/stack/neutron/neutron/plugins/ml2/db.py:74}}
Jun 22 07:14:50.601619 dv-cinder-786627-11-iscsi neutron-server[92921]: DEBUG neutron.api.rpc.handlers.resources_rpc [None req-a58d8977-4ced-4ee3-b16f-d4cc7a975498 None None] Pushing event updated for resources: {'Port': ['ID=e4c5e89b-6f1f-4a27-b090-bc12a9842c1d,revision_number=4']} {{(pid=92921) push /opt/stack/neutron/neutron/api/rpc/handlers/resources_rpc.py:237}}
Jun 22 07:14:50.603084 dv-cinder-786627-11-iscsi neutron-server[92920]: DEBUG oslo_concurrency.lockutils [None req-c0b70146-8d96-4d6c-8f29-c0a812cff985 admin admin] Lock "event-dispatch" acquired by "neutron.plugins.ml2.ovo_rpc._ObjectChangeHandler.dispatch_events" :: waited 0.000s {{(pid=92920) inner /usr/local/lib/python3.8/dist-packages/oslo_concurrency/lockutils.py:355}}
Jun 22 07:14:50.614666 dv-cinder-786627-11-iscsi neutron-server[92921]: DEBUG oslo_concurrency.lockutils [None req-a58d8977-4ced-4ee3-b16f-d4cc7a975498 None None] Lock "event-dispatch" released by "neutron.plugins.ml2.ovo_rpc._ObjectChangeHandler.dispatch_events" :: held 0.152s {{(pid=92921) inner /usr/local/lib/python3.8/dist-packages/oslo_concurrency/lockutils.py:367}}
Jun 22 07:14:50.620970 dv-cinder-786627-11-iscsi neutron-server[92921]: DEBUG neutron.plugins.ml2.rpc [None req-a58d8977-4ced-4ee3-b16f-d4cc7a975498 None None] Returning: {'device': '0c37ff52-be9d-4855-ad57-401153daeb5e', 'network_id': '2cb6791c-9360-429c-a118-cd829e120353', 'port_id': '0c37ff52-be9d-4855-ad57-401153daeb5e', 'mac_address': 'fa:16:3e:12:2b:5c', 'admin_state_up': True, 'network_type': 'vlan', 'segmentation_id': 416, 'physical_network': 'physnet1', 'mtu': 1500, 'fixed_ips': [{'subnet_id': '1c5404e1-ac7c-4acf-ad2d-147e6479ce37', 'ip_address': '172.20.0.7'}], 'device_owner': 'compute:nova', 'allowed_address_pairs': [], 'port_security_enabled': True, 'qos_policy_id': None, 'network_qos_policy_id': None, 'profile': {}, 'propagate_uplink_status': False} {{(pid=92921) _get_device_details /opt/stack/neutron/neutron/plugins/ml2/rpc.py:168}}
Jun 22 07:14:50.639606 dv-cinder-786627-11-iscsi neutron-server[92919]: DEBUG neutron.pecan_wsgi.hooks.policy_enforcement [req-accb743d-ce1b-408e-9031-9361adbc8ee8 req-511b951d-fa5b-4111-a17b-fb070a2c8d1e tempest-ServerRescueNegativeTestJSON-411527339 tempest-ServerRescueNegativeTestJSON-411527339-project] Attributes excluded by policy engine: ['standard_attr_id', 'binding:profile', 'binding:host_id', 'binding:vif_type', 'binding:vif_details'] {{(pid=92919) _exclude_attributes_by_policy /opt/stack/neutron/neutron/pecan_wsgi/hooks/policy_enforcement.py:255}}
Jun 22 07:14:50.641543 dv-cinder-786627-11-iscsi neutron-server[92919]: INFO neutron.wsgi [req-accb743d-ce1b-408e-9031-9361adbc8ee8 req-511b951d-fa5b-4111-a17b-fb070a2c8d1e tempest-ServerRescueNegativeTestJSON-411527339 tempest-ServerRescueNegativeTestJSON-411527339-project] 10.222.0.24 "GET /v2.0/ports?device_id=96140ecc-60b1-4858-b129-414607b05266 HTTP/1.1" status: 200 len: 943 time: 0.0853710
Jun 22 07:14:50.658496 dv-cinder-786627-11-iscsi neutron-server[92920]: INFO neutron.wsgi [None req-5f64cb45-6f94-4fee-8cb3-43a104236f1d admin admin] 10.222.0.24 "GET /v2.0/security-groups?tenant_id=cddeade6cf6447e486c5fe170a6ac456&name=default HTTP/1.1" status: 200 len: 2979 time: 0.2195013
Jun 22 07:14:50.663863 dv-cinder-786627-11-iscsi neutron-server[92920]: DEBUG neutron.api.rpc.handlers.resources_rpc [None req-5f64cb45-6f94-4fee-8cb3-43a104236f1d admin admin] Pushing event updated for resources: {'SecurityGroup': ['ID=02e65f1a-f3b6-4f48-825e-97f1b0736e9b,revision_number=1']} {{(pid=92920) push /opt/stack/neutron/neutron/api/rpc/handlers/resources_rpc.py:237}}
Jun 22 07:14:50.668331 dv-cinder-786627-11-iscsi neutron-server[92920]: DEBUG oslo_concurrency.lockutils [None req-5f64cb45-6f94-4fee-8cb3-43a104236f1d admin admin] Lock "event-dispatch" released by "neutron.plugins.ml2.ovo_rpc._ObjectChangeHandler.dispatch_events" :: held 0.065s {{(pid=92920) inner /usr/local/lib/python3.8/dist-packages/oslo_concurrency/lockutils.py:367}}
Jun 22 07:14:50.669792 dv-cinder-786627-11-iscsi neutron-server[92919]: DEBUG neutron.wsgi [-] (92919) accepted ('10.222.0.24', 43070) {{(pid=92919) server /usr/local/lib/python3.8/dist-packages/eventlet/wsgi.py:992}}
Jun 22 07:14:50.699071 dv-cinder-786627-11-iscsi neutron-server[92921]: DEBUG neutron_lib.callbacks.manager [None req-a58d8977-4ced-4ee3-b16f-d4cc7a975498 None None] Notify callbacks ['neutron.plugins.ml2.plugin.SecurityGroupDbMixin._ensure_default_security_group_handler_port-1809780'] for port, before_update {{(pid=92921) _notify_loop /usr/local/lib/python3.8/dist-packages/neutron_lib/callbacks/manager.py:192}}
Jun 22 07:14:50.725457 dv-cinder-786627-11-iscsi neutron-server[92921]: DEBUG neutron.notifiers.nova [None req-a58d8977-4ced-4ee3-b16f-d4cc7a975498 None None] Ignoring state change previous_port_status: DOWN current_port_status: BUILD port_id 0c37ff52-be9d-4855-ad57-401153daeb5e {{(pid=92921) record_port_status_changed /opt/stack/neutron/neutron/notifiers/nova.py:224}}
Jun 22 07:14:50.740416 dv-cinder-786627-11-iscsi neutron-server[92919]: INFO neutron.wsgi [req-accb743d-ce1b-408e-9031-9361adbc8ee8 req-4d848ca5-f293-48d4-ae9c-0f4cf35b1dbc tempest-ServerRescueNegativeTestJSON-411527339 tempest-ServerRescueNegativeTestJSON-411527339-project] 10.222.0.24 "GET /v2.0/security-groups?id=30e0c465-7839-4da2-bd45-e1fbd7ad0257&fields=id&fields=name HTTP/1.1" status: 200 len: 286 time: 0.0903475
Jun 22 07:14:50.752730 dv-cinder-786627-11-iscsi neutron-server[92919]: DEBUG neutron_lib.callbacks.manager [None req-9610bbf6-dab7-47d9-b1a7-f9cc9d0e7305 admin admin] Notify callbacks [] for security_group, before_delete {{(pid=92919) _notify_loop /usr/local/lib/python3.8/dist-packages/neutron_lib/callbacks/manager.py:192}}
Jun 22 07:14:50.768237 dv-cinder-786627-11-iscsi neutron-server[92921]: DEBUG neutron.plugins.ml2.db [None req-a58d8977-4ced-4ee3-b16f-d4cc7a975498 None None] For port 0c37ff52-be9d-4855-ad57-401153daeb5e, host hv-cinder-78662, got binding levels [PortBindingLevel(driver='hyperv',host='hv-cinder-78662',level=0,port_id=0c37ff52-be9d-4855-ad57-401153daeb5e,segment=NetworkSegment(ad1695f4-d579-4854-bcbf-7f27a2eb4dc6),segment_id=ad1695f4-d579-4854-bcbf-7f27a2eb4dc6)] {{(pid=92921) get_binding_level_objs /opt/stack/neutron/neutron/plugins/ml2/db.py:74}}
Jun 22 07:14:50.774194 dv-cinder-786627-11-iscsi neutron-server[92921]: DEBUG neutron_lib.callbacks.manager [None req-a58d8977-4ced-4ee3-b16f-d4cc7a975498 None None] Notify callbacks ['neutron.plugins.ml2.plugin.SecurityGroupServerNotifierRpcMixin.notify_sg_on_port_change-1809558', 'neutron.plugins.ml2.ovo_rpc._ObjectChangeHandler.handle_event-42744', 'neutron.api.rpc.agentnotifiers.dhcp_rpc_agent_api.DhcpAgentNotifyAPI._native_event_send_dhcp_notification-690197', 'neutron.db.l3_db.L3RpcNotifierMixin._notify_gateway_port_ip_changed-8773474061011', 'neutron.db.l3_dvrscheduler_db._notify_l3_agent_port_update-8773473471609', 'neutron.db.l3_hascheduler_db._notify_l3_agent_ha_port_update-8773473471654'] for port, after_update {{(pid=92921) _notify_loop /usr/local/lib/python3.8/dist-packages/neutron_lib/callbacks/manager.py:192}}
Jun 22 07:14:50.777022 dv-cinder-786627-11-iscsi neutron-server[92921]: DEBUG oslo_concurrency.lockutils [-] Lock "event-dispatch" acquired by "neutron.plugins.ml2.ovo_rpc._ObjectChangeHandler.dispatch_events" :: waited 0.000s {{(pid=92921) inner /usr/local/lib/python3.8/dist-packages/oslo_concurrency/lockutils.py:355}}
Jun 22 07:14:50.781305 dv-cinder-786627-11-iscsi neutron-server[92919]: DEBUG neutron_lib.callbacks.manager [None req-9610bbf6-dab7-47d9-b1a7-f9cc9d0e7305 admin admin] Notify callbacks [] for security_group, precommit_delete {{(pid=92919) _notify_loop /usr/local/lib/python3.8/dist-packages/neutron_lib/callbacks/manager.py:192}}
Jun 22 07:14:50.848672 dv-cinder-786627-11-iscsi neutron-server[92921]: DEBUG neutron.api.rpc.handlers.resources_rpc [None req-a58d8977-4ced-4ee3-b16f-d4cc7a975498 None None] Pushing event updated for resources: {'Port': ['ID=0c37ff52-be9d-4855-ad57-401153daeb5e,revision_number=4']} {{(pid=92921) push /opt/stack/neutron/neutron/api/rpc/handlers/resources_rpc.py:237}}
Jun 22 07:14:50.852571 dv-cinder-786627-11-iscsi neutron-server[92921]: DEBUG oslo_concurrency.lockutils [None req-a58d8977-4ced-4ee3-b16f-d4cc7a975498 None None] Lock "event-dispatch" released by "neutron.plugins.ml2.ovo_rpc._ObjectChangeHandler.dispatch_events" :: held 0.075s {{(pid=92921) inner /usr/local/lib/python3.8/dist-packages/oslo_concurrency/lockutils.py:367}}
Jun 22 07:14:50.872582 dv-cinder-786627-11-iscsi neutron-server[92919]: DEBUG neutron_lib.callbacks.manager [None req-9610bbf6-dab7-47d9-b1a7-f9cc9d0e7305 admin admin] Notify callbacks ['neutron.plugins.ml2.ovo_rpc._ObjectChangeHandler.handle_event-54538'] for security_group, after_delete {{(pid=92919) _notify_loop /usr/local/lib/python3.8/dist-packages/neutron_lib/callbacks/manager.py:192}}
Jun 22 07:14:50.876918 dv-cinder-786627-11-iscsi neutron-server[92919]: DEBUG neutron_lib.callbacks.manager [None req-9610bbf6-dab7-47d9-b1a7-f9cc9d0e7305 admin admin] Notify callbacks [] for security_group, before_response {{(pid=92919) _notify_loop /usr/local/lib/python3.8/dist-packages/neutron_lib/callbacks/manager.py:192}}
Jun 22 07:14:50.881263 dv-cinder-786627-11-iscsi neutron-server[92919]: INFO neutron.wsgi [None req-9610bbf6-dab7-47d9-b1a7-f9cc9d0e7305 admin admin] 10.222.0.24 "DELETE /v2.0/security-groups/02e65f1a-f3b6-4f48-825e-97f1b0736e9b HTTP/1.1" status: 204 len: 168 time: 0.2073452
Jun 22 07:14:50.881714 dv-cinder-786627-11-iscsi neutron-server[92919]: DEBUG oslo_concurrency.lockutils [None req-8a96598a-d97c-477b-8256-8e20580c172b admin admin] Lock "event-dispatch" acquired by "neutron.plugins.ml2.ovo_rpc._ObjectChangeHandler.dispatch_events" :: waited 0.000s {{(pid=92919) inner /usr/local/lib/python3.8/dist-packages/oslo_concurrency/lockutils.py:355}}
Jun 22 07:14:50.893245 dv-cinder-786627-11-iscsi neutron-server[92919]: DEBUG neutron.pecan_wsgi.hooks.policy_enforcement [req-e8f17e14-7315-4ef7-a502-847fa0704956 req-13ea97d4-07cf-4196-b5dc-f90c85ed6cc5 tempest-AttachVolumeShelveTestJSON-1771394016 tempest-AttachVolumeShelveTestJSON-1771394016-project] Attributes excluded by policy engine: ['standard_attr_id', 'binding:profile', 'binding:host_id', 'binding:vif_type', 'binding:vif_details'] {{(pid=92919) _exclude_attributes_by_policy /opt/stack/neutron/neutron/pecan_wsgi/hooks/policy_enforcement.py:255}}
Jun 22 07:14:50.894733 dv-cinder-786627-11-iscsi neutron-server[92919]: INFO neutron.wsgi [req-e8f17e14-7315-4ef7-a502-847fa0704956 req-13ea97d4-07cf-4196-b5dc-f90c85ed6cc5 tempest-AttachVolumeShelveTestJSON-1771394016 tempest-AttachVolumeShelveTestJSON-1771394016-project] 10.222.0.24 "GET /v2.0/ports?device_id=32e6e243-eeda-4a0d-a837-8692933a5789 HTTP/1.1" status: 200 len: 944 time: 0.0885024
Jun 22 07:14:50.909554 dv-cinder-786627-11-iscsi neutron-server[92919]: DEBUG neutron.api.rpc.handlers.resources_rpc [None req-9610bbf6-dab7-47d9-b1a7-f9cc9d0e7305 admin admin] Pushing event deleted for resources: {'SecurityGroup': ['ID=02e65f1a-f3b6-4f48-825e-97f1b0736e9b,revision_number=None']} {{(pid=92919) push /opt/stack/neutron/neutron/api/rpc/handlers/resources_rpc.py:237}}
Jun 22 07:14:50.912560 dv-cinder-786627-11-iscsi neutron-server[92919]: DEBUG oslo_concurrency.lockutils [None req-9610bbf6-dab7-47d9-b1a7-f9cc9d0e7305 admin admin] Lock "event-dispatch" released by "neutron.plugins.ml2.ovo_rpc._ObjectChangeHandler.dispatch_events" :: held 0.031s {{(pid=92919) inner /usr/local/lib/python3.8/dist-packages/oslo_concurrency/lockutils.py:367}}
Jun 22 07:14:50.946542 dv-cinder-786627-11-iscsi neutron-server[92919]: INFO neutron.wsgi [req-e8f17e14-7315-4ef7-a502-847fa0704956 req-13dc20aa-fcc5-4f29-9886-b9cb0951b2b2 tempest-AttachVolumeShelveTestJSON-1771394016 tempest-AttachVolumeShelveTestJSON-1771394016-project] 10.222.0.24 "GET /v2.0/security-groups?id=b51056aa-037c-4921-b43f-ffbaaf0d81d8&fields=id&fields=name HTTP/1.1" status: 200 len: 313 time: 0.0445602
Jun 22 07:14:51.681311 dv-cinder-786627-11-iscsi neutron-server[92919]: DEBUG neutron.pecan_wsgi.hooks.policy_enforcement [req-a01e67cb-1d36-4279-bee4-a498bdb953cf req-dbdddd91-7f37-41ef-9d47-d29e36c49a3c tempest-DeleteServersTestJSON-1840482181 tempest-DeleteServersTestJSON-1840482181-project] Attributes excluded by policy engine: ['standard_attr_id', 'binding:profile', 'binding:host_id', 'binding:vif_type', 'binding:vif_details'] {{(pid=92919) _exclude_attributes_by_policy /opt/stack/neutron/neutron/pecan_wsgi/hooks/policy_enforcement.py:255}}
Jun 22 07:14:51.683162 dv-cinder-786627-11-iscsi neutron-server[92919]: INFO neutron.wsgi [req-a01e67cb-1d36-4279-bee4-a498bdb953cf req-dbdddd91-7f37-41ef-9d47-d29e36c49a3c tempest-DeleteServersTestJSON-1840482181 tempest-DeleteServersTestJSON-1840482181-project] 10.222.0.24 "GET /v2.0/ports?device_id=408e9ee9-a3c9-4c89-a36d-c9312e22824a HTTP/1.1" status: 200 len: 944 time: 0.1309614
Jun 22 07:14:51.740778 dv-cinder-786627-11-iscsi neutron-server[92919]: DEBUG neutron.pecan_wsgi.hooks.policy_enforcement [req-9f2a7232-6f77-41a5-98fd-5a7c5a0be817 req-65649ba8-e4f2-405b-9c96-55ea33b3923c tempest-AttachVolumeTestJSON-886104879 tempest-AttachVolumeTestJSON-886104879-project] Attributes excluded by policy engine: ['standard_attr_id', 'binding:profile', 'binding:host_id', 'binding:vif_type', 'binding:vif_details'] {{(pid=92919) _exclude_attributes_by_policy /opt/stack/neutron/neutron/pecan_wsgi/hooks/policy_enforcement.py:255}}
Jun 22 07:14:51.742318 dv-cinder-786627-11-iscsi neutron-server[92919]: INFO neutron.wsgi [req-9f2a7232-6f77-41a5-98fd-5a7c5a0be817 req-65649ba8-e4f2-405b-9c96-55ea33b3923c tempest-AttachVolumeTestJSON-886104879 tempest-AttachVolumeTestJSON-886104879-project] 10.222.0.24 "GET /v2.0/ports?device_id=6f376705-0d18-4006-8bca-dd49b0e55cca HTTP/1.1" status: 200 len: 944 time: 0.1206319
