Aug 31 08:59:38.206913 dv-cinder-786524-11-iscsi neutron-server[101246]: INFO neutron.wsgi [req-f9c23753-23f9-4a83-ba8a-beb5f74b36ee req-49dd92da-ed8d-4cfb-be04-c7ecd130adc2 tempest-AttachVolumeShelveTestJSON-855257334 tempest-AttachVolumeShelveTestJSON-855257334-project] 10.222.0.66 "GET /v2.0/security-groups?name=tempest-securitygroup--308442460&fields=id&tenant_id=0a3d59fd12f7417f8de1db40a9a75b86 HTTP/1.1" status: 200 len: 267 time: 0.0687051
Aug 31 08:59:38.242203 dv-cinder-786524-11-iscsi neutron-server[101246]: INFO neutron.wsgi [None req-657a45c9-ca73-4f57-9e61-2a62c996dec5 admin admin] 10.222.0.66 "POST /v2.0/networks HTTP/1.1" status: 201 len: 897 time: 1.3727756
Aug 31 08:59:38.245045 dv-cinder-786524-11-iscsi neutron-server[101245]: DEBUG neutron.wsgi [-] (101245) accepted ('10.222.0.66', 45642) {{(pid=101245) server /usr/local/lib/python3.8/dist-packages/eventlet/wsgi.py:982}}
Aug 31 08:59:38.281659 dv-cinder-786524-11-iscsi neutron-server[101245]: DEBUG neutron.api.v2.base [None req-17b7107c-ac9c-4024-a499-7d0eb9b1a485 admin admin] Request body: {'subnet': {'network_id': '623feb7a-87f1-4ca6-8742-c120e73b031d', 'cidr': '172.20.0.0/28', 'name': 'tempest-EncryptedVolumesExtendAttachedTest-784004294-subnet', 'tenant_id': 'a46b88d1776e4ca8a68c127e3e88e534', 'enable_dhcp': False, 'ip_version': 4}} {{(pid=101245) prepare_request_body /opt/stack/neutron/neutron/api/v2/base.py:730}}
Aug 31 08:59:38.321795 dv-cinder-786524-11-iscsi neutron-server[101245]: DEBUG neutron.pecan_wsgi.hooks.policy_enforcement [req-d2bdfbcd-3de3-4b7d-8ff9-86aef3c4b3ab req-0bd4d256-85e1-401c-ad07-1bbdfa66d965 tempest-DeleteServersTestJSON-937641650 tempest-DeleteServersTestJSON-937641650-project] Attributes excluded by policy engine: ['standard_attr_id', 'binding:profile', 'binding:host_id', 'binding:vif_type', 'binding:vif_details'] {{(pid=101245) _exclude_attributes_by_policy /opt/stack/neutron/neutron/pecan_wsgi/hooks/policy_enforcement.py:255}}
Aug 31 08:59:38.323913 dv-cinder-786524-11-iscsi neutron-server[101245]: INFO neutron.wsgi [req-d2bdfbcd-3de3-4b7d-8ff9-86aef3c4b3ab req-0bd4d256-85e1-401c-ad07-1bbdfa66d965 tempest-DeleteServersTestJSON-937641650 tempest-DeleteServersTestJSON-937641650-project] 10.222.0.66 "GET /v2.0/ports?device_id=b0e33bdb-4c86-4c85-82e2-d41e535ea7ea HTTP/1.1" status: 200 len: 943 time: 0.0848906
Aug 31 08:59:38.351827 dv-cinder-786524-11-iscsi neutron-server[101246]: DEBUG neutron.pecan_wsgi.hooks.policy_enforcement [req-f9c23753-23f9-4a83-ba8a-beb5f74b36ee req-681984f8-6f59-4822-86e7-4ebeb88d3771 tempest-AttachVolumeShelveTestJSON-855257334 tempest-AttachVolumeShelveTestJSON-855257334-project] Attributes excluded by policy engine: ['standard_attr_id', 'vlan_transparent', 'provider:network_type', 'provider:physical_network', 'provider:segmentation_id'] {{(pid=101246) _exclude_attributes_by_policy /opt/stack/neutron/neutron/pecan_wsgi/hooks/policy_enforcement.py:255}}
Aug 31 08:59:38.353522 dv-cinder-786524-11-iscsi neutron-server[101246]: INFO neutron.wsgi [req-f9c23753-23f9-4a83-ba8a-beb5f74b36ee req-681984f8-6f59-4822-86e7-4ebeb88d3771 tempest-AttachVolumeShelveTestJSON-855257334 tempest-AttachVolumeShelveTestJSON-855257334-project] 10.222.0.66 "GET /v2.0/networks?id=c0d7214a-0098-458d-b679-d06fdde64071 HTTP/1.1" status: 200 len: 817 time: 0.1356075
Aug 31 08:59:38.373357 dv-cinder-786524-11-iscsi neutron-server[101246]: INFO neutron.wsgi [req-f9c23753-23f9-4a83-ba8a-beb5f74b36ee req-25e76903-24d7-489b-862a-267306ee015f tempest-AttachVolumeShelveTestJSON-855257334 tempest-AttachVolumeShelveTestJSON-855257334-project] 10.222.0.66 "GET /v2.0/quotas/0a3d59fd12f7417f8de1db40a9a75b86 HTTP/1.1" status: 200 len: 375 time: 0.0130780
Aug 31 08:59:38.392315 dv-cinder-786524-11-iscsi neutron-server[101245]: INFO neutron.wsgi [req-d2bdfbcd-3de3-4b7d-8ff9-86aef3c4b3ab req-221d5df9-073b-4753-b3de-cfd745c25b7a tempest-DeleteServersTestJSON-937641650 tempest-DeleteServersTestJSON-937641650-project] 10.222.0.66 "GET /v2.0/security-groups?id=e422e26b-5d10-4408-8bb2-56e2a367a4f1&fields=id&fields=name HTTP/1.1" status: 200 len: 286 time: 0.0571463
Aug 31 08:59:38.429963 dv-cinder-786524-11-iscsi neutron-server[101245]: DEBUG neutron.pecan_wsgi.hooks.quota_enforcement [None req-17b7107c-ac9c-4024-a499-7d0eb9b1a485 admin admin] Made reservation on behalf of a46b88d1776e4ca8a68c127e3e88e534 for: {'subnet': 1} {{(pid=101245) before /opt/stack/neutron/neutron/pecan_wsgi/hooks/quota_enforcement.py:53}}
Aug 31 08:59:38.432987 dv-cinder-786524-11-iscsi neutron-server[101245]: DEBUG neutron_lib.callbacks.manager [None req-17b7107c-ac9c-4024-a499-7d0eb9b1a485 admin admin] Notify callbacks [] for subnet, before_create {{(pid=101245) _notify_loop /usr/local/lib/python3.8/dist-packages/neutron_lib/callbacks/manager.py:192}}
Aug 31 08:59:38.491086 dv-cinder-786524-11-iscsi neutron-server[101246]: INFO neutron.wsgi [req-f9c23753-23f9-4a83-ba8a-beb5f74b36ee req-4e283601-bc92-4011-ba7b-789e59baab82 tempest-AttachVolumeShelveTestJSON-855257334 tempest-AttachVolumeShelveTestJSON-855257334-project] 10.222.0.66 "GET /v2.0/ports?tenant_id=0a3d59fd12f7417f8de1db40a9a75b86&fields=id HTTP/1.1" status: 200 len: 348 time: 0.1056650
Aug 31 08:59:38.648041 dv-cinder-786524-11-iscsi neutron-server[101246]: INFO neutron.wsgi [req-f9c23753-23f9-4a83-ba8a-beb5f74b36ee req-b55a7a86-4e5a-4823-b78b-0fb6332344ce service neutron] 10.222.0.66 "GET /v2.0/networks/c0d7214a-0098-458d-b679-d06fdde64071?fields=segments HTTP/1.1" status: 200 len: 212 time: 0.1496184
Aug 31 08:59:38.684530 dv-cinder-786524-11-iscsi neutron-server[101245]: DEBUG neutron.pecan_wsgi.hooks.policy_enforcement [req-8c6e8d5d-c600-40ae-8919-b897a86c4acb req-8d5c0eeb-8158-46bb-9478-632aec7931b0 tempest-ServerRescueNegativeTestJSON-788045174 tempest-ServerRescueNegativeTestJSON-788045174-project] Attributes excluded by policy engine: ['standard_attr_id', 'binding:profile', 'binding:host_id', 'binding:vif_type', 'binding:vif_details'] {{(pid=101245) _exclude_attributes_by_policy /opt/stack/neutron/neutron/pecan_wsgi/hooks/policy_enforcement.py:255}}
Aug 31 08:59:38.686493 dv-cinder-786524-11-iscsi neutron-server[101245]: INFO neutron.wsgi [req-8c6e8d5d-c600-40ae-8919-b897a86c4acb req-8d5c0eeb-8158-46bb-9478-632aec7931b0 tempest-ServerRescueNegativeTestJSON-788045174 tempest-ServerRescueNegativeTestJSON-788045174-project] 10.222.0.66 "GET /v2.0/ports?device_id=b3977c56-5372-4d6c-90be-1207145871b0 HTTP/1.1" status: 200 len: 943 time: 0.1223354
Aug 31 08:59:38.765948 dv-cinder-786524-11-iscsi neutron-server[101246]: INFO neutron.wsgi [req-f9c23753-23f9-4a83-ba8a-beb5f74b36ee req-d334082c-a94a-4c32-b6d4-1ac4735a7e50 service neutron] 10.222.0.66 "GET /v2.0/networks/c0d7214a-0098-458d-b679-d06fdde64071?fields=provider%3Aphysical_network&fields=provider%3Anetwork_type HTTP/1.1" status: 200 len: 281 time: 0.1125772
Aug 31 08:59:38.788096 dv-cinder-786524-11-iscsi neutron-server[101245]: INFO neutron.wsgi [req-8c6e8d5d-c600-40ae-8919-b897a86c4acb req-270d739c-0e75-49e4-b46a-3b8470e4b1df tempest-ServerRescueNegativeTestJSON-788045174 tempest-ServerRescueNegativeTestJSON-788045174-project] 10.222.0.66 "GET /v2.0/security-groups?id=0831c072-b6ca-474d-8068-1a4721f12ef6&fields=id&fields=name HTTP/1.1" status: 200 len: 286 time: 0.0931883
Aug 31 08:59:39.139781 dv-cinder-786524-11-iscsi neutron-server[101245]: DEBUG neutron_lib.callbacks.manager [None req-17b7107c-ac9c-4024-a499-7d0eb9b1a485 admin admin] Notify callbacks ['neutron.plugins.ml2.ovo_rpc._ObjectChangeHandler.handle_event-549553', 'neutron.api.rpc.agentnotifiers.dhcp_rpc_agent_api.DhcpAgentNotifyAPI._native_event_send_dhcp_notification-562278'] for subnet, after_create {{(pid=101245) _notify_loop /usr/local/lib/python3.8/dist-packages/neutron_lib/callbacks/manager.py:192}}
Aug 31 08:59:39.141933 dv-cinder-786524-11-iscsi neutron-server[101248]: DEBUG neutron.db.agents_db [None req-cb41d726-3335-441d-b7b1-d95792817754 None None] Agent healthcheck: found 6 active agents {{(pid=101248) agent_health_check /opt/stack/neutron/neutron/db/agents_db.py:317}}
Aug 31 08:59:39.207166 dv-cinder-786524-11-iscsi neutron-server[101245]: DEBUG neutron.api.rpc.handlers.resources_rpc [None req-17b7107c-ac9c-4024-a499-7d0eb9b1a485 admin admin] Pushing event updated for resources: {'Subnet': ['ID=b6a425d6-dd5a-455c-a308-ee29ed0c518d,revision_number=0']} {{(pid=101245) push /opt/stack/neutron/neutron/api/rpc/handlers/resources_rpc.py:237}}
Aug 31 08:59:39.237995 dv-cinder-786524-11-iscsi neutron-server[101245]: DEBUG neutron.plugins.ml2.drivers.mech_agent [None req-17b7107c-ac9c-4024-a499-7d0eb9b1a485 admin admin] Checking segment: {'id': '4b2c1740-3c1f-464e-83fc-6e5997e56aa9', 'network_type': 'vlan', 'physical_network': 'physnet1', 'segmentation_id': 128, 'network_id': '623feb7a-87f1-4ca6-8742-c120e73b031d'} for mappings: {'physnet1': 'br-data'} with network types: ['local', 'flat', 'vlan'] {{(pid=101245) check_segment_for_agent /opt/stack/neutron/neutron/plugins/ml2/drivers/mech_agent.py:352}}
Aug 31 08:59:39.238346 dv-cinder-786524-11-iscsi neutron-server[101245]: DEBUG neutron.scheduler.dhcp_agent_scheduler [None req-17b7107c-ac9c-4024-a499-7d0eb9b1a485 admin admin] Network hostable DHCP agents. Network: 623feb7a-87f1-4ca6-8742-c120e73b031d, hostable agents: ['dc667aeb-2dfa-4131-b01e-338aa93c6348'], hosted agents: [] {{(pid=101245) _get_network_hostable_dhcp_agents /opt/stack/neutron/neutron/scheduler/dhcp_agent_scheduler.py:329}}
Aug 31 08:59:39.274020 dv-cinder-786524-11-iscsi neutron-server[101245]: DEBUG neutron.pecan_wsgi.hooks.policy_enforcement [req-372a2a49-3e9a-4ab2-99f0-844bcbca557b req-d36a2644-92b4-4993-80d0-f52fb32e8913 tempest-AttachVolumeNegativeTest-2110561449 tempest-AttachVolumeNegativeTest-2110561449-project] Attributes excluded by policy engine: ['standard_attr_id', 'binding:profile', 'binding:host_id', 'binding:vif_type', 'binding:vif_details'] {{(pid=101245) _exclude_attributes_by_policy /opt/stack/neutron/neutron/pecan_wsgi/hooks/policy_enforcement.py:255}}
Aug 31 08:59:39.275508 dv-cinder-786524-11-iscsi neutron-server[101245]: INFO neutron.wsgi [req-372a2a49-3e9a-4ab2-99f0-844bcbca557b req-d36a2644-92b4-4993-80d0-f52fb32e8913 tempest-AttachVolumeNegativeTest-2110561449 tempest-AttachVolumeNegativeTest-2110561449-project] 10.222.0.66 "GET /v2.0/ports?device_id=c7596bba-ef1c-4743-8fe4-92c45a1e3acd HTTP/1.1" status: 200 len: 943 time: 0.0781322
Aug 31 08:59:39.327507 dv-cinder-786524-11-iscsi neutron-server[101245]: INFO neutron.wsgi [req-372a2a49-3e9a-4ab2-99f0-844bcbca557b req-d3dad62f-2d5e-4df9-835e-77679d01c7d3 tempest-AttachVolumeNegativeTest-2110561449 tempest-AttachVolumeNegativeTest-2110561449-project] 10.222.0.66 "GET /v2.0/security-groups?id=e90d8310-19b5-4a04-9030-1a4ea791f1e2&fields=id&fields=name HTTP/1.1" status: 200 len: 286 time: 0.0454283
Aug 31 08:59:39.389441 dv-cinder-786524-11-iscsi neutron-server[101246]: INFO neutron.wsgi [req-67e7ba86-62ca-40b7-8567-02bac067ad93 req-de055023-2cd7-48b8-9722-8dc344b6bc9c tempest-AttachVolumeShelveTestJSON-855257334 tempest-AttachVolumeShelveTestJSON-855257334-project] 10.222.0.66 "GET /v2.0/ports?device_id=d2fe8fc5-20b5-46a1-8eae-381b6fd2765c HTTP/1.1" status: 200 len: 210 time: 0.0358729
Aug 31 08:59:39.482042 dv-cinder-786524-11-iscsi neutron-server[101245]: DEBUG neutron.scheduler.dhcp_agent_scheduler [None req-17b7107c-ac9c-4024-a499-7d0eb9b1a485 admin admin] Network 623feb7a-87f1-4ca6-8742-c120e73b031d is scheduled to be hosted by DHCP agent dc667aeb-2dfa-4131-b01e-338aa93c6348 with binding_index 1 {{(pid=101245) bind /opt/stack/neutron/neutron/scheduler/dhcp_agent_scheduler.py:227}}
Aug 31 08:59:39.524333 dv-cinder-786524-11-iscsi neutron-server[101245]: DEBUG neutron.pecan_wsgi.hooks.policy_enforcement [req-9b8dc189-a1b0-4aea-9c34-33d9f2d6e798 req-36fa5b46-1390-45b9-86bb-4ea318f9b574 tempest-DeleteServersTestJSON-937641650 tempest-DeleteServersTestJSON-937641650-project] Attributes excluded by policy engine: ['standard_attr_id', 'binding:profile', 'binding:host_id', 'binding:vif_type', 'binding:vif_details'] {{(pid=101245) _exclude_attributes_by_policy /opt/stack/neutron/neutron/pecan_wsgi/hooks/policy_enforcement.py:255}}
Aug 31 08:59:39.525872 dv-cinder-786524-11-iscsi neutron-server[101245]: INFO neutron.wsgi [req-9b8dc189-a1b0-4aea-9c34-33d9f2d6e798 req-36fa5b46-1390-45b9-86bb-4ea318f9b574 tempest-DeleteServersTestJSON-937641650 tempest-DeleteServersTestJSON-937641650-project] 10.222.0.66 "GET /v2.0/ports?device_id=b0e33bdb-4c86-4c85-82e2-d41e535ea7ea HTTP/1.1" status: 200 len: 943 time: 0.0556800
Aug 31 08:59:39.533295 dv-cinder-786524-11-iscsi neutron-server[101246]: DEBUG neutron.wsgi [-] (101246) accepted ('10.222.0.66', 45670) {{(pid=101246) server /usr/local/lib/python3.8/dist-packages/eventlet/wsgi.py:982}}
Aug 31 08:59:39.581086 dv-cinder-786524-11-iscsi neutron-server[101245]: INFO neutron.wsgi [req-9b8dc189-a1b0-4aea-9c34-33d9f2d6e798 req-ecfbccaa-9048-401d-9b8b-56dd391fe7b9 tempest-DeleteServersTestJSON-937641650 tempest-DeleteServersTestJSON-937641650-project] 10.222.0.66 "GET /v2.0/security-groups?id=e422e26b-5d10-4408-8bb2-56e2a367a4f1&fields=id&fields=name HTTP/1.1" status: 200 len: 286 time: 0.0484738
Aug 31 08:59:39.651778 dv-cinder-786524-11-iscsi neutron-server[101246]: DEBUG neutron_lib.callbacks.manager [None req-3fd42ed7-d688-49fe-a2b7-5463255189f0 admin admin] Notify callbacks [] for security_group, before_create {{(pid=101246) _notify_loop /usr/local/lib/python3.8/dist-packages/neutron_lib/callbacks/manager.py:192}}
Aug 31 08:59:39.689142 dv-cinder-786524-11-iscsi neutron-server[101245]: DEBUG neutron.scheduler.base_scheduler [None req-17b7107c-ac9c-4024-a499-7d0eb9b1a485 admin admin] Resources bound (agent type, host, resource id): (DHCP agent, dv-cinder-786524-11-iscsi, 623feb7a-87f1-4ca6-8742-c120e73b031d) {{(pid=101245) schedule /opt/stack/neutron/neutron/scheduler/base_scheduler.py:57}}
Aug 31 08:59:39.701739 dv-cinder-786524-11-iscsi neutron-server[101245]: DEBUG neutron.pecan_wsgi.hooks.policy_enforcement [None req-17b7107c-ac9c-4024-a499-7d0eb9b1a485 admin admin] Attributes excluded by policy engine: ['standard_attr_id', 'shared', 'network'] {{(pid=101245) _exclude_attributes_by_policy /opt/stack/neutron/neutron/pecan_wsgi/hooks/policy_enforcement.py:255}}
Aug 31 08:59:39.703296 dv-cinder-786524-11-iscsi neutron-server[101245]: DEBUG neutron_lib.callbacks.manager [None req-17b7107c-ac9c-4024-a499-7d0eb9b1a485 admin admin] Notify callbacks ['neutron.api.rpc.agentnotifiers.dhcp_rpc_agent_api.DhcpAgentNotifyAPI._send_dhcp_notification-562324'] for subnet, before_response {{(pid=101245) _notify_loop /usr/local/lib/python3.8/dist-packages/neutron_lib/callbacks/manager.py:192}}
Aug 31 08:59:39.714225 dv-cinder-786524-11-iscsi neutron-server[101247]: DEBUG neutron.api.rpc.handlers.dhcp_rpc [None req-39dd1723-7ef9-4639-8189-5d6e3e05c67c None None] Network 623feb7a-87f1-4ca6-8742-c120e73b031d requested from dv-cinder-786524-11-iscsi {{(pid=101247) get_network_info /opt/stack/neutron/neutron/api/rpc/handlers/dhcp_rpc.py:218}}
Aug 31 08:59:39.794075 dv-cinder-786524-11-iscsi neutron-server[101246]: DEBUG neutron_lib.callbacks.manager [None req-3fd42ed7-d688-49fe-a2b7-5463255189f0 admin admin] Notify callbacks [] for security_group, precommit_create {{(pid=101246) _notify_loop /usr/local/lib/python3.8/dist-packages/neutron_lib/callbacks/manager.py:192}}
Aug 31 08:59:39.889871 dv-cinder-786524-11-iscsi neutron-server[101247]: DEBUG neutron.api.rpc.handlers.dhcp_rpc [None req-4c1eff4d-2da9-4a83-a1fc-b511443b2477 None None] Network 623feb7a-87f1-4ca6-8742-c120e73b031d requested from dv-cinder-786524-11-iscsi {{(pid=101247) get_network_info /opt/stack/neutron/neutron/api/rpc/handlers/dhcp_rpc.py:218}}
Aug 31 08:59:39.909889 dv-cinder-786524-11-iscsi neutron-server[101246]: DEBUG neutron_lib.callbacks.manager [None req-3fd42ed7-d688-49fe-a2b7-5463255189f0 admin admin] Notify callbacks ['neutron.plugins.ml2.ovo_rpc._ObjectChangeHandler.handle_event-552901'] for security_group, after_create {{(pid=101246) _notify_loop /usr/local/lib/python3.8/dist-packages/neutron_lib/callbacks/manager.py:192}}
Aug 31 08:59:39.973673 dv-cinder-786524-11-iscsi neutron-server[101245]: DEBUG neutron.pecan_wsgi.hooks.policy_enforcement [req-5abe90b3-f221-4e93-9666-5c498307e2f2 req-31c0d8cc-47aa-4167-bcc0-4562a326e789 service neutron] Attributes excluded by policy engine: ['standard_attr_id'] {{(pid=101245) _exclude_attributes_by_policy /opt/stack/neutron/neutron/pecan_wsgi/hooks/policy_enforcement.py:255}}
Aug 31 08:59:39.976016 dv-cinder-786524-11-iscsi neutron-server[101245]: INFO neutron.wsgi [req-5abe90b3-f221-4e93-9666-5c498307e2f2 req-31c0d8cc-47aa-4167-bcc0-4562a326e789 service neutron] 10.222.0.107 "GET /v2.0/ports?tenant_id=caa346cfbca049e2ba26b7ba6ef26fe2&device_id=c0d0c3c6-9e50-4246-b0d8-33132bdfac26 HTTP/1.1" status: 200 len: 1096 time: 0.0702817
Aug 31 08:59:39.996888 dv-cinder-786524-11-iscsi neutron-server[101246]: INFO neutron.wsgi [None req-3fd42ed7-d688-49fe-a2b7-5463255189f0 admin admin] 10.222.0.66 "GET /v2.0/security-groups?tenant_id=110c3cff01894e6c9fec5a64d2a60e14&name=default HTTP/1.1" status: 200 len: 2979 time: 0.4624765
Aug 31 08:59:40.004408 dv-cinder-786524-11-iscsi neutron-server[101246]: DEBUG neutron.wsgi [-] (101246) accepted ('10.222.0.66', 45688) {{(pid=101246) server /usr/local/lib/python3.8/dist-packages/eventlet/wsgi.py:982}}
Aug 31 08:59:40.048154 dv-cinder-786524-11-iscsi neutron-server[101246]: DEBUG neutron.pecan_wsgi.hooks.policy_enforcement [req-4327d328-5377-42cc-95e3-30b6d205899f req-7daa3feb-eee8-4854-b935-38fd88bb8962 tempest-ServerRescueNegativeTestJSON-788045174 tempest-ServerRescueNegativeTestJSON-788045174-project] Attributes excluded by policy engine: ['standard_attr_id', 'binding:profile', 'binding:host_id', 'binding:vif_type', 'binding:vif_details'] {{(pid=101246) _exclude_attributes_by_policy /opt/stack/neutron/neutron/pecan_wsgi/hooks/policy_enforcement.py:255}}
Aug 31 08:59:40.056049 dv-cinder-786524-11-iscsi neutron-server[101246]: INFO neutron.wsgi [req-4327d328-5377-42cc-95e3-30b6d205899f req-7daa3feb-eee8-4854-b935-38fd88bb8962 tempest-ServerRescueNegativeTestJSON-788045174 tempest-ServerRescueNegativeTestJSON-788045174-project] 10.222.0.66 "GET /v2.0/ports?device_id=b3977c56-5372-4d6c-90be-1207145871b0 HTTP/1.1" status: 200 len: 943 time: 0.1833744
Aug 31 08:59:40.057814 dv-cinder-786524-11-iscsi neutron-server[101246]: DEBUG neutron.api.rpc.handlers.resources_rpc [None req-3fd42ed7-d688-49fe-a2b7-5463255189f0 admin admin] Pushing event updated for resources: {'SecurityGroup': ['ID=d0e1146f-6e07-4841-88d4-6ef1c1284420,revision_number=1']} {{(pid=101246) push /opt/stack/neutron/neutron/api/rpc/handlers/resources_rpc.py:237}}
Aug 31 08:59:40.119324 dv-cinder-786524-11-iscsi neutron-server[101245]: INFO neutron.wsgi [None req-17b7107c-ac9c-4024-a499-7d0eb9b1a485 admin admin] 10.222.0.66 "POST /v2.0/subnets HTTP/1.1" status: 201 len: 861 time: 1.8637662
Aug 31 08:59:40.144583 dv-cinder-786524-11-iscsi neutron-server[101246]: DEBUG neutron.pecan_wsgi.hooks.policy_enforcement [req-296e2f31-c02c-4aae-b321-b1571888d5e0 req-6bee4b36-f107-4d11-a41f-201a75902536 service neutron] Attributes excluded by policy engine: ['standard_attr_id'] {{(pid=101246) _exclude_attributes_by_policy /opt/stack/neutron/neutron/pecan_wsgi/hooks/policy_enforcement.py:255}}
Aug 31 08:59:40.147120 dv-cinder-786524-11-iscsi neutron-server[101246]: INFO neutron.wsgi [req-296e2f31-c02c-4aae-b321-b1571888d5e0 req-6bee4b36-f107-4d11-a41f-201a75902536 service neutron] 10.222.0.107 "GET /v2.0/ports?tenant_id=95164576c2b0482da08a61efc9f81bfa&device_id=b0e33bdb-4c86-4c85-82e2-d41e535ea7ea HTTP/1.1" status: 200 len: 1096 time: 0.2329798
Aug 31 08:59:40.162755 dv-cinder-786524-11-iscsi neutron-server[101246]: INFO neutron.wsgi [req-4327d328-5377-42cc-95e3-30b6d205899f req-37c2cd70-6cac-4722-b56d-70fd6cd6e2fa tempest-ServerRescueNegativeTestJSON-788045174 tempest-ServerRescueNegativeTestJSON-788045174-project] 10.222.0.66 "GET /v2.0/security-groups?id=0831c072-b6ca-474d-8068-1a4721f12ef6&fields=id&fields=name HTTP/1.1" status: 200 len: 286 time: 0.1054411
Aug 31 08:59:40.176399 dv-cinder-786524-11-iscsi neutron-server[101245]: DEBUG neutron.pecan_wsgi.hooks.policy_enforcement [req-c9e2c331-0911-4598-8a95-3b7aa8596cdc req-963c764d-e7b5-4626-9571-7823375dffc9 service neutron] Attributes excluded by policy engine: ['standard_attr_id'] {{(pid=101245) _exclude_attributes_by_policy /opt/stack/neutron/neutron/pecan_wsgi/hooks/policy_enforcement.py:255}}
Aug 31 08:59:40.177903 dv-cinder-786524-11-iscsi neutron-server[101245]: INFO neutron.wsgi [req-c9e2c331-0911-4598-8a95-3b7aa8596cdc req-963c764d-e7b5-4626-9571-7823375dffc9 service neutron] 10.222.0.107 "GET /v2.0/ports?tenant_id=caa346cfbca049e2ba26b7ba6ef26fe2&device_id=b3977c56-5372-4d6c-90be-1207145871b0 HTTP/1.1" status: 200 len: 1096 time: 0.1645501
Aug 31 08:59:40.267420 dv-cinder-786524-11-iscsi neutron-server[101246]: DEBUG neutron.pecan_wsgi.hooks.policy_enforcement [req-9f0a78a1-b4b9-4444-984d-ec1228976de0 req-0933a21b-7279-4d42-9d31-d08f4413f998 service neutron] Attributes excluded by policy engine: ['standard_attr_id'] {{(pid=101246) _exclude_attributes_by_policy /opt/stack/neutron/neutron/pecan_wsgi/hooks/policy_enforcement.py:255}}
Aug 31 08:59:40.269955 dv-cinder-786524-11-iscsi neutron-server[101246]: INFO neutron.wsgi [req-9f0a78a1-b4b9-4444-984d-ec1228976de0 req-0933a21b-7279-4d42-9d31-d08f4413f998 service neutron] 10.222.0.107 "GET /v2.0/ports?tenant_id=d3cdf98caa9840c6aeefbb1bf388b598&device_id=c7596bba-ef1c-4743-8fe4-92c45a1e3acd HTTP/1.1" status: 200 len: 1096 time: 0.2666507
Aug 31 08:59:40.358349 dv-cinder-786524-11-iscsi neutron-server[101246]: DEBUG neutron_lib.callbacks.manager [None req-2445a180-4aac-4fbb-b27f-6099588a01dd admin admin] Notify callbacks [] for security_group, before_delete {{(pid=101246) _notify_loop /usr/local/lib/python3.8/dist-packages/neutron_lib/callbacks/manager.py:192}}
Aug 31 08:59:40.401595 dv-cinder-786524-11-iscsi neutron-server[101245]: DEBUG neutron.pecan_wsgi.hooks.policy_enforcement [req-5abe90b3-f221-4e93-9666-5c498307e2f2 req-89f641e8-d301-4ad8-a408-535199674032 service neutron] Attributes excluded by policy engine: ['standard_attr_id', 'vlan_transparent'] {{(pid=101245) _exclude_attributes_by_policy /opt/stack/neutron/neutron/pecan_wsgi/hooks/policy_enforcement.py:255}}
Aug 31 08:59:40.412275 dv-cinder-786524-11-iscsi neutron-server[101245]: INFO neutron.wsgi [req-5abe90b3-f221-4e93-9666-5c498307e2f2 req-89f641e8-d301-4ad8-a408-535199674032 service neutron] 10.222.0.107 "GET /v2.0/networks?id=419a2d3e-c803-44b0-aa22-4f507d179ea9 HTTP/1.1" status: 200 len: 918 time: 0.4106677
Aug 31 08:59:40.428134 dv-cinder-786524-11-iscsi neutron-server[101246]: DEBUG neutron.wsgi [-] (101246) accepted ('10.222.0.66', 45702) {{(pid=101246) server /usr/local/lib/python3.8/dist-packages/eventlet/wsgi.py:982}}
Aug 31 08:59:40.572560 dv-cinder-786524-11-iscsi neutron-server[101246]: DEBUG neutron.wsgi [-] (101246) accepted ('10.222.0.66', 45706) {{(pid=101246) server /usr/local/lib/python3.8/dist-packages/eventlet/wsgi.py:982}}
Aug 31 08:59:40.581738 dv-cinder-786524-11-iscsi neutron-server[101246]: DEBUG neutron_lib.callbacks.manager [None req-2445a180-4aac-4fbb-b27f-6099588a01dd admin admin] Notify callbacks [] for security_group, precommit_delete {{(pid=101246) _notify_loop /usr/local/lib/python3.8/dist-packages/neutron_lib/callbacks/manager.py:192}}
Aug 31 08:59:40.586576 dv-cinder-786524-11-iscsi neutron-server[101246]: INFO neutron.wsgi [req-1ab6e12c-bab6-4d74-99f7-a6bae9486257 req-e7b8a82e-7840-40c3-9d44-f7327056869a tempest-AttachVolumeShelveTestJSON-855257334 tempest-AttachVolumeShelveTestJSON-855257334-project] 10.222.0.66 "GET /v2.0/ports?device_id=d2fe8fc5-20b5-46a1-8eae-381b6fd2765c HTTP/1.1" status: 200 len: 210 time: 0.1238441
Aug 31 08:59:40.635547 dv-cinder-786524-11-iscsi neutron-server[101246]: DEBUG neutron.pecan_wsgi.hooks.policy_enforcement [req-296e2f31-c02c-4aae-b321-b1571888d5e0 req-e9bbeb94-712f-4c7f-8d36-b54c822a7d94 service neutron] Attributes excluded by policy engine: ['standard_attr_id', 'vlan_transparent'] {{(pid=101246) _exclude_attributes_by_policy /opt/stack/neutron/neutron/pecan_wsgi/hooks/policy_enforcement.py:255}}
Aug 31 08:59:40.637129 dv-cinder-786524-11-iscsi neutron-server[101246]: INFO neutron.wsgi [req-296e2f31-c02c-4aae-b321-b1571888d5e0 req-e9bbeb94-712f-4c7f-8d36-b54c822a7d94 service neutron] 10.222.0.107 "GET /v2.0/networks?id=b3dc1564-5edd-4958-b91a-afa8d70778a9 HTTP/1.1" status: 200 len: 913 time: 0.4592261
Aug 31 08:59:40.722728 dv-cinder-786524-11-iscsi neutron-server[101245]: INFO neutron.wsgi [req-5abe90b3-f221-4e93-9666-5c498307e2f2 req-39356c19-a043-4305-b0c4-cbbde9d760ce service neutron] 10.222.0.107 "GET /v2.0/floatingips?fixed_ip_address=172.20.0.8&port_id=e27a0840-4b70-4cf9-9029-1c78ca18ff77 HTTP/1.1" status: 200 len: 217 time: 0.2931149
Aug 31 08:59:40.724246 dv-cinder-786524-11-iscsi neutron-server[101246]: DEBUG neutron.db.db_base_plugin_v2 [None req-2928ab50-190a-4dd3-92ee-08e88c218b20 admin admin] Deleting subnet 031b8881-a477-47ac-8412-9720745e3931 {{(pid=101246) delete_subnet /opt/stack/neutron/neutron/db/db_base_plugin_v2.py:1056}}
Aug 31 08:59:40.757201 dv-cinder-786524-11-iscsi neutron-server[101246]: DEBUG neutron_lib.callbacks.manager [None req-2928ab50-190a-4dd3-92ee-08e88c218b20 admin admin] Notify callbacks [] for subnet, before_delete {{(pid=101246) _notify_loop /usr/local/lib/python3.8/dist-packages/neutron_lib/callbacks/manager.py:192}}
Aug 31 08:59:40.832882 dv-cinder-786524-11-iscsi neutron-server[101245]: DEBUG neutron.pecan_wsgi.hooks.policy_enforcement [req-c9e2c331-0911-4598-8a95-3b7aa8596cdc req-e58e9d39-16b2-4d87-9fe2-dfa20ad5e9f1 service neutron] Attributes excluded by policy engine: ['standard_attr_id', 'vlan_transparent'] {{(pid=101245) _exclude_attributes_by_policy /opt/stack/neutron/neutron/pecan_wsgi/hooks/policy_enforcement.py:255}}
Aug 31 08:59:40.834523 dv-cinder-786524-11-iscsi neutron-server[101245]: INFO neutron.wsgi [req-c9e2c331-0911-4598-8a95-3b7aa8596cdc req-e58e9d39-16b2-4d87-9fe2-dfa20ad5e9f1 service neutron] 10.222.0.107 "GET /v2.0/networks?tenant_id=caa346cfbca049e2ba26b7ba6ef26fe2&shared=False HTTP/1.1" status: 200 len: 918 time: 0.6424868
Aug 31 08:59:40.837696 dv-cinder-786524-11-iscsi neutron-server[101246]: INFO neutron.wsgi [req-296e2f31-c02c-4aae-b321-b1571888d5e0 req-979ad71d-9b57-46f5-9c4e-8d96ded67ce4 service neutron] 10.222.0.107 "GET /v2.0/floatingips?fixed_ip_address=172.20.0.4&port_id=ee9e36bf-4768-47a2-8487-08aa21620534 HTTP/1.1" status: 200 len: 217 time: 0.1823134
Aug 31 08:59:40.853526 dv-cinder-786524-11-iscsi neutron-server[101246]: DEBUG neutron.pecan_wsgi.hooks.policy_enforcement [req-9f0a78a1-b4b9-4444-984d-ec1228976de0 req-978a7623-b2dc-4699-ad2b-fde43a383604 service neutron] Attributes excluded by policy engine: ['standard_attr_id', 'vlan_transparent'] {{(pid=101246) _exclude_attributes_by_policy /opt/stack/neutron/neutron/pecan_wsgi/hooks/policy_enforcement.py:255}}
Aug 31 08:59:40.854126 dv-cinder-786524-11-iscsi neutron-server[101245]: DEBUG neutron.pecan_wsgi.hooks.policy_enforcement [req-1d11b983-e6b3-40e4-b861-879348a3a863 req-33514ae7-fe38-487e-9c17-1a07a708943a tempest-AttachVolumeNegativeTest-2110561449 tempest-AttachVolumeNegativeTest-2110561449-project] Attributes excluded by policy engine: ['standard_attr_id', 'binding:profile', 'binding:host_id', 'binding:vif_type', 'binding:vif_details'] {{(pid=101245) _exclude_attributes_by_policy /opt/stack/neutron/neutron/pecan_wsgi/hooks/policy_enforcement.py:255}}
Aug 31 08:59:40.854448 dv-cinder-786524-11-iscsi neutron-server[101246]: INFO neutron.wsgi [req-9f0a78a1-b4b9-4444-984d-ec1228976de0 req-978a7623-b2dc-4699-ad2b-fde43a383604 service neutron] 10.222.0.107 "GET /v2.0/networks?tenant_id=d3cdf98caa9840c6aeefbb1bf388b598&shared=False HTTP/1.1" status: 200 len: 915 time: 0.5655949
Aug 31 08:59:40.856214 dv-cinder-786524-11-iscsi neutron-server[101245]: INFO neutron.wsgi [req-1d11b983-e6b3-40e4-b861-879348a3a863 req-33514ae7-fe38-487e-9c17-1a07a708943a tempest-AttachVolumeNegativeTest-2110561449 tempest-AttachVolumeNegativeTest-2110561449-project] 10.222.0.66 "GET /v2.0/ports?device_id=c7596bba-ef1c-4743-8fe4-92c45a1e3acd HTTP/1.1" status: 200 len: 943 time: 0.4091547
Aug 31 08:59:40.865909 dv-cinder-786524-11-iscsi neutron-server[101245]: DEBUG neutron.pecan_wsgi.hooks.policy_enforcement [req-5abe90b3-f221-4e93-9666-5c498307e2f2 req-8756b863-dc85-43a3-9069-71ea62f2a3d8 service neutron] Attributes excluded by policy engine: ['standard_attr_id', 'shared'] {{(pid=101245) _exclude_attributes_by_policy /opt/stack/neutron/neutron/pecan_wsgi/hooks/policy_enforcement.py:255}}
Aug 31 08:59:40.867357 dv-cinder-786524-11-iscsi neutron-server[101245]: INFO neutron.wsgi [req-5abe90b3-f221-4e93-9666-5c498307e2f2 req-8756b863-dc85-43a3-9069-71ea62f2a3d8 service neutron] 10.222.0.107 "GET /v2.0/subnets?id=b7441c24-9c9c-402a-8045-b10a1b82fdc5 HTTP/1.1" status: 200 len: 857 time: 0.1271219
Aug 31 08:59:40.987084 dv-cinder-786524-11-iscsi neutron-server[101245]: INFO neutron.wsgi [req-5abe90b3-f221-4e93-9666-5c498307e2f2 req-4a79bfde-d7ae-4a4f-9e71-91327d843649 service neutron] 10.222.0.107 "GET /v2.0/ports?network_id=419a2d3e-c803-44b0-aa22-4f507d179ea9&device_owner=network%3Adhcp HTTP/1.1" status: 200 len: 210 time: 0.1094646
Aug 31 08:59:41.085296 dv-cinder-786524-11-iscsi neutron-server[101246]: DEBUG neutron_lib.callbacks.manager [None req-2928ab50-190a-4dd3-92ee-08e88c218b20 admin admin] Notify callbacks [] for subnet, precommit_delete_associations {{(pid=101246) _notify_loop /usr/local/lib/python3.8/dist-packages/neutron_lib/callbacks/manager.py:192}}
Aug 31 08:59:41.106958 dv-cinder-786524-11-iscsi neutron-server[101246]: DEBUG neutron_lib.callbacks.manager [None req-2445a180-4aac-4fbb-b27f-6099588a01dd admin admin] Notify callbacks ['neutron.plugins.ml2.ovo_rpc._ObjectChangeHandler.handle_event-552901'] for security_group, after_delete {{(pid=101246) _notify_loop /usr/local/lib/python3.8/dist-packages/neutron_lib/callbacks/manager.py:192}}
Aug 31 08:59:41.109585 dv-cinder-786524-11-iscsi neutron-server[101246]: DEBUG neutron_lib.callbacks.manager [None req-2445a180-4aac-4fbb-b27f-6099588a01dd admin admin] Notify callbacks [] for security_group, before_response {{(pid=101246) _notify_loop /usr/local/lib/python3.8/dist-packages/neutron_lib/callbacks/manager.py:192}}
Aug 31 08:59:41.110853 dv-cinder-786524-11-iscsi neutron-server[101246]: INFO neutron.wsgi [None req-2445a180-4aac-4fbb-b27f-6099588a01dd admin admin] 10.222.0.66 "DELETE /v2.0/security-groups/d0e1146f-6e07-4841-88d4-6ef1c1284420 HTTP/1.1" status: 204 len: 168 time: 1.1011434
Aug 31 08:59:41.116041 dv-cinder-786524-11-iscsi neutron-server[101245]: INFO neutron.wsgi [req-1d11b983-e6b3-40e4-b861-879348a3a863 req-ef6a26ee-b78f-4a52-b8ac-0f4adcb91df0 tempest-AttachVolumeNegativeTest-2110561449 tempest-AttachVolumeNegativeTest-2110561449-project] 10.222.0.66 "GET /v2.0/security-groups?id=e90d8310-19b5-4a04-9030-1a4ea791f1e2&fields=id&fields=name HTTP/1.1" status: 200 len: 286 time: 0.2476785
Aug 31 08:59:41.138189 dv-cinder-786524-11-iscsi neutron-server[101245]: DEBUG neutron.pecan_wsgi.hooks.policy_enforcement [req-c9e2c331-0911-4598-8a95-3b7aa8596cdc req-d950d493-47fe-4e59-aa11-61320b6bf675 service neutron] Attributes excluded by policy engine: ['standard_attr_id', 'vlan_transparent'] {{(pid=101245) _exclude_attributes_by_policy /opt/stack/neutron/neutron/pecan_wsgi/hooks/policy_enforcement.py:255}}
Aug 31 08:59:41.140069 dv-cinder-786524-11-iscsi neutron-server[101245]: INFO neutron.wsgi [req-c9e2c331-0911-4598-8a95-3b7aa8596cdc req-d950d493-47fe-4e59-aa11-61320b6bf675 service neutron] 10.222.0.107 "GET /v2.0/networks?shared=True HTTP/1.1" status: 200 len: 870 time: 0.2826459
Aug 31 08:59:41.144665 dv-cinder-786524-11-iscsi neutron-server[101246]: DEBUG neutron_lib.callbacks.manager [None req-2928ab50-190a-4dd3-92ee-08e88c218b20 admin admin] Notify callbacks ['neutron.plugins.ml2.plugin.Ml2Plugin._subnet_delete_precommit_handler-8118720'] for subnet, precommit_delete {{(pid=101246) _notify_loop /usr/local/lib/python3.8/dist-packages/neutron_lib/callbacks/manager.py:192}}
Aug 31 08:59:41.191591 dv-cinder-786524-11-iscsi neutron-server[101245]: INFO neutron.wsgi [req-5abe90b3-f221-4e93-9666-5c498307e2f2 req-6bbcc92e-9f32-4336-9058-950720f60eed service neutron] 10.222.0.107 "GET /v2.0/networks/419a2d3e-c803-44b0-aa22-4f507d179ea9?fields=segments HTTP/1.1" status: 200 len: 212 time: 0.1898072
Aug 31 08:59:41.203947 dv-cinder-786524-11-iscsi neutron-server[101246]: DEBUG neutron_lib.callbacks.manager [None req-d0985f0e-76f2-4b52-9f04-bc373a58cf00 admin admin] Notify callbacks [] for security_group, before_create {{(pid=101246) _notify_loop /usr/local/lib/python3.8/dist-packages/neutron_lib/callbacks/manager.py:192}}
Aug 31 08:59:41.242133 dv-cinder-786524-11-iscsi neutron-server[101246]: DEBUG neutron.pecan_wsgi.hooks.policy_enforcement [req-467d7cf5-72fa-481d-b0f8-57b84b3fe006 req-53b7869a-a379-4bad-a336-7c8395d383de tempest-DeleteServersTestJSON-937641650 tempest-DeleteServersTestJSON-937641650-project] Attributes excluded by policy engine: ['standard_attr_id', 'binding:profile', 'binding:host_id', 'binding:vif_type', 'binding:vif_details'] {{(pid=101246) _exclude_attributes_by_policy /opt/stack/neutron/neutron/pecan_wsgi/hooks/policy_enforcement.py:255}}
Aug 31 08:59:41.244082 dv-cinder-786524-11-iscsi neutron-server[101246]: INFO neutron.wsgi [req-467d7cf5-72fa-481d-b0f8-57b84b3fe006 req-53b7869a-a379-4bad-a336-7c8395d383de tempest-DeleteServersTestJSON-937641650 tempest-DeleteServersTestJSON-937641650-project] 10.222.0.66 "GET /v2.0/ports?device_id=b0e33bdb-4c86-4c85-82e2-d41e535ea7ea HTTP/1.1" status: 200 len: 943 time: 0.5158329
Aug 31 08:59:41.260377 dv-cinder-786524-11-iscsi neutron-server[101246]: DEBUG neutron.api.rpc.handlers.resources_rpc [None req-2445a180-4aac-4fbb-b27f-6099588a01dd admin admin] Pushing event deleted for resources: {'SecurityGroup': ['ID=d0e1146f-6e07-4841-88d4-6ef1c1284420,revision_number=None']} {{(pid=101246) push /opt/stack/neutron/neutron/api/rpc/handlers/resources_rpc.py:237}}
Aug 31 08:59:41.278760 dv-cinder-786524-11-iscsi neutron-server[101246]: DEBUG neutron.pecan_wsgi.hooks.policy_enforcement [req-296e2f31-c02c-4aae-b321-b1571888d5e0 req-d841ef9e-f4e7-4274-b680-9e3a7173a714 service neutron] Attributes excluded by policy engine: ['standard_attr_id', 'shared'] {{(pid=101246) _exclude_attributes_by_policy /opt/stack/neutron/neutron/pecan_wsgi/hooks/policy_enforcement.py:255}}
Aug 31 08:59:41.280342 dv-cinder-786524-11-iscsi neutron-server[101246]: INFO neutron.wsgi [req-296e2f31-c02c-4aae-b321-b1571888d5e0 req-d841ef9e-f4e7-4274-b680-9e3a7173a714 service neutron] 10.222.0.107 "GET /v2.0/subnets?id=6f833dab-5852-4b3f-a745-e2d02a153eb2 HTTP/1.1" status: 200 len: 852 time: 0.4209039
Aug 31 08:59:41.338738 dv-cinder-786524-11-iscsi neutron-server[101245]: DEBUG neutron.pecan_wsgi.hooks.policy_enforcement [req-d1f06a35-3c54-4202-9adc-009afd8b7c95 req-2b1ed7d4-6bcb-4313-a862-70e2d62ea1c2 service neutron] Attributes excluded by policy engine: ['standard_attr_id'] {{(pid=101245) _exclude_attributes_by_policy /opt/stack/neutron/neutron/pecan_wsgi/hooks/policy_enforcement.py:255}}
Aug 31 08:59:41.340846 dv-cinder-786524-11-iscsi neutron-server[101245]: INFO neutron.wsgi [req-d1f06a35-3c54-4202-9adc-009afd8b7c95 req-2b1ed7d4-6bcb-4313-a862-70e2d62ea1c2 service neutron] 10.222.0.107 "GET /v2.0/ports?tenant_id=caa346cfbca049e2ba26b7ba6ef26fe2&device_id=b3977c56-5372-4d6c-90be-1207145871b0 HTTP/1.1" status: 200 len: 1096 time: 0.1480014
Aug 31 08:59:41.373887 dv-cinder-786524-11-iscsi neutron-server[101246]: INFO neutron.wsgi [req-296e2f31-c02c-4aae-b321-b1571888d5e0 req-434f5e57-c5d0-413a-b09d-ec1182ef052e service neutron] 10.222.0.107 "GET /v2.0/ports?network_id=b3dc1564-5edd-4958-b91a-afa8d70778a9&device_owner=network%3Adhcp HTTP/1.1" status: 200 len: 210 time: 0.0816157
Aug 31 08:59:41.405569 dv-cinder-786524-11-iscsi neutron-server[101245]: DEBUG neutron.pecan_wsgi.hooks.policy_enforcement [req-3fe0c9e1-d063-4272-8f27-e43fe1cafc00 req-0ae2bbf7-d8b5-4431-abf4-a1f0c5856ca6 tempest-ServerRescueNegativeTestJSON-788045174 tempest-ServerRescueNegativeTestJSON-788045174-project] Attributes excluded by policy engine: ['standard_attr_id', 'binding:profile', 'binding:host_id', 'binding:vif_type', 'binding:vif_details'] {{(pid=101245) _exclude_attributes_by_policy /opt/stack/neutron/neutron/pecan_wsgi/hooks/policy_enforcement.py:255}}
Aug 31 08:59:41.413224 dv-cinder-786524-11-iscsi neutron-server[101245]: INFO neutron.wsgi [req-3fe0c9e1-d063-4272-8f27-e43fe1cafc00 req-0ae2bbf7-d8b5-4431-abf4-a1f0c5856ca6 tempest-ServerRescueNegativeTestJSON-788045174 tempest-ServerRescueNegativeTestJSON-788045174-project] 10.222.0.66 "GET /v2.0/ports?device_id=b3977c56-5372-4d6c-90be-1207145871b0 HTTP/1.1" status: 200 len: 943 time: 0.1788890
Aug 31 08:59:41.422327 dv-cinder-786524-11-iscsi neutron-server[101245]: INFO neutron.wsgi [req-d1f06a35-3c54-4202-9adc-009afd8b7c95 req-0a69412a-3c9d-41d4-a2f4-4bb1bed441e5 service neutron] 10.222.0.107 "GET /v2.0/floatingips?fixed_ip_address=172.20.0.7&port_id=84d501da-5386-47b2-acac-dc907603145e HTTP/1.1" status: 200 len: 217 time: 0.0719588
Aug 31 08:59:41.425260 dv-cinder-786524-11-iscsi neutron-server[101245]: INFO neutron.wsgi [req-5abe90b3-f221-4e93-9666-5c498307e2f2 req-33236b34-efbc-4ed7-8ef6-e0bca93a0395 service neutron] 10.222.0.107 "GET /v2.0/networks/419a2d3e-c803-44b0-aa22-4f507d179ea9?fields=provider%3Aphysical_network&fields=provider%3Anetwork_type HTTP/1.1" status: 200 len: 281 time: 0.2239954
Aug 31 08:59:41.453098 dv-cinder-786524-11-iscsi neutron-server[101246]: INFO neutron.wsgi [req-467d7cf5-72fa-481d-b0f8-57b84b3fe006 req-be40af10-720c-4694-856c-337d61bf2acf tempest-DeleteServersTestJSON-937641650 tempest-DeleteServersTestJSON-937641650-project] 10.222.0.66 "GET /v2.0/security-groups?id=e422e26b-5d10-4408-8bb2-56e2a367a4f1&fields=id&fields=name HTTP/1.1" status: 200 len: 286 time: 0.1842647
Aug 31 08:59:41.498872 dv-cinder-786524-11-iscsi neutron-server[101246]: DEBUG neutron.pecan_wsgi.hooks.policy_enforcement [req-9f0a78a1-b4b9-4444-984d-ec1228976de0 req-2ea7c25a-986f-4d77-8319-e67ba401adb7 service neutron] Attributes excluded by policy engine: ['standard_attr_id', 'vlan_transparent'] {{(pid=101246) _exclude_attributes_by_policy /opt/stack/neutron/neutron/pecan_wsgi/hooks/policy_enforcement.py:255}}
Aug 31 08:59:41.500416 dv-cinder-786524-11-iscsi neutron-server[101246]: INFO neutron.wsgi [req-9f0a78a1-b4b9-4444-984d-ec1228976de0 req-2ea7c25a-986f-4d77-8319-e67ba401adb7 service neutron] 10.222.0.107 "GET /v2.0/networks?shared=True HTTP/1.1" status: 200 len: 870 time: 0.6241815
Aug 31 08:59:41.515854 dv-cinder-786524-11-iscsi neutron-server[101245]: INFO neutron.wsgi [req-3fe0c9e1-d063-4272-8f27-e43fe1cafc00 req-0bc5070f-46bc-4441-9e38-336aaf2278a0 tempest-ServerRescueNegativeTestJSON-788045174 tempest-ServerRescueNegativeTestJSON-788045174-project] 10.222.0.66 "GET /v2.0/security-groups?id=0831c072-b6ca-474d-8068-1a4721f12ef6&fields=id&fields=name HTTP/1.1" status: 200 len: 286 time: 0.0992830
Aug 31 08:59:41.542142 dv-cinder-786524-11-iscsi neutron-server[101245]: DEBUG neutron.pecan_wsgi.hooks.policy_enforcement [req-d1f06a35-3c54-4202-9adc-009afd8b7c95 req-8de51b14-b502-48fa-b96a-cc7be2a01ceb service neutron] Attributes excluded by policy engine: ['standard_attr_id', 'shared'] {{(pid=101245) _exclude_attributes_by_policy /opt/stack/neutron/neutron/pecan_wsgi/hooks/policy_enforcement.py:255}}
Aug 31 08:59:41.544494 dv-cinder-786524-11-iscsi neutron-server[101245]: INFO neutron.wsgi [req-d1f06a35-3c54-4202-9adc-009afd8b7c95 req-8de51b14-b502-48fa-b96a-cc7be2a01ceb service neutron] 10.222.0.107 "GET /v2.0/subnets?id=b7441c24-9c9c-402a-8045-b10a1b82fdc5 HTTP/1.1" status: 200 len: 857 time: 0.1053493
Aug 31 08:59:41.583706 dv-cinder-786524-11-iscsi neutron-server[101245]: INFO neutron.wsgi [req-d1f06a35-3c54-4202-9adc-009afd8b7c95 req-abfa99c6-c395-4703-bb2b-9f2cb9c35e90 service neutron] 10.222.0.107 "GET /v2.0/ports?network_id=419a2d3e-c803-44b0-aa22-4f507d179ea9&device_owner=network%3Adhcp HTTP/1.1" status: 200 len: 210 time: 0.0310359
Aug 31 08:59:41.619003 dv-cinder-786524-11-iscsi neutron-server[101246]: INFO neutron.wsgi [req-296e2f31-c02c-4aae-b321-b1571888d5e0 req-3ef33325-9158-43bd-977d-f62d2eae7b6a service neutron] 10.222.0.107 "GET /v2.0/networks/b3dc1564-5edd-4958-b91a-afa8d70778a9?fields=segments HTTP/1.1" status: 200 len: 212 time: 0.2171288
Aug 31 08:59:41.650764 dv-cinder-786524-11-iscsi neutron-server[101246]: DEBUG neutron_lib.callbacks.manager [None req-2928ab50-190a-4dd3-92ee-08e88c218b20 admin admin] Notify callbacks ['neutron.plugins.ml2.plugin.Ml2Plugin._subnet_delete_after_delete_handler-8118731', 'neutron.plugins.ml2.ovo_rpc._ObjectChangeHandler.handle_event-549553', 'neutron.api.rpc.agentnotifiers.dhcp_rpc_agent_api.DhcpAgentNotifyAPI._native_event_send_dhcp_notification-562278'] for subnet, after_delete {{(pid=101246) _notify_loop /usr/local/lib/python3.8/dist-packages/neutron_lib/callbacks/manager.py:192}}
Aug 31 08:59:41.713080 dv-cinder-786524-11-iscsi neutron-server[101245]: INFO neutron.wsgi [req-d1f06a35-3c54-4202-9adc-009afd8b7c95 req-9fa001a2-7d4c-4661-b118-4c23aba8e8f8 service neutron] 10.222.0.107 "GET /v2.0/networks/419a2d3e-c803-44b0-aa22-4f507d179ea9?fields=segments HTTP/1.1" status: 200 len: 212 time: 0.1181641
Aug 31 08:59:41.713269 dv-cinder-786524-11-iscsi neutron-server[101246]: DEBUG neutron_lib.callbacks.manager [None req-d0985f0e-76f2-4b52-9f04-bc373a58cf00 admin admin] Notify callbacks [] for security_group, precommit_create {{(pid=101246) _notify_loop /usr/local/lib/python3.8/dist-packages/neutron_lib/callbacks/manager.py:192}}
Aug 31 08:59:41.756296 dv-cinder-786524-11-iscsi neutron-server[101246]: DEBUG neutron.api.rpc.handlers.resources_rpc [None req-2928ab50-190a-4dd3-92ee-08e88c218b20 admin admin] Pushing event deleted for resources: {'Subnet': ['ID=031b8881-a477-47ac-8412-9720745e3931,revision_number=None']} {{(pid=101246) push /opt/stack/neutron/neutron/api/rpc/handlers/resources_rpc.py:237}}
Aug 31 08:59:41.764298 dv-cinder-786524-11-iscsi neutron-server[101246]: DEBUG neutron_lib.callbacks.manager [None req-2928ab50-190a-4dd3-92ee-08e88c218b20 admin admin] Notify callbacks ['neutron.api.rpc.agentnotifiers.dhcp_rpc_agent_api.DhcpAgentNotifyAPI._send_dhcp_notification-562324'] for subnet, before_response {{(pid=101246) _notify_loop /usr/local/lib/python3.8/dist-packages/neutron_lib/callbacks/manager.py:192}}
Aug 31 08:59:41.766350 dv-cinder-786524-11-iscsi neutron-server[101246]: INFO neutron.wsgi [None req-2928ab50-190a-4dd3-92ee-08e88c218b20 admin admin] 10.222.0.66 "DELETE /v2.0/subnets/031b8881-a477-47ac-8412-9720745e3931 HTTP/1.1" status: 204 len: 168 time: 1.3318744
Aug 31 08:59:41.780984 dv-cinder-786524-11-iscsi neutron-server[101245]: DEBUG neutron.wsgi [-] (101245) accepted ('10.222.0.66', 45730) {{(pid=101245) server /usr/local/lib/python3.8/dist-packages/eventlet/wsgi.py:982}}
Aug 31 08:59:41.786587 dv-cinder-786524-11-iscsi neutron-server[101246]: INFO neutron.wsgi [req-423c614c-d9e6-43c2-a85e-e9a9df026dde req-7b8e8ffb-35fa-4cb5-ba43-be27cdfddd03 tempest-AttachVolumeShelveTestJSON-855257334 tempest-AttachVolumeShelveTestJSON-855257334-project] 10.222.0.66 "GET /v2.0/ports?device_id=d2fe8fc5-20b5-46a1-8eae-381b6fd2765c HTTP/1.1" status: 200 len: 210 time: 0.0717850
Aug 31 08:59:41.789894 dv-cinder-786524-11-iscsi neutron-server[101246]: DEBUG neutron.pecan_wsgi.hooks.policy_enforcement [req-cb13686a-cc52-415a-bb8e-19d226e5c8a7 req-1920f283-c95c-483c-88b8-220555ee2992 service neutron] Attributes excluded by policy engine: ['standard_attr_id'] {{(pid=101246) _exclude_attributes_by_policy /opt/stack/neutron/neutron/pecan_wsgi/hooks/policy_enforcement.py:255}}
Aug 31 08:59:41.797358 dv-cinder-786524-11-iscsi neutron-server[101246]: INFO neutron.wsgi [req-cb13686a-cc52-415a-bb8e-19d226e5c8a7 req-1920f283-c95c-483c-88b8-220555ee2992 service neutron] 10.222.0.107 "GET /v2.0/ports?tenant_id=d3cdf98caa9840c6aeefbb1bf388b598&device_id=c7596bba-ef1c-4743-8fe4-92c45a1e3acd HTTP/1.1" status: 200 len: 1096 time: 0.2292862
Aug 31 08:59:41.847018 dv-cinder-786524-11-iscsi neutron-server[101246]: INFO neutron.wsgi [req-cb13686a-cc52-415a-bb8e-19d226e5c8a7 req-b8d9b469-bc41-43d8-9bfa-d5e1c254723e service neutron] 10.222.0.107 "GET /v2.0/floatingips?fixed_ip_address=172.20.0.2&port_id=52f168ec-5af7-49b3-9dcd-29b6d0d1f183 HTTP/1.1" status: 200 len: 217 time: 0.0441921
Aug 31 08:59:41.849506 dv-cinder-786524-11-iscsi neutron-server[101246]: DEBUG neutron_lib.callbacks.manager [None req-d0985f0e-76f2-4b52-9f04-bc373a58cf00 admin admin] Notify callbacks ['neutron.plugins.ml2.ovo_rpc._ObjectChangeHandler.handle_event-552901'] for security_group, after_create {{(pid=101246) _notify_loop /usr/local/lib/python3.8/dist-packages/neutron_lib/callbacks/manager.py:192}}
Aug 31 08:59:41.885435 dv-cinder-786524-11-iscsi neutron-server[101245]: DEBUG neutron_lib.callbacks.manager [None req-6bce5978-d508-40ce-a6dd-72570e9e573d admin admin] Notify callbacks ['neutron.plugins.ml2.plugin.External_net_db_mixin._before_network_delete_handler-7967919'] for network, before_delete {{(pid=101245) _notify_loop /usr/local/lib/python3.8/dist-packages/neutron_lib/callbacks/manager.py:192}}
Aug 31 08:59:41.905130 dv-cinder-786524-11-iscsi neutron-server[101245]: INFO neutron.wsgi [req-d1f06a35-3c54-4202-9adc-009afd8b7c95 req-6b0c8339-ccc0-49aa-a656-478bf8dd408a service neutron] 10.222.0.107 "GET /v2.0/networks/419a2d3e-c803-44b0-aa22-4f507d179ea9?fields=provider%3Aphysical_network&fields=provider%3Anetwork_type HTTP/1.1" status: 200 len: 281 time: 0.1880000
Aug 31 08:59:41.925962 dv-cinder-786524-11-iscsi neutron-server[101246]: INFO neutron.wsgi [req-296e2f31-c02c-4aae-b321-b1571888d5e0 req-436768fd-9399-44a4-98a8-1b2e5eb36438 service neutron] 10.222.0.107 "GET /v2.0/networks/b3dc1564-5edd-4958-b91a-afa8d70778a9?fields=provider%3Aphysical_network&fields=provider%3Anetwork_type HTTP/1.1" status: 200 len: 281 time: 0.2937551
Aug 31 08:59:41.946445 dv-cinder-786524-11-iscsi neutron-server[101246]: INFO neutron.wsgi [None req-d0985f0e-76f2-4b52-9f04-bc373a58cf00 admin admin] 10.222.0.66 "GET /v2.0/security-groups?tenant_id=2c70a7698c4b465ea9b93e1338a2f0e3&name=default HTTP/1.1" status: 200 len: 2979 time: 1.3623669
Aug 31 08:59:41.957692 dv-cinder-786524-11-iscsi neutron-server[101246]: DEBUG neutron.api.rpc.handlers.resources_rpc [None req-d0985f0e-76f2-4b52-9f04-bc373a58cf00 admin admin] Pushing event updated for resources: {'SecurityGroup': ['ID=41548a2f-8f04-4aac-8637-f04c5408e37a,revision_number=1']} {{(pid=101246) push /opt/stack/neutron/neutron/api/rpc/handlers/resources_rpc.py:237}}
Aug 31 08:59:41.958333 dv-cinder-786524-11-iscsi neutron-server[101245]: DEBUG neutron.wsgi [-] (101245) accepted ('10.222.0.66', 45734) {{(pid=101245) server /usr/local/lib/python3.8/dist-packages/eventlet/wsgi.py:982}}
Aug 31 08:59:41.978260 dv-cinder-786524-11-iscsi neutron-server[101246]: DEBUG neutron.pecan_wsgi.hooks.policy_enforcement [req-cb13686a-cc52-415a-bb8e-19d226e5c8a7 req-50e46030-f405-4630-aefa-e43345bebdf8 service neutron] Attributes excluded by policy engine: ['standard_attr_id', 'shared'] {{(pid=101246) _exclude_attributes_by_policy /opt/stack/neutron/neutron/pecan_wsgi/hooks/policy_enforcement.py:255}}
Aug 31 08:59:41.981294 dv-cinder-786524-11-iscsi neutron-server[101246]: INFO neutron.wsgi [req-cb13686a-cc52-415a-bb8e-19d226e5c8a7 req-50e46030-f405-4630-aefa-e43345bebdf8 service neutron] 10.222.0.107 "GET /v2.0/subnets?id=333807a7-baea-49fd-9ef4-dc28d3d53aff HTTP/1.1" status: 200 len: 854 time: 0.1213219
Aug 31 08:59:42.017907 dv-cinder-786524-11-iscsi neutron-server[101246]: INFO neutron.wsgi [req-cb13686a-cc52-415a-bb8e-19d226e5c8a7 req-88debba5-c663-40fd-8349-c5e63a7706d4 service neutron] 10.222.0.107 "GET /v2.0/ports?network_id=27137d3e-9eb6-44c1-b88a-af2cd5fafbd0&device_owner=network%3Adhcp HTTP/1.1" status: 200 len: 210 time: 0.0280609
Aug 31 08:59:42.030925 dv-cinder-786524-11-iscsi neutron-server[101245]: DEBUG neutron_lib.callbacks.manager [None req-6bce5978-d508-40ce-a6dd-72570e9e573d admin admin] Notify callbacks ['neutron.plugins.ml2.plugin.Ml2Plugin._network_delete_precommit_handler-8122171', 'neutron.services.segments.db._delete_segments_for_network-8793194398657'] for network, precommit_delete {{(pid=101245) _notify_loop /usr/local/lib/python3.8/dist-packages/neutron_lib/callbacks/manager.py:192}}
Aug 31 08:59:42.040596 dv-cinder-786524-11-iscsi neutron-server[101245]: DEBUG neutron.wsgi [-] (101245) accepted ('10.222.0.66', 45736) {{(pid=101245) server /usr/local/lib/python3.8/dist-packages/eventlet/wsgi.py:982}}
Aug 31 08:59:42.055491 dv-cinder-786524-11-iscsi neutron-server[101245]: DEBUG neutron_lib.callbacks.manager [None req-6bce5978-d508-40ce-a6dd-72570e9e573d admin admin] Subscribe: > segment before_delete 55550000 {{(pid=101245) subscribe /usr/local/lib/python3.8/dist-packages/neutron_lib/callbacks/manager.py:45}}
Aug 31 08:59:42.055837 dv-cinder-786524-11-iscsi neutron-server[101245]: DEBUG neutron_lib.callbacks.manager [None req-6bce5978-d508-40ce-a6dd-72570e9e573d admin admin] Subscribe: > subnet precommit_delete_associations 55550000 {{(pid=101245) subscribe /usr/local/lib/python3.8/dist-packages/neutron_lib/callbacks/manager.py:45}}
