Aug 29 05:21:21.786920 dv-cinder-786386-13-iscsi neutron-server[93882]: DEBUG neutron_lib.callbacks.manager [None req-dd26ea68-b74e-4029-a5be-c48e3b756f63 admin admin] Notify callbacks [] for security_group, precommit_delete {{(pid=93882) _notify_loop /usr/local/lib/python3.8/dist-packages/neutron_lib/callbacks/manager.py:192}}
Aug 29 05:21:21.838570 dv-cinder-786386-13-iscsi neutron-server[93882]: DEBUG neutron_lib.callbacks.manager [None req-dd26ea68-b74e-4029-a5be-c48e3b756f63 admin admin] Notify callbacks ['neutron.plugins.ml2.ovo_rpc._ObjectChangeHandler.handle_event-450799'] for security_group, after_delete {{(pid=93882) _notify_loop /usr/local/lib/python3.8/dist-packages/neutron_lib/callbacks/manager.py:192}}
Aug 29 05:21:21.842282 dv-cinder-786386-13-iscsi neutron-server[93882]: DEBUG neutron_lib.callbacks.manager [None req-dd26ea68-b74e-4029-a5be-c48e3b756f63 admin admin] Notify callbacks [] for security_group, before_response {{(pid=93882) _notify_loop /usr/local/lib/python3.8/dist-packages/neutron_lib/callbacks/manager.py:192}}
Aug 29 05:21:21.843472 dv-cinder-786386-13-iscsi neutron-server[93882]: INFO neutron.wsgi [None req-dd26ea68-b74e-4029-a5be-c48e3b756f63 admin admin] 10.222.0.72 "DELETE /v2.0/security-groups/3eb47ef1-1cf7-4b74-a495-bff88eecb0e3 HTTP/1.1" status: 204 len: 168 time: 0.1618128
Aug 29 05:21:21.852950 dv-cinder-786386-13-iscsi neutron-server[93882]: DEBUG neutron.api.rpc.handlers.resources_rpc [None req-dd26ea68-b74e-4029-a5be-c48e3b756f63 admin admin] Pushing event deleted for resources: {'SecurityGroup': ['ID=3eb47ef1-1cf7-4b74-a495-bff88eecb0e3,revision_number=None']} {{(pid=93882) push /opt/stack/neutron/neutron/api/rpc/handlers/resources_rpc.py:237}}
Aug 29 05:21:21.910561 dv-cinder-786386-13-iscsi neutron-server[93883]: DEBUG neutron.wsgi [-] (93883) accepted ('10.222.0.72', 42130) {{(pid=93883) server /usr/local/lib/python3.8/dist-packages/eventlet/wsgi.py:982}}
Aug 29 05:21:21.925541 dv-cinder-786386-13-iscsi neutron-server[93883]: DEBUG neutron_lib.callbacks.manager [None req-4e8ae640-c1fd-42aa-8b79-92f6f6501c8d admin admin] Notify callbacks [] for security_group, before_create {{(pid=93883) _notify_loop /usr/local/lib/python3.8/dist-packages/neutron_lib/callbacks/manager.py:192}}
Aug 29 05:21:22.028702 dv-cinder-786386-13-iscsi neutron-server[93883]: DEBUG neutron_lib.callbacks.manager [None req-4e8ae640-c1fd-42aa-8b79-92f6f6501c8d admin admin] Notify callbacks [] for security_group, precommit_create {{(pid=93883) _notify_loop /usr/local/lib/python3.8/dist-packages/neutron_lib/callbacks/manager.py:192}}
Aug 29 05:21:22.035246 dv-cinder-786386-13-iscsi neutron-server[93883]: DEBUG neutron_lib.callbacks.manager [None req-4e8ae640-c1fd-42aa-8b79-92f6f6501c8d admin admin] Notify callbacks ['neutron.plugins.ml2.ovo_rpc._ObjectChangeHandler.handle_event-450799'] for security_group, after_create {{(pid=93883) _notify_loop /usr/local/lib/python3.8/dist-packages/neutron_lib/callbacks/manager.py:192}}
Aug 29 05:21:22.135427 dv-cinder-786386-13-iscsi neutron-server[93883]: DEBUG neutron.api.rpc.handlers.resources_rpc [None req-4e8ae640-c1fd-42aa-8b79-92f6f6501c8d admin admin] Pushing event updated for resources: {'SecurityGroup': ['ID=c32d43c9-0804-45aa-90fd-5a19e2924424,revision_number=1']} {{(pid=93883) push /opt/stack/neutron/neutron/api/rpc/handlers/resources_rpc.py:237}}
Aug 29 05:21:22.141966 dv-cinder-786386-13-iscsi neutron-server[93883]: INFO neutron.wsgi [None req-4e8ae640-c1fd-42aa-8b79-92f6f6501c8d admin admin] 10.222.0.72 "GET /v2.0/security-groups?tenant_id=a3115b99e81443f5b686c2634aed6340&name=default HTTP/1.1" status: 200 len: 2979 time: 0.2300768
Aug 29 05:21:22.145300 dv-cinder-786386-13-iscsi neutron-server[93883]: DEBUG neutron.wsgi [-] (93883) accepted ('10.222.0.72', 42144) {{(pid=93883) server /usr/local/lib/python3.8/dist-packages/eventlet/wsgi.py:982}}
Aug 29 05:21:22.186384 dv-cinder-786386-13-iscsi neutron-server[93883]: DEBUG neutron.pecan_wsgi.hooks.policy_enforcement [req-1bd16614-823a-4041-9738-cdd2afcfcf2b req-755c7bb9-44e0-478d-a060-1c3eb3b9947a tempest-ServerRescueNegativeTestJSON-948309532 tempest-ServerRescueNegativeTestJSON-948309532-project] Attributes excluded by policy engine: ['standard_attr_id', 'binding:profile', 'binding:host_id', 'binding:vif_type', 'binding:vif_details'] {{(pid=93883) _exclude_attributes_by_policy /opt/stack/neutron/neutron/pecan_wsgi/hooks/policy_enforcement.py:255}}
Aug 29 05:21:22.187855 dv-cinder-786386-13-iscsi neutron-server[93883]: INFO neutron.wsgi [req-1bd16614-823a-4041-9738-cdd2afcfcf2b req-755c7bb9-44e0-478d-a060-1c3eb3b9947a tempest-ServerRescueNegativeTestJSON-948309532 tempest-ServerRescueNegativeTestJSON-948309532-project] 10.222.0.72 "GET /v2.0/ports?device_id=b3072a05-e84a-4052-9616-d38af81934af HTTP/1.1" status: 200 len: 946 time: 0.0957618
Aug 29 05:21:22.235990 dv-cinder-786386-13-iscsi neutron-server[93883]: DEBUG neutron_lib.callbacks.manager [None req-89b7393b-f79b-4232-82e8-e26c804c7ce9 admin admin] Notify callbacks [] for security_group, before_delete {{(pid=93883) _notify_loop /usr/local/lib/python3.8/dist-packages/neutron_lib/callbacks/manager.py:192}}
Aug 29 05:21:22.240069 dv-cinder-786386-13-iscsi neutron-server[93883]: INFO neutron.wsgi [req-1bd16614-823a-4041-9738-cdd2afcfcf2b req-c8c6e3b0-4c04-4554-b4ff-d7c4b4162fa9 tempest-ServerRescueNegativeTestJSON-948309532 tempest-ServerRescueNegativeTestJSON-948309532-project] 10.222.0.72 "GET /v2.0/security-groups?id=328c2964-2a2a-483d-9046-8326d723988f&fields=id&fields=name HTTP/1.1" status: 200 len: 286 time: 0.0462701
Aug 29 05:21:22.261322 dv-cinder-786386-13-iscsi neutron-server[93883]: DEBUG neutron_lib.callbacks.manager [None req-89b7393b-f79b-4232-82e8-e26c804c7ce9 admin admin] Notify callbacks [] for security_group, precommit_delete {{(pid=93883) _notify_loop /usr/local/lib/python3.8/dist-packages/neutron_lib/callbacks/manager.py:192}}
Aug 29 05:21:22.312664 dv-cinder-786386-13-iscsi neutron-server[93883]: DEBUG neutron_lib.callbacks.manager [None req-89b7393b-f79b-4232-82e8-e26c804c7ce9 admin admin] Notify callbacks ['neutron.plugins.ml2.ovo_rpc._ObjectChangeHandler.handle_event-450799'] for security_group, after_delete {{(pid=93883) _notify_loop /usr/local/lib/python3.8/dist-packages/neutron_lib/callbacks/manager.py:192}}
Aug 29 05:21:22.315441 dv-cinder-786386-13-iscsi neutron-server[93883]: DEBUG neutron_lib.callbacks.manager [None req-89b7393b-f79b-4232-82e8-e26c804c7ce9 admin admin] Notify callbacks [] for security_group, before_response {{(pid=93883) _notify_loop /usr/local/lib/python3.8/dist-packages/neutron_lib/callbacks/manager.py:192}}
Aug 29 05:21:22.316584 dv-cinder-786386-13-iscsi neutron-server[93883]: INFO neutron.wsgi [None req-89b7393b-f79b-4232-82e8-e26c804c7ce9 admin admin] 10.222.0.72 "DELETE /v2.0/security-groups/c32d43c9-0804-45aa-90fd-5a19e2924424 HTTP/1.1" status: 204 len: 168 time: 0.1701801
Aug 29 05:21:22.325415 dv-cinder-786386-13-iscsi neutron-server[93883]: DEBUG neutron.api.rpc.handlers.resources_rpc [None req-89b7393b-f79b-4232-82e8-e26c804c7ce9 admin admin] Pushing event deleted for resources: {'SecurityGroup': ['ID=c32d43c9-0804-45aa-90fd-5a19e2924424,revision_number=None']} {{(pid=93883) push /opt/stack/neutron/neutron/api/rpc/handlers/resources_rpc.py:237}}
Aug 29 05:21:22.661249 dv-cinder-786386-13-iscsi neutron-server[93883]: DEBUG neutron.wsgi [-] (93883) accepted ('10.222.0.72', 42168) {{(pid=93883) server /usr/local/lib/python3.8/dist-packages/eventlet/wsgi.py:982}}
Aug 29 05:21:22.674248 dv-cinder-786386-13-iscsi neutron-server[93883]: DEBUG neutron_lib.callbacks.manager [None req-bf1534e4-1f06-4ff2-abb8-259142d1b58f admin admin] Notify callbacks [] for security_group, before_create {{(pid=93883) _notify_loop /usr/local/lib/python3.8/dist-packages/neutron_lib/callbacks/manager.py:192}}
Aug 29 05:21:22.766097 dv-cinder-786386-13-iscsi neutron-server[93883]: DEBUG neutron_lib.callbacks.manager [None req-bf1534e4-1f06-4ff2-abb8-259142d1b58f admin admin] Notify callbacks [] for security_group, precommit_create {{(pid=93883) _notify_loop /usr/local/lib/python3.8/dist-packages/neutron_lib/callbacks/manager.py:192}}
Aug 29 05:21:22.773719 dv-cinder-786386-13-iscsi neutron-server[93883]: DEBUG neutron_lib.callbacks.manager [None req-bf1534e4-1f06-4ff2-abb8-259142d1b58f admin admin] Notify callbacks ['neutron.plugins.ml2.ovo_rpc._ObjectChangeHandler.handle_event-450799'] for security_group, after_create {{(pid=93883) _notify_loop /usr/local/lib/python3.8/dist-packages/neutron_lib/callbacks/manager.py:192}}
Aug 29 05:21:22.812041 dv-cinder-786386-13-iscsi neutron-server[93883]: INFO neutron.wsgi [None req-bf1534e4-1f06-4ff2-abb8-259142d1b58f admin admin] 10.222.0.72 "GET /v2.0/security-groups?tenant_id=654abeeadca34cc393fd3610c7cda975&name=default HTTP/1.1" status: 200 len: 2979 time: 0.1464565
Aug 29 05:21:22.812041 dv-cinder-786386-13-iscsi neutron-server[93883]: DEBUG neutron.api.rpc.handlers.resources_rpc [None req-bf1534e4-1f06-4ff2-abb8-259142d1b58f admin admin] Pushing event updated for resources: {'SecurityGroup': ['ID=b9c80b9f-0522-4e35-80c7-8bf33e98dd74,revision_number=1']} {{(pid=93883) push /opt/stack/neutron/neutron/api/rpc/handlers/resources_rpc.py:237}}
Aug 29 05:21:22.812948 dv-cinder-786386-13-iscsi neutron-server[93882]: DEBUG neutron.wsgi [-] (93882) accepted ('10.222.0.72', 42174) {{(pid=93882) server /usr/local/lib/python3.8/dist-packages/eventlet/wsgi.py:982}}
Aug 29 05:21:22.862545 dv-cinder-786386-13-iscsi neutron-server[93882]: DEBUG neutron_lib.callbacks.manager [None req-fa5a4c48-10b4-45c2-918a-8cd0fbc8217f admin admin] Notify callbacks [] for security_group, before_delete {{(pid=93882) _notify_loop /usr/local/lib/python3.8/dist-packages/neutron_lib/callbacks/manager.py:192}}
Aug 29 05:21:22.883281 dv-cinder-786386-13-iscsi neutron-server[93882]: DEBUG neutron_lib.callbacks.manager [None req-fa5a4c48-10b4-45c2-918a-8cd0fbc8217f admin admin] Notify callbacks [] for security_group, precommit_delete {{(pid=93882) _notify_loop /usr/local/lib/python3.8/dist-packages/neutron_lib/callbacks/manager.py:192}}
Aug 29 05:21:22.930762 dv-cinder-786386-13-iscsi neutron-server[93882]: DEBUG neutron_lib.callbacks.manager [None req-fa5a4c48-10b4-45c2-918a-8cd0fbc8217f admin admin] Notify callbacks ['neutron.plugins.ml2.ovo_rpc._ObjectChangeHandler.handle_event-450799'] for security_group, after_delete {{(pid=93882) _notify_loop /usr/local/lib/python3.8/dist-packages/neutron_lib/callbacks/manager.py:192}}
Aug 29 05:21:22.933289 dv-cinder-786386-13-iscsi neutron-server[93882]: DEBUG neutron_lib.callbacks.manager [None req-fa5a4c48-10b4-45c2-918a-8cd0fbc8217f admin admin] Notify callbacks [] for security_group, before_response {{(pid=93882) _notify_loop /usr/local/lib/python3.8/dist-packages/neutron_lib/callbacks/manager.py:192}}
Aug 29 05:21:22.934472 dv-cinder-786386-13-iscsi neutron-server[93882]: INFO neutron.wsgi [None req-fa5a4c48-10b4-45c2-918a-8cd0fbc8217f admin admin] 10.222.0.72 "DELETE /v2.0/security-groups/b9c80b9f-0522-4e35-80c7-8bf33e98dd74 HTTP/1.1" status: 204 len: 168 time: 0.1205513
Aug 29 05:21:22.942244 dv-cinder-786386-13-iscsi neutron-server[93882]: DEBUG neutron.api.rpc.handlers.resources_rpc [None req-fa5a4c48-10b4-45c2-918a-8cd0fbc8217f admin admin] Pushing event deleted for resources: {'SecurityGroup': ['ID=b9c80b9f-0522-4e35-80c7-8bf33e98dd74,revision_number=None']} {{(pid=93882) push /opt/stack/neutron/neutron/api/rpc/handlers/resources_rpc.py:237}}
Aug 29 05:21:26.667205 dv-cinder-786386-13-iscsi neutron-server[93883]: DEBUG neutron.pecan_wsgi.hooks.policy_enforcement [req-7a200ee4-3d20-47b7-921e-cd705b1671d8 req-123884fd-5370-4ada-ab86-d36841776869 tempest-ServerRescueNegativeTestJSON-948309532 tempest-ServerRescueNegativeTestJSON-948309532-project] Attributes excluded by policy engine: ['standard_attr_id', 'binding:profile', 'binding:host_id', 'binding:vif_type', 'binding:vif_details'] {{(pid=93883) _exclude_attributes_by_policy /opt/stack/neutron/neutron/pecan_wsgi/hooks/policy_enforcement.py:255}}
Aug 29 05:21:26.669507 dv-cinder-786386-13-iscsi neutron-server[93883]: INFO neutron.wsgi [req-7a200ee4-3d20-47b7-921e-cd705b1671d8 req-123884fd-5370-4ada-ab86-d36841776869 tempest-ServerRescueNegativeTestJSON-948309532 tempest-ServerRescueNegativeTestJSON-948309532-project] 10.222.0.72 "GET /v2.0/ports?device_id=b3072a05-e84a-4052-9616-d38af81934af HTTP/1.1" status: 200 len: 946 time: 0.2311101
Aug 29 05:21:26.706344 dv-cinder-786386-13-iscsi neutron-server[93883]: INFO neutron.wsgi [req-7a200ee4-3d20-47b7-921e-cd705b1671d8 req-90c98a86-459f-4c40-84e2-bdb8e3c6df20 tempest-ServerRescueNegativeTestJSON-948309532 tempest-ServerRescueNegativeTestJSON-948309532-project] 10.222.0.72 "GET /v2.0/security-groups?id=328c2964-2a2a-483d-9046-8326d723988f&fields=id&fields=name HTTP/1.1" status: 200 len: 286 time: 0.0310535
Aug 29 05:21:27.822403 dv-cinder-786386-13-iscsi neutron-server[93883]: DEBUG neutron.pecan_wsgi.hooks.policy_enforcement [req-60a5573d-4e9c-48d6-be88-2e2e72145613 req-6fb13fc9-4f39-4610-a581-47f344ee741a tempest-ServerRescueNegativeTestJSON-948309532 tempest-ServerRescueNegativeTestJSON-948309532-project] Attributes excluded by policy engine: ['standard_attr_id', 'binding:profile', 'binding:host_id', 'binding:vif_type', 'binding:vif_details'] {{(pid=93883) _exclude_attributes_by_policy /opt/stack/neutron/neutron/pecan_wsgi/hooks/policy_enforcement.py:255}}
Aug 29 05:21:27.823957 dv-cinder-786386-13-iscsi neutron-server[93883]: INFO neutron.wsgi [req-60a5573d-4e9c-48d6-be88-2e2e72145613 req-6fb13fc9-4f39-4610-a581-47f344ee741a tempest-ServerRescueNegativeTestJSON-948309532 tempest-ServerRescueNegativeTestJSON-948309532-project] 10.222.0.72 "GET /v2.0/ports?device_id=b3072a05-e84a-4052-9616-d38af81934af HTTP/1.1" status: 200 len: 946 time: 0.0486894
Aug 29 05:21:27.861993 dv-cinder-786386-13-iscsi neutron-server[93883]: INFO neutron.wsgi [req-60a5573d-4e9c-48d6-be88-2e2e72145613 req-eb130164-fcc0-4d9e-b8aa-1048050df398 tempest-ServerRescueNegativeTestJSON-948309532 tempest-ServerRescueNegativeTestJSON-948309532-project] 10.222.0.72 "GET /v2.0/security-groups?id=328c2964-2a2a-483d-9046-8326d723988f&fields=id&fields=name HTTP/1.1" status: 200 len: 286 time: 0.0313630
Aug 29 05:21:28.988809 dv-cinder-786386-13-iscsi neutron-server[93883]: DEBUG neutron.pecan_wsgi.hooks.policy_enforcement [req-33be492b-3b68-46c0-8e57-af3c6aa22def req-63bf5ea1-13d8-4a3f-beee-ffbf1562c06e tempest-ServerRescueNegativeTestJSON-948309532 tempest-ServerRescueNegativeTestJSON-948309532-project] Attributes excluded by policy engine: ['standard_attr_id', 'binding:profile', 'binding:host_id', 'binding:vif_type', 'binding:vif_details'] {{(pid=93883) _exclude_attributes_by_policy /opt/stack/neutron/neutron/pecan_wsgi/hooks/policy_enforcement.py:255}}
Aug 29 05:21:28.990321 dv-cinder-786386-13-iscsi neutron-server[93883]: INFO neutron.wsgi [req-33be492b-3b68-46c0-8e57-af3c6aa22def req-63bf5ea1-13d8-4a3f-beee-ffbf1562c06e tempest-ServerRescueNegativeTestJSON-948309532 tempest-ServerRescueNegativeTestJSON-948309532-project] 10.222.0.72 "GET /v2.0/ports?device_id=b3072a05-e84a-4052-9616-d38af81934af HTTP/1.1" status: 200 len: 946 time: 0.0584893
Aug 29 05:21:29.030301 dv-cinder-786386-13-iscsi neutron-server[93883]: INFO neutron.wsgi [req-33be492b-3b68-46c0-8e57-af3c6aa22def req-fa13cb44-e0d4-4695-9d4e-a3f374f1ed36 tempest-ServerRescueNegativeTestJSON-948309532 tempest-ServerRescueNegativeTestJSON-948309532-project] 10.222.0.72 "GET /v2.0/security-groups?id=328c2964-2a2a-483d-9046-8326d723988f&fields=id&fields=name HTTP/1.1" status: 200 len: 286 time: 0.0338116
Aug 29 05:21:30.154708 dv-cinder-786386-13-iscsi neutron-server[93883]: DEBUG neutron.pecan_wsgi.hooks.policy_enforcement [req-76f08191-3c05-4b20-8324-14a4a70ae8ea req-ffa865ee-98db-4fb3-9d9f-b5b12474658e tempest-ServerRescueNegativeTestJSON-948309532 tempest-ServerRescueNegativeTestJSON-948309532-project] Attributes excluded by policy engine: ['standard_attr_id', 'binding:profile', 'binding:host_id', 'binding:vif_type', 'binding:vif_details'] {{(pid=93883) _exclude_attributes_by_policy /opt/stack/neutron/neutron/pecan_wsgi/hooks/policy_enforcement.py:255}}
Aug 29 05:21:30.156176 dv-cinder-786386-13-iscsi neutron-server[93883]: INFO neutron.wsgi [req-76f08191-3c05-4b20-8324-14a4a70ae8ea req-ffa865ee-98db-4fb3-9d9f-b5b12474658e tempest-ServerRescueNegativeTestJSON-948309532 tempest-ServerRescueNegativeTestJSON-948309532-project] 10.222.0.72 "GET /v2.0/ports?device_id=b3072a05-e84a-4052-9616-d38af81934af HTTP/1.1" status: 200 len: 946 time: 0.0532980
Aug 29 05:21:30.197161 dv-cinder-786386-13-iscsi neutron-server[93883]: INFO neutron.wsgi [req-76f08191-3c05-4b20-8324-14a4a70ae8ea req-77f6a10d-ad93-4492-9b89-bf98fa84cdd0 tempest-ServerRescueNegativeTestJSON-948309532 tempest-ServerRescueNegativeTestJSON-948309532-project] 10.222.0.72 "GET /v2.0/security-groups?id=328c2964-2a2a-483d-9046-8326d723988f&fields=id&fields=name HTTP/1.1" status: 200 len: 286 time: 0.0334284
Aug 29 05:21:30.705856 dv-cinder-786386-13-iscsi neutron-server[93882]: DEBUG neutron.wsgi [-] (93882) accepted ('10.222.0.72', 42438) {{(pid=93882) server /usr/local/lib/python3.8/dist-packages/eventlet/wsgi.py:982}}
Aug 29 05:21:30.817676 dv-cinder-786386-13-iscsi neutron-server[93882]: DEBUG neutron_lib.callbacks.manager [None req-2c87b141-f910-41fa-a34e-979ddc1301de admin admin] Notify callbacks [] for security_group, before_create {{(pid=93882) _notify_loop /usr/local/lib/python3.8/dist-packages/neutron_lib/callbacks/manager.py:192}}
Aug 29 05:21:30.952584 dv-cinder-786386-13-iscsi neutron-server[93882]: DEBUG neutron_lib.callbacks.manager [None req-2c87b141-f910-41fa-a34e-979ddc1301de admin admin] Notify callbacks [] for security_group, precommit_create {{(pid=93882) _notify_loop /usr/local/lib/python3.8/dist-packages/neutron_lib/callbacks/manager.py:192}}
Aug 29 05:21:30.955597 dv-cinder-786386-13-iscsi neutron-server[93882]: DEBUG neutron_lib.callbacks.manager [None req-2c87b141-f910-41fa-a34e-979ddc1301de admin admin] Notify callbacks ['neutron.plugins.ml2.ovo_rpc._ObjectChangeHandler.handle_event-450799'] for security_group, after_create {{(pid=93882) _notify_loop /usr/local/lib/python3.8/dist-packages/neutron_lib/callbacks/manager.py:192}}
Aug 29 05:21:30.994787 dv-cinder-786386-13-iscsi neutron-server[93882]: INFO neutron.wsgi [None req-2c87b141-f910-41fa-a34e-979ddc1301de admin admin] 10.222.0.72 "GET /v2.0/security-groups?tenant_id=65c9b1bdf0e441739a9a74f8b889b939&name=default HTTP/1.1" status: 200 len: 2979 time: 0.2878325
Aug 29 05:21:30.995642 dv-cinder-786386-13-iscsi neutron-server[93882]: DEBUG neutron.api.rpc.handlers.resources_rpc [None req-2c87b141-f910-41fa-a34e-979ddc1301de admin admin] Pushing event updated for resources: {'SecurityGroup': ['ID=d181569a-0104-4b63-90b2-aee917563f1d,revision_number=1']} {{(pid=93882) push /opt/stack/neutron/neutron/api/rpc/handlers/resources_rpc.py:237}}
Aug 29 05:21:30.998474 dv-cinder-786386-13-iscsi neutron-server[93883]: DEBUG neutron.wsgi [-] (93883) accepted ('10.222.0.72', 42448) {{(pid=93883) server /usr/local/lib/python3.8/dist-packages/eventlet/wsgi.py:982}}
Aug 29 05:21:31.053880 dv-cinder-786386-13-iscsi neutron-server[93883]: DEBUG neutron_lib.callbacks.manager [None req-176a340c-d235-421b-856f-892d7df069bc admin admin] Notify callbacks [] for security_group, before_delete {{(pid=93883) _notify_loop /usr/local/lib/python3.8/dist-packages/neutron_lib/callbacks/manager.py:192}}
Aug 29 05:21:31.079394 dv-cinder-786386-13-iscsi neutron-server[93883]: DEBUG neutron_lib.callbacks.manager [None req-176a340c-d235-421b-856f-892d7df069bc admin admin] Notify callbacks [] for security_group, precommit_delete {{(pid=93883) _notify_loop /usr/local/lib/python3.8/dist-packages/neutron_lib/callbacks/manager.py:192}}
Aug 29 05:21:31.127569 dv-cinder-786386-13-iscsi neutron-server[93883]: DEBUG neutron_lib.callbacks.manager [None req-176a340c-d235-421b-856f-892d7df069bc admin admin] Notify callbacks ['neutron.plugins.ml2.ovo_rpc._ObjectChangeHandler.handle_event-450799'] for security_group, after_delete {{(pid=93883) _notify_loop /usr/local/lib/python3.8/dist-packages/neutron_lib/callbacks/manager.py:192}}
Aug 29 05:21:31.130174 dv-cinder-786386-13-iscsi neutron-server[93883]: DEBUG neutron_lib.callbacks.manager [None req-176a340c-d235-421b-856f-892d7df069bc admin admin] Notify callbacks [] for security_group, before_response {{(pid=93883) _notify_loop /usr/local/lib/python3.8/dist-packages/neutron_lib/callbacks/manager.py:192}}
Aug 29 05:21:31.131328 dv-cinder-786386-13-iscsi neutron-server[93883]: INFO neutron.wsgi [None req-176a340c-d235-421b-856f-892d7df069bc admin admin] 10.222.0.72 "DELETE /v2.0/security-groups/d181569a-0104-4b63-90b2-aee917563f1d HTTP/1.1" status: 204 len: 168 time: 0.1237719
Aug 29 05:21:31.139175 dv-cinder-786386-13-iscsi neutron-server[93883]: DEBUG neutron.api.rpc.handlers.resources_rpc [None req-176a340c-d235-421b-856f-892d7df069bc admin admin] Pushing event deleted for resources: {'SecurityGroup': ['ID=d181569a-0104-4b63-90b2-aee917563f1d,revision_number=None']} {{(pid=93883) push /opt/stack/neutron/neutron/api/rpc/handlers/resources_rpc.py:237}}
Aug 29 05:21:31.315256 dv-cinder-786386-13-iscsi neutron-server[93883]: DEBUG neutron.pecan_wsgi.hooks.policy_enforcement [req-e99ed1f6-3ca6-4fbb-ab85-ed8f0c9796a6 req-fb57f445-810d-4508-b0a3-0ea4cbe67870 tempest-ServerRescueNegativeTestJSON-948309532 tempest-ServerRescueNegativeTestJSON-948309532-project] Attributes excluded by policy engine: ['standard_attr_id', 'binding:profile', 'binding:host_id', 'binding:vif_type', 'binding:vif_details'] {{(pid=93883) _exclude_attributes_by_policy /opt/stack/neutron/neutron/pecan_wsgi/hooks/policy_enforcement.py:255}}
Aug 29 05:21:31.316637 dv-cinder-786386-13-iscsi neutron-server[93883]: INFO neutron.wsgi [req-e99ed1f6-3ca6-4fbb-ab85-ed8f0c9796a6 req-fb57f445-810d-4508-b0a3-0ea4cbe67870 tempest-ServerRescueNegativeTestJSON-948309532 tempest-ServerRescueNegativeTestJSON-948309532-project] 10.222.0.72 "GET /v2.0/ports?device_id=b3072a05-e84a-4052-9616-d38af81934af HTTP/1.1" status: 200 len: 946 time: 0.0513978
Aug 29 05:21:31.358177 dv-cinder-786386-13-iscsi neutron-server[93883]: INFO neutron.wsgi [req-e99ed1f6-3ca6-4fbb-ab85-ed8f0c9796a6 req-3877db56-28a8-44d9-9841-e4e95be96c92 tempest-ServerRescueNegativeTestJSON-948309532 tempest-ServerRescueNegativeTestJSON-948309532-project] 10.222.0.72 "GET /v2.0/security-groups?id=328c2964-2a2a-483d-9046-8326d723988f&fields=id&fields=name HTTP/1.1" status: 200 len: 286 time: 0.0357304
Aug 29 05:21:31.823623 dv-cinder-786386-13-iscsi neutron-server[93883]: DEBUG neutron.wsgi [-] (93883) accepted ('10.222.0.72', 42498) {{(pid=93883) server /usr/local/lib/python3.8/dist-packages/eventlet/wsgi.py:982}}
Aug 29 05:21:31.996022 dv-cinder-786386-13-iscsi neutron-server[93883]: DEBUG neutron.wsgi [-] (93883) accepted ('10.222.0.72', 42512) {{(pid=93883) server /usr/local/lib/python3.8/dist-packages/eventlet/wsgi.py:982}}
Aug 29 05:21:32.025135 dv-cinder-786386-13-iscsi neutron-server[93883]: DEBUG neutron.api.v2.base [None req-d55e4815-6aa9-4a0d-ad6d-4b6fc00c582f admin admin] Request body: {'network': {'name': 'tempest-VolumesSnapshotTestJSON-440799545-network', 'tenant_id': '253d22ad92094e97b12f5fe531a52ae5'}} {{(pid=93883) prepare_request_body /opt/stack/neutron/neutron/api/v2/base.py:730}}
Aug 29 05:21:32.050770 dv-cinder-786386-13-iscsi neutron-server[93883]: DEBUG neutron.pecan_wsgi.hooks.quota_enforcement [None req-d55e4815-6aa9-4a0d-ad6d-4b6fc00c582f admin admin] Made reservation on behalf of 253d22ad92094e97b12f5fe531a52ae5 for: {'network': 1} {{(pid=93883) before /opt/stack/neutron/neutron/pecan_wsgi/hooks/quota_enforcement.py:53}}
Aug 29 05:21:32.052995 dv-cinder-786386-13-iscsi neutron-server[93883]: DEBUG neutron_lib.callbacks.manager [None req-d55e4815-6aa9-4a0d-ad6d-4b6fc00c582f admin admin] Notify callbacks ['neutron.plugins.ml2.plugin.SecurityGroupDbMixin._ensure_default_security_group_handler-597570'] for network, before_create {{(pid=93883) _notify_loop /usr/local/lib/python3.8/dist-packages/neutron_lib/callbacks/manager.py:192}}
Aug 29 05:21:32.065275 dv-cinder-786386-13-iscsi neutron-server[93883]: DEBUG neutron_lib.callbacks.manager [None req-7f4cd51c-24aa-4165-9e20-7d115c69e0a4 admin admin] Notify callbacks [] for security_group, before_create {{(pid=93883) _notify_loop /usr/local/lib/python3.8/dist-packages/neutron_lib/callbacks/manager.py:192}}
Aug 29 05:21:32.077901 dv-cinder-786386-13-iscsi neutron-server[93883]: DEBUG neutron_lib.callbacks.manager [None req-d55e4815-6aa9-4a0d-ad6d-4b6fc00c582f admin admin] Notify callbacks [] for security_group, before_create {{(pid=93883) _notify_loop /usr/local/lib/python3.8/dist-packages/neutron_lib/callbacks/manager.py:192}}
Aug 29 05:21:32.175738 dv-cinder-786386-13-iscsi neutron-server[93883]: DEBUG neutron_lib.callbacks.manager [None req-7f4cd51c-24aa-4165-9e20-7d115c69e0a4 admin admin] Notify callbacks [] for security_group, precommit_create {{(pid=93883) _notify_loop /usr/local/lib/python3.8/dist-packages/neutron_lib/callbacks/manager.py:192}}
Aug 29 05:21:32.182658 dv-cinder-786386-13-iscsi neutron-server[93883]: DEBUG neutron_lib.callbacks.manager [None req-7f4cd51c-24aa-4165-9e20-7d115c69e0a4 admin admin] Notify callbacks ['neutron.plugins.ml2.ovo_rpc._ObjectChangeHandler.handle_event-450799'] for security_group, after_create {{(pid=93883) _notify_loop /usr/local/lib/python3.8/dist-packages/neutron_lib/callbacks/manager.py:192}}
Aug 29 05:21:32.243032 dv-cinder-786386-13-iscsi neutron-server[93883]: DEBUG neutron.api.rpc.handlers.resources_rpc [None req-7f4cd51c-24aa-4165-9e20-7d115c69e0a4 admin admin] Pushing event updated for resources: {'SecurityGroup': ['ID=7ed3e924-191f-4a6c-a09e-49f901654cf2,revision_number=1']} {{(pid=93883) push /opt/stack/neutron/neutron/api/rpc/handlers/resources_rpc.py:237}}
Aug 29 05:21:32.251150 dv-cinder-786386-13-iscsi neutron-server[93883]: INFO neutron.wsgi [None req-7f4cd51c-24aa-4165-9e20-7d115c69e0a4 admin admin] 10.222.0.72 "GET /v2.0/security-groups?tenant_id=93df82ec6b9d419490eec22eedde00e1&name=default HTTP/1.1" status: 200 len: 2979 time: 0.2519655
Aug 29 05:21:32.253034 dv-cinder-786386-13-iscsi neutron-server[93882]: DEBUG neutron.wsgi [-] (93882) accepted ('10.222.0.72', 42516) {{(pid=93882) server /usr/local/lib/python3.8/dist-packages/eventlet/wsgi.py:982}}
Aug 29 05:21:32.305250 dv-cinder-786386-13-iscsi neutron-server[93883]: DEBUG neutron_lib.callbacks.manager [None req-d55e4815-6aa9-4a0d-ad6d-4b6fc00c582f admin admin] Notify callbacks [] for security_group, precommit_create {{(pid=93883) _notify_loop /usr/local/lib/python3.8/dist-packages/neutron_lib/callbacks/manager.py:192}}
Aug 29 05:21:32.306783 dv-cinder-786386-13-iscsi neutron-server[93882]: DEBUG neutron_lib.callbacks.manager [None req-93c4fc30-a326-4d1f-8371-04b72c2a19f3 admin admin] Notify callbacks [] for security_group, before_delete {{(pid=93882) _notify_loop /usr/local/lib/python3.8/dist-packages/neutron_lib/callbacks/manager.py:192}}
Aug 29 05:21:32.310046 dv-cinder-786386-13-iscsi neutron-server[93883]: DEBUG neutron_lib.callbacks.manager [None req-d55e4815-6aa9-4a0d-ad6d-4b6fc00c582f admin admin] Notify callbacks ['neutron.plugins.ml2.ovo_rpc._ObjectChangeHandler.handle_event-450799'] for security_group, after_create {{(pid=93883) _notify_loop /usr/local/lib/python3.8/dist-packages/neutron_lib/callbacks/manager.py:192}}
Aug 29 05:21:32.330902 dv-cinder-786386-13-iscsi neutron-server[93882]: DEBUG neutron_lib.callbacks.manager [None req-93c4fc30-a326-4d1f-8371-04b72c2a19f3 admin admin] Notify callbacks [] for security_group, precommit_delete {{(pid=93882) _notify_loop /usr/local/lib/python3.8/dist-packages/neutron_lib/callbacks/manager.py:192}}
Aug 29 05:21:32.334954 dv-cinder-786386-13-iscsi neutron-server[93883]: DEBUG neutron.plugins.ml2.drivers.helpers [None req-d55e4815-6aa9-4a0d-ad6d-4b6fc00c582f admin admin] vlan segment allocate from pool success with {'vlan_id': 800, 'physical_network': 'physnet1'} {{(pid=93883) allocate_partially_specified_segment /opt/stack/neutron/neutron/plugins/ml2/drivers/helpers.py:153}}
Aug 29 05:21:32.345309 dv-cinder-786386-13-iscsi neutron-server[93883]: DEBUG neutron.api.rpc.handlers.resources_rpc [None req-d55e4815-6aa9-4a0d-ad6d-4b6fc00c582f admin admin] Pushing event updated for resources: {'SecurityGroup': ['ID=0fbc4c96-bcf4-4616-9471-5cea0a774910,revision_number=1']} {{(pid=93883) push /opt/stack/neutron/neutron/api/rpc/handlers/resources_rpc.py:237}}
Aug 29 05:21:32.350718 dv-cinder-786386-13-iscsi neutron-server[93883]: DEBUG neutron_lib.callbacks.manager [None req-d55e4815-6aa9-4a0d-ad6d-4b6fc00c582f admin admin] Notify callbacks ['neutron.plugins.ml2.plugin.Ml2Plugin._handle_segment_change-7847984'] for segment, precommit_create {{(pid=93883) _notify_loop /usr/local/lib/python3.8/dist-packages/neutron_lib/callbacks/manager.py:192}}
Aug 29 05:21:32.351058 dv-cinder-786386-13-iscsi neutron-server[93883]: INFO neutron.db.segments_db [None req-d55e4815-6aa9-4a0d-ad6d-4b6fc00c582f admin admin] Added segment 16d85aa2-f865-4971-ad67-735ec783b662 of type vlan for network 14c1c0bf-2701-41cf-84ba-0d260ffc73d6
Aug 29 05:21:32.377153 dv-cinder-786386-13-iscsi neutron-server[93882]: DEBUG neutron_lib.callbacks.manager [None req-93c4fc30-a326-4d1f-8371-04b72c2a19f3 admin admin] Notify callbacks ['neutron.plugins.ml2.ovo_rpc._ObjectChangeHandler.handle_event-450799'] for security_group, after_delete {{(pid=93882) _notify_loop /usr/local/lib/python3.8/dist-packages/neutron_lib/callbacks/manager.py:192}}
Aug 29 05:21:32.379783 dv-cinder-786386-13-iscsi neutron-server[93882]: DEBUG neutron_lib.callbacks.manager [None req-93c4fc30-a326-4d1f-8371-04b72c2a19f3 admin admin] Notify callbacks [] for security_group, before_response {{(pid=93882) _notify_loop /usr/local/lib/python3.8/dist-packages/neutron_lib/callbacks/manager.py:192}}
Aug 29 05:21:32.390919 dv-cinder-786386-13-iscsi neutron-server[93882]: INFO neutron.wsgi [None req-93c4fc30-a326-4d1f-8371-04b72c2a19f3 admin admin] 10.222.0.72 "DELETE /v2.0/security-groups/7ed3e924-191f-4a6c-a09e-49f901654cf2 HTTP/1.1" status: 204 len: 168 time: 0.1367846
Aug 29 05:21:32.394253 dv-cinder-786386-13-iscsi neutron-server[93883]: DEBUG neutron_lib.callbacks.manager [None req-d55e4815-6aa9-4a0d-ad6d-4b6fc00c582f admin admin] Notify callbacks ['neutron.services.auto_allocate.db._ensure_external_network_default_value_callback-8763230176121'] for network, precommit_create {{(pid=93883) _notify_loop /usr/local/lib/python3.8/dist-packages/neutron_lib/callbacks/manager.py:192}}
Aug 29 05:21:32.401321 dv-cinder-786386-13-iscsi neutron-server[93882]: DEBUG neutron.api.rpc.handlers.resources_rpc [None req-93c4fc30-a326-4d1f-8371-04b72c2a19f3 admin admin] Pushing event deleted for resources: {'SecurityGroup': ['ID=7ed3e924-191f-4a6c-a09e-49f901654cf2,revision_number=None']} {{(pid=93882) push /opt/stack/neutron/neutron/api/rpc/handlers/resources_rpc.py:237}}
Aug 29 05:21:32.429927 dv-cinder-786386-13-iscsi neutron-server[93883]: DEBUG neutron_lib.callbacks.manager [None req-d55e4815-6aa9-4a0d-ad6d-4b6fc00c582f admin admin] Notify callbacks ['neutron.plugins.ml2.ovo_rpc._ObjectChangeHandler.handle_event-465744', 'neutron.api.rpc.agentnotifiers.dhcp_rpc_agent_api.DhcpAgentNotifyAPI._native_event_send_dhcp_notification-7904650'] for network, after_create {{(pid=93883) _notify_loop /usr/local/lib/python3.8/dist-packages/neutron_lib/callbacks/manager.py:192}}
Aug 29 05:21:32.431541 dv-cinder-786386-13-iscsi neutron-server[93883]: DEBUG neutron.pecan_wsgi.hooks.policy_enforcement [None req-d55e4815-6aa9-4a0d-ad6d-4b6fc00c582f admin admin] Attributes excluded by policy engine: ['standard_attr_id', 'vlan_transparent'] {{(pid=93883) _exclude_attributes_by_policy /opt/stack/neutron/neutron/pecan_wsgi/hooks/policy_enforcement.py:255}}
Aug 29 05:21:32.432335 dv-cinder-786386-13-iscsi neutron-server[93883]: DEBUG neutron_lib.callbacks.manager [None req-d55e4815-6aa9-4a0d-ad6d-4b6fc00c582f admin admin] Notify callbacks ['neutron.api.rpc.agentnotifiers.dhcp_rpc_agent_api.DhcpAgentNotifyAPI._send_dhcp_notification-7904632'] for network, before_response {{(pid=93883) _notify_loop /usr/local/lib/python3.8/dist-packages/neutron_lib/callbacks/manager.py:192}}
Aug 29 05:21:32.518343 dv-cinder-786386-13-iscsi neutron-server[93883]: INFO neutron.wsgi [None req-d55e4815-6aa9-4a0d-ad6d-4b6fc00c582f admin admin] 10.222.0.72 "POST /v2.0/networks HTTP/1.1" status: 201 len: 886 time: 0.6903429
Aug 29 05:21:32.520271 dv-cinder-786386-13-iscsi neutron-server[93882]: DEBUG neutron.wsgi [-] (93882) accepted ('10.222.0.72', 42522) {{(pid=93882) server /usr/local/lib/python3.8/dist-packages/eventlet/wsgi.py:982}}
Aug 29 05:21:32.528860 dv-cinder-786386-13-iscsi neutron-server[93882]: DEBUG neutron.api.v2.base [None req-feb19f68-9b69-4fbc-98fe-e343634a64fb admin admin] Request body: {'subnet': {'network_id': '14c1c0bf-2701-41cf-84ba-0d260ffc73d6', 'cidr': '172.20.0.0/28', 'name': 'tempest-VolumesSnapshotTestJSON-440799545-subnet', 'tenant_id': '253d22ad92094e97b12f5fe531a52ae5', 'enable_dhcp': False, 'ip_version': 4}} {{(pid=93882) prepare_request_body /opt/stack/neutron/neutron/api/v2/base.py:730}}
Aug 29 05:21:32.533975 dv-cinder-786386-13-iscsi neutron-server[93883]: DEBUG neutron.api.rpc.handlers.resources_rpc [None req-d55e4815-6aa9-4a0d-ad6d-4b6fc00c582f admin admin] Pushing event updated for resources: {'Network': ['ID=14c1c0bf-2701-41cf-84ba-0d260ffc73d6,revision_number=1']} {{(pid=93883) push /opt/stack/neutron/neutron/api/rpc/handlers/resources_rpc.py:237}}
Aug 29 05:21:32.548002 dv-cinder-786386-13-iscsi neutron-server[93884]: DEBUG neutron.plugins.ml2.rpc [None req-5c441068-bd8b-4d51-bb53-84128025df6a None None] Network 14c1c0bf-2701-41cf-84ba-0d260ffc73d6 details requested by agent ovs-agent-dv-cinder-786386-13-iscsi with host dv-cinder-786386-13-iscsi {{(pid=93884) get_network_details /opt/stack/neutron/neutron/plugins/ml2/rpc.py:248}}
Aug 29 05:21:32.551421 dv-cinder-786386-13-iscsi neutron-server[93883]: DEBUG neutron.pecan_wsgi.hooks.policy_enforcement [req-a494d3b9-9cde-4047-b4a6-469e83099f92 req-f87954f7-ba73-40a8-8a0c-cda189574d87 tempest-ServerRescueNegativeTestJSON-948309532 tempest-ServerRescueNegativeTestJSON-948309532-project] Attributes excluded by policy engine: ['standard_attr_id', 'binding:profile', 'binding:host_id', 'binding:vif_type', 'binding:vif_details'] {{(pid=93883) _exclude_attributes_by_policy /opt/stack/neutron/neutron/pecan_wsgi/hooks/policy_enforcement.py:255}}
Aug 29 05:21:32.552987 dv-cinder-786386-13-iscsi neutron-server[93883]: INFO neutron.wsgi [req-a494d3b9-9cde-4047-b4a6-469e83099f92 req-f87954f7-ba73-40a8-8a0c-cda189574d87 tempest-ServerRescueNegativeTestJSON-948309532 tempest-ServerRescueNegativeTestJSON-948309532-project] 10.222.0.72 "GET /v2.0/ports?device_id=b3072a05-e84a-4052-9616-d38af81934af HTTP/1.1" status: 200 len: 946 time: 0.1177714
Aug 29 05:21:32.573741 dv-cinder-786386-13-iscsi neutron-server[93882]: DEBUG neutron.pecan_wsgi.hooks.quota_enforcement [None req-feb19f68-9b69-4fbc-98fe-e343634a64fb admin admin] Made reservation on behalf of 253d22ad92094e97b12f5fe531a52ae5 for: {'subnet': 1} {{(pid=93882) before /opt/stack/neutron/neutron/pecan_wsgi/hooks/quota_enforcement.py:53}}
Aug 29 05:21:32.576887 dv-cinder-786386-13-iscsi neutron-server[93882]: DEBUG neutron_lib.callbacks.manager [None req-feb19f68-9b69-4fbc-98fe-e343634a64fb admin admin] Notify callbacks ['neutron.services.segments.plugin.SegmentHostRoutes.host_routes_before_create-3817751'] for subnet, before_create {{(pid=93882) _notify_loop /usr/local/lib/python3.8/dist-packages/neutron_lib/callbacks/manager.py:192}}
Aug 29 05:21:32.597819 dv-cinder-786386-13-iscsi neutron-server[93883]: INFO neutron.wsgi [req-a494d3b9-9cde-4047-b4a6-469e83099f92 req-cbaeefc5-87fd-4efe-9d43-8934b2225277 tempest-ServerRescueNegativeTestJSON-948309532 tempest-ServerRescueNegativeTestJSON-948309532-project] 10.222.0.72 "GET /v2.0/security-groups?id=328c2964-2a2a-483d-9046-8326d723988f&fields=id&fields=name HTTP/1.1" status: 200 len: 286 time: 0.0377066
Aug 29 05:21:32.764520 dv-cinder-786386-13-iscsi neutron-server[93883]: DEBUG neutron.wsgi [-] (93883) accepted ('10.222.0.72', 42528) {{(pid=93883) server /usr/local/lib/python3.8/dist-packages/eventlet/wsgi.py:982}}
Aug 29 05:21:32.780143 dv-cinder-786386-13-iscsi neutron-server[93883]: DEBUG neutron_lib.callbacks.manager [None req-18b0b061-a305-48c7-b119-5ea2f566832c admin admin] Notify callbacks [] for security_group, before_create {{(pid=93883) _notify_loop /usr/local/lib/python3.8/dist-packages/neutron_lib/callbacks/manager.py:192}}
Aug 29 05:21:32.804931 dv-cinder-786386-13-iscsi neutron-server[93882]: DEBUG neutron_lib.callbacks.manager [None req-feb19f68-9b69-4fbc-98fe-e343634a64fb admin admin] Notify callbacks ['neutron.plugins.ml2.ovo_rpc._ObjectChangeHandler.handle_event-465851', 'neutron.api.rpc.agentnotifiers.dhcp_rpc_agent_api.DhcpAgentNotifyAPI._native_event_send_dhcp_notification-7904650', 'neutron.services.segments.plugin.NovaSegmentNotifier._notify_subnet_created-3496716', 'neutron.services.segments.plugin.SegmentHostRoutes.host_routes_after_create-3817829'] for subnet, after_create {{(pid=93882) _notify_loop /usr/local/lib/python3.8/dist-packages/neutron_lib/callbacks/manager.py:192}}
Aug 29 05:21:32.870029 dv-cinder-786386-13-iscsi neutron-server[93882]: DEBUG neutron.api.rpc.handlers.resources_rpc [None req-feb19f68-9b69-4fbc-98fe-e343634a64fb admin admin] Pushing event updated for resources: {'Subnet': ['ID=02ad6299-438e-4f2e-8ae7-cbe76b4e889f,revision_number=0']} {{(pid=93882) push /opt/stack/neutron/neutron/api/rpc/handlers/resources_rpc.py:237}}
Aug 29 05:21:32.882521 dv-cinder-786386-13-iscsi neutron-server[93882]: DEBUG neutron.plugins.ml2.drivers.mech_agent [None req-feb19f68-9b69-4fbc-98fe-e343634a64fb admin admin] Checking segment: {'id': '16d85aa2-f865-4971-ad67-735ec783b662', 'network_type': 'vlan', 'physical_network': 'physnet1', 'segmentation_id': 800, 'network_id': '14c1c0bf-2701-41cf-84ba-0d260ffc73d6'} for mappings: {'physnet1': 'br-data'} with network types: ['local', 'flat', 'vlan'] {{(pid=93882) check_segment_for_agent /opt/stack/neutron/neutron/plugins/ml2/drivers/mech_agent.py:352}}
Aug 29 05:21:32.882913 dv-cinder-786386-13-iscsi neutron-server[93882]: DEBUG neutron.scheduler.dhcp_agent_scheduler [None req-feb19f68-9b69-4fbc-98fe-e343634a64fb admin admin] Network hostable DHCP agents. Network: 14c1c0bf-2701-41cf-84ba-0d260ffc73d6, hostable agents: ['a6ed9d77-13a6-48fc-b9cd-ad07807c3ffd'], hosted agents: [] {{(pid=93882) _get_network_hostable_dhcp_agents /opt/stack/neutron/neutron/scheduler/dhcp_agent_scheduler.py:329}}
Aug 29 05:21:32.895749 dv-cinder-786386-13-iscsi neutron-server[93883]: DEBUG neutron_lib.callbacks.manager [None req-18b0b061-a305-48c7-b119-5ea2f566832c admin admin] Notify callbacks [] for security_group, precommit_create {{(pid=93883) _notify_loop /usr/local/lib/python3.8/dist-packages/neutron_lib/callbacks/manager.py:192}}
Aug 29 05:21:32.911640 dv-cinder-786386-13-iscsi neutron-server[93882]: DEBUG neutron.scheduler.dhcp_agent_scheduler [None req-feb19f68-9b69-4fbc-98fe-e343634a64fb admin admin] Network 14c1c0bf-2701-41cf-84ba-0d260ffc73d6 is scheduled to be hosted by DHCP agent a6ed9d77-13a6-48fc-b9cd-ad07807c3ffd with binding_index 1 {{(pid=93882) bind /opt/stack/neutron/neutron/scheduler/dhcp_agent_scheduler.py:227}}
Aug 29 05:21:32.912794 dv-cinder-786386-13-iscsi neutron-server[93883]: DEBUG neutron_lib.callbacks.manager [None req-18b0b061-a305-48c7-b119-5ea2f566832c admin admin] Notify callbacks ['neutron.plugins.ml2.ovo_rpc._ObjectChangeHandler.handle_event-450799'] for security_group, after_create {{(pid=93883) _notify_loop /usr/local/lib/python3.8/dist-packages/neutron_lib/callbacks/manager.py:192}}
Aug 29 05:21:32.923615 dv-cinder-786386-13-iscsi neutron-server[93882]: DEBUG neutron.scheduler.base_scheduler [None req-feb19f68-9b69-4fbc-98fe-e343634a64fb admin admin] Resources bound (agent type, host, resource id): (DHCP agent, dv-cinder-786386-13-iscsi, 14c1c0bf-2701-41cf-84ba-0d260ffc73d6) {{(pid=93882) schedule /opt/stack/neutron/neutron/scheduler/base_scheduler.py:57}}
Aug 29 05:21:32.928351 dv-cinder-786386-13-iscsi neutron-server[93882]: DEBUG neutron.pecan_wsgi.hooks.policy_enforcement [None req-feb19f68-9b69-4fbc-98fe-e343634a64fb admin admin] Attributes excluded by policy engine: ['standard_attr_id', 'shared', 'segment_id', 'network'] {{(pid=93882) _exclude_attributes_by_policy /opt/stack/neutron/neutron/pecan_wsgi/hooks/policy_enforcement.py:255}}
Aug 29 05:21:32.929113 dv-cinder-786386-13-iscsi neutron-server[93882]: DEBUG neutron_lib.callbacks.manager [None req-feb19f68-9b69-4fbc-98fe-e343634a64fb admin admin] Notify callbacks [] for subnet, before_response {{(pid=93882) _notify_loop /usr/local/lib/python3.8/dist-packages/neutron_lib/callbacks/manager.py:192}}
Aug 29 05:21:32.935806 dv-cinder-786386-13-iscsi neutron-server[93884]: DEBUG neutron.api.rpc.handlers.dhcp_rpc [None req-2e3cbce8-dfbe-4d95-b8fb-2ee55d64791d None None] Network 14c1c0bf-2701-41cf-84ba-0d260ffc73d6 requested from dv-cinder-786386-13-iscsi {{(pid=93884) get_network_info /opt/stack/neutron/neutron/api/rpc/handlers/dhcp_rpc.py:218}}
Aug 29 05:21:32.947422 dv-cinder-786386-13-iscsi neutron-server[93882]: INFO neutron.wsgi [None req-feb19f68-9b69-4fbc-98fe-e343634a64fb admin admin] 10.222.0.72 "POST /v2.0/subnets HTTP/1.1" status: 201 len: 850 time: 0.4247255
Aug 29 05:21:32.969683 dv-cinder-786386-13-iscsi neutron-server[93883]: DEBUG neutron.api.rpc.handlers.resources_rpc [None req-18b0b061-a305-48c7-b119-5ea2f566832c admin admin] Pushing event updated for resources: {'SecurityGroup': ['ID=0e5e9142-f6c4-4200-a6c1-dd9effc332cb,revision_number=1']} {{(pid=93883) push /opt/stack/neutron/neutron/api/rpc/handlers/resources_rpc.py:237}}
Aug 29 05:21:32.992447 dv-cinder-786386-13-iscsi neutron-server[93883]: INFO neutron.wsgi [None req-18b0b061-a305-48c7-b119-5ea2f566832c admin admin] 10.222.0.72 "GET /v2.0/security-groups?tenant_id=e8ffd56d732a4c829f949b62d7329c7f&name=default HTTP/1.1" status: 200 len: 2979 time: 0.2264264
Aug 29 05:21:32.995794 dv-cinder-786386-13-iscsi neutron-server[93883]: DEBUG neutron.wsgi [-] (93883) accepted ('10.222.0.72', 42540) {{(pid=93883) server /usr/local/lib/python3.8/dist-packages/eventlet/wsgi.py:982}}
Aug 29 05:21:33.075123 dv-cinder-786386-13-iscsi neutron-server[93883]: DEBUG neutron_lib.callbacks.manager [None req-a2b625e9-a847-47a5-b510-f067bc512928 admin admin] Notify callbacks [] for security_group, before_delete {{(pid=93883) _notify_loop /usr/local/lib/python3.8/dist-packages/neutron_lib/callbacks/manager.py:192}}
Aug 29 05:21:33.107610 dv-cinder-786386-13-iscsi neutron-server[93884]: DEBUG neutron.api.rpc.handlers.dhcp_rpc [None req-377c79ea-e559-405c-8ae2-94bcde04a0ec None None] Network 14c1c0bf-2701-41cf-84ba-0d260ffc73d6 requested from dv-cinder-786386-13-iscsi {{(pid=93884) get_network_info /opt/stack/neutron/neutron/api/rpc/handlers/dhcp_rpc.py:218}}
Aug 29 05:21:33.144795 dv-cinder-786386-13-iscsi neutron-server[93883]: DEBUG neutron_lib.callbacks.manager [None req-a2b625e9-a847-47a5-b510-f067bc512928 admin admin] Notify callbacks [] for security_group, precommit_delete {{(pid=93883) _notify_loop /usr/local/lib/python3.8/dist-packages/neutron_lib/callbacks/manager.py:192}}
Aug 29 05:21:33.239003 dv-cinder-786386-13-iscsi neutron-server[93883]: DEBUG neutron_lib.callbacks.manager [None req-a2b625e9-a847-47a5-b510-f067bc512928 admin admin] Notify callbacks ['neutron.plugins.ml2.ovo_rpc._ObjectChangeHandler.handle_event-450799'] for security_group, after_delete {{(pid=93883) _notify_loop /usr/local/lib/python3.8/dist-packages/neutron_lib/callbacks/manager.py:192}}
Aug 29 05:21:33.241770 dv-cinder-786386-13-iscsi neutron-server[93883]: DEBUG neutron_lib.callbacks.manager [None req-a2b625e9-a847-47a5-b510-f067bc512928 admin admin] Notify callbacks [] for security_group, before_response {{(pid=93883) _notify_loop /usr/local/lib/python3.8/dist-packages/neutron_lib/callbacks/manager.py:192}}
Aug 29 05:21:33.243234 dv-cinder-786386-13-iscsi neutron-server[93883]: INFO neutron.wsgi [None req-a2b625e9-a847-47a5-b510-f067bc512928 admin admin] 10.222.0.72 "DELETE /v2.0/security-groups/0e5e9142-f6c4-4200-a6c1-dd9effc332cb HTTP/1.1" status: 204 len: 168 time: 0.2455568
Aug 29 05:21:33.266593 dv-cinder-786386-13-iscsi neutron-server[93883]: DEBUG neutron.api.rpc.handlers.resources_rpc [None req-a2b625e9-a847-47a5-b510-f067bc512928 admin admin] Pushing event deleted for resources: {'SecurityGroup': ['ID=0e5e9142-f6c4-4200-a6c1-dd9effc332cb,revision_number=None']} {{(pid=93883) push /opt/stack/neutron/neutron/api/rpc/handlers/resources_rpc.py:237}}
Aug 29 05:21:33.747351 dv-cinder-786386-13-iscsi neutron-server[93883]: DEBUG neutron.pecan_wsgi.hooks.policy_enforcement [req-5efd2875-57bf-4222-8f9f-1b7609299d8b req-dc758652-aaac-4753-9e71-a4d5fb579c09 tempest-ServerRescueNegativeTestJSON-948309532 tempest-ServerRescueNegativeTestJSON-948309532-project] Attributes excluded by policy engine: ['standard_attr_id', 'binding:profile', 'binding:host_id', 'binding:vif_type', 'binding:vif_details'] {{(pid=93883) _exclude_attributes_by_policy /opt/stack/neutron/neutron/pecan_wsgi/hooks/policy_enforcement.py:255}}
Aug 29 05:21:33.749383 dv-cinder-786386-13-iscsi neutron-server[93883]: INFO neutron.wsgi [req-5efd2875-57bf-4222-8f9f-1b7609299d8b req-dc758652-aaac-4753-9e71-a4d5fb579c09 tempest-ServerRescueNegativeTestJSON-948309532 tempest-ServerRescueNegativeTestJSON-948309532-project] 10.222.0.72 "GET /v2.0/ports?device_id=b3072a05-e84a-4052-9616-d38af81934af HTTP/1.1" status: 200 len: 946 time: 0.0665176
Aug 29 05:21:33.805823 dv-cinder-786386-13-iscsi neutron-server[93883]: INFO neutron.wsgi [req-5efd2875-57bf-4222-8f9f-1b7609299d8b req-e269d22b-b8c9-4cb0-9b81-a0d11edc6e7b tempest-ServerRescueNegativeTestJSON-948309532 tempest-ServerRescueNegativeTestJSON-948309532-project] 10.222.0.72 "GET /v2.0/security-groups?id=328c2964-2a2a-483d-9046-8326d723988f&fields=id&fields=name HTTP/1.1" status: 200 len: 286 time: 0.0495722
Aug 29 05:21:34.939412 dv-cinder-786386-13-iscsi neutron-server[93883]: DEBUG neutron.pecan_wsgi.hooks.policy_enforcement [req-25ac4037-381c-4bbe-bdeb-d774a17124da req-f71f10b8-d3eb-488a-808f-d535fa12a65b tempest-ServerRescueNegativeTestJSON-948309532 tempest-ServerRescueNegativeTestJSON-948309532-project] Attributes excluded by policy engine: ['standard_attr_id', 'binding:profile', 'binding:host_id', 'binding:vif_type', 'binding:vif_details'] {{(pid=93883) _exclude_attributes_by_policy /opt/stack/neutron/neutron/pecan_wsgi/hooks/policy_enforcement.py:255}}
Aug 29 05:21:34.940967 dv-cinder-786386-13-iscsi neutron-server[93883]: INFO neutron.wsgi [req-25ac4037-381c-4bbe-bdeb-d774a17124da req-f71f10b8-d3eb-488a-808f-d535fa12a65b tempest-ServerRescueNegativeTestJSON-948309532 tempest-ServerRescueNegativeTestJSON-948309532-project] 10.222.0.72 "GET /v2.0/ports?device_id=b3072a05-e84a-4052-9616-d38af81934af HTTP/1.1" status: 200 len: 946 time: 0.0551660
Aug 29 05:21:34.981055 dv-cinder-786386-13-iscsi neutron-server[93883]: INFO neutron.wsgi [req-25ac4037-381c-4bbe-bdeb-d774a17124da req-0a448295-b842-4765-a6f9-af99ca645d26 tempest-ServerRescueNegativeTestJSON-948309532 tempest-ServerRescueNegativeTestJSON-948309532-project] 10.222.0.72 "GET /v2.0/security-groups?id=328c2964-2a2a-483d-9046-8326d723988f&fields=id&fields=name HTTP/1.1" status: 200 len: 286 time: 0.0332386
Aug 29 05:21:35.233593 dv-cinder-786386-13-iscsi neutron-server[93883]: DEBUG neutron.pecan_wsgi.hooks.policy_enforcement [req-29e46daf-36b6-4e67-9c8c-8cd956a22cf7 req-36af97db-c280-47fa-9c07-1bb8c2a0529f tempest-VolumesSnapshotTestJSON-478630173 tempest-VolumesSnapshotTestJSON-478630173-project] Attributes excluded by policy engine: ['standard_attr_id', 'vlan_transparent', 'provider:network_type', 'provider:physical_network', 'provider:segmentation_id'] {{(pid=93883) _exclude_attributes_by_policy /opt/stack/neutron/neutron/pecan_wsgi/hooks/policy_enforcement.py:255}}
Aug 29 05:21:35.235107 dv-cinder-786386-13-iscsi neutron-server[93883]: INFO neutron.wsgi [req-29e46daf-36b6-4e67-9c8c-8cd956a22cf7 req-36af97db-c280-47fa-9c07-1bb8c2a0529f tempest-VolumesSnapshotTestJSON-478630173 tempest-VolumesSnapshotTestJSON-478630173-project] 10.222.0.72 "GET /v2.0/networks?id=14c1c0bf-2701-41cf-84ba-0d260ffc73d6 HTTP/1.1" status: 200 len: 813 time: 0.1186962
Aug 29 05:21:35.250749 dv-cinder-786386-13-iscsi neutron-server[93883]: INFO neutron.wsgi [req-29e46daf-36b6-4e67-9c8c-8cd956a22cf7 req-6bbf5c7b-afc6-4728-930d-dd58e007b995 tempest-VolumesSnapshotTestJSON-478630173 tempest-VolumesSnapshotTestJSON-478630173-project] 10.222.0.72 "GET /v2.0/quotas/253d22ad92094e97b12f5fe531a52ae5 HTTP/1.1" status: 200 len: 375 time: 0.0095654
Aug 29 05:21:35.286775 dv-cinder-786386-13-iscsi neutron-server[93883]: INFO neutron.wsgi [req-29e46daf-36b6-4e67-9c8c-8cd956a22cf7 req-a2992588-e4be-447a-904b-13cb730e48b9 tempest-VolumesSnapshotTestJSON-478630173 tempest-VolumesSnapshotTestJSON-478630173-project] 10.222.0.72 "GET /v2.0/ports?tenant_id=253d22ad92094e97b12f5fe531a52ae5&fields=id HTTP/1.1" status: 200 len: 210 time: 0.0301526
Aug 29 05:21:35.374655 dv-cinder-786386-13-iscsi neutron-server[93883]: INFO neutron.wsgi [req-29e46daf-36b6-4e67-9c8c-8cd956a22cf7 req-c91757f9-3a14-4e58-a7e4-fc0eeb785cd0 service neutron] 10.222.0.72 "GET /v2.0/networks/14c1c0bf-2701-41cf-84ba-0d260ffc73d6?fields=segments HTTP/1.1" status: 200 len: 212 time: 0.0806355
