Aug 26 16:26:06.561439 dv-cinder-786386-12-smb devstack@c-api.service[101393]: DEBUG cinder.api.openstack.wsgi [None req-24354256-2435-4467-8010-feb8b2bd15db tempest-VolumeHostsAdminTestsJSON-1331395195 tempest-VolumeHostsAdminTestsJSON-1331395195-project-admin] Calling method 'index' {{(pid=101393) _process_stack /opt/stack/cinder/cinder/api/openstack/wsgi.py:856}}
Aug 26 16:26:06.579420 dv-cinder-786386-12-smb devstack@c-api.service[101392]: DEBUG cinder.volume.api [None req-aea56f65-9b39-4781-a07a-29c7c0ebd18c tempest-VolumeManageAdminTest-574199543 tempest-VolumeManageAdminTest-574199543-project] Task 'cinder.volume.flows.api.create_volume.VolumeCastTask;volume:create' (0716739c-d641-4868-988e-d4ec31d47a6a) transitioned into state 'SUCCESS' from state 'RUNNING' with result 'None' {{(pid=101392) _task_receiver /usr/local/lib/python3.8/dist-packages/taskflow/listeners/logging.py:178}}
Aug 26 16:26:06.591220 dv-cinder-786386-12-smb devstack@c-api.service[101392]: DEBUG cinder.volume.api [None req-aea56f65-9b39-4781-a07a-29c7c0ebd18c tempest-VolumeManageAdminTest-574199543 tempest-VolumeManageAdminTest-574199543-project] Flow 'volume_create_api' (c536a504-2f6b-4f82-aaa1-8e1e7a2daf21) transitioned into state 'SUCCESS' from state 'RUNNING' {{(pid=101392) _flow_receiver /usr/local/lib/python3.8/dist-packages/taskflow/listeners/logging.py:141}}
Aug 26 16:26:06.593735 dv-cinder-786386-12-smb devstack@c-api.service[101392]: INFO cinder.volume.api [None req-aea56f65-9b39-4781-a07a-29c7c0ebd18c tempest-VolumeManageAdminTest-574199543 tempest-VolumeManageAdminTest-574199543-project] Create volume request issued successfully.
Aug 26 16:26:06.618006 dv-cinder-786386-12-smb devstack@c-api.service[101393]: DEBUG cinder.api.contrib.hosts [None req-24354256-2435-4467-8010-feb8b2bd15db tempest-VolumeHostsAdminTestsJSON-1331395195 tempest-VolumeHostsAdminTestsJSON-1331395195-project-admin] status, active and update: available, enabled, 2021-08-26 16:26:06+00:00 {{(pid=101393) _list_hosts /opt/stack/cinder/cinder/api/contrib/hosts.py:59}}
Aug 26 16:26:06.618760 dv-cinder-786386-12-smb devstack@c-api.service[101393]: DEBUG cinder.api.contrib.hosts [None req-24354256-2435-4467-8010-feb8b2bd15db tempest-VolumeHostsAdminTestsJSON-1331395195 tempest-VolumeHostsAdminTestsJSON-1331395195-project-admin] status, active and update: available, enabled, 2021-08-26 16:25:58+00:00 {{(pid=101393) _list_hosts /opt/stack/cinder/cinder/api/contrib/hosts.py:59}}
Aug 26 16:26:06.619172 dv-cinder-786386-12-smb devstack@c-api.service[101393]: DEBUG cinder.api.contrib.hosts [None req-24354256-2435-4467-8010-feb8b2bd15db tempest-VolumeHostsAdminTestsJSON-1331395195 tempest-VolumeHostsAdminTestsJSON-1331395195-project-admin] status, active and update: available, enabled, 2021-08-26 16:26:00+00:00 {{(pid=101393) _list_hosts /opt/stack/cinder/cinder/api/contrib/hosts.py:59}}
Aug 26 16:26:06.620112 dv-cinder-786386-12-smb devstack@c-api.service[101393]: INFO cinder.api.openstack.wsgi [None req-24354256-2435-4467-8010-feb8b2bd15db tempest-VolumeHostsAdminTestsJSON-1331395195 tempest-VolumeHostsAdminTestsJSON-1331395195-project-admin] http://10.222.0.66/volume/v3/acd8eb65faa849d08ffe81c2ce28a25d/os-hosts returned with HTTP 200
Aug 26 16:26:06.622715 dv-cinder-786386-12-smb devstack@c-api.service[101393]: [pid: 101393|app: 0|req: 36/62] 10.222.0.66 () {58 vars in 1217 bytes} [Thu Aug 26 16:26:06 2021] GET /volume/v3/acd8eb65faa849d08ffe81c2ce28a25d/os-hosts => generated 575 bytes in 476 msecs (HTTP/1.1 200) 7 headers in 285 bytes (2 switches on core 0)
Aug 26 16:26:06.647518 dv-cinder-786386-12-smb devstack@c-api.service[101392]: INFO cinder.api.openstack.wsgi [None req-aea56f65-9b39-4781-a07a-29c7c0ebd18c tempest-VolumeManageAdminTest-574199543 tempest-VolumeManageAdminTest-574199543-project] http://10.222.0.66/volume/v3/c42343cd6e9142a3b2cd785bb6ce1cdb/volumes returned with HTTP 202
Aug 26 16:26:06.650694 dv-cinder-786386-12-smb devstack@c-api.service[101393]: INFO cinder.api.openstack.wsgi [None req-f3ae6892-df20-4671-a0f2-a1cb34298d5f tempest-SnapshotsActionsTest-268197297 tempest-SnapshotsActionsTest-268197297-project] GET http://10.222.0.66/volume/v3/19fc9f1d31614b15bc164a191d725acc/snapshots/4a9cb390-e878-4b04-b641-a119c692b001
Aug 26 16:26:06.654974 dv-cinder-786386-12-smb devstack@c-api.service[101393]: DEBUG cinder.api.openstack.wsgi [None req-f3ae6892-df20-4671-a0f2-a1cb34298d5f tempest-SnapshotsActionsTest-268197297 tempest-SnapshotsActionsTest-268197297-project] Empty body provided in request {{(pid=101393) get_body /opt/stack/cinder/cinder/api/openstack/wsgi.py:703}}
Aug 26 16:26:06.655713 dv-cinder-786386-12-smb devstack@c-api.service[101392]: [pid: 101392|app: 0|req: 27/63] 10.222.0.66 () {60 vars in 1235 bytes} [Thu Aug 26 16:26:04 2021] POST /volume/v3/c42343cd6e9142a3b2cd785bb6ce1cdb/volumes => generated 821 bytes in 1867 msecs (HTTP/1.1 202) 7 headers in 291 bytes (1 switches on core 0)
Aug 26 16:26:06.658649 dv-cinder-786386-12-smb devstack@c-api.service[101393]: DEBUG cinder.api.openstack.wsgi [None req-f3ae6892-df20-4671-a0f2-a1cb34298d5f tempest-SnapshotsActionsTest-268197297 tempest-SnapshotsActionsTest-268197297-project] Calling method 'show' {{(pid=101393) _process_stack /opt/stack/cinder/cinder/api/openstack/wsgi.py:856}}
Aug 26 16:26:06.674671 dv-cinder-786386-12-smb devstack@c-api.service[101392]: INFO cinder.api.openstack.wsgi [None req-2f0af5a3-dfb1-4b2c-9db5-37324b6c2195 tempest-GroupsV314Test-2109818248 tempest-GroupsV314Test-2109818248-project] GET http://10.222.0.66/volume/v3/f7f66b40323a4289a01c90c69ca8f621/volumes/342d7a6e-4089-4a55-9974-cb1ddec68c1f
Aug 26 16:26:06.679461 dv-cinder-786386-12-smb devstack@c-api.service[101392]: DEBUG cinder.api.openstack.wsgi [None req-2f0af5a3-dfb1-4b2c-9db5-37324b6c2195 tempest-GroupsV314Test-2109818248 tempest-GroupsV314Test-2109818248-project] Empty body provided in request {{(pid=101392) get_body /opt/stack/cinder/cinder/api/openstack/wsgi.py:703}}
Aug 26 16:26:06.681648 dv-cinder-786386-12-smb devstack@c-api.service[101392]: /usr/local/lib/python3.8/dist-packages/webob/acceptparse.py:1047: DeprecationWarning: The behavior of AcceptValidHeader.best_match is currently being maintained for backward compatibility, but it will be deprecated in the future, as it does not conform to the RFC.
Aug 26 16:26:06.681648 dv-cinder-786386-12-smb devstack@c-api.service[101392]: warnings.warn(
Aug 26 16:26:06.682660 dv-cinder-786386-12-smb devstack@c-api.service[101392]: DEBUG cinder.api.openstack.wsgi [None req-2f0af5a3-dfb1-4b2c-9db5-37324b6c2195 tempest-GroupsV314Test-2109818248 tempest-GroupsV314Test-2109818248-project] Calling method 'show' {{(pid=101392) _process_stack /opt/stack/cinder/cinder/api/openstack/wsgi.py:856}}
Aug 26 16:26:06.702311 dv-cinder-786386-12-smb devstack@c-api.service[101393]: /usr/local/lib/python3.8/dist-packages/oslo_context/context.py:105: DeprecationWarning: Policy enforcement is depending on the value of is_admin. This key is deprecated. Please update your policy file to use the standard policy values.
Aug 26 16:26:06.702311 dv-cinder-786386-12-smb devstack@c-api.service[101393]: warnings.warn('Policy enforcement is depending on the value of '
Aug 26 16:26:06.721274 dv-cinder-786386-12-smb devstack@c-api.service[101393]: INFO cinder.volume.api [None req-f3ae6892-df20-4671-a0f2-a1cb34298d5f tempest-SnapshotsActionsTest-268197297 tempest-SnapshotsActionsTest-268197297-project] Snapshot retrieved successfully.
Aug 26 16:26:06.740478 dv-cinder-786386-12-smb devstack@c-api.service[101393]: INFO cinder.api.openstack.wsgi [None req-f3ae6892-df20-4671-a0f2-a1cb34298d5f tempest-SnapshotsActionsTest-268197297 tempest-SnapshotsActionsTest-268197297-project] http://10.222.0.66/volume/v3/19fc9f1d31614b15bc164a191d725acc/snapshots/4a9cb390-e878-4b04-b641-a119c692b001 returned with HTTP 200
Aug 26 16:26:06.747285 dv-cinder-786386-12-smb devstack@c-api.service[101393]: [pid: 101393|app: 0|req: 37/64] 10.222.0.66 () {58 vars in 1331 bytes} [Thu Aug 26 16:26:06 2021] GET /volume/v3/19fc9f1d31614b15bc164a191d725acc/snapshots/4a9cb390-e878-4b04-b641-a119c692b001 => generated 569 bytes in 124 msecs (HTTP/1.1 200) 7 headers in 285 bytes (1 switches on core 0)
Aug 26 16:26:06.760135 dv-cinder-786386-12-smb devstack@c-api.service[101392]: INFO cinder.api.openstack.wsgi [None req-2f0af5a3-dfb1-4b2c-9db5-37324b6c2195 tempest-GroupsV314Test-2109818248 tempest-GroupsV314Test-2109818248-project] http://10.222.0.66/volume/v3/f7f66b40323a4289a01c90c69ca8f621/volumes/342d7a6e-4089-4a55-9974-cb1ddec68c1f returned with HTTP 404
Aug 26 16:26:06.766468 dv-cinder-786386-12-smb devstack@c-api.service[101392]: [pid: 101392|app: 0|req: 28/65] 10.222.0.66 () {60 vars in 1366 bytes} [Thu Aug 26 16:26:06 2021] GET /volume/v3/f7f66b40323a4289a01c90c69ca8f621/volumes/342d7a6e-4089-4a55-9974-cb1ddec68c1f => generated 109 bytes in 104 msecs (HTTP/1.1 404) 7 headers in 293 bytes (1 switches on core 0)
Aug 26 16:26:06.771744 dv-cinder-786386-12-smb devstack@c-api.service[101392]: INFO cinder.api.openstack.wsgi [None req-fa62c8df-03aa-47db-a8ee-2bd21b115de5 tempest-SnapshotsActionsTest-488757491 tempest-SnapshotsActionsTest-488757491-project-admin] POST http://10.222.0.66/volume/v3/e19efe1b64b84e28bd5f34eb795d0aea/snapshots/4a9cb390-e878-4b04-b641-a119c692b001/action
Aug 26 16:26:06.772457 dv-cinder-786386-12-smb devstack@c-api.service[101392]: DEBUG cinder.api.openstack.wsgi [None req-fa62c8df-03aa-47db-a8ee-2bd21b115de5 tempest-SnapshotsActionsTest-488757491 tempest-SnapshotsActionsTest-488757491-project-admin] Action body: b'{"os-reset_status": {"status": "deleting"}}' {{(pid=101392) get_method /opt/stack/cinder/cinder/api/openstack/wsgi.py:971}}
Aug 26 16:26:06.772790 dv-cinder-786386-12-smb devstack@c-api.service[101392]: DEBUG cinder.api.openstack.wsgi [None req-fa62c8df-03aa-47db-a8ee-2bd21b115de5 tempest-SnapshotsActionsTest-488757491 tempest-SnapshotsActionsTest-488757491-project-admin] Action: 'action', calling method: _reset_status, body: {"os-reset_status": {"status": "deleting"}} {{(pid=101392) _process_stack /opt/stack/cinder/cinder/api/openstack/wsgi.py:854}}
Aug 26 16:26:06.782496 dv-cinder-786386-12-smb devstack@c-api.service[101392]: DEBUG cinder.api.contrib.admin_actions [None req-fa62c8df-03aa-47db-a8ee-2bd21b115de5 tempest-SnapshotsActionsTest-488757491 tempest-SnapshotsActionsTest-488757491-project-admin] Updating snapshot '4a9cb390-e878-4b04-b641-a119c692b001' with '{'status': 'deleting'}' {{(pid=101392) _reset_status /opt/stack/cinder/cinder/api/contrib/admin_actions.py:100}}
Aug 26 16:26:06.789640 dv-cinder-786386-12-smb devstack@c-api.service[101393]: INFO cinder.api.openstack.wsgi [None req-6610002f-d1cf-401c-8938-2f3823da10bd tempest-VolumeManageAdminTest-574199543 tempest-VolumeManageAdminTest-574199543-project] GET http://10.222.0.66/volume/v3/c42343cd6e9142a3b2cd785bb6ce1cdb/volumes/6171db55-e77c-421b-92b7-ac05020da140
Aug 26 16:26:06.798864 dv-cinder-786386-12-smb devstack@c-api.service[101393]: DEBUG cinder.api.openstack.wsgi [None req-6610002f-d1cf-401c-8938-2f3823da10bd tempest-VolumeManageAdminTest-574199543 tempest-VolumeManageAdminTest-574199543-project] Empty body provided in request {{(pid=101393) get_body /opt/stack/cinder/cinder/api/openstack/wsgi.py:703}}
Aug 26 16:26:06.803646 dv-cinder-786386-12-smb devstack@c-api.service[101393]: /usr/local/lib/python3.8/dist-packages/webob/acceptparse.py:1047: DeprecationWarning: The behavior of AcceptValidHeader.best_match is currently being maintained for backward compatibility, but it will be deprecated in the future, as it does not conform to the RFC.
Aug 26 16:26:06.803646 dv-cinder-786386-12-smb devstack@c-api.service[101393]: warnings.warn(
Aug 26 16:26:06.807576 dv-cinder-786386-12-smb devstack@c-api.service[101393]: DEBUG cinder.api.openstack.wsgi [None req-6610002f-d1cf-401c-8938-2f3823da10bd tempest-VolumeManageAdminTest-574199543 tempest-VolumeManageAdminTest-574199543-project] Calling method 'show' {{(pid=101393) _process_stack /opt/stack/cinder/cinder/api/openstack/wsgi.py:856}}
Aug 26 16:26:06.883825 dv-cinder-786386-12-smb devstack@c-api.service[101392]: /usr/local/lib/python3.8/dist-packages/oslo_context/context.py:105: DeprecationWarning: Policy enforcement is depending on the value of is_admin. This key is deprecated. Please update your policy file to use the standard policy values.
Aug 26 16:26:06.883825 dv-cinder-786386-12-smb devstack@c-api.service[101392]: warnings.warn('Policy enforcement is depending on the value of '
Aug 26 16:26:06.898892 dv-cinder-786386-12-smb devstack@c-api.service[101393]: /usr/local/lib/python3.8/dist-packages/oslo_context/context.py:105: DeprecationWarning: Policy enforcement is depending on the value of is_admin. This key is deprecated. Please update your policy file to use the standard policy values.
Aug 26 16:26:06.898892 dv-cinder-786386-12-smb devstack@c-api.service[101393]: warnings.warn('Policy enforcement is depending on the value of '
Aug 26 16:26:06.966024 dv-cinder-786386-12-smb devstack@c-api.service[101393]: INFO cinder.volume.api [None req-6610002f-d1cf-401c-8938-2f3823da10bd tempest-VolumeManageAdminTest-574199543 tempest-VolumeManageAdminTest-574199543-project] Volume info retrieved successfully.
Aug 26 16:26:07.060744 dv-cinder-786386-12-smb devstack@c-api.service[101393]: INFO cinder.api.openstack.wsgi [None req-6610002f-d1cf-401c-8938-2f3823da10bd tempest-VolumeManageAdminTest-574199543 tempest-VolumeManageAdminTest-574199543-project] http://10.222.0.66/volume/v3/c42343cd6e9142a3b2cd785bb6ce1cdb/volumes/6171db55-e77c-421b-92b7-ac05020da140 returned with HTTP 200
Aug 26 16:26:07.067906 dv-cinder-786386-12-smb devstack@c-api.service[101393]: [pid: 101393|app: 0|req: 38/66] 10.222.0.66 () {58 vars in 1325 bytes} [Thu Aug 26 16:26:06 2021] GET /volume/v3/c42343cd6e9142a3b2cd785bb6ce1cdb/volumes/6171db55-e77c-421b-92b7-ac05020da140 => generated 889 bytes in 319 msecs (HTTP/1.1 200) 7 headers in 285 bytes (1 switches on core 0)
Aug 26 16:26:07.086464 dv-cinder-786386-12-smb devstack@c-api.service[101393]: INFO cinder.api.openstack.wsgi [None req-2fb6af09-5d06-4f48-9d95-00bf4da3abe6 tempest-GroupsV314Test-2109818248 tempest-GroupsV314Test-2109818248-project] GET http://10.222.0.66/volume/v3/f7f66b40323a4289a01c90c69ca8f621/groups/adc63b06-d96f-454a-a79a-c16b9a176548
Aug 26 16:26:07.088848 dv-cinder-786386-12-smb devstack@c-api.service[101393]: DEBUG cinder.api.openstack.wsgi [None req-2fb6af09-5d06-4f48-9d95-00bf4da3abe6 tempest-GroupsV314Test-2109818248 tempest-GroupsV314Test-2109818248-project] Empty body provided in request {{(pid=101393) get_body /opt/stack/cinder/cinder/api/openstack/wsgi.py:703}}
Aug 26 16:26:07.091582 dv-cinder-786386-12-smb devstack@c-api.service[101393]: /usr/local/lib/python3.8/dist-packages/webob/acceptparse.py:1047: DeprecationWarning: The behavior of AcceptValidHeader.best_match is currently being maintained for backward compatibility, but it will be deprecated in the future, as it does not conform to the RFC.
Aug 26 16:26:07.091582 dv-cinder-786386-12-smb devstack@c-api.service[101393]: warnings.warn(
Aug 26 16:26:07.096216 dv-cinder-786386-12-smb devstack@c-api.service[101393]: DEBUG cinder.api.openstack.wsgi [None req-2fb6af09-5d06-4f48-9d95-00bf4da3abe6 tempest-GroupsV314Test-2109818248 tempest-GroupsV314Test-2109818248-project] Calling method 'version_select' {{(pid=101393) _process_stack /opt/stack/cinder/cinder/api/openstack/wsgi.py:856}}
Aug 26 16:26:07.098655 dv-cinder-786386-12-smb devstack@c-api.service[101393]: DEBUG cinder.api.v3.groups [None req-2fb6af09-5d06-4f48-9d95-00bf4da3abe6 tempest-GroupsV314Test-2109818248 tempest-GroupsV314Test-2109818248-project] show called for member adc63b06-d96f-454a-a79a-c16b9a176548 {{(pid=101393) show /opt/stack/cinder/cinder/api/v3/groups.py:58}}
Aug 26 16:26:07.116682 dv-cinder-786386-12-smb devstack@c-api.service[101392]: INFO cinder.api.openstack.wsgi [None req-fa62c8df-03aa-47db-a8ee-2bd21b115de5 tempest-SnapshotsActionsTest-488757491 tempest-SnapshotsActionsTest-488757491-project-admin] http://10.222.0.66/volume/v3/e19efe1b64b84e28bd5f34eb795d0aea/snapshots/4a9cb390-e878-4b04-b641-a119c692b001/action returned with HTTP 202
Aug 26 16:26:07.118425 dv-cinder-786386-12-smb devstack@c-api.service[101393]: INFO cinder.api.openstack.wsgi [None req-2fb6af09-5d06-4f48-9d95-00bf4da3abe6 tempest-GroupsV314Test-2109818248 tempest-GroupsV314Test-2109818248-project] http://10.222.0.66/volume/v3/f7f66b40323a4289a01c90c69ca8f621/groups/adc63b06-d96f-454a-a79a-c16b9a176548 returned with HTTP 404
Aug 26 16:26:07.125617 dv-cinder-786386-12-smb devstack@c-api.service[101392]: [pid: 101392|app: 0|req: 29/67] 10.222.0.66 () {60 vars in 1373 bytes} [Thu Aug 26 16:26:06 2021] POST /volume/v3/e19efe1b64b84e28bd5f34eb795d0aea/snapshots/4a9cb390-e878-4b04-b641-a119c692b001/action => generated 0 bytes in 363 msecs (HTTP/1.1 202) 7 headers in 289 bytes (1 switches on core 0)
Aug 26 16:26:07.129319 dv-cinder-786386-12-smb devstack@c-api.service[101393]: [pid: 101393|app: 0|req: 39/68] 10.222.0.66 () {60 vars in 1363 bytes} [Thu Aug 26 16:26:07 2021] GET /volume/v3/f7f66b40323a4289a01c90c69ca8f621/groups/adc63b06-d96f-454a-a79a-c16b9a176548 => generated 108 bytes in 61 msecs (HTTP/1.1 404) 7 headers in 293 bytes (1 switches on core 0)
Aug 26 16:26:07.136045 dv-cinder-786386-12-smb devstack@c-api.service[101392]: INFO cinder.api.openstack.wsgi [None req-652c882d-9fbb-4488-9819-dc7b8cbda4c3 tempest-SnapshotsActionsTest-268197297 tempest-SnapshotsActionsTest-268197297-project] GET http://10.222.0.66/volume/v3/19fc9f1d31614b15bc164a191d725acc/snapshots/4a9cb390-e878-4b04-b641-a119c692b001
Aug 26 16:26:07.136506 dv-cinder-786386-12-smb devstack@c-api.service[101392]: DEBUG cinder.api.openstack.wsgi [None req-652c882d-9fbb-4488-9819-dc7b8cbda4c3 tempest-SnapshotsActionsTest-268197297 tempest-SnapshotsActionsTest-268197297-project] Empty body provided in request {{(pid=101392) get_body /opt/stack/cinder/cinder/api/openstack/wsgi.py:703}}
Aug 26 16:26:07.142914 dv-cinder-786386-12-smb devstack@c-api.service[101392]: /usr/local/lib/python3.8/dist-packages/webob/acceptparse.py:1047: DeprecationWarning: The behavior of AcceptValidHeader.best_match is currently being maintained for backward compatibility, but it will be deprecated in the future, as it does not conform to the RFC.
Aug 26 16:26:07.142914 dv-cinder-786386-12-smb devstack@c-api.service[101392]: warnings.warn(
Aug 26 16:26:07.144139 dv-cinder-786386-12-smb devstack@c-api.service[101392]: DEBUG cinder.api.openstack.wsgi [None req-652c882d-9fbb-4488-9819-dc7b8cbda4c3 tempest-SnapshotsActionsTest-268197297 tempest-SnapshotsActionsTest-268197297-project] Calling method 'show' {{(pid=101392) _process_stack /opt/stack/cinder/cinder/api/openstack/wsgi.py:856}}
Aug 26 16:26:07.146693 dv-cinder-786386-12-smb devstack@c-api.service[101393]: INFO cinder.api.openstack.wsgi [None req-a292400e-3bbf-46b4-a041-0a6c7e0cde13 tempest-GroupsV314Test-1148386014 tempest-GroupsV314Test-1148386014-project-admin] DELETE http://10.222.0.66/volume/v3/5be5df19c9064432845e6d93f028ef6d/group_types/df52a3ee-78b8-4f6f-a32a-e392514dfebe
Aug 26 16:26:07.148238 dv-cinder-786386-12-smb devstack@c-api.service[101393]: DEBUG cinder.api.openstack.wsgi [None req-a292400e-3bbf-46b4-a041-0a6c7e0cde13 tempest-GroupsV314Test-1148386014 tempest-GroupsV314Test-1148386014-project-admin] Empty body provided in request {{(pid=101393) get_body /opt/stack/cinder/cinder/api/openstack/wsgi.py:703}}
Aug 26 16:26:07.150862 dv-cinder-786386-12-smb devstack@c-api.service[101393]: DEBUG cinder.api.openstack.wsgi [None req-a292400e-3bbf-46b4-a041-0a6c7e0cde13 tempest-GroupsV314Test-1148386014 tempest-GroupsV314Test-1148386014-project-admin] Calling method 'version_select' {{(pid=101393) _process_stack /opt/stack/cinder/cinder/api/openstack/wsgi.py:856}}
Aug 26 16:26:07.185703 dv-cinder-786386-12-smb devstack@c-api.service[101392]: /usr/local/lib/python3.8/dist-packages/oslo_context/context.py:105: DeprecationWarning: Policy enforcement is depending on the value of is_admin. This key is deprecated. Please update your policy file to use the standard policy values.
Aug 26 16:26:07.185703 dv-cinder-786386-12-smb devstack@c-api.service[101392]: warnings.warn('Policy enforcement is depending on the value of '
Aug 26 16:26:07.186912 dv-cinder-786386-12-smb devstack@c-api.service[101392]: INFO cinder.volume.api [None req-652c882d-9fbb-4488-9819-dc7b8cbda4c3 tempest-SnapshotsActionsTest-268197297 tempest-SnapshotsActionsTest-268197297-project] Snapshot retrieved successfully.
Aug 26 16:26:07.188923 dv-cinder-786386-12-smb devstack@c-api.service[101392]: INFO cinder.api.openstack.wsgi [None req-652c882d-9fbb-4488-9819-dc7b8cbda4c3 tempest-SnapshotsActionsTest-268197297 tempest-SnapshotsActionsTest-268197297-project] http://10.222.0.66/volume/v3/19fc9f1d31614b15bc164a191d725acc/snapshots/4a9cb390-e878-4b04-b641-a119c692b001 returned with HTTP 200
Aug 26 16:26:07.197099 dv-cinder-786386-12-smb devstack@c-api.service[101392]: [pid: 101392|app: 0|req: 30/69] 10.222.0.66 () {58 vars in 1331 bytes} [Thu Aug 26 16:26:07 2021] GET /volume/v3/19fc9f1d31614b15bc164a191d725acc/snapshots/4a9cb390-e878-4b04-b641-a119c692b001 => generated 568 bytes in 71 msecs (HTTP/1.1 200) 7 headers in 285 bytes (1 switches on core 0)
Aug 26 16:26:07.220538 dv-cinder-786386-12-smb devstack@c-api.service[101392]: INFO cinder.api.openstack.wsgi [None req-ee71cf6b-bb9b-463c-a471-9536236b0bc3 tempest-SnapshotsActionsTest-488757491 tempest-SnapshotsActionsTest-488757491-project-admin] POST http://10.222.0.66/volume/v3/e19efe1b64b84e28bd5f34eb795d0aea/snapshots/4a9cb390-e878-4b04-b641-a119c692b001/action
Aug 26 16:26:07.224701 dv-cinder-786386-12-smb devstack@c-api.service[101392]: /usr/local/lib/python3.8/dist-packages/webob/acceptparse.py:1047: DeprecationWarning: The behavior of AcceptValidHeader.best_match is currently being maintained for backward compatibility, but it will be deprecated in the future, as it does not conform to the RFC.
Aug 26 16:26:07.224701 dv-cinder-786386-12-smb devstack@c-api.service[101392]: warnings.warn(
Aug 26 16:26:07.225400 dv-cinder-786386-12-smb devstack@c-api.service[101392]: DEBUG cinder.api.openstack.wsgi [None req-ee71cf6b-bb9b-463c-a471-9536236b0bc3 tempest-SnapshotsActionsTest-488757491 tempest-SnapshotsActionsTest-488757491-project-admin] Action body: b'{"os-force_delete": {}}' {{(pid=101392) get_method /opt/stack/cinder/cinder/api/openstack/wsgi.py:971}}
Aug 26 16:26:07.234017 dv-cinder-786386-12-smb devstack@c-api.service[101392]: DEBUG cinder.api.openstack.wsgi [None req-ee71cf6b-bb9b-463c-a471-9536236b0bc3 tempest-SnapshotsActionsTest-488757491 tempest-SnapshotsActionsTest-488757491-project-admin] Action: 'action', calling method: _force_delete, body: {"os-force_delete": {}} {{(pid=101392) _process_stack /opt/stack/cinder/cinder/api/openstack/wsgi.py:854}}
Aug 26 16:26:07.298591 dv-cinder-786386-12-smb devstack@c-api.service[101392]: /usr/local/lib/python3.8/dist-packages/oslo_context/context.py:105: DeprecationWarning: Policy enforcement is depending on the value of is_admin. This key is deprecated. Please update your policy file to use the standard policy values.
Aug 26 16:26:07.298591 dv-cinder-786386-12-smb devstack@c-api.service[101392]: warnings.warn('Policy enforcement is depending on the value of '
Aug 26 16:26:07.316336 dv-cinder-786386-12-smb devstack@c-api.service[101392]: INFO cinder.volume.api [None req-ee71cf6b-bb9b-463c-a471-9536236b0bc3 tempest-SnapshotsActionsTest-488757491 tempest-SnapshotsActionsTest-488757491-project-admin] Snapshot retrieved successfully.
Aug 26 16:26:07.372000 dv-cinder-786386-12-smb devstack@c-api.service[101393]: INFO cinder.api.openstack.wsgi [None req-a292400e-3bbf-46b4-a041-0a6c7e0cde13 tempest-GroupsV314Test-1148386014 tempest-GroupsV314Test-1148386014-project-admin] http://10.222.0.66/volume/v3/5be5df19c9064432845e6d93f028ef6d/group_types/df52a3ee-78b8-4f6f-a32a-e392514dfebe returned with HTTP 202
Aug 26 16:26:07.374957 dv-cinder-786386-12-smb devstack@c-api.service[101393]: [pid: 101393|app: 0|req: 40/70] 10.222.0.66 () {60 vars in 1381 bytes} [Thu Aug 26 16:26:07 2021] DELETE /volume/v3/5be5df19c9064432845e6d93f028ef6d/group_types/df52a3ee-78b8-4f6f-a32a-e392514dfebe => generated 0 bytes in 244 msecs (HTTP/1.1 202) 6 headers in 234 bytes (1 switches on core 0)
Aug 26 16:26:07.387104 dv-cinder-786386-12-smb devstack@c-api.service[101393]: INFO cinder.api.openstack.wsgi [None req-6e8dad93-af72-4182-9b6b-effa217ee767 tempest-GroupsV314Test-2109818248 tempest-GroupsV314Test-2109818248-project] DELETE http://10.222.0.66/volume/v3/f7f66b40323a4289a01c90c69ca8f621/volumes/342d7a6e-4089-4a55-9974-cb1ddec68c1f
Aug 26 16:26:07.387895 dv-cinder-786386-12-smb devstack@c-api.service[101393]: DEBUG cinder.api.openstack.wsgi [None req-6e8dad93-af72-4182-9b6b-effa217ee767 tempest-GroupsV314Test-2109818248 tempest-GroupsV314Test-2109818248-project] Empty body provided in request {{(pid=101393) get_body /opt/stack/cinder/cinder/api/openstack/wsgi.py:703}}
Aug 26 16:26:07.388585 dv-cinder-786386-12-smb devstack@c-api.service[101393]: DEBUG cinder.api.openstack.wsgi [None req-6e8dad93-af72-4182-9b6b-effa217ee767 tempest-GroupsV314Test-2109818248 tempest-GroupsV314Test-2109818248-project] Calling method 'delete' {{(pid=101393) _process_stack /opt/stack/cinder/cinder/api/openstack/wsgi.py:856}}
Aug 26 16:26:07.392772 dv-cinder-786386-12-smb devstack@c-api.service[101393]: INFO cinder.api.v3.volumes [None req-6e8dad93-af72-4182-9b6b-effa217ee767 tempest-GroupsV314Test-2109818248 tempest-GroupsV314Test-2109818248-project] Delete volume with id: 342d7a6e-4089-4a55-9974-cb1ddec68c1f
Aug 26 16:26:07.420517 dv-cinder-786386-12-smb devstack@c-api.service[101393]: INFO cinder.api.openstack.wsgi [None req-6e8dad93-af72-4182-9b6b-effa217ee767 tempest-GroupsV314Test-2109818248 tempest-GroupsV314Test-2109818248-project] http://10.222.0.66/volume/v3/f7f66b40323a4289a01c90c69ca8f621/volumes/342d7a6e-4089-4a55-9974-cb1ddec68c1f returned with HTTP 404
Aug 26 16:26:07.425291 dv-cinder-786386-12-smb devstack@c-api.service[101393]: [pid: 101393|app: 0|req: 41/71] 10.222.0.66 () {58 vars in 1328 bytes} [Thu Aug 26 16:26:07 2021] DELETE /volume/v3/f7f66b40323a4289a01c90c69ca8f621/volumes/342d7a6e-4089-4a55-9974-cb1ddec68c1f => generated 109 bytes in 43 msecs (HTTP/1.1 404) 7 headers in 292 bytes (1 switches on core 0)
Aug 26 16:26:07.439939 dv-cinder-786386-12-smb devstack@c-api.service[101393]: INFO cinder.api.openstack.wsgi [None req-cd5ca712-6ae8-4f45-8b88-a4d1ec46a0a1 tempest-GroupsV314Test-1148386014 tempest-GroupsV314Test-1148386014-project-admin] DELETE http://10.222.0.66/volume/v3/5be5df19c9064432845e6d93f028ef6d/types/cc201765-c5c5-4986-bcc4-67f041a83dc1
Aug 26 16:26:07.442933 dv-cinder-786386-12-smb devstack@c-api.service[101393]: DEBUG cinder.api.openstack.wsgi [None req-cd5ca712-6ae8-4f45-8b88-a4d1ec46a0a1 tempest-GroupsV314Test-1148386014 tempest-GroupsV314Test-1148386014-project-admin] Empty body provided in request {{(pid=101393) get_body /opt/stack/cinder/cinder/api/openstack/wsgi.py:703}}
Aug 26 16:26:07.447762 dv-cinder-786386-12-smb devstack@c-api.service[101393]: DEBUG cinder.api.openstack.wsgi [None req-cd5ca712-6ae8-4f45-8b88-a4d1ec46a0a1 tempest-GroupsV314Test-1148386014 tempest-GroupsV314Test-1148386014-project-admin] Calling method '_delete' {{(pid=101393) _process_stack /opt/stack/cinder/cinder/api/openstack/wsgi.py:856}}
Aug 26 16:26:07.712994 dv-cinder-786386-12-smb devstack@c-api.service[101392]: INFO cinder.volume.api [None req-ee71cf6b-bb9b-463c-a471-9536236b0bc3 tempest-SnapshotsActionsTest-488757491 tempest-SnapshotsActionsTest-488757491-project-admin] Snapshot delete request issued successfully.
Aug 26 16:26:07.714470 dv-cinder-786386-12-smb devstack@c-api.service[101392]: INFO cinder.api.openstack.wsgi [None req-ee71cf6b-bb9b-463c-a471-9536236b0bc3 tempest-SnapshotsActionsTest-488757491 tempest-SnapshotsActionsTest-488757491-project-admin] http://10.222.0.66/volume/v3/e19efe1b64b84e28bd5f34eb795d0aea/snapshots/4a9cb390-e878-4b04-b641-a119c692b001/action returned with HTTP 202
Aug 26 16:26:07.715945 dv-cinder-786386-12-smb devstack@c-api.service[101392]: [pid: 101392|app: 0|req: 31/72] 10.222.0.66 () {60 vars in 1373 bytes} [Thu Aug 26 16:26:07 2021] POST /volume/v3/e19efe1b64b84e28bd5f34eb795d0aea/snapshots/4a9cb390-e878-4b04-b641-a119c692b001/action => generated 0 bytes in 518 msecs (HTTP/1.1 202) 7 headers in 289 bytes (1 switches on core 0)
Aug 26 16:26:07.726475 dv-cinder-786386-12-smb devstack@c-api.service[101392]: INFO cinder.api.openstack.wsgi [None req-cf18b28f-1257-4255-a54b-729bc8d9a05f tempest-SnapshotsActionsTest-268197297 tempest-SnapshotsActionsTest-268197297-project] GET http://10.222.0.66/volume/v3/19fc9f1d31614b15bc164a191d725acc/snapshots/4a9cb390-e878-4b04-b641-a119c692b001
Aug 26 16:26:07.733151 dv-cinder-786386-12-smb devstack@c-api.service[101392]: DEBUG cinder.api.openstack.wsgi [None req-cf18b28f-1257-4255-a54b-729bc8d9a05f tempest-SnapshotsActionsTest-268197297 tempest-SnapshotsActionsTest-268197297-project] Empty body provided in request {{(pid=101392) get_body /opt/stack/cinder/cinder/api/openstack/wsgi.py:703}}
Aug 26 16:26:07.737262 dv-cinder-786386-12-smb devstack@c-api.service[101392]: /usr/local/lib/python3.8/dist-packages/webob/acceptparse.py:1047: DeprecationWarning: The behavior of AcceptValidHeader.best_match is currently being maintained for backward compatibility, but it will be deprecated in the future, as it does not conform to the RFC.
Aug 26 16:26:07.737262 dv-cinder-786386-12-smb devstack@c-api.service[101392]: warnings.warn(
Aug 26 16:26:07.741804 dv-cinder-786386-12-smb devstack@c-api.service[101392]: DEBUG cinder.api.openstack.wsgi [None req-cf18b28f-1257-4255-a54b-729bc8d9a05f tempest-SnapshotsActionsTest-268197297 tempest-SnapshotsActionsTest-268197297-project] Calling method 'show' {{(pid=101392) _process_stack /opt/stack/cinder/cinder/api/openstack/wsgi.py:856}}
Aug 26 16:26:07.742676 dv-cinder-786386-12-smb devstack@c-api.service[101393]: INFO cinder.api.openstack.wsgi [None req-cd5ca712-6ae8-4f45-8b88-a4d1ec46a0a1 tempest-GroupsV314Test-1148386014 tempest-GroupsV314Test-1148386014-project-admin] http://10.222.0.66/volume/v3/5be5df19c9064432845e6d93f028ef6d/types/cc201765-c5c5-4986-bcc4-67f041a83dc1 returned with HTTP 202
Aug 26 16:26:07.743492 dv-cinder-786386-12-smb devstack@c-api.service[101393]: [pid: 101393|app: 0|req: 42/73] 10.222.0.66 () {58 vars in 1322 bytes} [Thu Aug 26 16:26:07 2021] DELETE /volume/v3/5be5df19c9064432845e6d93f028ef6d/types/cc201765-c5c5-4986-bcc4-67f041a83dc1 => generated 0 bytes in 312 msecs (HTTP/1.1 202) 6 headers in 233 bytes (1 switches on core 0)
Aug 26 16:26:07.757427 dv-cinder-786386-12-smb devstack@c-api.service[101393]: INFO cinder.api.openstack.wsgi [None req-6dd0bc91-e89d-42ac-a764-d0813d004352 tempest-GroupsV314Test-1148386014 tempest-GroupsV314Test-1148386014-project-admin] GET http://10.222.0.66/volume/v3/5be5df19c9064432845e6d93f028ef6d/types/cc201765-c5c5-4986-bcc4-67f041a83dc1
Aug 26 16:26:07.758077 dv-cinder-786386-12-smb devstack@c-api.service[101393]: DEBUG cinder.api.openstack.wsgi [None req-6dd0bc91-e89d-42ac-a764-d0813d004352 tempest-GroupsV314Test-1148386014 tempest-GroupsV314Test-1148386014-project-admin] Empty body provided in request {{(pid=101393) get_body /opt/stack/cinder/cinder/api/openstack/wsgi.py:703}}
Aug 26 16:26:07.758854 dv-cinder-786386-12-smb devstack@c-api.service[101393]: DEBUG cinder.api.openstack.wsgi [None req-6dd0bc91-e89d-42ac-a764-d0813d004352 tempest-GroupsV314Test-1148386014 tempest-GroupsV314Test-1148386014-project-admin] Calling method 'show' {{(pid=101393) _process_stack /opt/stack/cinder/cinder/api/openstack/wsgi.py:856}}
Aug 26 16:26:07.767501 dv-cinder-786386-12-smb devstack@c-api.service[101393]: INFO cinder.api.openstack.wsgi [None req-6dd0bc91-e89d-42ac-a764-d0813d004352 tempest-GroupsV314Test-1148386014 tempest-GroupsV314Test-1148386014-project-admin] http://10.222.0.66/volume/v3/5be5df19c9064432845e6d93f028ef6d/types/cc201765-c5c5-4986-bcc4-67f041a83dc1 returned with HTTP 404
Aug 26 16:26:07.773944 dv-cinder-786386-12-smb devstack@c-api.service[101393]: [pid: 101393|app: 0|req: 43/74] 10.222.0.66 () {58 vars in 1319 bytes} [Thu Aug 26 16:26:07 2021] GET /volume/v3/5be5df19c9064432845e6d93f028ef6d/types/cc201765-c5c5-4986-bcc4-67f041a83dc1 => generated 114 bytes in 23 msecs (HTTP/1.1 404) 7 headers in 292 bytes (1 switches on core 0)
Aug 26 16:26:07.776382 dv-cinder-786386-12-smb devstack@c-api.service[101392]: /usr/local/lib/python3.8/dist-packages/oslo_context/context.py:105: DeprecationWarning: Policy enforcement is depending on the value of is_admin. This key is deprecated. Please update your policy file to use the standard policy values.
Aug 26 16:26:07.776382 dv-cinder-786386-12-smb devstack@c-api.service[101392]: warnings.warn('Policy enforcement is depending on the value of '
Aug 26 16:26:07.789705 dv-cinder-786386-12-smb devstack@c-api.service[101392]: INFO cinder.volume.api [None req-cf18b28f-1257-4255-a54b-729bc8d9a05f tempest-SnapshotsActionsTest-268197297 tempest-SnapshotsActionsTest-268197297-project] Snapshot retrieved successfully.
Aug 26 16:26:07.798546 dv-cinder-786386-12-smb devstack@c-api.service[101392]: INFO cinder.api.openstack.wsgi [None req-cf18b28f-1257-4255-a54b-729bc8d9a05f tempest-SnapshotsActionsTest-268197297 tempest-SnapshotsActionsTest-268197297-project] http://10.222.0.66/volume/v3/19fc9f1d31614b15bc164a191d725acc/snapshots/4a9cb390-e878-4b04-b641-a119c692b001 returned with HTTP 200
Aug 26 16:26:07.806956 dv-cinder-786386-12-smb devstack@c-api.service[101392]: [pid: 101392|app: 0|req: 32/75] 10.222.0.66 () {58 vars in 1331 bytes} [Thu Aug 26 16:26:07 2021] GET /volume/v3/19fc9f1d31614b15bc164a191d725acc/snapshots/4a9cb390-e878-4b04-b641-a119c692b001 => generated 568 bytes in 86 msecs (HTTP/1.1 200) 7 headers in 285 bytes (1 switches on core 0)
Aug 26 16:26:08.090919 dv-cinder-786386-12-smb devstack@c-api.service[101393]: INFO cinder.api.openstack.wsgi [None req-0fdf4012-0e33-4033-adcc-108b143f2681 tempest-VolumeManageAdminTest-574199543 tempest-VolumeManageAdminTest-574199543-project] GET http://10.222.0.66/volume/v3/c42343cd6e9142a3b2cd785bb6ce1cdb/volumes/6171db55-e77c-421b-92b7-ac05020da140
Aug 26 16:26:08.091991 dv-cinder-786386-12-smb devstack@c-api.service[101393]: DEBUG cinder.api.openstack.wsgi [None req-0fdf4012-0e33-4033-adcc-108b143f2681 tempest-VolumeManageAdminTest-574199543 tempest-VolumeManageAdminTest-574199543-project] Empty body provided in request {{(pid=101393) get_body /opt/stack/cinder/cinder/api/openstack/wsgi.py:703}}
Aug 26 16:26:08.092599 dv-cinder-786386-12-smb devstack@c-api.service[101393]: DEBUG cinder.api.openstack.wsgi [None req-0fdf4012-0e33-4033-adcc-108b143f2681 tempest-VolumeManageAdminTest-574199543 tempest-VolumeManageAdminTest-574199543-project] Calling method 'show' {{(pid=101393) _process_stack /opt/stack/cinder/cinder/api/openstack/wsgi.py:856}}
Aug 26 16:26:08.154698 dv-cinder-786386-12-smb devstack@c-api.service[101393]: /usr/local/lib/python3.8/dist-packages/oslo_context/context.py:105: DeprecationWarning: Policy enforcement is depending on the value of is_admin. This key is deprecated. Please update your policy file to use the standard policy values.
Aug 26 16:26:08.154698 dv-cinder-786386-12-smb devstack@c-api.service[101393]: warnings.warn('Policy enforcement is depending on the value of '
Aug 26 16:26:08.179285 dv-cinder-786386-12-smb devstack@c-api.service[101393]: INFO cinder.volume.api [None req-0fdf4012-0e33-4033-adcc-108b143f2681 tempest-VolumeManageAdminTest-574199543 tempest-VolumeManageAdminTest-574199543-project] Volume info retrieved successfully.
Aug 26 16:26:08.303638 dv-cinder-786386-12-smb devstack@c-api.service[101393]: INFO cinder.api.openstack.wsgi [None req-0fdf4012-0e33-4033-adcc-108b143f2681 tempest-VolumeManageAdminTest-574199543 tempest-VolumeManageAdminTest-574199543-project] http://10.222.0.66/volume/v3/c42343cd6e9142a3b2cd785bb6ce1cdb/volumes/6171db55-e77c-421b-92b7-ac05020da140 returned with HTTP 200
Aug 26 16:26:08.325189 dv-cinder-786386-12-smb devstack@c-api.service[101393]: [pid: 101393|app: 0|req: 44/76] 10.222.0.66 () {58 vars in 1325 bytes} [Thu Aug 26 16:26:08 2021] GET /volume/v3/c42343cd6e9142a3b2cd785bb6ce1cdb/volumes/6171db55-e77c-421b-92b7-ac05020da140 => generated 913 bytes in 246 msecs (HTTP/1.1 200) 7 headers in 285 bytes (1 switches on core 0)
Aug 26 16:26:08.999137 dv-cinder-786386-12-smb devstack@c-api.service[101392]: INFO cinder.api.openstack.wsgi [None req-d459701b-1212-4a44-9f2b-e7d089551863 tempest-SnapshotsActionsTest-268197297 tempest-SnapshotsActionsTest-268197297-project] GET http://10.222.0.66/volume/v3/19fc9f1d31614b15bc164a191d725acc/snapshots/4a9cb390-e878-4b04-b641-a119c692b001
Aug 26 16:26:08.999137 dv-cinder-786386-12-smb devstack@c-api.service[101392]: DEBUG cinder.api.openstack.wsgi [None req-d459701b-1212-4a44-9f2b-e7d089551863 tempest-SnapshotsActionsTest-268197297 tempest-SnapshotsActionsTest-268197297-project] Empty body provided in request {{(pid=101392) get_body /opt/stack/cinder/cinder/api/openstack/wsgi.py:703}}
Aug 26 16:26:08.999137 dv-cinder-786386-12-smb devstack@c-api.service[101392]: /usr/local/lib/python3.8/dist-packages/webob/acceptparse.py:1047: DeprecationWarning: The behavior of AcceptValidHeader.best_match is currently being maintained for backward compatibility, but it will be deprecated in the future, as it does not conform to the RFC.
Aug 26 16:26:08.999137 dv-cinder-786386-12-smb devstack@c-api.service[101392]: warnings.warn(
Aug 26 16:26:08.999137 dv-cinder-786386-12-smb devstack@c-api.service[101392]: DEBUG cinder.api.openstack.wsgi [None req-d459701b-1212-4a44-9f2b-e7d089551863 tempest-SnapshotsActionsTest-268197297 tempest-SnapshotsActionsTest-268197297-project] Calling method 'show' {{(pid=101392) _process_stack /opt/stack/cinder/cinder/api/openstack/wsgi.py:856}}
Aug 26 16:26:08.999137 dv-cinder-786386-12-smb devstack@c-api.service[101392]: INFO cinder.api.openstack.wsgi [None req-d459701b-1212-4a44-9f2b-e7d089551863 tempest-SnapshotsActionsTest-268197297 tempest-SnapshotsActionsTest-268197297-project] http://10.222.0.66/volume/v3/19fc9f1d31614b15bc164a191d725acc/snapshots/4a9cb390-e878-4b04-b641-a119c692b001 returned with HTTP 404
Aug 26 16:26:08.999137 dv-cinder-786386-12-smb devstack@c-api.service[101392]: [pid: 101392|app: 0|req: 33/77] 10.222.0.66 () {58 vars in 1331 bytes} [Thu Aug 26 16:26:08 2021] GET /volume/v3/19fc9f1d31614b15bc164a191d725acc/snapshots/4a9cb390-e878-4b04-b641-a119c692b001 => generated 111 bytes in 32 msecs (HTTP/1.1 404) 7 headers in 292 bytes (1 switches on core 0)
Aug 26 16:26:09.000446 dv-cinder-786386-12-smb devstack@c-api.service[101393]: INFO cinder.api.openstack.wsgi [None req-20f3954d-bd64-4c2f-bd65-f1a1a564e2c1 tempest-SnapshotsActionsTest-488757491 tempest-SnapshotsActionsTest-488757491-project-admin] POST http://10.222.0.66/volume/v3/e19efe1b64b84e28bd5f34eb795d0aea/snapshots/cd21fd20-d366-4c7b-9b2a-d54494430ceb/action
Aug 26 16:26:09.000446 dv-cinder-786386-12-smb devstack@c-api.service[101393]: /usr/local/lib/python3.8/dist-packages/webob/acceptparse.py:1047: DeprecationWarning: The behavior of AcceptValidHeader.best_match is currently being maintained for backward compatibility, but it will be deprecated in the future, as it does not conform to the RFC.
Aug 26 16:26:09.000446 dv-cinder-786386-12-smb devstack@c-api.service[101393]: warnings.warn(
Aug 26 16:26:09.000446 dv-cinder-786386-12-smb devstack@c-api.service[101393]: DEBUG cinder.api.openstack.wsgi [None req-20f3954d-bd64-4c2f-bd65-f1a1a564e2c1 tempest-SnapshotsActionsTest-488757491 tempest-SnapshotsActionsTest-488757491-project-admin] Action body: b'{"os-reset_status": {"status": "available"}}' {{(pid=101393) get_method /opt/stack/cinder/cinder/api/openstack/wsgi.py:971}}
Aug 26 16:26:09.000446 dv-cinder-786386-12-smb devstack@c-api.service[101393]: DEBUG cinder.api.openstack.wsgi [None req-20f3954d-bd64-4c2f-bd65-f1a1a564e2c1 tempest-SnapshotsActionsTest-488757491 tempest-SnapshotsActionsTest-488757491-project-admin] Action: 'action', calling method: _reset_status, body: {"os-reset_status": {"status": "available"}} {{(pid=101393) _process_stack /opt/stack/cinder/cinder/api/openstack/wsgi.py:854}}
Aug 26 16:26:09.000446 dv-cinder-786386-12-smb devstack@c-api.service[101393]: DEBUG cinder.api.contrib.admin_actions [None req-20f3954d-bd64-4c2f-bd65-f1a1a564e2c1 tempest-SnapshotsActionsTest-488757491 tempest-SnapshotsActionsTest-488757491-project-admin] Updating snapshot 'cd21fd20-d366-4c7b-9b2a-d54494430ceb' with '{'status': 'available'}' {{(pid=101393) _reset_status /opt/stack/cinder/cinder/api/contrib/admin_actions.py:100}}
Aug 26 16:26:09.000446 dv-cinder-786386-12-smb devstack@c-api.service[101393]: /usr/local/lib/python3.8/dist-packages/oslo_context/context.py:105: DeprecationWarning: Policy enforcement is depending on the value of is_admin. This key is deprecated. Please update your policy file to use the standard policy values.
Aug 26 16:26:09.000446 dv-cinder-786386-12-smb devstack@c-api.service[101393]: warnings.warn('Policy enforcement is depending on the value of '
Aug 26 16:26:09.177501 dv-cinder-786386-12-smb devstack@c-api.service[101393]: INFO cinder.api.openstack.wsgi [None req-20f3954d-bd64-4c2f-bd65-f1a1a564e2c1 tempest-SnapshotsActionsTest-488757491 tempest-SnapshotsActionsTest-488757491-project-admin] http://10.222.0.66/volume/v3/e19efe1b64b84e28bd5f34eb795d0aea/snapshots/cd21fd20-d366-4c7b-9b2a-d54494430ceb/action returned with HTTP 202
Aug 26 16:26:09.180379 dv-cinder-786386-12-smb devstack@c-api.service[101393]: [pid: 101393|app: 0|req: 45/78] 10.222.0.66 () {60 vars in 1373 bytes} [Thu Aug 26 16:26:08 2021] POST /volume/v3/e19efe1b64b84e28bd5f34eb795d0aea/snapshots/cd21fd20-d366-4c7b-9b2a-d54494430ceb/action => generated 0 bytes in 337 msecs (HTTP/1.1 202) 7 headers in 289 bytes (1 switches on core 0)
Aug 26 16:26:09.196410 dv-cinder-786386-12-smb devstack@c-api.service[101392]: INFO cinder.api.openstack.wsgi [None req-4eac41eb-7b64-4e8c-be84-5f89375d3442 tempest-SnapshotsActionsTest-268197297 tempest-SnapshotsActionsTest-268197297-project] GET http://10.222.0.66/volume/v3/19fc9f1d31614b15bc164a191d725acc/snapshots/cd21fd20-d366-4c7b-9b2a-d54494430ceb
Aug 26 16:26:09.197014 dv-cinder-786386-12-smb devstack@c-api.service[101392]: DEBUG cinder.api.openstack.wsgi [None req-4eac41eb-7b64-4e8c-be84-5f89375d3442 tempest-SnapshotsActionsTest-268197297 tempest-SnapshotsActionsTest-268197297-project] Empty body provided in request {{(pid=101392) get_body /opt/stack/cinder/cinder/api/openstack/wsgi.py:703}}
Aug 26 16:26:09.197520 dv-cinder-786386-12-smb devstack@c-api.service[101392]: DEBUG cinder.api.openstack.wsgi [None req-4eac41eb-7b64-4e8c-be84-5f89375d3442 tempest-SnapshotsActionsTest-268197297 tempest-SnapshotsActionsTest-268197297-project] Calling method 'show' {{(pid=101392) _process_stack /opt/stack/cinder/cinder/api/openstack/wsgi.py:856}}
Aug 26 16:26:09.214383 dv-cinder-786386-12-smb devstack@c-api.service[101392]: /usr/local/lib/python3.8/dist-packages/oslo_context/context.py:105: DeprecationWarning: Policy enforcement is depending on the value of is_admin. This key is deprecated. Please update your policy file to use the standard policy values.
Aug 26 16:26:09.214383 dv-cinder-786386-12-smb devstack@c-api.service[101392]: warnings.warn('Policy enforcement is depending on the value of '
Aug 26 16:26:09.218802 dv-cinder-786386-12-smb devstack@c-api.service[101392]: INFO cinder.volume.api [None req-4eac41eb-7b64-4e8c-be84-5f89375d3442 tempest-SnapshotsActionsTest-268197297 tempest-SnapshotsActionsTest-268197297-project] Snapshot retrieved successfully.
Aug 26 16:26:09.221363 dv-cinder-786386-12-smb devstack@c-api.service[101392]: INFO cinder.api.openstack.wsgi [None req-4eac41eb-7b64-4e8c-be84-5f89375d3442 tempest-SnapshotsActionsTest-268197297 tempest-SnapshotsActionsTest-268197297-project] http://10.222.0.66/volume/v3/19fc9f1d31614b15bc164a191d725acc/snapshots/cd21fd20-d366-4c7b-9b2a-d54494430ceb returned with HTTP 200
Aug 26 16:26:09.222219 dv-cinder-786386-12-smb devstack@c-api.service[101392]: [pid: 101392|app: 0|req: 34/79] 10.222.0.66 () {58 vars in 1331 bytes} [Thu Aug 26 16:26:09 2021] GET /volume/v3/19fc9f1d31614b15bc164a191d725acc/snapshots/cd21fd20-d366-4c7b-9b2a-d54494430ceb => generated 531 bytes in 33 msecs (HTTP/1.1 200) 7 headers in 285 bytes (1 switches on core 0)
Aug 26 16:26:09.242908 dv-cinder-786386-12-smb devstack@c-api.service[101393]: INFO cinder.api.openstack.wsgi [None req-78040dd2-3f74-4735-b2e0-05a4cb3dd7e1 tempest-SnapshotsActionsTest-268197297 tempest-SnapshotsActionsTest-268197297-project] POST http://10.222.0.66/volume/v3/19fc9f1d31614b15bc164a191d725acc/snapshots
Aug 26 16:26:09.245472 dv-cinder-786386-12-smb devstack@c-api.service[101393]: /usr/local/lib/python3.8/dist-packages/webob/acceptparse.py:1047: DeprecationWarning: The behavior of AcceptValidHeader.best_match is currently being maintained for backward compatibility, but it will be deprecated in the future, as it does not conform to the RFC.
Aug 26 16:26:09.245472 dv-cinder-786386-12-smb devstack@c-api.service[101393]: warnings.warn(
Aug 26 16:26:09.246563 dv-cinder-786386-12-smb devstack@c-api.service[101393]: DEBUG cinder.api.openstack.wsgi [None req-78040dd2-3f74-4735-b2e0-05a4cb3dd7e1 tempest-SnapshotsActionsTest-268197297 tempest-SnapshotsActionsTest-268197297-project] Action: 'create', calling method: create, body: {"snapshot": {"volume_id": "544af65e-8766-47e5-b351-de49abca55e7", "name": "tempest-SnapshotsActionsTest-Snapshot-1140258409"}} {{(pid=101393) _process_stack /opt/stack/cinder/cinder/api/openstack/wsgi.py:854}}
Aug 26 16:26:09.309283 dv-cinder-786386-12-smb devstack@c-api.service[101393]: /usr/local/lib/python3.8/dist-packages/oslo_context/context.py:105: DeprecationWarning: Policy enforcement is depending on the value of is_admin. This key is deprecated. Please update your policy file to use the standard policy values.
Aug 26 16:26:09.309283 dv-cinder-786386-12-smb devstack@c-api.service[101393]: warnings.warn('Policy enforcement is depending on the value of '
Aug 26 16:26:09.315346 dv-cinder-786386-12-smb devstack@c-api.service[101393]: INFO cinder.volume.api [None req-78040dd2-3f74-4735-b2e0-05a4cb3dd7e1 tempest-SnapshotsActionsTest-268197297 tempest-SnapshotsActionsTest-268197297-project] Volume info retrieved successfully.
Aug 26 16:26:09.315974 dv-cinder-786386-12-smb devstack@c-api.service[101393]: INFO cinder.api.v2.snapshots [None req-78040dd2-3f74-4735-b2e0-05a4cb3dd7e1 tempest-SnapshotsActionsTest-268197297 tempest-SnapshotsActionsTest-268197297-project] Create snapshot from volume 544af65e-8766-47e5-b351-de49abca55e7
Aug 26 16:26:09.332429 dv-cinder-786386-12-smb devstack@c-api.service[101392]: INFO cinder.api.openstack.wsgi [None req-4aef8252-bed7-4e90-85ef-7172598d1ab2 tempest-VolumeManageAdminTest-574199543 tempest-VolumeManageAdminTest-574199543-project] GET http://10.222.0.66/volume/v3/c42343cd6e9142a3b2cd785bb6ce1cdb/volumes/6171db55-e77c-421b-92b7-ac05020da140
Aug 26 16:26:09.333278 dv-cinder-786386-12-smb devstack@c-api.service[101392]: DEBUG cinder.api.openstack.wsgi [None req-4aef8252-bed7-4e90-85ef-7172598d1ab2 tempest-VolumeManageAdminTest-574199543 tempest-VolumeManageAdminTest-574199543-project] Empty body provided in request {{(pid=101392) get_body /opt/stack/cinder/cinder/api/openstack/wsgi.py:703}}
Aug 26 16:26:09.333660 dv-cinder-786386-12-smb devstack@c-api.service[101392]: /usr/local/lib/python3.8/dist-packages/webob/acceptparse.py:1047: DeprecationWarning: The behavior of AcceptValidHeader.best_match is currently being maintained for backward compatibility, but it will be deprecated in the future, as it does not conform to the RFC.
Aug 26 16:26:09.333660 dv-cinder-786386-12-smb devstack@c-api.service[101392]: warnings.warn(
Aug 26 16:26:09.334231 dv-cinder-786386-12-smb devstack@c-api.service[101392]: DEBUG cinder.api.openstack.wsgi [None req-4aef8252-bed7-4e90-85ef-7172598d1ab2 tempest-VolumeManageAdminTest-574199543 tempest-VolumeManageAdminTest-574199543-project] Calling method 'show' {{(pid=101392) _process_stack /opt/stack/cinder/cinder/api/openstack/wsgi.py:856}}
Aug 26 16:26:09.392473 dv-cinder-786386-12-smb devstack@c-api.service[101392]: /usr/local/lib/python3.8/dist-packages/oslo_context/context.py:105: DeprecationWarning: Policy enforcement is depending on the value of is_admin. This key is deprecated. Please update your policy file to use the standard policy values.
Aug 26 16:26:09.392473 dv-cinder-786386-12-smb devstack@c-api.service[101392]: warnings.warn('Policy enforcement is depending on the value of '
Aug 26 16:26:09.437531 dv-cinder-786386-12-smb devstack@c-api.service[101392]: INFO cinder.volume.api [None req-4aef8252-bed7-4e90-85ef-7172598d1ab2 tempest-VolumeManageAdminTest-574199543 tempest-VolumeManageAdminTest-574199543-project] Volume info retrieved successfully.
Aug 26 16:26:09.593704 dv-cinder-786386-12-smb devstack@c-api.service[101392]: INFO cinder.api.openstack.wsgi [None req-4aef8252-bed7-4e90-85ef-7172598d1ab2 tempest-VolumeManageAdminTest-574199543 tempest-VolumeManageAdminTest-574199543-project] http://10.222.0.66/volume/v3/c42343cd6e9142a3b2cd785bb6ce1cdb/volumes/6171db55-e77c-421b-92b7-ac05020da140 returned with HTTP 200
Aug 26 16:26:09.594541 dv-cinder-786386-12-smb devstack@c-api.service[101392]: [pid: 101392|app: 0|req: 35/80] 10.222.0.66 () {58 vars in 1325 bytes} [Thu Aug 26 16:26:09 2021] GET /volume/v3/c42343cd6e9142a3b2cd785bb6ce1cdb/volumes/6171db55-e77c-421b-92b7-ac05020da140 => generated 914 bytes in 269 msecs (HTTP/1.1 200) 7 headers in 285 bytes (1 switches on core 0)
