Aug 25 17:55:03.986559 dv-cinder-786386-10-iscsi devstack@c-api.service[100645]: [pid: 100645|app: 0|req: 231/468] 10.222.0.23 () {58 vars in 1325 bytes} [Wed Aug 25 17:55:03 2021] GET /volume/v3/4f00fb110f044ce28d72aaaa2e0c23df/volumes/2ed7bf2a-425c-4b15-a5ac-00b9357a496c => generated 912 bytes in 115 msecs (HTTP/1.1 200) 7 headers in 285 bytes (2 switches on core 0)
Aug 25 17:55:04.002489 dv-cinder-786386-10-iscsi devstack@c-api.service[100645]: INFO cinder.api.openstack.wsgi [None req-2a062e67-a51c-434d-995c-43a85d06227f tempest-DeleteServersTestJSON-1203192036 tempest-DeleteServersTestJSON-1203192036-project] GET http://10.222.0.23/volume/v3/3615de93cafe42aab6accef245007bc8/volumes/739b0dc7-e59b-4640-8ee5-5965fab4cbd8
Aug 25 17:55:04.004297 dv-cinder-786386-10-iscsi devstack@c-api.service[100645]: DEBUG cinder.api.openstack.wsgi [None req-2a062e67-a51c-434d-995c-43a85d06227f tempest-DeleteServersTestJSON-1203192036 tempest-DeleteServersTestJSON-1203192036-project] Empty body provided in request {{(pid=100645) get_body /opt/stack/cinder/cinder/api/openstack/wsgi.py:703}}
Aug 25 17:55:04.004297 dv-cinder-786386-10-iscsi devstack@c-api.service[100645]: /usr/local/lib/python3.8/dist-packages/webob/acceptparse.py:1047: DeprecationWarning: The behavior of AcceptValidHeader.best_match is currently being maintained for backward compatibility, but it will be deprecated in the future, as it does not conform to the RFC.
Aug 25 17:55:04.004297 dv-cinder-786386-10-iscsi devstack@c-api.service[100645]: warnings.warn(
Aug 25 17:55:04.004748 dv-cinder-786386-10-iscsi devstack@c-api.service[100645]: DEBUG cinder.api.openstack.wsgi [None req-2a062e67-a51c-434d-995c-43a85d06227f tempest-DeleteServersTestJSON-1203192036 tempest-DeleteServersTestJSON-1203192036-project] Calling method 'show' {{(pid=100645) _process_stack /opt/stack/cinder/cinder/api/openstack/wsgi.py:856}}
Aug 25 17:55:04.023681 dv-cinder-786386-10-iscsi devstack@c-api.service[100646]: INFO cinder.api.openstack.wsgi [None req-726ab0d1-f106-4d3a-87ff-339c0f1e1bab tempest-VolumeTypesAccessTest-946773233 tempest-VolumeTypesAccessTest-946773233-project-admin] http://10.222.0.23/volume/v3/c38610eb6c5e419b9ec4123153c78e51/types/763e32a6-032b-4478-909c-81a5da974484 returned with HTTP 202
Aug 25 17:55:04.027486 dv-cinder-786386-10-iscsi devstack@c-api.service[100646]: [pid: 100646|app: 0|req: 238/469] 10.222.0.23 () {58 vars in 1322 bytes} [Wed Aug 25 17:55:03 2021] DELETE /volume/v3/c38610eb6c5e419b9ec4123153c78e51/types/763e32a6-032b-4478-909c-81a5da974484 => generated 0 bytes in 211 msecs (HTTP/1.1 202) 6 headers in 233 bytes (1 switches on core 0)
Aug 25 17:55:04.035285 dv-cinder-786386-10-iscsi devstack@c-api.service[100645]: /usr/local/lib/python3.8/dist-packages/oslo_context/context.py:105: DeprecationWarning: Policy enforcement is depending on the value of is_admin. This key is deprecated. Please update your policy file to use the standard policy values.
Aug 25 17:55:04.035285 dv-cinder-786386-10-iscsi devstack@c-api.service[100645]: warnings.warn('Policy enforcement is depending on the value of '
Aug 25 17:55:04.045573 dv-cinder-786386-10-iscsi devstack@c-api.service[100646]: INFO cinder.api.openstack.wsgi [None req-b190aae3-c808-4883-a020-0ff3f90919ee tempest-VolumeTypesAccessTest-946773233 tempest-VolumeTypesAccessTest-946773233-project-admin] GET http://10.222.0.23/volume/v3/c38610eb6c5e419b9ec4123153c78e51/types/763e32a6-032b-4478-909c-81a5da974484
Aug 25 17:55:04.046748 dv-cinder-786386-10-iscsi devstack@c-api.service[100646]: DEBUG cinder.api.openstack.wsgi [None req-b190aae3-c808-4883-a020-0ff3f90919ee tempest-VolumeTypesAccessTest-946773233 tempest-VolumeTypesAccessTest-946773233-project-admin] Empty body provided in request {{(pid=100646) get_body /opt/stack/cinder/cinder/api/openstack/wsgi.py:703}}
Aug 25 17:55:04.047644 dv-cinder-786386-10-iscsi devstack@c-api.service[100646]: DEBUG cinder.api.openstack.wsgi [None req-b190aae3-c808-4883-a020-0ff3f90919ee tempest-VolumeTypesAccessTest-946773233 tempest-VolumeTypesAccessTest-946773233-project-admin] Calling method 'show' {{(pid=100646) _process_stack /opt/stack/cinder/cinder/api/openstack/wsgi.py:856}}
Aug 25 17:55:04.050304 dv-cinder-786386-10-iscsi devstack@c-api.service[100645]: INFO cinder.volume.api [None req-2a062e67-a51c-434d-995c-43a85d06227f tempest-DeleteServersTestJSON-1203192036 tempest-DeleteServersTestJSON-1203192036-project] Volume info retrieved successfully.
Aug 25 17:55:04.057920 dv-cinder-786386-10-iscsi devstack@c-api.service[100646]: INFO cinder.api.openstack.wsgi [None req-b190aae3-c808-4883-a020-0ff3f90919ee tempest-VolumeTypesAccessTest-946773233 tempest-VolumeTypesAccessTest-946773233-project-admin] http://10.222.0.23/volume/v3/c38610eb6c5e419b9ec4123153c78e51/types/763e32a6-032b-4478-909c-81a5da974484 returned with HTTP 404
Aug 25 17:55:04.060105 dv-cinder-786386-10-iscsi devstack@c-api.service[100646]: [pid: 100646|app: 0|req: 239/470] 10.222.0.23 () {58 vars in 1319 bytes} [Wed Aug 25 17:55:04 2021] GET /volume/v3/c38610eb6c5e419b9ec4123153c78e51/types/763e32a6-032b-4478-909c-81a5da974484 => generated 114 bytes in 27 msecs (HTTP/1.1 404) 7 headers in 292 bytes (1 switches on core 0)
Aug 25 17:55:04.076015 dv-cinder-786386-10-iscsi devstack@c-api.service[100646]: INFO cinder.api.openstack.wsgi [None req-161453d7-04a4-4f98-91af-f8608ab3ee59 tempest-VolumeTypesAccessTest-1663671790 tempest-VolumeTypesAccessTest-1663671790-project] DELETE http://10.222.0.23/volume/v3/ea5b6593c5f34630be3062a1d40f78ec/volumes/9398049e-047d-41f1-8106-ba630c858fc7
Aug 25 17:55:04.076972 dv-cinder-786386-10-iscsi devstack@c-api.service[100646]: DEBUG cinder.api.openstack.wsgi [None req-161453d7-04a4-4f98-91af-f8608ab3ee59 tempest-VolumeTypesAccessTest-1663671790 tempest-VolumeTypesAccessTest-1663671790-project] Empty body provided in request {{(pid=100646) get_body /opt/stack/cinder/cinder/api/openstack/wsgi.py:703}}
Aug 25 17:55:04.077494 dv-cinder-786386-10-iscsi devstack@c-api.service[100645]: /usr/local/lib/python3.8/dist-packages/oslo_context/context.py:105: DeprecationWarning: Policy enforcement is depending on the value of is_admin. This key is deprecated. Please update your policy file to use the standard policy values.
Aug 25 17:55:04.077494 dv-cinder-786386-10-iscsi devstack@c-api.service[100645]: warnings.warn('Policy enforcement is depending on the value of '
Aug 25 17:55:04.080313 dv-cinder-786386-10-iscsi devstack@c-api.service[100646]: DEBUG cinder.api.openstack.wsgi [None req-161453d7-04a4-4f98-91af-f8608ab3ee59 tempest-VolumeTypesAccessTest-1663671790 tempest-VolumeTypesAccessTest-1663671790-project] Calling method 'delete' {{(pid=100646) _process_stack /opt/stack/cinder/cinder/api/openstack/wsgi.py:856}}
Aug 25 17:55:04.081004 dv-cinder-786386-10-iscsi devstack@c-api.service[100646]: INFO cinder.api.v3.volumes [None req-161453d7-04a4-4f98-91af-f8608ab3ee59 tempest-VolumeTypesAccessTest-1663671790 tempest-VolumeTypesAccessTest-1663671790-project] Delete volume with id: 9398049e-047d-41f1-8106-ba630c858fc7
Aug 25 17:55:04.097794 dv-cinder-786386-10-iscsi devstack@c-api.service[100645]: INFO cinder.api.openstack.wsgi [None req-2a062e67-a51c-434d-995c-43a85d06227f tempest-DeleteServersTestJSON-1203192036 tempest-DeleteServersTestJSON-1203192036-project] http://10.222.0.23/volume/v3/3615de93cafe42aab6accef245007bc8/volumes/739b0dc7-e59b-4640-8ee5-5965fab4cbd8 returned with HTTP 200
Aug 25 17:55:04.097794 dv-cinder-786386-10-iscsi devstack@c-api.service[100645]: [pid: 100645|app: 0|req: 232/471] 10.222.0.23 () {58 vars in 1325 bytes} [Wed Aug 25 17:55:03 2021] GET /volume/v3/3615de93cafe42aab6accef245007bc8/volumes/739b0dc7-e59b-4640-8ee5-5965fab4cbd8 => generated 913 bytes in 123 msecs (HTTP/1.1 200) 7 headers in 285 bytes (1 switches on core 0)
Aug 25 17:55:04.121202 dv-cinder-786386-10-iscsi devstack@c-api.service[100646]: /usr/local/lib/python3.8/dist-packages/oslo_context/context.py:105: DeprecationWarning: Policy enforcement is depending on the value of is_admin. This key is deprecated. Please update your policy file to use the standard policy values.
Aug 25 17:55:04.121202 dv-cinder-786386-10-iscsi devstack@c-api.service[100646]: warnings.warn('Policy enforcement is depending on the value of '
Aug 25 17:55:04.123408 dv-cinder-786386-10-iscsi devstack@c-api.service[100646]: INFO cinder.volume.api [None req-161453d7-04a4-4f98-91af-f8608ab3ee59 tempest-VolumeTypesAccessTest-1663671790 tempest-VolumeTypesAccessTest-1663671790-project] Volume info retrieved successfully.
Aug 25 17:55:04.152369 dv-cinder-786386-10-iscsi devstack@c-api.service[100645]: INFO cinder.api.openstack.wsgi [None req-9eeb5658-99bf-4f71-b3b9-b977ce58a6c3 tempest-AttachVolumeNegativeTest-1474406598 tempest-AttachVolumeNegativeTest-1474406598-project] GET http://10.222.0.23/volume/v3/36670799293a4c9eac1589c6fb221c40/volumes/0bdf1eeb-797e-41e0-8481-cf23bfce6ef3
Aug 25 17:55:04.153226 dv-cinder-786386-10-iscsi devstack@c-api.service[100645]: DEBUG cinder.api.openstack.wsgi [None req-9eeb5658-99bf-4f71-b3b9-b977ce58a6c3 tempest-AttachVolumeNegativeTest-1474406598 tempest-AttachVolumeNegativeTest-1474406598-project] Empty body provided in request {{(pid=100645) get_body /opt/stack/cinder/cinder/api/openstack/wsgi.py:703}}
Aug 25 17:55:04.153496 dv-cinder-786386-10-iscsi devstack@c-api.service[100645]: /usr/local/lib/python3.8/dist-packages/webob/acceptparse.py:1047: DeprecationWarning: The behavior of AcceptValidHeader.best_match is currently being maintained for backward compatibility, but it will be deprecated in the future, as it does not conform to the RFC.
Aug 25 17:55:04.153496 dv-cinder-786386-10-iscsi devstack@c-api.service[100645]: warnings.warn(
Aug 25 17:55:04.154040 dv-cinder-786386-10-iscsi devstack@c-api.service[100645]: DEBUG cinder.api.openstack.wsgi [None req-9eeb5658-99bf-4f71-b3b9-b977ce58a6c3 tempest-AttachVolumeNegativeTest-1474406598 tempest-AttachVolumeNegativeTest-1474406598-project] Calling method 'show' {{(pid=100645) _process_stack /opt/stack/cinder/cinder/api/openstack/wsgi.py:856}}
Aug 25 17:55:04.194375 dv-cinder-786386-10-iscsi devstack@c-api.service[100645]: /usr/local/lib/python3.8/dist-packages/oslo_context/context.py:105: DeprecationWarning: Policy enforcement is depending on the value of is_admin. This key is deprecated. Please update your policy file to use the standard policy values.
Aug 25 17:55:04.194375 dv-cinder-786386-10-iscsi devstack@c-api.service[100645]: warnings.warn('Policy enforcement is depending on the value of '
Aug 25 17:55:04.199968 dv-cinder-786386-10-iscsi devstack@c-api.service[100646]: INFO cinder.volume.api [None req-161453d7-04a4-4f98-91af-f8608ab3ee59 tempest-VolumeTypesAccessTest-1663671790 tempest-VolumeTypesAccessTest-1663671790-project] Delete volume request issued successfully.
Aug 25 17:55:04.200956 dv-cinder-786386-10-iscsi devstack@c-api.service[100646]: INFO cinder.api.openstack.wsgi [None req-161453d7-04a4-4f98-91af-f8608ab3ee59 tempest-VolumeTypesAccessTest-1663671790 tempest-VolumeTypesAccessTest-1663671790-project] http://10.222.0.23/volume/v3/ea5b6593c5f34630be3062a1d40f78ec/volumes/9398049e-047d-41f1-8106-ba630c858fc7 returned with HTTP 202
Aug 25 17:55:04.205240 dv-cinder-786386-10-iscsi devstack@c-api.service[100646]: [pid: 100646|app: 0|req: 240/472] 10.222.0.23 () {58 vars in 1328 bytes} [Wed Aug 25 17:55:04 2021] DELETE /volume/v3/ea5b6593c5f34630be3062a1d40f78ec/volumes/9398049e-047d-41f1-8106-ba630c858fc7 => generated 0 bytes in 139 msecs (HTTP/1.1 202) 6 headers in 233 bytes (1 switches on core 0)
Aug 25 17:55:04.218853 dv-cinder-786386-10-iscsi devstack@c-api.service[100645]: INFO cinder.volume.api [None req-9eeb5658-99bf-4f71-b3b9-b977ce58a6c3 tempest-AttachVolumeNegativeTest-1474406598 tempest-AttachVolumeNegativeTest-1474406598-project] Volume info retrieved successfully.
Aug 25 17:55:04.219899 dv-cinder-786386-10-iscsi devstack@c-api.service[100646]: INFO cinder.api.openstack.wsgi [None req-bf299fae-9504-44a5-b50c-efc571f007b3 tempest-VolumeTypesAccessTest-1663671790 tempest-VolumeTypesAccessTest-1663671790-project] GET http://10.222.0.23/volume/v3/ea5b6593c5f34630be3062a1d40f78ec/volumes/9398049e-047d-41f1-8106-ba630c858fc7
Aug 25 17:55:04.220687 dv-cinder-786386-10-iscsi devstack@c-api.service[100646]: DEBUG cinder.api.openstack.wsgi [None req-bf299fae-9504-44a5-b50c-efc571f007b3 tempest-VolumeTypesAccessTest-1663671790 tempest-VolumeTypesAccessTest-1663671790-project] Empty body provided in request {{(pid=100646) get_body /opt/stack/cinder/cinder/api/openstack/wsgi.py:703}}
Aug 25 17:55:04.225109 dv-cinder-786386-10-iscsi devstack@c-api.service[100646]: /usr/local/lib/python3.8/dist-packages/webob/acceptparse.py:1047: DeprecationWarning: The behavior of AcceptValidHeader.best_match is currently being maintained for backward compatibility, but it will be deprecated in the future, as it does not conform to the RFC.
Aug 25 17:55:04.225109 dv-cinder-786386-10-iscsi devstack@c-api.service[100646]: warnings.warn(
Aug 25 17:55:04.226470 dv-cinder-786386-10-iscsi devstack@c-api.service[100646]: DEBUG cinder.api.openstack.wsgi [None req-bf299fae-9504-44a5-b50c-efc571f007b3 tempest-VolumeTypesAccessTest-1663671790 tempest-VolumeTypesAccessTest-1663671790-project] Calling method 'show' {{(pid=100646) _process_stack /opt/stack/cinder/cinder/api/openstack/wsgi.py:856}}
Aug 25 17:55:04.247297 dv-cinder-786386-10-iscsi devstack@c-api.service[100645]: /usr/local/lib/python3.8/dist-packages/oslo_context/context.py:105: DeprecationWarning: Policy enforcement is depending on the value of is_admin. This key is deprecated. Please update your policy file to use the standard policy values.
Aug 25 17:55:04.247297 dv-cinder-786386-10-iscsi devstack@c-api.service[100645]: warnings.warn('Policy enforcement is depending on the value of '
Aug 25 17:55:04.261322 dv-cinder-786386-10-iscsi devstack@c-api.service[100646]: /usr/local/lib/python3.8/dist-packages/oslo_context/context.py:105: DeprecationWarning: Policy enforcement is depending on the value of is_admin. This key is deprecated. Please update your policy file to use the standard policy values.
Aug 25 17:55:04.261322 dv-cinder-786386-10-iscsi devstack@c-api.service[100646]: warnings.warn('Policy enforcement is depending on the value of '
Aug 25 17:55:04.263107 dv-cinder-786386-10-iscsi devstack@c-api.service[100645]: INFO cinder.api.openstack.wsgi [None req-9eeb5658-99bf-4f71-b3b9-b977ce58a6c3 tempest-AttachVolumeNegativeTest-1474406598 tempest-AttachVolumeNegativeTest-1474406598-project] http://10.222.0.23/volume/v3/36670799293a4c9eac1589c6fb221c40/volumes/0bdf1eeb-797e-41e0-8481-cf23bfce6ef3 returned with HTTP 200
Aug 25 17:55:04.264980 dv-cinder-786386-10-iscsi devstack@c-api.service[100645]: [pid: 100645|app: 0|req: 233/473] 10.222.0.23 () {58 vars in 1325 bytes} [Wed Aug 25 17:55:04 2021] GET /volume/v3/36670799293a4c9eac1589c6fb221c40/volumes/0bdf1eeb-797e-41e0-8481-cf23bfce6ef3 => generated 915 bytes in 122 msecs (HTTP/1.1 200) 7 headers in 285 bytes (2 switches on core 0)
Aug 25 17:55:04.284079 dv-cinder-786386-10-iscsi devstack@c-api.service[100646]: INFO cinder.volume.api [None req-bf299fae-9504-44a5-b50c-efc571f007b3 tempest-VolumeTypesAccessTest-1663671790 tempest-VolumeTypesAccessTest-1663671790-project] Volume info retrieved successfully.
Aug 25 17:55:04.314551 dv-cinder-786386-10-iscsi devstack@c-api.service[100646]: INFO cinder.api.openstack.wsgi [None req-bf299fae-9504-44a5-b50c-efc571f007b3 tempest-VolumeTypesAccessTest-1663671790 tempest-VolumeTypesAccessTest-1663671790-project] http://10.222.0.23/volume/v3/ea5b6593c5f34630be3062a1d40f78ec/volumes/9398049e-047d-41f1-8106-ba630c858fc7 returned with HTTP 200
Aug 25 17:55:04.317214 dv-cinder-786386-10-iscsi devstack@c-api.service[100646]: [pid: 100646|app: 0|req: 241/474] 10.222.0.23 () {58 vars in 1325 bytes} [Wed Aug 25 17:55:04 2021] GET /volume/v3/ea5b6593c5f34630be3062a1d40f78ec/volumes/9398049e-047d-41f1-8106-ba630c858fc7 => generated 954 bytes in 106 msecs (HTTP/1.1 200) 7 headers in 285 bytes (2 switches on core 0)
Aug 25 17:55:04.624848 dv-cinder-786386-10-iscsi devstack@c-api.service[100645]: INFO cinder.api.openstack.wsgi [None req-e967246e-ccb9-41c8-8e63-09a750827e32 tempest-GroupSnapshotsTest-891904334 tempest-GroupSnapshotsTest-891904334-project] GET http://10.222.0.23/volume/v3/84620677f489463ba7ef9c3df5083beb/volumes/f257d85f-b698-4508-84ab-24dad3d31bd7
Aug 25 17:55:04.626879 dv-cinder-786386-10-iscsi devstack@c-api.service[100645]: DEBUG cinder.api.openstack.wsgi [None req-e967246e-ccb9-41c8-8e63-09a750827e32 tempest-GroupSnapshotsTest-891904334 tempest-GroupSnapshotsTest-891904334-project] Empty body provided in request {{(pid=100645) get_body /opt/stack/cinder/cinder/api/openstack/wsgi.py:703}}
Aug 25 17:55:04.627169 dv-cinder-786386-10-iscsi devstack@c-api.service[100645]: /usr/local/lib/python3.8/dist-packages/webob/acceptparse.py:1047: DeprecationWarning: The behavior of AcceptValidHeader.best_match is currently being maintained for backward compatibility, but it will be deprecated in the future, as it does not conform to the RFC.
Aug 25 17:55:04.627169 dv-cinder-786386-10-iscsi devstack@c-api.service[100645]: warnings.warn(
Aug 25 17:55:04.628075 dv-cinder-786386-10-iscsi devstack@c-api.service[100645]: DEBUG cinder.api.openstack.wsgi [None req-e967246e-ccb9-41c8-8e63-09a750827e32 tempest-GroupSnapshotsTest-891904334 tempest-GroupSnapshotsTest-891904334-project] Calling method 'show' {{(pid=100645) _process_stack /opt/stack/cinder/cinder/api/openstack/wsgi.py:856}}
Aug 25 17:55:04.664208 dv-cinder-786386-10-iscsi devstack@c-api.service[100645]: INFO cinder.api.openstack.wsgi [None req-e967246e-ccb9-41c8-8e63-09a750827e32 tempest-GroupSnapshotsTest-891904334 tempest-GroupSnapshotsTest-891904334-project] http://10.222.0.23/volume/v3/84620677f489463ba7ef9c3df5083beb/volumes/f257d85f-b698-4508-84ab-24dad3d31bd7 returned with HTTP 404
Aug 25 17:55:04.671006 dv-cinder-786386-10-iscsi devstack@c-api.service[100645]: [pid: 100645|app: 0|req: 234/475] 10.222.0.23 () {60 vars in 1366 bytes} [Wed Aug 25 17:55:04 2021] GET /volume/v3/84620677f489463ba7ef9c3df5083beb/volumes/f257d85f-b698-4508-84ab-24dad3d31bd7 => generated 109 bytes in 50 msecs (HTTP/1.1 404) 7 headers in 293 bytes (1 switches on core 0)
Aug 25 17:55:04.682530 dv-cinder-786386-10-iscsi devstack@c-api.service[100646]: INFO cinder.api.openstack.wsgi [None req-39cad70a-5d46-4305-b69a-33bcb185565d tempest-GroupSnapshotsTest-891904334 tempest-GroupSnapshotsTest-891904334-project] GET http://10.222.0.23/volume/v3/84620677f489463ba7ef9c3df5083beb/groups/efcdc2eb-c9e9-4fd8-aaa6-e690c1a53937
Aug 25 17:55:04.683325 dv-cinder-786386-10-iscsi devstack@c-api.service[100646]: DEBUG cinder.api.openstack.wsgi [None req-39cad70a-5d46-4305-b69a-33bcb185565d tempest-GroupSnapshotsTest-891904334 tempest-GroupSnapshotsTest-891904334-project] Empty body provided in request {{(pid=100646) get_body /opt/stack/cinder/cinder/api/openstack/wsgi.py:703}}
Aug 25 17:55:04.683667 dv-cinder-786386-10-iscsi devstack@c-api.service[100646]: /usr/local/lib/python3.8/dist-packages/webob/acceptparse.py:1047: DeprecationWarning: The behavior of AcceptValidHeader.best_match is currently being maintained for backward compatibility, but it will be deprecated in the future, as it does not conform to the RFC.
Aug 25 17:55:04.683667 dv-cinder-786386-10-iscsi devstack@c-api.service[100646]: warnings.warn(
Aug 25 17:55:04.684592 dv-cinder-786386-10-iscsi devstack@c-api.service[100646]: DEBUG cinder.api.openstack.wsgi [None req-39cad70a-5d46-4305-b69a-33bcb185565d tempest-GroupSnapshotsTest-891904334 tempest-GroupSnapshotsTest-891904334-project] Calling method 'version_select' {{(pid=100646) _process_stack /opt/stack/cinder/cinder/api/openstack/wsgi.py:856}}
Aug 25 17:55:04.685634 dv-cinder-786386-10-iscsi devstack@c-api.service[100646]: DEBUG cinder.api.v3.groups [None req-39cad70a-5d46-4305-b69a-33bcb185565d tempest-GroupSnapshotsTest-891904334 tempest-GroupSnapshotsTest-891904334-project] show called for member efcdc2eb-c9e9-4fd8-aaa6-e690c1a53937 {{(pid=100646) show /opt/stack/cinder/cinder/api/v3/groups.py:58}}
Aug 25 17:55:04.691207 dv-cinder-786386-10-iscsi devstack@c-api.service[100645]: INFO cinder.api.openstack.wsgi [None req-34d087f9-6c5b-4c61-ba8a-f41acef395e7 tempest-SnapshotMetadataTestJSON-1887769184 tempest-SnapshotMetadataTestJSON-1887769184-project] GET http://10.222.0.23/volume/v3/70a860d6a90e4863a7bbe13cd878ee4f/snapshots/a1c0a2f0-d985-4dff-b3c0-5d084f50e4ad
Aug 25 17:55:04.692010 dv-cinder-786386-10-iscsi devstack@c-api.service[100645]: DEBUG cinder.api.openstack.wsgi [None req-34d087f9-6c5b-4c61-ba8a-f41acef395e7 tempest-SnapshotMetadataTestJSON-1887769184 tempest-SnapshotMetadataTestJSON-1887769184-project] Empty body provided in request {{(pid=100645) get_body /opt/stack/cinder/cinder/api/openstack/wsgi.py:703}}
Aug 25 17:55:04.692976 dv-cinder-786386-10-iscsi devstack@c-api.service[100645]: DEBUG cinder.api.openstack.wsgi [None req-34d087f9-6c5b-4c61-ba8a-f41acef395e7 tempest-SnapshotMetadataTestJSON-1887769184 tempest-SnapshotMetadataTestJSON-1887769184-project] Calling method 'show' {{(pid=100645) _process_stack /opt/stack/cinder/cinder/api/openstack/wsgi.py:856}}
Aug 25 17:55:04.693428 dv-cinder-786386-10-iscsi devstack@c-api.service[100646]: INFO cinder.api.openstack.wsgi [None req-39cad70a-5d46-4305-b69a-33bcb185565d tempest-GroupSnapshotsTest-891904334 tempest-GroupSnapshotsTest-891904334-project] http://10.222.0.23/volume/v3/84620677f489463ba7ef9c3df5083beb/groups/efcdc2eb-c9e9-4fd8-aaa6-e690c1a53937 returned with HTTP 404
Aug 25 17:55:04.698395 dv-cinder-786386-10-iscsi devstack@c-api.service[100646]: [pid: 100646|app: 0|req: 242/476] 10.222.0.23 () {60 vars in 1363 bytes} [Wed Aug 25 17:55:04 2021] GET /volume/v3/84620677f489463ba7ef9c3df5083beb/groups/efcdc2eb-c9e9-4fd8-aaa6-e690c1a53937 => generated 108 bytes in 26 msecs (HTTP/1.1 404) 7 headers in 293 bytes (1 switches on core 0)
Aug 25 17:55:04.703745 dv-cinder-786386-10-iscsi devstack@c-api.service[100646]: INFO cinder.api.openstack.wsgi [None req-378413e0-c99a-458c-8397-5d30da4882f7 tempest-GroupSnapshotsTest-155022237 tempest-GroupSnapshotsTest-155022237-project-admin] DELETE http://10.222.0.23/volume/v3/dcf5b76646924571a8fc8967424c814a/group_types/5087444e-cc31-4461-b51d-3b85fb146c83
Aug 25 17:55:04.704364 dv-cinder-786386-10-iscsi devstack@c-api.service[100646]: DEBUG cinder.api.openstack.wsgi [None req-378413e0-c99a-458c-8397-5d30da4882f7 tempest-GroupSnapshotsTest-155022237 tempest-GroupSnapshotsTest-155022237-project-admin] Empty body provided in request {{(pid=100646) get_body /opt/stack/cinder/cinder/api/openstack/wsgi.py:703}}
Aug 25 17:55:04.704851 dv-cinder-786386-10-iscsi devstack@c-api.service[100646]: DEBUG cinder.api.openstack.wsgi [None req-378413e0-c99a-458c-8397-5d30da4882f7 tempest-GroupSnapshotsTest-155022237 tempest-GroupSnapshotsTest-155022237-project-admin] Calling method 'version_select' {{(pid=100646) _process_stack /opt/stack/cinder/cinder/api/openstack/wsgi.py:856}}
Aug 25 17:55:04.707528 dv-cinder-786386-10-iscsi devstack@c-api.service[100645]: INFO cinder.api.openstack.wsgi [None req-34d087f9-6c5b-4c61-ba8a-f41acef395e7 tempest-SnapshotMetadataTestJSON-1887769184 tempest-SnapshotMetadataTestJSON-1887769184-project] http://10.222.0.23/volume/v3/70a860d6a90e4863a7bbe13cd878ee4f/snapshots/a1c0a2f0-d985-4dff-b3c0-5d084f50e4ad returned with HTTP 404
Aug 25 17:55:04.709178 dv-cinder-786386-10-iscsi devstack@c-api.service[100645]: [pid: 100645|app: 0|req: 235/477] 10.222.0.23 () {58 vars in 1331 bytes} [Wed Aug 25 17:55:04 2021] GET /volume/v3/70a860d6a90e4863a7bbe13cd878ee4f/snapshots/a1c0a2f0-d985-4dff-b3c0-5d084f50e4ad => generated 111 bytes in 27 msecs (HTTP/1.1 404) 7 headers in 292 bytes (1 switches on core 0)
Aug 25 17:55:04.721248 dv-cinder-786386-10-iscsi devstack@c-api.service[100645]: INFO cinder.api.openstack.wsgi [None req-d9b7fc50-0aa2-4d73-b939-58a5028832fe tempest-SnapshotMetadataTestJSON-1887769184 tempest-SnapshotMetadataTestJSON-1887769184-project] DELETE http://10.222.0.23/volume/v3/70a860d6a90e4863a7bbe13cd878ee4f/volumes/bf5776fd-fad3-47f4-9a18-f74c8a2d6879
Aug 25 17:55:04.722680 dv-cinder-786386-10-iscsi devstack@c-api.service[100645]: DEBUG cinder.api.openstack.wsgi [None req-d9b7fc50-0aa2-4d73-b939-58a5028832fe tempest-SnapshotMetadataTestJSON-1887769184 tempest-SnapshotMetadataTestJSON-1887769184-project] Empty body provided in request {{(pid=100645) get_body /opt/stack/cinder/cinder/api/openstack/wsgi.py:703}}
Aug 25 17:55:04.723412 dv-cinder-786386-10-iscsi devstack@c-api.service[100645]: DEBUG cinder.api.openstack.wsgi [None req-d9b7fc50-0aa2-4d73-b939-58a5028832fe tempest-SnapshotMetadataTestJSON-1887769184 tempest-SnapshotMetadataTestJSON-1887769184-project] Calling method 'delete' {{(pid=100645) _process_stack /opt/stack/cinder/cinder/api/openstack/wsgi.py:856}}
Aug 25 17:55:04.724159 dv-cinder-786386-10-iscsi devstack@c-api.service[100645]: INFO cinder.api.v3.volumes [None req-d9b7fc50-0aa2-4d73-b939-58a5028832fe tempest-SnapshotMetadataTestJSON-1887769184 tempest-SnapshotMetadataTestJSON-1887769184-project] Delete volume with id: bf5776fd-fad3-47f4-9a18-f74c8a2d6879
Aug 25 17:55:04.745911 dv-cinder-786386-10-iscsi devstack@c-api.service[100646]: INFO cinder.api.openstack.wsgi [None req-378413e0-c99a-458c-8397-5d30da4882f7 tempest-GroupSnapshotsTest-155022237 tempest-GroupSnapshotsTest-155022237-project-admin] http://10.222.0.23/volume/v3/dcf5b76646924571a8fc8967424c814a/group_types/5087444e-cc31-4461-b51d-3b85fb146c83 returned with HTTP 202
Aug 25 17:55:04.747201 dv-cinder-786386-10-iscsi devstack@c-api.service[100646]: [pid: 100646|app: 0|req: 243/478] 10.222.0.23 () {60 vars in 1381 bytes} [Wed Aug 25 17:55:04 2021] DELETE /volume/v3/dcf5b76646924571a8fc8967424c814a/group_types/5087444e-cc31-4461-b51d-3b85fb146c83 => generated 0 bytes in 48 msecs (HTTP/1.1 202) 6 headers in 234 bytes (1 switches on core 0)
Aug 25 17:55:04.753958 dv-cinder-786386-10-iscsi devstack@c-api.service[100645]: /usr/local/lib/python3.8/dist-packages/oslo_context/context.py:105: DeprecationWarning: Policy enforcement is depending on the value of is_admin. This key is deprecated. Please update your policy file to use the standard policy values.
Aug 25 17:55:04.753958 dv-cinder-786386-10-iscsi devstack@c-api.service[100645]: warnings.warn('Policy enforcement is depending on the value of '
Aug 25 17:55:04.756178 dv-cinder-786386-10-iscsi devstack@c-api.service[100645]: INFO cinder.volume.api [None req-d9b7fc50-0aa2-4d73-b939-58a5028832fe tempest-SnapshotMetadataTestJSON-1887769184 tempest-SnapshotMetadataTestJSON-1887769184-project] Volume info retrieved successfully.
Aug 25 17:55:04.761110 dv-cinder-786386-10-iscsi devstack@c-api.service[100646]: INFO cinder.api.openstack.wsgi [None req-c4c41988-8cfb-43b9-b667-aadc09bc2af1 tempest-GroupSnapshotsTest-891904334 tempest-GroupSnapshotsTest-891904334-project] DELETE http://10.222.0.23/volume/v3/84620677f489463ba7ef9c3df5083beb/volumes/f257d85f-b698-4508-84ab-24dad3d31bd7
Aug 25 17:55:04.761718 dv-cinder-786386-10-iscsi devstack@c-api.service[100646]: DEBUG cinder.api.openstack.wsgi [None req-c4c41988-8cfb-43b9-b667-aadc09bc2af1 tempest-GroupSnapshotsTest-891904334 tempest-GroupSnapshotsTest-891904334-project] Empty body provided in request {{(pid=100646) get_body /opt/stack/cinder/cinder/api/openstack/wsgi.py:703}}
Aug 25 17:55:04.762237 dv-cinder-786386-10-iscsi devstack@c-api.service[100646]: DEBUG cinder.api.openstack.wsgi [None req-c4c41988-8cfb-43b9-b667-aadc09bc2af1 tempest-GroupSnapshotsTest-891904334 tempest-GroupSnapshotsTest-891904334-project] Calling method 'delete' {{(pid=100646) _process_stack /opt/stack/cinder/cinder/api/openstack/wsgi.py:856}}
Aug 25 17:55:04.762779 dv-cinder-786386-10-iscsi devstack@c-api.service[100646]: INFO cinder.api.v3.volumes [None req-c4c41988-8cfb-43b9-b667-aadc09bc2af1 tempest-GroupSnapshotsTest-891904334 tempest-GroupSnapshotsTest-891904334-project] Delete volume with id: f257d85f-b698-4508-84ab-24dad3d31bd7
Aug 25 17:55:04.783136 dv-cinder-786386-10-iscsi devstack@c-api.service[100646]: INFO cinder.api.openstack.wsgi [None req-c4c41988-8cfb-43b9-b667-aadc09bc2af1 tempest-GroupSnapshotsTest-891904334 tempest-GroupSnapshotsTest-891904334-project] http://10.222.0.23/volume/v3/84620677f489463ba7ef9c3df5083beb/volumes/f257d85f-b698-4508-84ab-24dad3d31bd7 returned with HTTP 404
Aug 25 17:55:04.784993 dv-cinder-786386-10-iscsi devstack@c-api.service[100646]: [pid: 100646|app: 0|req: 244/479] 10.222.0.23 () {58 vars in 1328 bytes} [Wed Aug 25 17:55:04 2021] DELETE /volume/v3/84620677f489463ba7ef9c3df5083beb/volumes/f257d85f-b698-4508-84ab-24dad3d31bd7 => generated 109 bytes in 28 msecs (HTTP/1.1 404) 7 headers in 292 bytes (2 switches on core 0)
Aug 25 17:55:04.794495 dv-cinder-786386-10-iscsi devstack@c-api.service[100646]: INFO cinder.api.openstack.wsgi [None req-849bca69-c27d-4ef2-80d6-5afde698b3fa tempest-GroupSnapshotsTest-155022237 tempest-GroupSnapshotsTest-155022237-project-admin] DELETE http://10.222.0.23/volume/v3/dcf5b76646924571a8fc8967424c814a/types/bf7c70f3-cee5-4f1d-817c-82a53445a019
Aug 25 17:55:04.795960 dv-cinder-786386-10-iscsi devstack@c-api.service[100646]: DEBUG cinder.api.openstack.wsgi [None req-849bca69-c27d-4ef2-80d6-5afde698b3fa tempest-GroupSnapshotsTest-155022237 tempest-GroupSnapshotsTest-155022237-project-admin] Empty body provided in request {{(pid=100646) get_body /opt/stack/cinder/cinder/api/openstack/wsgi.py:703}}
Aug 25 17:55:04.796887 dv-cinder-786386-10-iscsi devstack@c-api.service[100646]: DEBUG cinder.api.openstack.wsgi [None req-849bca69-c27d-4ef2-80d6-5afde698b3fa tempest-GroupSnapshotsTest-155022237 tempest-GroupSnapshotsTest-155022237-project-admin] Calling method '_delete' {{(pid=100646) _process_stack /opt/stack/cinder/cinder/api/openstack/wsgi.py:856}}
Aug 25 17:55:04.824763 dv-cinder-786386-10-iscsi devstack@c-api.service[100645]: INFO cinder.volume.api [None req-d9b7fc50-0aa2-4d73-b939-58a5028832fe tempest-SnapshotMetadataTestJSON-1887769184 tempest-SnapshotMetadataTestJSON-1887769184-project] Delete volume request issued successfully.
Aug 25 17:55:04.825681 dv-cinder-786386-10-iscsi devstack@c-api.service[100645]: INFO cinder.api.openstack.wsgi [None req-d9b7fc50-0aa2-4d73-b939-58a5028832fe tempest-SnapshotMetadataTestJSON-1887769184 tempest-SnapshotMetadataTestJSON-1887769184-project] http://10.222.0.23/volume/v3/70a860d6a90e4863a7bbe13cd878ee4f/volumes/bf5776fd-fad3-47f4-9a18-f74c8a2d6879 returned with HTTP 202
Aug 25 17:55:04.827580 dv-cinder-786386-10-iscsi devstack@c-api.service[100645]: [pid: 100645|app: 0|req: 236/480] 10.222.0.23 () {58 vars in 1328 bytes} [Wed Aug 25 17:55:04 2021] DELETE /volume/v3/70a860d6a90e4863a7bbe13cd878ee4f/volumes/bf5776fd-fad3-47f4-9a18-f74c8a2d6879 => generated 0 bytes in 112 msecs (HTTP/1.1 202) 6 headers in 233 bytes (2 switches on core 0)
Aug 25 17:55:04.835932 dv-cinder-786386-10-iscsi devstack@c-api.service[100645]: INFO cinder.api.openstack.wsgi [None req-e94951d4-e415-46d7-a5d6-17d29343db6a tempest-SnapshotMetadataTestJSON-1887769184 tempest-SnapshotMetadataTestJSON-1887769184-project] GET http://10.222.0.23/volume/v3/70a860d6a90e4863a7bbe13cd878ee4f/volumes/bf5776fd-fad3-47f4-9a18-f74c8a2d6879
Aug 25 17:55:04.836867 dv-cinder-786386-10-iscsi devstack@c-api.service[100645]: DEBUG cinder.api.openstack.wsgi [None req-e94951d4-e415-46d7-a5d6-17d29343db6a tempest-SnapshotMetadataTestJSON-1887769184 tempest-SnapshotMetadataTestJSON-1887769184-project] Empty body provided in request {{(pid=100645) get_body /opt/stack/cinder/cinder/api/openstack/wsgi.py:703}}
Aug 25 17:55:04.837201 dv-cinder-786386-10-iscsi devstack@c-api.service[100645]: /usr/local/lib/python3.8/dist-packages/webob/acceptparse.py:1047: DeprecationWarning: The behavior of AcceptValidHeader.best_match is currently being maintained for backward compatibility, but it will be deprecated in the future, as it does not conform to the RFC.
Aug 25 17:55:04.837201 dv-cinder-786386-10-iscsi devstack@c-api.service[100645]: warnings.warn(
Aug 25 17:55:04.837624 dv-cinder-786386-10-iscsi devstack@c-api.service[100645]: DEBUG cinder.api.openstack.wsgi [None req-e94951d4-e415-46d7-a5d6-17d29343db6a tempest-SnapshotMetadataTestJSON-1887769184 tempest-SnapshotMetadataTestJSON-1887769184-project] Calling method 'show' {{(pid=100645) _process_stack /opt/stack/cinder/cinder/api/openstack/wsgi.py:856}}
Aug 25 17:55:04.861083 dv-cinder-786386-10-iscsi devstack@c-api.service[100646]: INFO cinder.api.openstack.wsgi [None req-849bca69-c27d-4ef2-80d6-5afde698b3fa tempest-GroupSnapshotsTest-155022237 tempest-GroupSnapshotsTest-155022237-project-admin] http://10.222.0.23/volume/v3/dcf5b76646924571a8fc8967424c814a/types/bf7c70f3-cee5-4f1d-817c-82a53445a019 returned with HTTP 202
Aug 25 17:55:04.862744 dv-cinder-786386-10-iscsi devstack@c-api.service[100646]: [pid: 100646|app: 0|req: 245/481] 10.222.0.23 () {58 vars in 1322 bytes} [Wed Aug 25 17:55:04 2021] DELETE /volume/v3/dcf5b76646924571a8fc8967424c814a/types/bf7c70f3-cee5-4f1d-817c-82a53445a019 => generated 0 bytes in 74 msecs (HTTP/1.1 202) 6 headers in 233 bytes (1 switches on core 0)
Aug 25 17:55:04.862941 dv-cinder-786386-10-iscsi devstack@c-api.service[100645]: /usr/local/lib/python3.8/dist-packages/oslo_context/context.py:105: DeprecationWarning: Policy enforcement is depending on the value of is_admin. This key is deprecated. Please update your policy file to use the standard policy values.
Aug 25 17:55:04.862941 dv-cinder-786386-10-iscsi devstack@c-api.service[100645]: warnings.warn('Policy enforcement is depending on the value of '
Aug 25 17:55:04.874924 dv-cinder-786386-10-iscsi devstack@c-api.service[100646]: INFO cinder.api.openstack.wsgi [None req-981aafca-6217-4dbd-97e5-0bb4876b684e tempest-GroupSnapshotsTest-155022237 tempest-GroupSnapshotsTest-155022237-project-admin] GET http://10.222.0.23/volume/v3/dcf5b76646924571a8fc8967424c814a/types/bf7c70f3-cee5-4f1d-817c-82a53445a019
Aug 25 17:55:04.875753 dv-cinder-786386-10-iscsi devstack@c-api.service[100646]: DEBUG cinder.api.openstack.wsgi [None req-981aafca-6217-4dbd-97e5-0bb4876b684e tempest-GroupSnapshotsTest-155022237 tempest-GroupSnapshotsTest-155022237-project-admin] Empty body provided in request {{(pid=100646) get_body /opt/stack/cinder/cinder/api/openstack/wsgi.py:703}}
Aug 25 17:55:04.876540 dv-cinder-786386-10-iscsi devstack@c-api.service[100646]: DEBUG cinder.api.openstack.wsgi [None req-981aafca-6217-4dbd-97e5-0bb4876b684e tempest-GroupSnapshotsTest-155022237 tempest-GroupSnapshotsTest-155022237-project-admin] Calling method 'show' {{(pid=100646) _process_stack /opt/stack/cinder/cinder/api/openstack/wsgi.py:856}}
Aug 25 17:55:04.877381 dv-cinder-786386-10-iscsi devstack@c-api.service[100645]: INFO cinder.volume.api [None req-e94951d4-e415-46d7-a5d6-17d29343db6a tempest-SnapshotMetadataTestJSON-1887769184 tempest-SnapshotMetadataTestJSON-1887769184-project] Volume info retrieved successfully.
Aug 25 17:55:04.885870 dv-cinder-786386-10-iscsi devstack@c-api.service[100646]: INFO cinder.api.openstack.wsgi [None req-981aafca-6217-4dbd-97e5-0bb4876b684e tempest-GroupSnapshotsTest-155022237 tempest-GroupSnapshotsTest-155022237-project-admin] http://10.222.0.23/volume/v3/dcf5b76646924571a8fc8967424c814a/types/bf7c70f3-cee5-4f1d-817c-82a53445a019 returned with HTTP 404
Aug 25 17:55:04.887855 dv-cinder-786386-10-iscsi devstack@c-api.service[100646]: [pid: 100646|app: 0|req: 246/482] 10.222.0.23 () {58 vars in 1319 bytes} [Wed Aug 25 17:55:04 2021] GET /volume/v3/dcf5b76646924571a8fc8967424c814a/types/bf7c70f3-cee5-4f1d-817c-82a53445a019 => generated 114 bytes in 20 msecs (HTTP/1.1 404) 7 headers in 292 bytes (2 switches on core 0)
Aug 25 17:55:04.898894 dv-cinder-786386-10-iscsi devstack@c-api.service[100646]: INFO cinder.api.openstack.wsgi [None req-521766a2-d6d7-4315-af56-91e74151bca1 tempest-GroupSnapshotsTest-891904334 tempest-GroupSnapshotsTest-891904334-project] DELETE http://10.222.0.23/volume/v3/84620677f489463ba7ef9c3df5083beb/volumes/cfac73de-b4a0-4633-a666-c8d26dd708d8
Aug 25 17:55:04.899605 dv-cinder-786386-10-iscsi devstack@c-api.service[100646]: DEBUG cinder.api.openstack.wsgi [None req-521766a2-d6d7-4315-af56-91e74151bca1 tempest-GroupSnapshotsTest-891904334 tempest-GroupSnapshotsTest-891904334-project] Empty body provided in request {{(pid=100646) get_body /opt/stack/cinder/cinder/api/openstack/wsgi.py:703}}
Aug 25 17:55:04.900300 dv-cinder-786386-10-iscsi devstack@c-api.service[100646]: DEBUG cinder.api.openstack.wsgi [None req-521766a2-d6d7-4315-af56-91e74151bca1 tempest-GroupSnapshotsTest-891904334 tempest-GroupSnapshotsTest-891904334-project] Calling method 'delete' {{(pid=100646) _process_stack /opt/stack/cinder/cinder/api/openstack/wsgi.py:856}}
Aug 25 17:55:04.901506 dv-cinder-786386-10-iscsi devstack@c-api.service[100646]: INFO cinder.api.v3.volumes [None req-521766a2-d6d7-4315-af56-91e74151bca1 tempest-GroupSnapshotsTest-891904334 tempest-GroupSnapshotsTest-891904334-project] Delete volume with id: cfac73de-b4a0-4633-a666-c8d26dd708d8
Aug 25 17:55:04.913529 dv-cinder-786386-10-iscsi devstack@c-api.service[100645]: INFO cinder.api.openstack.wsgi [None req-e94951d4-e415-46d7-a5d6-17d29343db6a tempest-SnapshotMetadataTestJSON-1887769184 tempest-SnapshotMetadataTestJSON-1887769184-project] http://10.222.0.23/volume/v3/70a860d6a90e4863a7bbe13cd878ee4f/volumes/bf5776fd-fad3-47f4-9a18-f74c8a2d6879 returned with HTTP 200
Aug 25 17:55:04.916313 dv-cinder-786386-10-iscsi devstack@c-api.service[100645]: [pid: 100645|app: 0|req: 237/483] 10.222.0.23 () {58 vars in 1325 bytes} [Wed Aug 25 17:55:04 2021] GET /volume/v3/70a860d6a90e4863a7bbe13cd878ee4f/volumes/bf5776fd-fad3-47f4-9a18-f74c8a2d6879 => generated 915 bytes in 84 msecs (HTTP/1.1 200) 7 headers in 285 bytes (2 switches on core 0)
Aug 25 17:55:04.919586 dv-cinder-786386-10-iscsi devstack@c-api.service[100646]: INFO cinder.api.openstack.wsgi [None req-521766a2-d6d7-4315-af56-91e74151bca1 tempest-GroupSnapshotsTest-891904334 tempest-GroupSnapshotsTest-891904334-project] http://10.222.0.23/volume/v3/84620677f489463ba7ef9c3df5083beb/volumes/cfac73de-b4a0-4633-a666-c8d26dd708d8 returned with HTTP 404
Aug 25 17:55:04.920828 dv-cinder-786386-10-iscsi devstack@c-api.service[100646]: [pid: 100646|app: 0|req: 247/484] 10.222.0.23 () {58 vars in 1328 bytes} [Wed Aug 25 17:55:04 2021] DELETE /volume/v3/84620677f489463ba7ef9c3df5083beb/volumes/cfac73de-b4a0-4633-a666-c8d26dd708d8 => generated 109 bytes in 28 msecs (HTTP/1.1 404) 7 headers in 292 bytes (1 switches on core 0)
Aug 25 17:55:04.929029 dv-cinder-786386-10-iscsi devstack@c-api.service[100645]: INFO cinder.api.openstack.wsgi [None req-92196f9a-2c2d-444f-8018-ff4a2329cd9d tempest-GroupSnapshotsTest-891904334 tempest-GroupSnapshotsTest-891904334-project] DELETE http://10.222.0.23/volume/v3/84620677f489463ba7ef9c3df5083beb/volumes/40db0fba-4b8b-4913-922b-98614660b28e
Aug 25 17:55:04.929675 dv-cinder-786386-10-iscsi devstack@c-api.service[100645]: DEBUG cinder.api.openstack.wsgi [None req-92196f9a-2c2d-444f-8018-ff4a2329cd9d tempest-GroupSnapshotsTest-891904334 tempest-GroupSnapshotsTest-891904334-project] Empty body provided in request {{(pid=100645) get_body /opt/stack/cinder/cinder/api/openstack/wsgi.py:703}}
Aug 25 17:55:04.929979 dv-cinder-786386-10-iscsi devstack@c-api.service[100645]: /usr/local/lib/python3.8/dist-packages/webob/acceptparse.py:1047: DeprecationWarning: The behavior of AcceptValidHeader.best_match is currently being maintained for backward compatibility, but it will be deprecated in the future, as it does not conform to the RFC.
Aug 25 17:55:04.929979 dv-cinder-786386-10-iscsi devstack@c-api.service[100645]: warnings.warn(
Aug 25 17:55:04.930521 dv-cinder-786386-10-iscsi devstack@c-api.service[100645]: DEBUG cinder.api.openstack.wsgi [None req-92196f9a-2c2d-444f-8018-ff4a2329cd9d tempest-GroupSnapshotsTest-891904334 tempest-GroupSnapshotsTest-891904334-project] Calling method 'delete' {{(pid=100645) _process_stack /opt/stack/cinder/cinder/api/openstack/wsgi.py:856}}
Aug 25 17:55:04.931048 dv-cinder-786386-10-iscsi devstack@c-api.service[100645]: INFO cinder.api.v3.volumes [None req-92196f9a-2c2d-444f-8018-ff4a2329cd9d tempest-GroupSnapshotsTest-891904334 tempest-GroupSnapshotsTest-891904334-project] Delete volume with id: 40db0fba-4b8b-4913-922b-98614660b28e
Aug 25 17:55:04.955794 dv-cinder-786386-10-iscsi devstack@c-api.service[100645]: INFO cinder.api.openstack.wsgi [None req-92196f9a-2c2d-444f-8018-ff4a2329cd9d tempest-GroupSnapshotsTest-891904334 tempest-GroupSnapshotsTest-891904334-project] http://10.222.0.23/volume/v3/84620677f489463ba7ef9c3df5083beb/volumes/40db0fba-4b8b-4913-922b-98614660b28e returned with HTTP 404
Aug 25 17:55:04.956967 dv-cinder-786386-10-iscsi devstack@c-api.service[100645]: [pid: 100645|app: 0|req: 238/485] 10.222.0.23 () {58 vars in 1328 bytes} [Wed Aug 25 17:55:04 2021] DELETE /volume/v3/84620677f489463ba7ef9c3df5083beb/volumes/40db0fba-4b8b-4913-922b-98614660b28e => generated 109 bytes in 32 msecs (HTTP/1.1 404) 7 headers in 292 bytes (2 switches on core 0)
Aug 25 17:55:04.967059 dv-cinder-786386-10-iscsi devstack@c-api.service[100646]: INFO cinder.api.openstack.wsgi [None req-d68c76a9-e028-4cff-a82d-4f62be4f0cad tempest-GroupSnapshotsTest-155022237 tempest-GroupSnapshotsTest-155022237-project-admin] DELETE http://10.222.0.23/volume/v3/dcf5b76646924571a8fc8967424c814a/types/a4d0a17c-71d0-455f-be4a-e0dddc9a37e5
Aug 25 17:55:04.968091 dv-cinder-786386-10-iscsi devstack@c-api.service[100646]: DEBUG cinder.api.openstack.wsgi [None req-d68c76a9-e028-4cff-a82d-4f62be4f0cad tempest-GroupSnapshotsTest-155022237 tempest-GroupSnapshotsTest-155022237-project-admin] Empty body provided in request {{(pid=100646) get_body /opt/stack/cinder/cinder/api/openstack/wsgi.py:703}}
Aug 25 17:55:04.969618 dv-cinder-786386-10-iscsi devstack@c-api.service[100646]: DEBUG cinder.api.openstack.wsgi [None req-d68c76a9-e028-4cff-a82d-4f62be4f0cad tempest-GroupSnapshotsTest-155022237 tempest-GroupSnapshotsTest-155022237-project-admin] Calling method '_delete' {{(pid=100646) _process_stack /opt/stack/cinder/cinder/api/openstack/wsgi.py:856}}
Aug 25 17:55:05.001691 dv-cinder-786386-10-iscsi devstack@c-api.service[100645]: INFO cinder.api.openstack.wsgi [None req-28fa86d5-11e2-4168-ba37-eaafd180f145 tempest-VolumesImageMetadata-2036112328 tempest-VolumesImageMetadata-2036112328-project] GET http://10.222.0.23/volume/v3/4f00fb110f044ce28d72aaaa2e0c23df/volumes/2ed7bf2a-425c-4b15-a5ac-00b9357a496c
Aug 25 17:55:05.002514 dv-cinder-786386-10-iscsi devstack@c-api.service[100645]: DEBUG cinder.api.openstack.wsgi [None req-28fa86d5-11e2-4168-ba37-eaafd180f145 tempest-VolumesImageMetadata-2036112328 tempest-VolumesImageMetadata-2036112328-project] Empty body provided in request {{(pid=100645) get_body /opt/stack/cinder/cinder/api/openstack/wsgi.py:703}}
Aug 25 17:55:05.003183 dv-cinder-786386-10-iscsi devstack@c-api.service[100645]: DEBUG cinder.api.openstack.wsgi [None req-28fa86d5-11e2-4168-ba37-eaafd180f145 tempest-VolumesImageMetadata-2036112328 tempest-VolumesImageMetadata-2036112328-project] Calling method 'show' {{(pid=100645) _process_stack /opt/stack/cinder/cinder/api/openstack/wsgi.py:856}}
Aug 25 17:55:05.023301 dv-cinder-786386-10-iscsi devstack@c-api.service[100645]: /usr/local/lib/python3.8/dist-packages/oslo_context/context.py:105: DeprecationWarning: Policy enforcement is depending on the value of is_admin. This key is deprecated. Please update your policy file to use the standard policy values.
Aug 25 17:55:05.023301 dv-cinder-786386-10-iscsi devstack@c-api.service[100645]: warnings.warn('Policy enforcement is depending on the value of '
Aug 25 17:55:05.036435 dv-cinder-786386-10-iscsi devstack@c-api.service[100645]: INFO cinder.volume.api [None req-28fa86d5-11e2-4168-ba37-eaafd180f145 tempest-VolumesImageMetadata-2036112328 tempest-VolumesImageMetadata-2036112328-project] Volume info retrieved successfully.
Aug 25 17:55:05.040675 dv-cinder-786386-10-iscsi devstack@c-api.service[100646]: INFO cinder.api.openstack.wsgi [None req-d68c76a9-e028-4cff-a82d-4f62be4f0cad tempest-GroupSnapshotsTest-155022237 tempest-GroupSnapshotsTest-155022237-project-admin] http://10.222.0.23/volume/v3/dcf5b76646924571a8fc8967424c814a/types/a4d0a17c-71d0-455f-be4a-e0dddc9a37e5 returned with HTTP 202
Aug 25 17:55:05.042487 dv-cinder-786386-10-iscsi devstack@c-api.service[100646]: [pid: 100646|app: 0|req: 248/486] 10.222.0.23 () {58 vars in 1322 bytes} [Wed Aug 25 17:55:04 2021] DELETE /volume/v3/dcf5b76646924571a8fc8967424c814a/types/a4d0a17c-71d0-455f-be4a-e0dddc9a37e5 => generated 0 bytes in 82 msecs (HTTP/1.1 202) 6 headers in 233 bytes (2 switches on core 0)
Aug 25 17:55:05.054195 dv-cinder-786386-10-iscsi devstack@c-api.service[100646]: INFO cinder.api.openstack.wsgi [None req-8340e84a-0fce-4d75-8c75-f11bf437349f tempest-GroupSnapshotsTest-155022237 tempest-GroupSnapshotsTest-155022237-project-admin] GET http://10.222.0.23/volume/v3/dcf5b76646924571a8fc8967424c814a/types/a4d0a17c-71d0-455f-be4a-e0dddc9a37e5
Aug 25 17:55:05.056174 dv-cinder-786386-10-iscsi devstack@c-api.service[100646]: DEBUG cinder.api.openstack.wsgi [None req-8340e84a-0fce-4d75-8c75-f11bf437349f tempest-GroupSnapshotsTest-155022237 tempest-GroupSnapshotsTest-155022237-project-admin] Empty body provided in request {{(pid=100646) get_body /opt/stack/cinder/cinder/api/openstack/wsgi.py:703}}
Aug 25 17:55:05.056789 dv-cinder-786386-10-iscsi devstack@c-api.service[100646]: DEBUG cinder.api.openstack.wsgi [None req-8340e84a-0fce-4d75-8c75-f11bf437349f tempest-GroupSnapshotsTest-155022237 tempest-GroupSnapshotsTest-155022237-project-admin] Calling method 'show' {{(pid=100646) _process_stack /opt/stack/cinder/cinder/api/openstack/wsgi.py:856}}
Aug 25 17:55:05.062799 dv-cinder-786386-10-iscsi devstack@c-api.service[100646]: INFO cinder.api.openstack.wsgi [None req-8340e84a-0fce-4d75-8c75-f11bf437349f tempest-GroupSnapshotsTest-155022237 tempest-GroupSnapshotsTest-155022237-project-admin] http://10.222.0.23/volume/v3/dcf5b76646924571a8fc8967424c814a/types/a4d0a17c-71d0-455f-be4a-e0dddc9a37e5 returned with HTTP 404
Aug 25 17:55:05.064014 dv-cinder-786386-10-iscsi devstack@c-api.service[100646]: [pid: 100646|app: 0|req: 249/487] 10.222.0.23 () {58 vars in 1319 bytes} [Wed Aug 25 17:55:05 2021] GET /volume/v3/dcf5b76646924571a8fc8967424c814a/types/a4d0a17c-71d0-455f-be4a-e0dddc9a37e5 => generated 114 bytes in 17 msecs (HTTP/1.1 404) 7 headers in 292 bytes (2 switches on core 0)
Aug 25 17:55:05.073482 dv-cinder-786386-10-iscsi devstack@c-api.service[100646]: INFO cinder.api.openstack.wsgi [None req-a9086e3e-83bf-4819-a587-86e994d002fa tempest-GroupSnapshotsTest-891904334 tempest-GroupSnapshotsTest-891904334-project] DELETE http://10.222.0.23/volume/v3/84620677f489463ba7ef9c3df5083beb/volumes/75e661f2-c6e4-4872-b224-0064d6d9a0d4
Aug 25 17:55:05.073938 dv-cinder-786386-10-iscsi devstack@c-api.service[100646]: DEBUG cinder.api.openstack.wsgi [None req-a9086e3e-83bf-4819-a587-86e994d002fa tempest-GroupSnapshotsTest-891904334 tempest-GroupSnapshotsTest-891904334-project] Empty body provided in request {{(pid=100646) get_body /opt/stack/cinder/cinder/api/openstack/wsgi.py:703}}
Aug 25 17:55:05.074473 dv-cinder-786386-10-iscsi devstack@c-api.service[100646]: DEBUG cinder.api.openstack.wsgi [None req-a9086e3e-83bf-4819-a587-86e994d002fa tempest-GroupSnapshotsTest-891904334 tempest-GroupSnapshotsTest-891904334-project] Calling method 'delete' {{(pid=100646) _process_stack /opt/stack/cinder/cinder/api/openstack/wsgi.py:856}}
Aug 25 17:55:05.074744 dv-cinder-786386-10-iscsi devstack@c-api.service[100646]: INFO cinder.api.v3.volumes [None req-a9086e3e-83bf-4819-a587-86e994d002fa tempest-GroupSnapshotsTest-891904334 tempest-GroupSnapshotsTest-891904334-project] Delete volume with id: 75e661f2-c6e4-4872-b224-0064d6d9a0d4
Aug 25 17:55:05.081071 dv-cinder-786386-10-iscsi devstack@c-api.service[100645]: INFO cinder.api.openstack.wsgi [None req-28fa86d5-11e2-4168-ba37-eaafd180f145 tempest-VolumesImageMetadata-2036112328 tempest-VolumesImageMetadata-2036112328-project] http://10.222.0.23/volume/v3/4f00fb110f044ce28d72aaaa2e0c23df/volumes/2ed7bf2a-425c-4b15-a5ac-00b9357a496c returned with HTTP 200
Aug 25 17:55:05.082901 dv-cinder-786386-10-iscsi devstack@c-api.service[100645]: [pid: 100645|app: 0|req: 239/488] 10.222.0.23 () {58 vars in 1325 bytes} [Wed Aug 25 17:55:04 2021] GET /volume/v3/4f00fb110f044ce28d72aaaa2e0c23df/volumes/2ed7bf2a-425c-4b15-a5ac-00b9357a496c => generated 912 bytes in 88 msecs (HTTP/1.1 200) 7 headers in 285 bytes (2 switches on core 0)
Aug 25 17:55:05.085909 dv-cinder-786386-10-iscsi devstack@c-api.service[100646]: INFO cinder.api.openstack.wsgi [None req-a9086e3e-83bf-4819-a587-86e994d002fa tempest-GroupSnapshotsTest-891904334 tempest-GroupSnapshotsTest-891904334-project] http://10.222.0.23/volume/v3/84620677f489463ba7ef9c3df5083beb/volumes/75e661f2-c6e4-4872-b224-0064d6d9a0d4 returned with HTTP 404
Aug 25 17:55:05.087053 dv-cinder-786386-10-iscsi devstack@c-api.service[100646]: [pid: 100646|app: 0|req: 250/489] 10.222.0.23 () {58 vars in 1328 bytes} [Wed Aug 25 17:55:05 2021] DELETE /volume/v3/84620677f489463ba7ef9c3df5083beb/volumes/75e661f2-c6e4-4872-b224-0064d6d9a0d4 => generated 109 bytes in 17 msecs (HTTP/1.1 404) 7 headers in 292 bytes (1 switches on core 0)
Aug 25 17:55:05.099837 dv-cinder-786386-10-iscsi devstack@c-api.service[100645]: INFO cinder.api.openstack.wsgi [None req-b7a1d272-777e-4922-8fa2-6cff50430e31 tempest-GroupSnapshotsTest-155022237 tempest-GroupSnapshotsTest-155022237-project-admin] DELETE http://10.222.0.23/volume/v3/dcf5b76646924571a8fc8967424c814a/types/0a1f11d8-4db3-4932-9755-cebdb5ed6271
