May 10 17:18:57.534361 dv-cinder-786385-3-iscsi devstack@c-api.service[85456]: INFO cinder.api.openstack.wsgi [None req-ba7bbb44-b9fd-46d4-88dc-ff417541cef0 tempest-GroupSnapshotsTest-903556302 tempest-GroupSnapshotsTest-903556302-project] http://10.222.0.16/volume/v3/6a4c130855b14891a18fa4f082f33054/groups returned with HTTP 202
May 10 17:18:57.545578 dv-cinder-786385-3-iscsi devstack@c-api.service[85457]: INFO cinder.api.openstack.wsgi [None req-a539e84a-0b0e-4683-85ff-6bf61ce6c294 tempest-GroupSnapshotsTest-903556302 tempest-GroupSnapshotsTest-903556302-project] GET http://10.222.0.16/volume/v3/6a4c130855b14891a18fa4f082f33054/groups/20ebab7f-44d0-4b5e-a8d4-4d2e72e0a18c
May 10 17:18:57.546209 dv-cinder-786385-3-iscsi devstack@c-api.service[85457]: DEBUG cinder.api.openstack.wsgi [None req-a539e84a-0b0e-4683-85ff-6bf61ce6c294 tempest-GroupSnapshotsTest-903556302 tempest-GroupSnapshotsTest-903556302-project] Empty body provided in request {{(pid=85457) get_body /opt/stack/cinder/cinder/api/openstack/wsgi.py:713}}
May 10 17:18:57.546803 dv-cinder-786385-3-iscsi devstack@c-api.service[85457]: DEBUG cinder.api.openstack.wsgi [None req-a539e84a-0b0e-4683-85ff-6bf61ce6c294 tempest-GroupSnapshotsTest-903556302 tempest-GroupSnapshotsTest-903556302-project] Calling method 'version_select' {{(pid=85457) _process_stack /opt/stack/cinder/cinder/api/openstack/wsgi.py:866}}
May 10 17:18:57.547564 dv-cinder-786385-3-iscsi devstack@c-api.service[85457]: DEBUG cinder.api.v3.groups [None req-a539e84a-0b0e-4683-85ff-6bf61ce6c294 tempest-GroupSnapshotsTest-903556302 tempest-GroupSnapshotsTest-903556302-project] show called for member 20ebab7f-44d0-4b5e-a8d4-4d2e72e0a18c {{(pid=85457) show /opt/stack/cinder/cinder/api/v3/groups.py:58}}
May 10 17:18:57.554614 dv-cinder-786385-3-iscsi devstack@c-api.service[85456]: [pid: 85456|app: 0|req: 76/135] 10.222.0.16 () {62 vars in 1274 bytes} [Mon May 10 17:18:57 2021] POST /volume/v3/6a4c130855b14891a18fa4f082f33054/groups => generated 112 bytes in 340 msecs (HTTP/1.1 202) 7 headers in 292 bytes (1 switches on core 0)
May 10 17:18:57.562806 dv-cinder-786385-3-iscsi devstack@c-api.service[85457]: /usr/local/lib/python3.8/dist-packages/oslo_context/context.py:105: DeprecationWarning: Policy enforcement is depending on the value of is_admin. This key is deprecated. Please update your policy file to use the standard policy values.
May 10 17:18:57.562806 dv-cinder-786385-3-iscsi devstack@c-api.service[85457]: warnings.warn('Policy enforcement is depending on the value of '
May 10 17:18:57.611197 dv-cinder-786385-3-iscsi devstack@c-api.service[85457]: INFO cinder.api.openstack.wsgi [None req-a539e84a-0b0e-4683-85ff-6bf61ce6c294 tempest-GroupSnapshotsTest-903556302 tempest-GroupSnapshotsTest-903556302-project] http://10.222.0.16/volume/v3/6a4c130855b14891a18fa4f082f33054/groups/20ebab7f-44d0-4b5e-a8d4-4d2e72e0a18c returned with HTTP 200
May 10 17:18:57.620329 dv-cinder-786385-3-iscsi devstack@c-api.service[85457]: [pid: 85457|app: 0|req: 60/136] 10.222.0.16 () {60 vars in 1363 bytes} [Mon May 10 17:18:57 2021] GET /volume/v3/6a4c130855b14891a18fa4f082f33054/groups/20ebab7f-44d0-4b5e-a8d4-4d2e72e0a18c => generated 392 bytes in 79 msecs (HTTP/1.1 200) 7 headers in 286 bytes (1 switches on core 0)
May 10 17:18:57.767416 dv-cinder-786385-3-iscsi devstack@c-api.service[85456]: INFO cinder.api.openstack.wsgi [None req-b8fca6b2-37cc-4f4b-8b48-d04540c61524 tempest-VolumesTestJSON-1502128092 tempest-VolumesTestJSON-1502128092-project] GET http://10.222.0.16/volume/v3/8ebcfb4c0418478b889e532dc8037df4/volumes/1a872a66-2617-42cd-b80f-b234bac4468e
May 10 17:18:57.768006 dv-cinder-786385-3-iscsi devstack@c-api.service[85456]: DEBUG cinder.api.openstack.wsgi [None req-b8fca6b2-37cc-4f4b-8b48-d04540c61524 tempest-VolumesTestJSON-1502128092 tempest-VolumesTestJSON-1502128092-project] Empty body provided in request {{(pid=85456) get_body /opt/stack/cinder/cinder/api/openstack/wsgi.py:713}}
May 10 17:18:57.768294 dv-cinder-786385-3-iscsi devstack@c-api.service[85456]: /usr/local/lib/python3.8/dist-packages/webob/acceptparse.py:1047: DeprecationWarning: The behavior of AcceptValidHeader.best_match is currently being maintained for backward compatibility, but it will be deprecated in the future, as it does not conform to the RFC.
May 10 17:18:57.768294 dv-cinder-786385-3-iscsi devstack@c-api.service[85456]: warnings.warn(
May 10 17:18:57.768771 dv-cinder-786385-3-iscsi devstack@c-api.service[85456]: DEBUG cinder.api.openstack.wsgi [None req-b8fca6b2-37cc-4f4b-8b48-d04540c61524 tempest-VolumesTestJSON-1502128092 tempest-VolumesTestJSON-1502128092-project] Calling method 'show' {{(pid=85456) _process_stack /opt/stack/cinder/cinder/api/openstack/wsgi.py:866}}
May 10 17:18:57.848400 dv-cinder-786385-3-iscsi devstack@c-api.service[85457]: INFO cinder.api.openstack.wsgi [None req-a7f04662-8289-4309-87b1-29ea0133baeb tempest-GroupsTest-1229802509 tempest-GroupsTest-1229802509-project] GET http://10.222.0.16/volume/v3/4144c83f831f4eec8318300f4de9377b/groups/7980dbd9-52e5-4be9-bec0-dfe8995f47d5
May 10 17:18:57.849293 dv-cinder-786385-3-iscsi devstack@c-api.service[85457]: DEBUG cinder.api.openstack.wsgi [None req-a7f04662-8289-4309-87b1-29ea0133baeb tempest-GroupsTest-1229802509 tempest-GroupsTest-1229802509-project] Empty body provided in request {{(pid=85457) get_body /opt/stack/cinder/cinder/api/openstack/wsgi.py:713}}
May 10 17:18:57.849663 dv-cinder-786385-3-iscsi devstack@c-api.service[85457]: /usr/local/lib/python3.8/dist-packages/webob/acceptparse.py:1047: DeprecationWarning: The behavior of AcceptValidHeader.best_match is currently being maintained for backward compatibility, but it will be deprecated in the future, as it does not conform to the RFC.
May 10 17:18:57.849663 dv-cinder-786385-3-iscsi devstack@c-api.service[85457]: warnings.warn(
May 10 17:18:57.850825 dv-cinder-786385-3-iscsi devstack@c-api.service[85457]: DEBUG cinder.api.openstack.wsgi [None req-a7f04662-8289-4309-87b1-29ea0133baeb tempest-GroupsTest-1229802509 tempest-GroupsTest-1229802509-project] Calling method 'version_select' {{(pid=85457) _process_stack /opt/stack/cinder/cinder/api/openstack/wsgi.py:866}}
May 10 17:18:57.851445 dv-cinder-786385-3-iscsi devstack@c-api.service[85457]: DEBUG cinder.api.v3.groups [None req-a7f04662-8289-4309-87b1-29ea0133baeb tempest-GroupsTest-1229802509 tempest-GroupsTest-1229802509-project] show called for member 7980dbd9-52e5-4be9-bec0-dfe8995f47d5 {{(pid=85457) show /opt/stack/cinder/cinder/api/v3/groups.py:58}}
May 10 17:18:57.867355 dv-cinder-786385-3-iscsi devstack@c-api.service[85457]: /usr/local/lib/python3.8/dist-packages/oslo_context/context.py:105: DeprecationWarning: Policy enforcement is depending on the value of is_admin. This key is deprecated. Please update your policy file to use the standard policy values.
May 10 17:18:57.867355 dv-cinder-786385-3-iscsi devstack@c-api.service[85457]: warnings.warn('Policy enforcement is depending on the value of '
May 10 17:18:57.885529 dv-cinder-786385-3-iscsi devstack@c-api.service[85456]: /usr/local/lib/python3.8/dist-packages/oslo_context/context.py:105: DeprecationWarning: Policy enforcement is depending on the value of is_admin. This key is deprecated. Please update your policy file to use the standard policy values.
May 10 17:18:57.885529 dv-cinder-786385-3-iscsi devstack@c-api.service[85456]: warnings.warn('Policy enforcement is depending on the value of '
May 10 17:18:57.903935 dv-cinder-786385-3-iscsi devstack@c-api.service[85456]: INFO cinder.volume.api [None req-b8fca6b2-37cc-4f4b-8b48-d04540c61524 tempest-VolumesTestJSON-1502128092 tempest-VolumesTestJSON-1502128092-project] Volume info retrieved successfully.
May 10 17:18:57.946427 dv-cinder-786385-3-iscsi devstack@c-api.service[85457]: INFO cinder.api.openstack.wsgi [None req-a7f04662-8289-4309-87b1-29ea0133baeb tempest-GroupsTest-1229802509 tempest-GroupsTest-1229802509-project] http://10.222.0.16/volume/v3/4144c83f831f4eec8318300f4de9377b/groups/7980dbd9-52e5-4be9-bec0-dfe8995f47d5 returned with HTTP 200
May 10 17:18:57.948202 dv-cinder-786385-3-iscsi devstack@c-api.service[85457]: [pid: 85457|app: 0|req: 61/137] 10.222.0.16 () {60 vars in 1363 bytes} [Mon May 10 17:18:57 2021] GET /volume/v3/4144c83f831f4eec8318300f4de9377b/groups/7980dbd9-52e5-4be9-bec0-dfe8995f47d5 => generated 321 bytes in 105 msecs (HTTP/1.1 200) 7 headers in 286 bytes (1 switches on core 0)
May 10 17:18:57.949589 dv-cinder-786385-3-iscsi devstack@c-api.service[85456]: INFO cinder.api.openstack.wsgi [None req-b8fca6b2-37cc-4f4b-8b48-d04540c61524 tempest-VolumesTestJSON-1502128092 tempest-VolumesTestJSON-1502128092-project] http://10.222.0.16/volume/v3/8ebcfb4c0418478b889e532dc8037df4/volumes/1a872a66-2617-42cd-b80f-b234bac4468e returned with HTTP 200
May 10 17:18:57.959867 dv-cinder-786385-3-iscsi devstack@c-api.service[85456]: [pid: 85456|app: 0|req: 77/138] 10.222.0.16 () {58 vars in 1325 bytes} [Mon May 10 17:18:57 2021] GET /volume/v3/8ebcfb4c0418478b889e532dc8037df4/volumes/1a872a66-2617-42cd-b80f-b234bac4468e => generated 921 bytes in 189 msecs (HTTP/1.1 200) 7 headers in 285 bytes (1 switches on core 0)
May 10 17:18:57.967245 dv-cinder-786385-3-iscsi devstack@c-api.service[85457]: INFO cinder.api.openstack.wsgi [None req-5821042e-ee28-4199-8a96-7fbd82f2532d tempest-GroupsTest-1229802509 tempest-GroupsTest-1229802509-project] POST http://10.222.0.16/volume/v3/4144c83f831f4eec8318300f4de9377b/volumes
May 10 17:18:57.969424 dv-cinder-786385-3-iscsi devstack@c-api.service[85457]: /usr/local/lib/python3.8/dist-packages/webob/acceptparse.py:1047: DeprecationWarning: The behavior of AcceptValidHeader.best_match is currently being maintained for backward compatibility, but it will be deprecated in the future, as it does not conform to the RFC.
May 10 17:18:57.969424 dv-cinder-786385-3-iscsi devstack@c-api.service[85457]: warnings.warn(
May 10 17:18:57.970031 dv-cinder-786385-3-iscsi devstack@c-api.service[85457]: DEBUG cinder.api.openstack.wsgi [None req-5821042e-ee28-4199-8a96-7fbd82f2532d tempest-GroupsTest-1229802509 tempest-GroupsTest-1229802509-project] Action: 'create', calling method: create, body: {"volume": {"name": "tempest-volume-1271963828", "volume_type": "753d425a-53c7-47a1-b6f5-b065b607f429", "group_id": "f269f1d6-731d-4d80-bec5-ab1f657e6290", "size": 1}} {{(pid=85457) _process_stack /opt/stack/cinder/cinder/api/openstack/wsgi.py:864}}
May 10 17:18:57.972242 dv-cinder-786385-3-iscsi devstack@c-api.service[85457]: DEBUG cinder.api.v3.volumes [None req-5821042e-ee28-4199-8a96-7fbd82f2532d tempest-GroupsTest-1229802509 tempest-GroupsTest-1229802509-project] Create volume request body: {'volume': {'name': 'tempest-volume-1271963828', 'volume_type': '753d425a-53c7-47a1-b6f5-b065b607f429', 'group_id': 'f269f1d6-731d-4d80-bec5-ab1f657e6290', 'size': 1}} {{(pid=85457) create /opt/stack/cinder/cinder/api/v3/volumes.py:289}}
May 10 17:18:58.016306 dv-cinder-786385-3-iscsi devstack@c-api.service[85457]: /usr/local/lib/python3.8/dist-packages/oslo_context/context.py:105: DeprecationWarning: Policy enforcement is depending on the value of is_admin. This key is deprecated. Please update your policy file to use the standard policy values.
May 10 17:18:58.016306 dv-cinder-786385-3-iscsi devstack@c-api.service[85457]: warnings.warn('Policy enforcement is depending on the value of '
May 10 17:18:58.017818 dv-cinder-786385-3-iscsi devstack@c-api.service[85457]: INFO cinder.api.v3.volumes [None req-5821042e-ee28-4199-8a96-7fbd82f2532d tempest-GroupsTest-1229802509 tempest-GroupsTest-1229802509-project] Create volume of 1 GB
May 10 17:18:58.035481 dv-cinder-786385-3-iscsi devstack@c-api.service[85457]: INFO cinder.volume.api [None req-5821042e-ee28-4199-8a96-7fbd82f2532d tempest-GroupsTest-1229802509 tempest-GroupsTest-1229802509-project] Availability Zones retrieved successfully.
May 10 17:18:58.059025 dv-cinder-786385-3-iscsi devstack@c-api.service[85457]: DEBUG cinder.volume.api [None req-5821042e-ee28-4199-8a96-7fbd82f2532d tempest-GroupsTest-1229802509 tempest-GroupsTest-1229802509-project] Flow 'volume_create_api' (200260ea-8a21-43d1-ad78-3a3b854593ef) transitioned into state 'RUNNING' from state 'PENDING' {{(pid=85457) _flow_receiver /usr/local/lib/python3.8/dist-packages/taskflow/listeners/logging.py:141}}
May 10 17:18:58.062775 dv-cinder-786385-3-iscsi devstack@c-api.service[85457]: DEBUG cinder.volume.api [None req-5821042e-ee28-4199-8a96-7fbd82f2532d tempest-GroupsTest-1229802509 tempest-GroupsTest-1229802509-project] Task 'cinder.volume.flows.api.create_volume.ExtractVolumeRequestTask;volume:create' (8c178ed6-fac2-4a18-ad1f-3b1554751dc8) transitioned into state 'RUNNING' from state 'PENDING' {{(pid=85457) _task_receiver /usr/local/lib/python3.8/dist-packages/taskflow/listeners/logging.py:190}}
May 10 17:18:58.064589 dv-cinder-786385-3-iscsi devstack@c-api.service[85457]: /usr/local/lib/python3.8/dist-packages/oslo_context/context.py:105: DeprecationWarning: Policy enforcement is depending on the value of is_admin. This key is deprecated. Please update your policy file to use the standard policy values.
May 10 17:18:58.064589 dv-cinder-786385-3-iscsi devstack@c-api.service[85457]: warnings.warn('Policy enforcement is depending on the value of '
May 10 17:18:58.065413 dv-cinder-786385-3-iscsi devstack@c-api.service[85457]: DEBUG cinder.volume.flows.api.create_volume [None req-5821042e-ee28-4199-8a96-7fbd82f2532d tempest-GroupsTest-1229802509 tempest-GroupsTest-1229802509-project] Validating volume size '1' using validate_int {{(pid=85457) _extract_size /opt/stack/cinder/cinder/volume/flows/api/create_volume.py:201}}
May 10 17:18:58.130430 dv-cinder-786385-3-iscsi devstack@c-api.service[85457]: DEBUG cinder.volume.api [None req-5821042e-ee28-4199-8a96-7fbd82f2532d tempest-GroupsTest-1229802509 tempest-GroupsTest-1229802509-project] Task 'cinder.volume.flows.api.create_volume.ExtractVolumeRequestTask;volume:create' (8c178ed6-fac2-4a18-ad1f-3b1554751dc8) transitioned into state 'SUCCESS' from state 'RUNNING' with result '{'size': 1, 'snapshot_id': None, 'source_volid': None, 'volume_type': VolumeType(created_at=2021-05-10T17:18:54Z,deleted=False,deleted_at=None,description=None,extra_specs={},id=753d425a-53c7-47a1-b6f5-b065b607f429,is_public=True,name='tempest-GroupsTest-volume-type-875430364',projects=[],qos_specs=,qos_specs_id=None,updated_at=None), 'volume_type_id': '753d425a-53c7-47a1-b6f5-b065b607f429', 'encryption_key_id': None, 'qos_specs': None, 'consistencygroup_id': None, 'cgsnapshot_id': None, 'group_id': 'f269f1d6-731d-4d80-bec5-ab1f657e6290', 'replication_status': 'disabled', 'refresh_az': False, 'backup_id': None, 'multiattach': False, 'availability_zones': ['nova']}' {{(pid=85457) _task_receiver /usr/local/lib/python3.8/dist-packages/taskflow/listeners/logging.py:178}}
May 10 17:18:58.132895 dv-cinder-786385-3-iscsi devstack@c-api.service[85457]: DEBUG cinder.volume.api [None req-5821042e-ee28-4199-8a96-7fbd82f2532d tempest-GroupsTest-1229802509 tempest-GroupsTest-1229802509-project] Task 'cinder.volume.flows.api.create_volume.QuotaReserveTask;volume:create' (0c0c16f7-f5a4-42d7-9f31-cda96752af51) transitioned into state 'RUNNING' from state 'PENDING' {{(pid=85457) _task_receiver /usr/local/lib/python3.8/dist-packages/taskflow/listeners/logging.py:190}}
May 10 17:18:58.176570 dv-cinder-786385-3-iscsi devstack@c-api.service[85457]: WARNING cinder.quota [None req-5821042e-ee28-4199-8a96-7fbd82f2532d tempest-GroupsTest-1229802509 tempest-GroupsTest-1229802509-project] Deprecated: Default quota for resource: volumes_tempest-GroupsTest-volume-type-875430364 is set by the default quota flag: quota_volumes_tempest-GroupsTest-volume-type-875430364, it is now deprecated. Please use the default quota class for default quota.
May 10 17:18:58.177796 dv-cinder-786385-3-iscsi devstack@c-api.service[85457]: WARNING cinder.quota [None req-5821042e-ee28-4199-8a96-7fbd82f2532d tempest-GroupsTest-1229802509 tempest-GroupsTest-1229802509-project] Deprecated: Default quota for resource: gigabytes_tempest-GroupsTest-volume-type-875430364 is set by the default quota flag: quota_gigabytes_tempest-GroupsTest-volume-type-875430364, it is now deprecated. Please use the default quota class for default quota.
May 10 17:18:58.261275 dv-cinder-786385-3-iscsi devstack@c-api.service[85457]: DEBUG cinder.quota [None req-5821042e-ee28-4199-8a96-7fbd82f2532d tempest-GroupsTest-1229802509 tempest-GroupsTest-1229802509-project] Created reservations ['ea0fb1bb-c6d5-4273-b3c4-02d0c23ef26a', 'e66a16d1-3bf3-4edd-a8ac-d57ff3d8a2f8', '4ec11b4b-c9ad-47d6-8c90-b2a51bd46f9e', '23b4cf38-ae59-4bb6-839d-770dde357ef1'] {{(pid=85457) reserve /opt/stack/cinder/cinder/quota.py:755}}
May 10 17:18:58.265235 dv-cinder-786385-3-iscsi devstack@c-api.service[85457]: DEBUG cinder.volume.api [None req-5821042e-ee28-4199-8a96-7fbd82f2532d tempest-GroupsTest-1229802509 tempest-GroupsTest-1229802509-project] Task 'cinder.volume.flows.api.create_volume.QuotaReserveTask;volume:create' (0c0c16f7-f5a4-42d7-9f31-cda96752af51) transitioned into state 'SUCCESS' from state 'RUNNING' with result '{'reservations': ['ea0fb1bb-c6d5-4273-b3c4-02d0c23ef26a', 'e66a16d1-3bf3-4edd-a8ac-d57ff3d8a2f8', '4ec11b4b-c9ad-47d6-8c90-b2a51bd46f9e', '23b4cf38-ae59-4bb6-839d-770dde357ef1']}' {{(pid=85457) _task_receiver /usr/local/lib/python3.8/dist-packages/taskflow/listeners/logging.py:178}}
May 10 17:18:58.268562 dv-cinder-786385-3-iscsi devstack@c-api.service[85457]: DEBUG cinder.volume.api [None req-5821042e-ee28-4199-8a96-7fbd82f2532d tempest-GroupsTest-1229802509 tempest-GroupsTest-1229802509-project] Task 'cinder.volume.flows.api.create_volume.EntryCreateTask;volume:create' (614def30-b34b-4e2c-87e3-bb78d4e8e67b) transitioned into state 'RUNNING' from state 'PENDING' {{(pid=85457) _task_receiver /usr/local/lib/python3.8/dist-packages/taskflow/listeners/logging.py:190}}
May 10 17:18:58.348213 dv-cinder-786385-3-iscsi devstack@c-api.service[85457]: DEBUG cinder.volume.api [None req-5821042e-ee28-4199-8a96-7fbd82f2532d tempest-GroupsTest-1229802509 tempest-GroupsTest-1229802509-project] Task 'cinder.volume.flows.api.create_volume.EntryCreateTask;volume:create' (614def30-b34b-4e2c-87e3-bb78d4e8e67b) transitioned into state 'SUCCESS' from state 'RUNNING' with result '{'volume_id': '6891bd88-07ee-4c8a-8179-99887fe01128', 'volume_properties': VolumeProperties(attach_status='detached',availability_zone='nova',cgsnapshot_id=None,consistencygroup_id=None,display_description=None,display_name='tempest-volume-1271963828',encryption_key_id=None,group_id=f269f1d6-731d-4d80-bec5-ab1f657e6290,group_type_id=,metadata={},multiattach=False,project_id='4144c83f831f4eec8318300f4de9377b',qos_specs=None,replication_status=,reservations=['ea0fb1bb-c6d5-4273-b3c4-02d0c23ef26a','e66a16d1-3bf3-4edd-a8ac-d57ff3d8a2f8','4ec11b4b-c9ad-47d6-8c90-b2a51bd46f9e','23b4cf38-ae59-4bb6-839d-770dde357ef1'],size=1,snapshot_id=None,source_replicaid=,source_volid=None,status='creating',user_id='9a9452bd2d7f4914a4aa1478373fc4c2',volume_type_id=753d425a-53c7-47a1-b6f5-b065b607f429), 'volume': Volume(_name_id=None,admin_metadata=,attach_status='detached',availability_zone='nova',bootable=False,cluster=,cluster_name=None,consistencygroup=,consistencygroup_id=None,created_at=2021-05-10T17:18:58Z,deleted=False,deleted_at=None,display_description=None,display_name='tempest-volume-1271963828',ec2_id=None,encryption_key_id=None,glance_metadata=,group=,group_id=f269f1d6-731d-4d80-bec5-ab1f657e6290,host=None,id=6891bd88-07ee-4c8a-8179-99887fe01128,launched_at=None,metadata={},migration_status=None,multiattach=False,previous_status=None,project_id='4144c83f831f4eec8318300f4de9377b',provider_auth=None,provider_geometry=None,provider_id=None,provider_location=None,replication_driver_data=None,replication_extended_status=None,replication_status=None,scheduled_at=None,service_uuid=None,shared_targets=True,size=1,snapshot_id=None,snapshots=,source_volid=None,status='creating',terminated_at=None,updated_at=None,user_id='9a9452bd2d7f4914a4aa1478373fc4c2',volume_attachment=,volume_type=VolumeType(753d425a-53c7-47a1-b6f5-b065b607f429),volume_type_id=753d425a-53c7-47a1-b6f5-b065b607f429)}' {{(pid=85457) _task_receiver /usr/local/lib/python3.8/dist-packages/taskflow/listeners/logging.py:178}}
May 10 17:18:58.352627 dv-cinder-786385-3-iscsi devstack@c-api.service[85457]: DEBUG cinder.volume.api [None req-5821042e-ee28-4199-8a96-7fbd82f2532d tempest-GroupsTest-1229802509 tempest-GroupsTest-1229802509-project] Task 'cinder.volume.flows.api.create_volume.QuotaCommitTask;volume:create' (3d5d163d-072b-4d59-8906-8c90652b00f4) transitioned into state 'RUNNING' from state 'PENDING' {{(pid=85457) _task_receiver /usr/local/lib/python3.8/dist-packages/taskflow/listeners/logging.py:190}}
May 10 17:18:58.405167 dv-cinder-786385-3-iscsi devstack@c-api.service[85457]: DEBUG cinder.volume.api [None req-5821042e-ee28-4199-8a96-7fbd82f2532d tempest-GroupsTest-1229802509 tempest-GroupsTest-1229802509-project] Task 'cinder.volume.flows.api.create_volume.QuotaCommitTask;volume:create' (3d5d163d-072b-4d59-8906-8c90652b00f4) transitioned into state 'SUCCESS' from state 'RUNNING' with result '{'volume_properties': VolumeProperties(attach_status='detached',availability_zone='nova',cgsnapshot_id=None,consistencygroup_id=None,display_description=None,display_name='tempest-volume-1271963828',encryption_key_id=None,group_id=f269f1d6-731d-4d80-bec5-ab1f657e6290,group_type_id=,metadata={},multiattach=False,project_id='4144c83f831f4eec8318300f4de9377b',qos_specs=None,replication_status=,reservations=['ea0fb1bb-c6d5-4273-b3c4-02d0c23ef26a','e66a16d1-3bf3-4edd-a8ac-d57ff3d8a2f8','4ec11b4b-c9ad-47d6-8c90-b2a51bd46f9e','23b4cf38-ae59-4bb6-839d-770dde357ef1'],size=1,snapshot_id=None,source_replicaid=,source_volid=None,status='creating',user_id='9a9452bd2d7f4914a4aa1478373fc4c2',volume_type_id=753d425a-53c7-47a1-b6f5-b065b607f429)}' {{(pid=85457) _task_receiver /usr/local/lib/python3.8/dist-packages/taskflow/listeners/logging.py:178}}
May 10 17:18:58.407301 dv-cinder-786385-3-iscsi devstack@c-api.service[85457]: DEBUG cinder.volume.api [None req-5821042e-ee28-4199-8a96-7fbd82f2532d tempest-GroupsTest-1229802509 tempest-GroupsTest-1229802509-project] Task 'cinder.volume.flows.api.create_volume.VolumeCastTask;volume:create' (b6b098d5-9fb2-43c1-b3f2-fab5df901fe2) transitioned into state 'RUNNING' from state 'PENDING' {{(pid=85457) _task_receiver /usr/local/lib/python3.8/dist-packages/taskflow/listeners/logging.py:190}}
May 10 17:18:58.439395 dv-cinder-786385-3-iscsi devstack@c-api.service[85457]: DEBUG cinder.volume.api [None req-5821042e-ee28-4199-8a96-7fbd82f2532d tempest-GroupsTest-1229802509 tempest-GroupsTest-1229802509-project] Task 'cinder.volume.flows.api.create_volume.VolumeCastTask;volume:create' (b6b098d5-9fb2-43c1-b3f2-fab5df901fe2) transitioned into state 'SUCCESS' from state 'RUNNING' with result 'None' {{(pid=85457) _task_receiver /usr/local/lib/python3.8/dist-packages/taskflow/listeners/logging.py:178}}
May 10 17:18:58.442822 dv-cinder-786385-3-iscsi devstack@c-api.service[85457]: DEBUG cinder.volume.api [None req-5821042e-ee28-4199-8a96-7fbd82f2532d tempest-GroupsTest-1229802509 tempest-GroupsTest-1229802509-project] Flow 'volume_create_api' (200260ea-8a21-43d1-ad78-3a3b854593ef) transitioned into state 'SUCCESS' from state 'RUNNING' {{(pid=85457) _flow_receiver /usr/local/lib/python3.8/dist-packages/taskflow/listeners/logging.py:141}}
May 10 17:18:58.443768 dv-cinder-786385-3-iscsi devstack@c-api.service[85457]: INFO cinder.volume.api [None req-5821042e-ee28-4199-8a96-7fbd82f2532d tempest-GroupsTest-1229802509 tempest-GroupsTest-1229802509-project] Create volume request issued successfully.
May 10 17:18:58.469065 dv-cinder-786385-3-iscsi devstack@c-api.service[85457]: WARNING stevedore.named [None req-5821042e-ee28-4199-8a96-7fbd82f2532d tempest-GroupsTest-1229802509 tempest-GroupsTest-1229802509-project] Could not load cinder.keymgr.conf_key_mgr.ConfKeyManager
May 10 17:18:58.469723 dv-cinder-786385-3-iscsi devstack@c-api.service[85457]: WARNING castellan.key_manager [None req-5821042e-ee28-4199-8a96-7fbd82f2532d tempest-GroupsTest-1229802509 tempest-GroupsTest-1229802509-project] Deprecation Warning : cinder.keymgr.conf_key_mgr.ConfKeyManager is not a stevedore based driver, trying to load it as a class: stevedore.exception.NoMatches: No 'castellan.drivers' driver found, looking for 'cinder.keymgr.conf_key_mgr.ConfKeyManager'
May 10 17:18:58.478580 dv-cinder-786385-3-iscsi devstack@c-api.service[85457]: DEBUG oslo_db.sqlalchemy.engines [None req-5821042e-ee28-4199-8a96-7fbd82f2532d tempest-GroupsTest-1229802509 tempest-GroupsTest-1229802509-project] MySQL server mode set to STRICT_TRANS_TABLES,STRICT_ALL_TABLES,NO_ZERO_IN_DATE,NO_ZERO_DATE,ERROR_FOR_DIVISION_BY_ZERO,TRADITIONAL,NO_ENGINE_SUBSTITUTION {{(pid=85457) _check_effective_sql_mode /usr/local/lib/python3.8/dist-packages/oslo_db/sqlalchemy/engines.py:314}}
May 10 17:18:58.485664 dv-cinder-786385-3-iscsi devstack@c-api.service[85457]: /usr/local/lib/python3.8/dist-packages/oslo_context/context.py:105: DeprecationWarning: Policy enforcement is depending on the value of is_admin. This key is deprecated. Please update your policy file to use the standard policy values.
May 10 17:18:58.485664 dv-cinder-786385-3-iscsi devstack@c-api.service[85457]: warnings.warn('Policy enforcement is depending on the value of '
May 10 17:18:58.500004 dv-cinder-786385-3-iscsi devstack@c-api.service[85457]: INFO cinder.api.openstack.wsgi [None req-5821042e-ee28-4199-8a96-7fbd82f2532d tempest-GroupsTest-1229802509 tempest-GroupsTest-1229802509-project] http://10.222.0.16/volume/v3/4144c83f831f4eec8318300f4de9377b/volumes returned with HTTP 202
May 10 17:18:58.509662 dv-cinder-786385-3-iscsi devstack@c-api.service[85457]: [pid: 85457|app: 0|req: 62/139] 10.222.0.16 () {62 vars in 1277 bytes} [Mon May 10 17:18:57 2021] POST /volume/v3/4144c83f831f4eec8318300f4de9377b/volumes => generated 880 bytes in 549 msecs (HTTP/1.1 202) 7 headers in 292 bytes (1 switches on core 0)
May 10 17:18:58.524508 dv-cinder-786385-3-iscsi devstack@c-api.service[85456]: INFO cinder.api.openstack.wsgi [None req-ebbfc00e-7d31-4248-87c6-98ddc6a39422 tempest-GroupsTest-1229802509 tempest-GroupsTest-1229802509-project] GET http://10.222.0.16/volume/v3/4144c83f831f4eec8318300f4de9377b/volumes/6891bd88-07ee-4c8a-8179-99887fe01128
May 10 17:18:58.525216 dv-cinder-786385-3-iscsi devstack@c-api.service[85456]: DEBUG cinder.api.openstack.wsgi [None req-ebbfc00e-7d31-4248-87c6-98ddc6a39422 tempest-GroupsTest-1229802509 tempest-GroupsTest-1229802509-project] Empty body provided in request {{(pid=85456) get_body /opt/stack/cinder/cinder/api/openstack/wsgi.py:713}}
May 10 17:18:58.525389 dv-cinder-786385-3-iscsi devstack@c-api.service[85456]: /usr/local/lib/python3.8/dist-packages/webob/acceptparse.py:1047: DeprecationWarning: The behavior of AcceptValidHeader.best_match is currently being maintained for backward compatibility, but it will be deprecated in the future, as it does not conform to the RFC.
May 10 17:18:58.525389 dv-cinder-786385-3-iscsi devstack@c-api.service[85456]: warnings.warn(
May 10 17:18:58.525922 dv-cinder-786385-3-iscsi devstack@c-api.service[85456]: DEBUG cinder.api.openstack.wsgi [None req-ebbfc00e-7d31-4248-87c6-98ddc6a39422 tempest-GroupsTest-1229802509 tempest-GroupsTest-1229802509-project] Calling method 'show' {{(pid=85456) _process_stack /opt/stack/cinder/cinder/api/openstack/wsgi.py:866}}
May 10 17:18:58.623939 dv-cinder-786385-3-iscsi devstack@c-api.service[85456]: /usr/local/lib/python3.8/dist-packages/oslo_context/context.py:105: DeprecationWarning: Policy enforcement is depending on the value of is_admin. This key is deprecated. Please update your policy file to use the standard policy values.
May 10 17:18:58.623939 dv-cinder-786385-3-iscsi devstack@c-api.service[85456]: warnings.warn('Policy enforcement is depending on the value of '
May 10 17:18:58.626692 dv-cinder-786385-3-iscsi devstack@c-api.service[85457]: INFO cinder.api.openstack.wsgi [None req-7c352b2c-f580-4b48-9bdb-d4b0765e0660 tempest-GroupSnapshotsTest-903556302 tempest-GroupSnapshotsTest-903556302-project] GET http://10.222.0.16/volume/v3/6a4c130855b14891a18fa4f082f33054/groups/20ebab7f-44d0-4b5e-a8d4-4d2e72e0a18c
May 10 17:18:58.628249 dv-cinder-786385-3-iscsi devstack@c-api.service[85457]: DEBUG cinder.api.openstack.wsgi [None req-7c352b2c-f580-4b48-9bdb-d4b0765e0660 tempest-GroupSnapshotsTest-903556302 tempest-GroupSnapshotsTest-903556302-project] Empty body provided in request {{(pid=85457) get_body /opt/stack/cinder/cinder/api/openstack/wsgi.py:713}}
May 10 17:18:58.628890 dv-cinder-786385-3-iscsi devstack@c-api.service[85457]: /usr/local/lib/python3.8/dist-packages/webob/acceptparse.py:1047: DeprecationWarning: The behavior of AcceptValidHeader.best_match is currently being maintained for backward compatibility, but it will be deprecated in the future, as it does not conform to the RFC.
May 10 17:18:58.628890 dv-cinder-786385-3-iscsi devstack@c-api.service[85457]: warnings.warn(
May 10 17:18:58.629612 dv-cinder-786385-3-iscsi devstack@c-api.service[85457]: DEBUG cinder.api.openstack.wsgi [None req-7c352b2c-f580-4b48-9bdb-d4b0765e0660 tempest-GroupSnapshotsTest-903556302 tempest-GroupSnapshotsTest-903556302-project] Calling method 'version_select' {{(pid=85457) _process_stack /opt/stack/cinder/cinder/api/openstack/wsgi.py:866}}
May 10 17:18:58.630218 dv-cinder-786385-3-iscsi devstack@c-api.service[85457]: DEBUG cinder.api.v3.groups [None req-7c352b2c-f580-4b48-9bdb-d4b0765e0660 tempest-GroupSnapshotsTest-903556302 tempest-GroupSnapshotsTest-903556302-project] show called for member 20ebab7f-44d0-4b5e-a8d4-4d2e72e0a18c {{(pid=85457) show /opt/stack/cinder/cinder/api/v3/groups.py:58}}
May 10 17:18:58.632248 dv-cinder-786385-3-iscsi devstack@c-api.service[85456]: INFO cinder.volume.api [None req-ebbfc00e-7d31-4248-87c6-98ddc6a39422 tempest-GroupsTest-1229802509 tempest-GroupsTest-1229802509-project] Volume info retrieved successfully.
May 10 17:18:58.641892 dv-cinder-786385-3-iscsi devstack@c-api.service[85457]: /usr/local/lib/python3.8/dist-packages/oslo_context/context.py:105: DeprecationWarning: Policy enforcement is depending on the value of is_admin. This key is deprecated. Please update your policy file to use the standard policy values.
May 10 17:18:58.641892 dv-cinder-786385-3-iscsi devstack@c-api.service[85457]: warnings.warn('Policy enforcement is depending on the value of '
May 10 17:18:58.659984 dv-cinder-786385-3-iscsi devstack@c-api.service[85456]: WARNING stevedore.named [None req-ebbfc00e-7d31-4248-87c6-98ddc6a39422 tempest-GroupsTest-1229802509 tempest-GroupsTest-1229802509-project] Could not load cinder.keymgr.conf_key_mgr.ConfKeyManager
May 10 17:18:58.660410 dv-cinder-786385-3-iscsi devstack@c-api.service[85456]: WARNING castellan.key_manager [None req-ebbfc00e-7d31-4248-87c6-98ddc6a39422 tempest-GroupsTest-1229802509 tempest-GroupsTest-1229802509-project] Deprecation Warning : cinder.keymgr.conf_key_mgr.ConfKeyManager is not a stevedore based driver, trying to load it as a class: stevedore.exception.NoMatches: No 'castellan.drivers' driver found, looking for 'cinder.keymgr.conf_key_mgr.ConfKeyManager'
May 10 17:18:58.675442 dv-cinder-786385-3-iscsi devstack@c-api.service[85456]: DEBUG oslo_db.sqlalchemy.engines [None req-ebbfc00e-7d31-4248-87c6-98ddc6a39422 tempest-GroupsTest-1229802509 tempest-GroupsTest-1229802509-project] MySQL server mode set to STRICT_TRANS_TABLES,STRICT_ALL_TABLES,NO_ZERO_IN_DATE,NO_ZERO_DATE,ERROR_FOR_DIVISION_BY_ZERO,TRADITIONAL,NO_ENGINE_SUBSTITUTION {{(pid=85456) _check_effective_sql_mode /usr/local/lib/python3.8/dist-packages/oslo_db/sqlalchemy/engines.py:314}}
May 10 17:18:58.683473 dv-cinder-786385-3-iscsi devstack@c-api.service[85456]: /usr/local/lib/python3.8/dist-packages/oslo_context/context.py:105: DeprecationWarning: Policy enforcement is depending on the value of is_admin. This key is deprecated. Please update your policy file to use the standard policy values.
May 10 17:18:58.683473 dv-cinder-786385-3-iscsi devstack@c-api.service[85456]: warnings.warn('Policy enforcement is depending on the value of '
May 10 17:18:58.690833 dv-cinder-786385-3-iscsi devstack@c-api.service[85457]: INFO cinder.api.openstack.wsgi [None req-7c352b2c-f580-4b48-9bdb-d4b0765e0660 tempest-GroupSnapshotsTest-903556302 tempest-GroupSnapshotsTest-903556302-project] http://10.222.0.16/volume/v3/6a4c130855b14891a18fa4f082f33054/groups/20ebab7f-44d0-4b5e-a8d4-4d2e72e0a18c returned with HTTP 200
May 10 17:18:58.699083 dv-cinder-786385-3-iscsi devstack@c-api.service[85457]: [pid: 85457|app: 0|req: 63/140] 10.222.0.16 () {60 vars in 1363 bytes} [Mon May 10 17:18:58 2021] GET /volume/v3/6a4c130855b14891a18fa4f082f33054/groups/20ebab7f-44d0-4b5e-a8d4-4d2e72e0a18c => generated 393 bytes in 72 msecs (HTTP/1.1 200) 7 headers in 286 bytes (1 switches on core 0)
May 10 17:18:58.704998 dv-cinder-786385-3-iscsi devstack@c-api.service[85457]: INFO cinder.api.openstack.wsgi [None req-71b1d145-0a9d-446a-b97e-cbec31d0a403 tempest-GroupSnapshotsTest-903556302 tempest-GroupSnapshotsTest-903556302-project] POST http://10.222.0.16/volume/v3/6a4c130855b14891a18fa4f082f33054/volumes
May 10 17:18:58.706710 dv-cinder-786385-3-iscsi devstack@c-api.service[85456]: INFO cinder.api.openstack.wsgi [None req-ebbfc00e-7d31-4248-87c6-98ddc6a39422 tempest-GroupsTest-1229802509 tempest-GroupsTest-1229802509-project] http://10.222.0.16/volume/v3/4144c83f831f4eec8318300f4de9377b/volumes/6891bd88-07ee-4c8a-8179-99887fe01128 returned with HTTP 200
May 10 17:18:58.707028 dv-cinder-786385-3-iscsi devstack@c-api.service[85457]: /usr/local/lib/python3.8/dist-packages/webob/acceptparse.py:1047: DeprecationWarning: The behavior of AcceptValidHeader.best_match is currently being maintained for backward compatibility, but it will be deprecated in the future, as it does not conform to the RFC.
May 10 17:18:58.707028 dv-cinder-786385-3-iscsi devstack@c-api.service[85457]: warnings.warn(
May 10 17:18:58.716164 dv-cinder-786385-3-iscsi devstack@c-api.service[85457]: DEBUG cinder.api.openstack.wsgi [None req-71b1d145-0a9d-446a-b97e-cbec31d0a403 tempest-GroupSnapshotsTest-903556302 tempest-GroupSnapshotsTest-903556302-project] Action: 'create', calling method: create, body: {"volume": {"volume_type": "e64d4c93-901d-4ccb-825a-084150376184", "group_id": "20ebab7f-44d0-4b5e-a8d4-4d2e72e0a18c", "size": 1, "name": "tempest-GroupSnapshotsTest-Volume-1958313465"}} {{(pid=85457) _process_stack /opt/stack/cinder/cinder/api/openstack/wsgi.py:864}}
May 10 17:18:58.716495 dv-cinder-786385-3-iscsi devstack@c-api.service[85456]: [pid: 85456|app: 0|req: 78/141] 10.222.0.16 () {60 vars in 1366 bytes} [Mon May 10 17:18:58 2021] GET /volume/v3/4144c83f831f4eec8318300f4de9377b/volumes/6891bd88-07ee-4c8a-8179-99887fe01128 => generated 948 bytes in 187 msecs (HTTP/1.1 200) 7 headers in 286 bytes (1 switches on core 0)
May 10 17:18:58.716591 dv-cinder-786385-3-iscsi devstack@c-api.service[85457]: DEBUG cinder.api.v3.volumes [None req-71b1d145-0a9d-446a-b97e-cbec31d0a403 tempest-GroupSnapshotsTest-903556302 tempest-GroupSnapshotsTest-903556302-project] Create volume request body: {'volume': {'volume_type': 'e64d4c93-901d-4ccb-825a-084150376184', 'group_id': '20ebab7f-44d0-4b5e-a8d4-4d2e72e0a18c', 'size': 1, 'name': 'tempest-GroupSnapshotsTest-Volume-1958313465'}} {{(pid=85457) create /opt/stack/cinder/cinder/api/v3/volumes.py:289}}
May 10 17:18:58.760988 dv-cinder-786385-3-iscsi devstack@c-api.service[85457]: /usr/local/lib/python3.8/dist-packages/oslo_context/context.py:105: DeprecationWarning: Policy enforcement is depending on the value of is_admin. This key is deprecated. Please update your policy file to use the standard policy values.
May 10 17:18:58.760988 dv-cinder-786385-3-iscsi devstack@c-api.service[85457]: warnings.warn('Policy enforcement is depending on the value of '
May 10 17:18:58.763819 dv-cinder-786385-3-iscsi devstack@c-api.service[85457]: INFO cinder.api.v3.volumes [None req-71b1d145-0a9d-446a-b97e-cbec31d0a403 tempest-GroupSnapshotsTest-903556302 tempest-GroupSnapshotsTest-903556302-project] Create volume of 1 GB
May 10 17:18:58.793552 dv-cinder-786385-3-iscsi devstack@c-api.service[85457]: INFO cinder.volume.api [None req-71b1d145-0a9d-446a-b97e-cbec31d0a403 tempest-GroupSnapshotsTest-903556302 tempest-GroupSnapshotsTest-903556302-project] Availability Zones retrieved successfully.
May 10 17:18:58.813685 dv-cinder-786385-3-iscsi devstack@c-api.service[85457]: DEBUG cinder.volume.api [None req-71b1d145-0a9d-446a-b97e-cbec31d0a403 tempest-GroupSnapshotsTest-903556302 tempest-GroupSnapshotsTest-903556302-project] Flow 'volume_create_api' (19bfdae6-a73a-438f-aaea-1880524e40d5) transitioned into state 'RUNNING' from state 'PENDING' {{(pid=85457) _flow_receiver /usr/local/lib/python3.8/dist-packages/taskflow/listeners/logging.py:141}}
May 10 17:18:58.816849 dv-cinder-786385-3-iscsi devstack@c-api.service[85457]: DEBUG cinder.volume.api [None req-71b1d145-0a9d-446a-b97e-cbec31d0a403 tempest-GroupSnapshotsTest-903556302 tempest-GroupSnapshotsTest-903556302-project] Task 'cinder.volume.flows.api.create_volume.ExtractVolumeRequestTask;volume:create' (90801d26-b3f3-4949-a7fe-062154972255) transitioned into state 'RUNNING' from state 'PENDING' {{(pid=85457) _task_receiver /usr/local/lib/python3.8/dist-packages/taskflow/listeners/logging.py:190}}
May 10 17:18:58.818491 dv-cinder-786385-3-iscsi devstack@c-api.service[85457]: /usr/local/lib/python3.8/dist-packages/oslo_context/context.py:105: DeprecationWarning: Policy enforcement is depending on the value of is_admin. This key is deprecated. Please update your policy file to use the standard policy values.
May 10 17:18:58.818491 dv-cinder-786385-3-iscsi devstack@c-api.service[85457]: warnings.warn('Policy enforcement is depending on the value of '
May 10 17:18:58.818988 dv-cinder-786385-3-iscsi devstack@c-api.service[85457]: DEBUG cinder.volume.flows.api.create_volume [None req-71b1d145-0a9d-446a-b97e-cbec31d0a403 tempest-GroupSnapshotsTest-903556302 tempest-GroupSnapshotsTest-903556302-project] Validating volume size '1' using validate_int {{(pid=85457) _extract_size /opt/stack/cinder/cinder/volume/flows/api/create_volume.py:201}}
May 10 17:18:58.877313 dv-cinder-786385-3-iscsi devstack@c-api.service[85457]: DEBUG cinder.volume.api [None req-71b1d145-0a9d-446a-b97e-cbec31d0a403 tempest-GroupSnapshotsTest-903556302 tempest-GroupSnapshotsTest-903556302-project] Task 'cinder.volume.flows.api.create_volume.ExtractVolumeRequestTask;volume:create' (90801d26-b3f3-4949-a7fe-062154972255) transitioned into state 'SUCCESS' from state 'RUNNING' with result '{'size': 1, 'snapshot_id': None, 'source_volid': None, 'volume_type': VolumeType(created_at=2021-05-10T17:18:57Z,deleted=False,deleted_at=None,description=None,extra_specs={},id=e64d4c93-901d-4ccb-825a-084150376184,is_public=True,name='tempest-GroupSnapshotsTest-volume-type-604338200',projects=[],qos_specs=,qos_specs_id=None,updated_at=None), 'volume_type_id': 'e64d4c93-901d-4ccb-825a-084150376184', 'encryption_key_id': None, 'qos_specs': None, 'consistencygroup_id': None, 'cgsnapshot_id': None, 'group_id': '20ebab7f-44d0-4b5e-a8d4-4d2e72e0a18c', 'replication_status': 'disabled', 'refresh_az': False, 'backup_id': None, 'multiattach': False, 'availability_zones': ['nova']}' {{(pid=85457) _task_receiver /usr/local/lib/python3.8/dist-packages/taskflow/listeners/logging.py:178}}
May 10 17:18:58.879911 dv-cinder-786385-3-iscsi devstack@c-api.service[85457]: DEBUG cinder.volume.api [None req-71b1d145-0a9d-446a-b97e-cbec31d0a403 tempest-GroupSnapshotsTest-903556302 tempest-GroupSnapshotsTest-903556302-project] Task 'cinder.volume.flows.api.create_volume.QuotaReserveTask;volume:create' (1a77766a-a3bc-43d6-9b93-2b8301e7bdef) transitioned into state 'RUNNING' from state 'PENDING' {{(pid=85457) _task_receiver /usr/local/lib/python3.8/dist-packages/taskflow/listeners/logging.py:190}}
May 10 17:18:58.955354 dv-cinder-786385-3-iscsi devstack@c-api.service[85457]: WARNING cinder.quota [None req-71b1d145-0a9d-446a-b97e-cbec31d0a403 tempest-GroupSnapshotsTest-903556302 tempest-GroupSnapshotsTest-903556302-project] Deprecated: Default quota for resource: volumes_tempest-GroupSnapshotsTest-volume-type-604338200 is set by the default quota flag: quota_volumes_tempest-GroupSnapshotsTest-volume-type-604338200, it is now deprecated. Please use the default quota class for default quota.
May 10 17:18:58.956428 dv-cinder-786385-3-iscsi devstack@c-api.service[85457]: WARNING cinder.quota [None req-71b1d145-0a9d-446a-b97e-cbec31d0a403 tempest-GroupSnapshotsTest-903556302 tempest-GroupSnapshotsTest-903556302-project] Deprecated: Default quota for resource: gigabytes_tempest-GroupSnapshotsTest-volume-type-604338200 is set by the default quota flag: quota_gigabytes_tempest-GroupSnapshotsTest-volume-type-604338200, it is now deprecated. Please use the default quota class for default quota.
May 10 17:18:59.010894 dv-cinder-786385-3-iscsi devstack@c-api.service[85457]: DEBUG cinder.quota [None req-71b1d145-0a9d-446a-b97e-cbec31d0a403 tempest-GroupSnapshotsTest-903556302 tempest-GroupSnapshotsTest-903556302-project] Created reservations ['511419ff-9025-4aaa-a8b3-2a9f0e94028d', '87c2fe3c-634e-4d3c-8f8e-5555b1c9b37e', 'e2f52923-ca39-4965-afc9-3744e2e7bd2b', 'fbe154fe-a8b1-4507-ab3e-9a119852b57e'] {{(pid=85457) reserve /opt/stack/cinder/cinder/quota.py:755}}
May 10 17:18:59.013799 dv-cinder-786385-3-iscsi devstack@c-api.service[85457]: DEBUG cinder.volume.api [None req-71b1d145-0a9d-446a-b97e-cbec31d0a403 tempest-GroupSnapshotsTest-903556302 tempest-GroupSnapshotsTest-903556302-project] Task 'cinder.volume.flows.api.create_volume.QuotaReserveTask;volume:create' (1a77766a-a3bc-43d6-9b93-2b8301e7bdef) transitioned into state 'SUCCESS' from state 'RUNNING' with result '{'reservations': ['511419ff-9025-4aaa-a8b3-2a9f0e94028d', '87c2fe3c-634e-4d3c-8f8e-5555b1c9b37e', 'e2f52923-ca39-4965-afc9-3744e2e7bd2b', 'fbe154fe-a8b1-4507-ab3e-9a119852b57e']}' {{(pid=85457) _task_receiver /usr/local/lib/python3.8/dist-packages/taskflow/listeners/logging.py:178}}
May 10 17:18:59.019198 dv-cinder-786385-3-iscsi devstack@c-api.service[85457]: DEBUG cinder.volume.api [None req-71b1d145-0a9d-446a-b97e-cbec31d0a403 tempest-GroupSnapshotsTest-903556302 tempest-GroupSnapshotsTest-903556302-project] Task 'cinder.volume.flows.api.create_volume.EntryCreateTask;volume:create' (4560fbf6-cb28-45ac-879a-d8aa5e904012) transitioned into state 'RUNNING' from state 'PENDING' {{(pid=85457) _task_receiver /usr/local/lib/python3.8/dist-packages/taskflow/listeners/logging.py:190}}
May 10 17:18:59.184230 dv-cinder-786385-3-iscsi devstack@c-api.service[85457]: DEBUG cinder.volume.api [None req-71b1d145-0a9d-446a-b97e-cbec31d0a403 tempest-GroupSnapshotsTest-903556302 tempest-GroupSnapshotsTest-903556302-project] Task 'cinder.volume.flows.api.create_volume.EntryCreateTask;volume:create' (4560fbf6-cb28-45ac-879a-d8aa5e904012) transitioned into state 'SUCCESS' from state 'RUNNING' with result '{'volume_id': '08cd8911-3762-4502-9f1b-204fd9c5317e', 'volume_properties': VolumeProperties(attach_status='detached',availability_zone='nova',cgsnapshot_id=None,consistencygroup_id=None,display_description=None,display_name='tempest-GroupSnapshotsTest-Volume-1958313465',encryption_key_id=None,group_id=20ebab7f-44d0-4b5e-a8d4-4d2e72e0a18c,group_type_id=,metadata={},multiattach=False,project_id='6a4c130855b14891a18fa4f082f33054',qos_specs=None,replication_status=,reservations=['511419ff-9025-4aaa-a8b3-2a9f0e94028d','87c2fe3c-634e-4d3c-8f8e-5555b1c9b37e','e2f52923-ca39-4965-afc9-3744e2e7bd2b','fbe154fe-a8b1-4507-ab3e-9a119852b57e'],size=1,snapshot_id=None,source_replicaid=,source_volid=None,status='creating',user_id='ccc4ec339af44440bb8062f888f8710a',volume_type_id=e64d4c93-901d-4ccb-825a-084150376184), 'volume': Volume(_name_id=None,admin_metadata=,attach_status='detached',availability_zone='nova',bootable=False,cluster=,cluster_name=None,consistencygroup=,consistencygroup_id=None,created_at=2021-05-10T17:18:59Z,deleted=False,deleted_at=None,display_description=None,display_name='tempest-GroupSnapshotsTest-Volume-1958313465',ec2_id=None,encryption_key_id=None,glance_metadata=,group=,group_id=20ebab7f-44d0-4b5e-a8d4-4d2e72e0a18c,host=None,id=08cd8911-3762-4502-9f1b-204fd9c5317e,launched_at=None,metadata={},migration_status=None,multiattach=False,previous_status=None,project_id='6a4c130855b14891a18fa4f082f33054',provider_auth=None,provider_geometry=None,provider_id=None,provider_location=None,replication_driver_data=None,replication_extended_status=None,replication_status=None,scheduled_at=None,service_uuid=None,shared_targets=True,size=1,snapshot_id=None,snapshots=,source_volid=None,status='creating',terminated_at=None,updated_at=None,user_id='ccc4ec339af44440bb8062f888f8710a',volume_attachment=,volume_type=VolumeType(e64d4c93-901d-4ccb-825a-084150376184),volume_type_id=e64d4c93-901d-4ccb-825a-084150376184)}' {{(pid=85457) _task_receiver /usr/local/lib/python3.8/dist-packages/taskflow/listeners/logging.py:178}}
May 10 17:18:59.191034 dv-cinder-786385-3-iscsi devstack@c-api.service[85457]: DEBUG cinder.volume.api [None req-71b1d145-0a9d-446a-b97e-cbec31d0a403 tempest-GroupSnapshotsTest-903556302 tempest-GroupSnapshotsTest-903556302-project] Task 'cinder.volume.flows.api.create_volume.QuotaCommitTask;volume:create' (65532b3b-d128-4c1b-924b-1d1cf43d2797) transitioned into state 'RUNNING' from state 'PENDING' {{(pid=85457) _task_receiver /usr/local/lib/python3.8/dist-packages/taskflow/listeners/logging.py:190}}
May 10 17:18:59.228736 dv-cinder-786385-3-iscsi devstack@c-api.service[85456]: INFO cinder.api.openstack.wsgi [req-e770dd1f-cba8-4d55-b0e0-7a2bc9ae65ef req-17dafd95-df90-4f19-97e4-e09b29a3c791 tempest-VolumesTestJSON-1502128092 tempest-VolumesTestJSON-1502128092-project] GET http://10.222.0.16/volume/v3/8ebcfb4c0418478b889e532dc8037df4/volumes/1a872a66-2617-42cd-b80f-b234bac4468e
May 10 17:18:59.229291 dv-cinder-786385-3-iscsi devstack@c-api.service[85456]: DEBUG cinder.api.openstack.wsgi [req-e770dd1f-cba8-4d55-b0e0-7a2bc9ae65ef req-17dafd95-df90-4f19-97e4-e09b29a3c791 tempest-VolumesTestJSON-1502128092 tempest-VolumesTestJSON-1502128092-project] Empty body provided in request {{(pid=85456) get_body /opt/stack/cinder/cinder/api/openstack/wsgi.py:713}}
May 10 17:18:59.229291 dv-cinder-786385-3-iscsi devstack@c-api.service[85456]: /usr/local/lib/python3.8/dist-packages/webob/acceptparse.py:1047: DeprecationWarning: The behavior of AcceptValidHeader.best_match is currently being maintained for backward compatibility, but it will be deprecated in the future, as it does not conform to the RFC.
May 10 17:18:59.229291 dv-cinder-786385-3-iscsi devstack@c-api.service[85456]: warnings.warn(
May 10 17:18:59.229622 dv-cinder-786385-3-iscsi devstack@c-api.service[85456]: DEBUG cinder.api.openstack.wsgi [req-e770dd1f-cba8-4d55-b0e0-7a2bc9ae65ef req-17dafd95-df90-4f19-97e4-e09b29a3c791 tempest-VolumesTestJSON-1502128092 tempest-VolumesTestJSON-1502128092-project] Calling method 'show' {{(pid=85456) _process_stack /opt/stack/cinder/cinder/api/openstack/wsgi.py:866}}
May 10 17:18:59.260150 dv-cinder-786385-3-iscsi devstack@c-api.service[85457]: DEBUG cinder.volume.api [None req-71b1d145-0a9d-446a-b97e-cbec31d0a403 tempest-GroupSnapshotsTest-903556302 tempest-GroupSnapshotsTest-903556302-project] Task 'cinder.volume.flows.api.create_volume.QuotaCommitTask;volume:create' (65532b3b-d128-4c1b-924b-1d1cf43d2797) transitioned into state 'SUCCESS' from state 'RUNNING' with result '{'volume_properties': VolumeProperties(attach_status='detached',availability_zone='nova',cgsnapshot_id=None,consistencygroup_id=None,display_description=None,display_name='tempest-GroupSnapshotsTest-Volume-1958313465',encryption_key_id=None,group_id=20ebab7f-44d0-4b5e-a8d4-4d2e72e0a18c,group_type_id=,metadata={},multiattach=False,project_id='6a4c130855b14891a18fa4f082f33054',qos_specs=None,replication_status=,reservations=['511419ff-9025-4aaa-a8b3-2a9f0e94028d','87c2fe3c-634e-4d3c-8f8e-5555b1c9b37e','e2f52923-ca39-4965-afc9-3744e2e7bd2b','fbe154fe-a8b1-4507-ab3e-9a119852b57e'],size=1,snapshot_id=None,source_replicaid=,source_volid=None,status='creating',user_id='ccc4ec339af44440bb8062f888f8710a',volume_type_id=e64d4c93-901d-4ccb-825a-084150376184)}' {{(pid=85457) _task_receiver /usr/local/lib/python3.8/dist-packages/taskflow/listeners/logging.py:178}}
May 10 17:18:59.265514 dv-cinder-786385-3-iscsi devstack@c-api.service[85457]: DEBUG cinder.volume.api [None req-71b1d145-0a9d-446a-b97e-cbec31d0a403 tempest-GroupSnapshotsTest-903556302 tempest-GroupSnapshotsTest-903556302-project] Task 'cinder.volume.flows.api.create_volume.VolumeCastTask;volume:create' (7cae549e-4d45-45ad-ab57-71d1a1d9e368) transitioned into state 'RUNNING' from state 'PENDING' {{(pid=85457) _task_receiver /usr/local/lib/python3.8/dist-packages/taskflow/listeners/logging.py:190}}
May 10 17:18:59.329203 dv-cinder-786385-3-iscsi devstack@c-api.service[85457]: DEBUG cinder.volume.api [None req-71b1d145-0a9d-446a-b97e-cbec31d0a403 tempest-GroupSnapshotsTest-903556302 tempest-GroupSnapshotsTest-903556302-project] Task 'cinder.volume.flows.api.create_volume.VolumeCastTask;volume:create' (7cae549e-4d45-45ad-ab57-71d1a1d9e368) transitioned into state 'SUCCESS' from state 'RUNNING' with result 'None' {{(pid=85457) _task_receiver /usr/local/lib/python3.8/dist-packages/taskflow/listeners/logging.py:178}}
