May 10 17:17:03.135105 dv-cinder-786384-3-iscsi neutron-server[78766]: DEBUG neutron.db.l3_hamode_db [None req-f929fafe-07d3-4fed-8423-e1f73c136beb None None] neutron.services.l3_router.l3_router_plugin.L3RouterPlugin method _process_sync_ha_data called with arguments (, [{'id': '1b894485-57fa-430e-8e22-312977f52943', 'name': 'tempest-ServerRescueNegativeTestJSON-694548175-router', 'tenant_id': 'c0959262bffe4536a1379eb100c2fb3d', 'admin_state_up': True, 'status': 'ACTIVE', 'external_gateway_info': {'network_id': '2b3ec93f-ef2e-4c6a-91ce-8a6ee85a6b33', 'external_fixed_ips': [{'subnet_id': 'dc0a5b7a-7588-4776-9a03-2f722a9f45c8', 'ip_address': '172.27.2.163'}], 'enable_snat': True}, 'gw_port_id': 'db0be8b7-d975-40fa-bc69-0c35ed622795', 'description': '', 'availability_zones': ['nova'], 'distributed': False, 'ha': False, 'ha_vr_id': 0, 'availability_zone_hints': [], 'routes': [], 'flavor_id': None, 'tags': [], 'created_at': '2021-05-10T17:16:36Z', 'updated_at': '2021-05-10T17:16:53Z', 'revision_number': 4, 'project_id': 'c0959262bffe4536a1379eb100c2fb3d', 'gw_port': {'id': 'db0be8b7-d975-40fa-bc69-0c35ed622795', 'name': '', 'network_id': '2b3ec93f-ef2e-4c6a-91ce-8a6ee85a6b33', 'tenant_id': '', 'mac_address': 'fa:16:3e:5f:c5:bb', 'admin_state_up': True, 'status': 'ACTIVE', 'device_id': '1b894485-57fa-430e-8e22-312977f52943', 'device_owner': 'network:router_gateway', 'standard_attr_id': 93, 'fixed_ips': [{'subnet_id': 'dc0a5b7a-7588-4776-9a03-2f722a9f45c8', 'ip_address': '172.27.2.163', 'prefixlen': 24}], 'allowed_address_pairs': [], 'extra_dhcp_opts': [], 'security_groups': [], 'description': '', 'binding:vnic_type': 'normal', 'binding:profile': {}, 'binding:host_id': 'dv-cinder-786384-3-iscsi', 'binding:vif_type': 'ovs', 'binding:vif_details': {'connectivity': 'l2', 'port_filter': True, 'ovs_hybrid_plug': False, 'datapath_type': 'system', 'bridge_name': 'br-int'}, 'port_security_enabled': False, 'tags': [], 'created_at': '2021-05-10T17:16:38Z', 'updated_at': '2021-05-10T17:16:53Z', 'revision_number': 4, 'project_id': '', 'subnets': [{'id': 'dc0a5b7a-7588-4776-9a03-2f722a9f45c8', 'cidr': '172.27.2.0/24', 'gateway_ip': '172.27.2.1', 'dns_nameservers': [], 'ipv6_ra_mode': None, 'subnetpool_id': None}], 'extra_subnets': [], 'address_scopes': {4: None, 6: None}, 'mtu': 1500}, 'enable_snat': True, 'gw_port_host': 'dv-cinder-786384-3-iscsi', '_interfaces': [{'id': '63baf39d-ba56-439e-8810-f215f64f52d1', 'name': '', 'network_id': '756191ce-3246-4dd0-8a83-e15cbf383d8a', 'tenant_id': 'c0959262bffe4536a1379eb100c2fb3d', 'mac_address': 'fa:16:3e:7e:9e:69', 'admin_state_up': True, 'status': 'DOWN', 'device_id': '1b894485-57fa-430e-8e22-312977f52943', 'device_owner': 'network:router_interface', 'standard_attr_id': 105, 'fixed_ips': [{'subnet_id': '21fdb337-0af1-4989-9876-427e3a89e535', 'ip_address': '172.20.0.1', 'prefixlen': 28}], 'allowed_address_pairs': [], 'extra_dhcp_opts': [], 'security_groups': [], 'description': '', 'binding:vnic_type': 'normal', 'binding:profile': {}, 'binding:host_id': '', 'binding:vif_type': 'unbound', 'binding:vif_details': {}, 'port_security_enabled': False, 'tags': [], 'created_at': '2021-05-10T17:16:50Z', 'updated_at': '2021-05-10T17:16:53Z', 'revision_number': 2, 'project_id': 'c0959262bffe4536a1379eb100c2fb3d', 'subnets': [{'id': '21fdb337-0af1-4989-9876-427e3a89e535', 'cidr': '172.20.0.0/28', 'gateway_ip': '172.20.0.1', 'dns_nameservers': [], 'ipv6_ra_mode': None, 'subnetpool_id': None}], 'extra_subnets': [], 'address_scopes': {4: None, 6: None}, 'mtu': 1500}]}], 'dv-cinder-786384-3-iscsi', False) {} {{(pid=78766) wrapper /usr/local/lib/python3.8/dist-packages/oslo_log/helpers.py:65}}
May 10 17:17:03.142933 dv-cinder-786384-3-iscsi neutron-server[78766]: DEBUG neutron.api.rpc.handlers.l3_rpc [None req-f929fafe-07d3-4fed-8423-e1f73c136beb None None] Checking router: 1b894485-57fa-430e-8e22-312977f52943 for host: dv-cinder-786384-3-iscsi {{(pid=78766) _ensure_host_set_on_ports /opt/stack/neutron/neutron/api/rpc/handlers/l3_rpc.py:155}}
May 10 17:17:03.143323 dv-cinder-786384-3-iscsi neutron-server[78766]: DEBUG neutron.api.rpc.handlers.l3_rpc [None req-f929fafe-07d3-4fed-8423-e1f73c136beb None None] Updating router 1b894485-57fa-430e-8e22-312977f52943 port 63baf39d-ba56-439e-8810-f215f64f52d1 binding host dv-cinder-786384-3-iscsi {{(pid=78766) _ensure_host_set_on_port /opt/stack/neutron/neutron/api/rpc/handlers/l3_rpc.py:205}}
May 10 17:17:03.200126 dv-cinder-786384-3-iscsi neutron-server[78765]: DEBUG neutron.api.rpc.handlers.resources_rpc [None req-e09ffde4-04d6-45c1-825a-792fd188ea40 tempest-AttachVolumeTestJSON-1185965576 tempest-AttachVolumeTestJSON-1185965576-project] Pushing event updated for resources: {'SecurityGroupRule': ['ID=9cadf389-fb22-4d74-a5bb-4f1c97a9f1c4,revision_number=0']} {{(pid=78765) push /opt/stack/neutron/neutron/api/rpc/handlers/resources_rpc.py:237}}
May 10 17:17:03.292174 dv-cinder-786384-3-iscsi neutron-server[78766]: DEBUG neutron_lib.callbacks.manager [None req-f929fafe-07d3-4fed-8423-e1f73c136beb None None] Notify callbacks ['neutron.plugins.ml2.plugin.SecurityGroupDbMixin._ensure_default_security_group_handler-7947768'] for port, before_update {{(pid=78766) _notify_loop /usr/local/lib/python3.8/dist-packages/neutron_lib/callbacks/manager.py:192}}
May 10 17:17:03.319773 dv-cinder-786384-3-iscsi neutron-server[78765]: DEBUG oslo_concurrency.lockutils [None req-e09ffde4-04d6-45c1-825a-792fd188ea40 tempest-AttachVolumeTestJSON-1185965576 tempest-AttachVolumeTestJSON-1185965576-project] Lock "event-dispatch" released by "neutron.plugins.ml2.ovo_rpc._ObjectChangeHandler.dispatch_events" :: held 0.196s {{(pid=78765) inner /usr/local/lib/python3.8/dist-packages/oslo_concurrency/lockutils.py:367}}
May 10 17:17:03.415458 dv-cinder-786384-3-iscsi neutron-server[78765]: DEBUG neutron_lib.callbacks.manager [None req-e09ffde4-04d6-45c1-825a-792fd188ea40 tempest-AttachVolumeTestJSON-1185965576 tempest-AttachVolumeTestJSON-1185965576-project] Notify callbacks [] for security_group_rule, before_response {{(pid=78765) _notify_loop /usr/local/lib/python3.8/dist-packages/neutron_lib/callbacks/manager.py:192}}
May 10 17:17:03.416713 dv-cinder-786384-3-iscsi neutron-server[78765]: INFO neutron.wsgi [None req-e09ffde4-04d6-45c1-825a-792fd188ea40 tempest-AttachVolumeTestJSON-1185965576 tempest-AttachVolumeTestJSON-1185965576-project] 10.222.0.13 "POST /v2.0/security-group-rules HTTP/1.1" status: 201 len: 769 time: 1.3093412
May 10 17:17:03.435359 dv-cinder-786384-3-iscsi neutron-server[78766]: DEBUG neutron_lib.callbacks.manager [None req-57d38b4c-cb32-48f3-a375-153db682a5cf None None] Notify callbacks ['neutron.plugins.ml2.plugin.SecurityGroupDbMixin._ensure_default_security_group_handler-7947768'] for port, before_update {{(pid=78766) _notify_loop /usr/local/lib/python3.8/dist-packages/neutron_lib/callbacks/manager.py:192}}
May 10 17:17:03.510885 dv-cinder-786384-3-iscsi neutron-server[78764]: DEBUG neutron.wsgi [-] (78764) accepted ('10.222.0.13', 53020) {{(pid=78764) server /usr/local/lib/python3.8/dist-packages/eventlet/wsgi.py:992}}
May 10 17:17:03.512652 dv-cinder-786384-3-iscsi neutron-server[78764]: INFO neutron.wsgi [req-f4f8534a-1471-427a-bf0b-13ba66a6d906 req-66469fe8-44e2-4ecd-a9b2-a751b35527fd service neutron] 10.222.0.43 "GET /v2.0/floatingips?fixed_ip_address=172.20.0.13&port_id=e96665c3-4cca-4897-8697-72413514c565 HTTP/1.1" status: 200 len: 217 time: 0.3839993
May 10 17:17:03.519543 dv-cinder-786384-3-iscsi neutron-server[78764]: DEBUG neutron.api.v2.base [None req-2d8fbc9e-b71a-4f91-a2c9-f57aad06591c tempest-AttachVolumeTestJSON-1185965576 tempest-AttachVolumeTestJSON-1185965576-project] Request body: {'floatingip': {'floating_network_id': '2b3ec93f-ef2e-4c6a-91ce-8a6ee85a6b33'}} {{(pid=78764) prepare_request_body /opt/stack/neutron/neutron/api/v2/base.py:729}}
May 10 17:17:03.536173 dv-cinder-786384-3-iscsi neutron-server[78765]: DEBUG neutron_lib.callbacks.manager [None req-17ac8ea1-b249-4581-a834-e6d684a39335 tempest-AttachVolumeShelveTestJSON-1162940720 tempest-AttachVolumeShelveTestJSON-1162940720-project] Notify callbacks [] for floatingip, precommit_create {{(pid=78765) _notify_loop /usr/local/lib/python3.8/dist-packages/neutron_lib/callbacks/manager.py:192}}
May 10 17:17:03.554199 dv-cinder-786384-3-iscsi neutron-server[78765]: DEBUG neutron.pecan_wsgi.hooks.policy_enforcement [req-f0de8614-8410-4f0c-826c-4fda9757cf6a req-f8726698-2d27-4f38-9b99-0145cb52b175 tempest-ServerRescueNegativeTestJSON-1201837696 tempest-ServerRescueNegativeTestJSON-1201837696-project] Attributes excluded by policy engine: ['standard_attr_id', 'vlan_transparent', 'provider:network_type', 'provider:physical_network', 'provider:segmentation_id'] {{(pid=78765) _exclude_attributes_by_policy /opt/stack/neutron/neutron/pecan_wsgi/hooks/policy_enforcement.py:255}}
May 10 17:17:03.555715 dv-cinder-786384-3-iscsi neutron-server[78765]: INFO neutron.wsgi [req-f0de8614-8410-4f0c-826c-4fda9757cf6a req-f8726698-2d27-4f38-9b99-0145cb52b175 tempest-ServerRescueNegativeTestJSON-1201837696 tempest-ServerRescueNegativeTestJSON-1201837696-project] 10.222.0.13 "GET /v2.0/networks?id=756191ce-3246-4dd0-8a83-e15cbf383d8a HTTP/1.1" status: 200 len: 818 time: 0.8915339
May 10 17:17:03.609216 dv-cinder-786384-3-iscsi neutron-server[78764]: DEBUG neutron.db.quota.driver [None req-2d8fbc9e-b71a-4f91-a2c9-f57aad06591c tempest-AttachVolumeTestJSON-1185965576 tempest-AttachVolumeTestJSON-1185965576-project] Resources subnetpool have unlimited quota limit. It is not required to calculate headroom {{(pid=78764) make_reservation /opt/stack/neutron/neutron/db/quota/driver.py:219}}
May 10 17:17:03.619524 dv-cinder-786384-3-iscsi neutron-server[78765]: INFO neutron.wsgi [req-f0de8614-8410-4f0c-826c-4fda9757cf6a req-69a46e34-6a6a-48d7-af8d-939b9f6f8959 tempest-ServerRescueNegativeTestJSON-1201837696 tempest-ServerRescueNegativeTestJSON-1201837696-project] 10.222.0.13 "GET /v2.0/quotas/c0959262bffe4536a1379eb100c2fb3d HTTP/1.1" status: 200 len: 375 time: 0.0306444
May 10 17:17:03.652400 dv-cinder-786384-3-iscsi neutron-server[78765]: DEBUG neutron.pecan_wsgi.hooks.policy_enforcement [req-58e374b2-1b16-48c7-aef1-02fe717df358 req-4c175feb-a88a-415e-a4d4-b3e45d6f0e14 tempest-DeleteServersTestJSON-1316930596 tempest-DeleteServersTestJSON-1316930596-project] Attributes excluded by policy engine: ['standard_attr_id', 'binding:profile', 'binding:host_id', 'binding:vif_type', 'binding:vif_details'] {{(pid=78765) _exclude_attributes_by_policy /opt/stack/neutron/neutron/pecan_wsgi/hooks/policy_enforcement.py:255}}
May 10 17:17:03.659782 dv-cinder-786384-3-iscsi neutron-server[78765]: INFO neutron.wsgi [req-58e374b2-1b16-48c7-aef1-02fe717df358 req-4c175feb-a88a-415e-a4d4-b3e45d6f0e14 tempest-DeleteServersTestJSON-1316930596 tempest-DeleteServersTestJSON-1316930596-project] 10.222.0.13 "GET /v2.0/ports?device_id=1ad16b73-b763-4fce-b972-74474dfbc040 HTTP/1.1" status: 200 len: 944 time: 0.5364356
May 10 17:17:03.664147 dv-cinder-786384-3-iscsi neutron-server[78765]: DEBUG neutron_lib.callbacks.manager [None req-17ac8ea1-b249-4581-a834-e6d684a39335 tempest-AttachVolumeShelveTestJSON-1162940720 tempest-AttachVolumeShelveTestJSON-1162940720-project] Notify callbacks ['neutron.plugins.ml2.plugin.SecurityGroupDbMixin._ensure_default_security_group_handler-7947768'] for port, before_update {{(pid=78765) _notify_loop /usr/local/lib/python3.8/dist-packages/neutron_lib/callbacks/manager.py:192}}
May 10 17:17:03.666569 dv-cinder-786384-3-iscsi neutron-server[78764]: DEBUG neutron.quota.resource [None req-2d8fbc9e-b71a-4f91-a2c9-f57aad06591c tempest-AttachVolumeTestJSON-1185965576 tempest-AttachVolumeTestJSON-1185965576-project] Usage tracker for resource:floatingip and tenant:014b4ef6b7914ca9b559d0074c620921 is out of sync, need to count used quota {{(pid=78764) count_used /opt/stack/neutron/neutron/quota/resource.py:270}}
May 10 17:17:03.687249 dv-cinder-786384-3-iscsi neutron-server[78764]: DEBUG neutron.quota.resource [None req-2d8fbc9e-b71a-4f91-a2c9-f57aad06591c tempest-AttachVolumeTestJSON-1185965576 tempest-AttachVolumeTestJSON-1185965576-project] Quota usage for floatingip was recalculated. Used quota:0. {{(pid=78764) count_used /opt/stack/neutron/neutron/quota/resource.py:290}}
May 10 17:17:03.702722 dv-cinder-786384-3-iscsi neutron-server[78764]: DEBUG neutron.db.quota.driver [None req-2d8fbc9e-b71a-4f91-a2c9-f57aad06591c tempest-AttachVolumeTestJSON-1185965576 tempest-AttachVolumeTestJSON-1185965576-project] Attempting to reserve 1 items for resource floatingip. Total usage: 0; quota limit: 50; headroom:50 {{(pid=78764) make_reservation /opt/stack/neutron/neutron/db/quota/driver.py:246}}
May 10 17:17:03.705941 dv-cinder-786384-3-iscsi neutron-server[78764]: DEBUG neutron.pecan_wsgi.hooks.policy_enforcement [req-90539967-d302-484f-9b44-c7a08833f27a req-b054675f-ebce-481c-9a40-86aeb6d5a175 service neutron] Attributes excluded by policy engine: ['standard_attr_id', 'shared'] {{(pid=78764) _exclude_attributes_by_policy /opt/stack/neutron/neutron/pecan_wsgi/hooks/policy_enforcement.py:255}}
May 10 17:17:03.707570 dv-cinder-786384-3-iscsi neutron-server[78764]: INFO neutron.wsgi [req-90539967-d302-484f-9b44-c7a08833f27a req-b054675f-ebce-481c-9a40-86aeb6d5a175 service neutron] 10.222.0.43 "GET /v2.0/subnets?id=4a7674b3-aebd-40d1-9497-c82060a3b659 HTTP/1.1" status: 200 len: 855 time: 0.4516597
May 10 17:17:03.794768 dv-cinder-786384-3-iscsi neutron-server[78764]: INFO neutron.wsgi [req-90539967-d302-484f-9b44-c7a08833f27a req-a2b95380-1232-462c-8af9-7660eb660249 service neutron] 10.222.0.43 "GET /v2.0/ports?network_id=7130d662-e986-4609-9cd1-1595c08760e9&device_owner=network%3Adhcp HTTP/1.1" status: 200 len: 210 time: 0.0752237
May 10 17:17:03.797921 dv-cinder-786384-3-iscsi neutron-server[78764]: DEBUG neutron_lib.callbacks.manager [None req-2d8fbc9e-b71a-4f91-a2c9-f57aad06591c tempest-AttachVolumeTestJSON-1185965576 tempest-AttachVolumeTestJSON-1185965576-project] Notify callbacks [] for floatingip, before_create {{(pid=78764) _notify_loop /usr/local/lib/python3.8/dist-packages/neutron_lib/callbacks/manager.py:192}}
May 10 17:17:03.805162 dv-cinder-786384-3-iscsi neutron-server[78765]: INFO neutron.wsgi [req-58e374b2-1b16-48c7-aef1-02fe717df358 req-29f50b3d-910c-41a3-9e5e-3be28dd74e08 tempest-DeleteServersTestJSON-1316930596 tempest-DeleteServersTestJSON-1316930596-project] 10.222.0.13 "GET /v2.0/security-groups?id=1586fde9-0331-476f-9878-2d5cd3f1c6dc&fields=id&fields=name HTTP/1.1" status: 200 len: 286 time: 0.1443260
May 10 17:17:03.856759 dv-cinder-786384-3-iscsi neutron-server[78764]: DEBUG neutron.pecan_wsgi.hooks.policy_enforcement [req-f4f8534a-1471-427a-bf0b-13ba66a6d906 req-396fd459-3484-4cce-a25c-6f8dcdbfe45b service neutron] Attributes excluded by policy engine: ['standard_attr_id', 'shared'] {{(pid=78764) _exclude_attributes_by_policy /opt/stack/neutron/neutron/pecan_wsgi/hooks/policy_enforcement.py:255}}
May 10 17:17:03.858459 dv-cinder-786384-3-iscsi neutron-server[78764]: INFO neutron.wsgi [req-f4f8534a-1471-427a-bf0b-13ba66a6d906 req-396fd459-3484-4cce-a25c-6f8dcdbfe45b service neutron] 10.222.0.43 "GET /v2.0/subnets?id=696541cc-6cbf-4fb3-ab8c-2be041a93ee8 HTTP/1.1" status: 200 len: 852 time: 0.3161650
May 10 17:17:03.944974 dv-cinder-786384-3-iscsi neutron-server[78765]: DEBUG neutron.quota.resource [req-f0de8614-8410-4f0c-826c-4fda9757cf6a req-35d26d63-1eca-4868-8834-9ca03f7af377 tempest-ServerRescueNegativeTestJSON-1201837696 tempest-ServerRescueNegativeTestJSON-1201837696-project] Synchronizing usage tracker for tenant:c0959262bffe4536a1379eb100c2fb3d on resource:port {{(pid=78765) resync /opt/stack/neutron/neutron/quota/resource.py:241}}
May 10 17:17:04.048968 dv-cinder-786384-3-iscsi neutron-server[78765]: DEBUG neutron.quota.resource [req-f0de8614-8410-4f0c-826c-4fda9757cf6a req-35d26d63-1eca-4868-8834-9ca03f7af377 tempest-ServerRescueNegativeTestJSON-1201837696 tempest-ServerRescueNegativeTestJSON-1201837696-project] Unset dirty status for tenant:c0959262bffe4536a1379eb100c2fb3d on resource:port {{(pid=78765) _resync /opt/stack/neutron/neutron/quota/resource.py:233}}
May 10 17:17:04.050242 dv-cinder-786384-3-iscsi neutron-server[78765]: INFO neutron.wsgi [req-f0de8614-8410-4f0c-826c-4fda9757cf6a req-35d26d63-1eca-4868-8834-9ca03f7af377 tempest-ServerRescueNegativeTestJSON-1201837696 tempest-ServerRescueNegativeTestJSON-1201837696-project] 10.222.0.13 "GET /v2.0/ports?tenant_id=c0959262bffe4536a1379eb100c2fb3d&fields=id HTTP/1.1" status: 200 len: 255 time: 0.4089558
May 10 17:17:04.064334 dv-cinder-786384-3-iscsi neutron-server[78766]: DEBUG neutron_lib.callbacks.manager [None req-f929fafe-07d3-4fed-8423-e1f73c136beb None None] Notify callbacks [] for port, precommit_update {{(pid=78766) _notify_loop /usr/local/lib/python3.8/dist-packages/neutron_lib/callbacks/manager.py:192}}
May 10 17:17:04.110325 dv-cinder-786384-3-iscsi neutron-server[78766]: DEBUG neutron.db.provisioning_blocks [None req-f929fafe-07d3-4fed-8423-e1f73c136beb None None] Transition to ACTIVE for port object 63baf39d-ba56-439e-8810-f215f64f52d1 will not be triggered until provisioned by entity L2. {{(pid=78766) add_provisioning_component /opt/stack/neutron/neutron/db/provisioning_blocks.py:73}}
May 10 17:17:04.132918 dv-cinder-786384-3-iscsi neutron-server[78764]: INFO neutron.wsgi [req-90539967-d302-484f-9b44-c7a08833f27a req-e0d1dc96-3491-4b1e-bf77-5a0106db6606 service neutron] 10.222.0.43 "GET /v2.0/networks/7130d662-e986-4609-9cd1-1595c08760e9?fields=segments HTTP/1.1" status: 200 len: 212 time: 0.3184536
May 10 17:17:04.146520 dv-cinder-786384-3-iscsi neutron-server[78764]: INFO neutron.wsgi [req-f4f8534a-1471-427a-bf0b-13ba66a6d906 req-0e4eb8f4-b89b-4816-9831-2b9d6749890c service neutron] 10.222.0.43 "GET /v2.0/ports?network_id=ce14940e-6753-4da5-affc-87e6c6c13ca4&device_owner=network%3Adhcp HTTP/1.1" status: 200 len: 210 time: 0.2688975
May 10 17:17:04.149892 dv-cinder-786384-3-iscsi neutron-server[78766]: DEBUG neutron.plugins.ml2.db [None req-57d38b4c-cb32-48f3-a375-153db682a5cf None None] For port 0fbed12d-fb80-41be-a71b-a6932ccb8e3a, host dv-cinder-786384-3-iscsi, got binding levels [PortBindingLevel(driver='openvswitch',host='dv-cinder-786384-3-iscsi',level=0,port_id=0fbed12d-fb80-41be-a71b-a6932ccb8e3a,segment=NetworkSegment(355a5516-df9f-42f8-b521-f348dfd728e8),segment_id=355a5516-df9f-42f8-b521-f348dfd728e8)] {{(pid=78766) get_binding_level_objs /opt/stack/neutron/neutron/plugins/ml2/db.py:75}}
May 10 17:17:04.156522 dv-cinder-786384-3-iscsi neutron-server[78766]: DEBUG neutron_lib.callbacks.manager [None req-f929fafe-07d3-4fed-8423-e1f73c136beb None None] Notify callbacks ['neutron.plugins.ml2.plugin.SecurityGroupServerNotifierRpcMixin.notify_sg_on_port_change-7947707', 'neutron.plugins.ml2.ovo_rpc._ObjectChangeHandler.handle_event-474775', 'neutron.api.rpc.agentnotifiers.dhcp_rpc_agent_api.DhcpAgentNotifyAPI._native_event_send_dhcp_notification-533381', 'neutron.db.l3_db.L3RpcNotifierMixin._notify_gateway_port_ip_changed-8778271055207', 'neutron.db.l3_dvrscheduler_db._notify_l3_agent_port_update-8778270636566', 'neutron.db.l3_hascheduler_db._notify_l3_agent_ha_port_update-8778270636611'] for port, after_update {{(pid=78766) _notify_loop /usr/local/lib/python3.8/dist-packages/neutron_lib/callbacks/manager.py:192}}
May 10 17:17:04.187955 dv-cinder-786384-3-iscsi neutron-server[78766]: DEBUG oslo_concurrency.lockutils [None req-7e0b8128-a92c-48bb-8f77-95de9061bca8 None None] Lock "event-dispatch" acquired by "neutron.plugins.ml2.ovo_rpc._ObjectChangeHandler.dispatch_events" :: waited 0.000s {{(pid=78766) inner /usr/local/lib/python3.8/dist-packages/oslo_concurrency/lockutils.py:355}}
May 10 17:17:04.240426 dv-cinder-786384-3-iscsi neutron-server[78765]: INFO neutron.wsgi [req-f0de8614-8410-4f0c-826c-4fda9757cf6a req-c8102dde-04b9-4a1c-92f6-b509c5110149 service neutron] 10.222.0.13 "GET /v2.0/networks/756191ce-3246-4dd0-8a83-e15cbf383d8a?fields=segments HTTP/1.1" status: 200 len: 212 time: 0.1803889
May 10 17:17:04.327406 dv-cinder-786384-3-iscsi neutron-server[78765]: DEBUG neutron_lib.callbacks.manager [None req-17ac8ea1-b249-4581-a834-e6d684a39335 tempest-AttachVolumeShelveTestJSON-1162940720 tempest-AttachVolumeShelveTestJSON-1162940720-project] Notify callbacks [] for port, precommit_update {{(pid=78765) _notify_loop /usr/local/lib/python3.8/dist-packages/neutron_lib/callbacks/manager.py:192}}
May 10 17:17:04.347029 dv-cinder-786384-3-iscsi neutron-server[78766]: DEBUG neutron_lib.callbacks.manager [None req-57d38b4c-cb32-48f3-a375-153db682a5cf None None] Notify callbacks ['neutron.plugins.ml2.plugin.SecurityGroupServerNotifierRpcMixin.notify_sg_on_port_change-7947707', 'neutron.plugins.ml2.ovo_rpc._ObjectChangeHandler.handle_event-474775', 'neutron.api.rpc.agentnotifiers.dhcp_rpc_agent_api.DhcpAgentNotifyAPI._native_event_send_dhcp_notification-533381', 'neutron.db.l3_db.L3RpcNotifierMixin._notify_gateway_port_ip_changed-8778271055207', 'neutron.db.l3_dvrscheduler_db._notify_l3_agent_port_update-8778270636566', 'neutron.db.l3_hascheduler_db._notify_l3_agent_ha_port_update-8778270636611'] for port, after_update {{(pid=78766) _notify_loop /usr/local/lib/python3.8/dist-packages/neutron_lib/callbacks/manager.py:192}}
May 10 17:17:04.349293 dv-cinder-786384-3-iscsi neutron-server[78765]: DEBUG neutron_lib.callbacks.manager [None req-17ac8ea1-b249-4581-a834-e6d684a39335 tempest-AttachVolumeShelveTestJSON-1162940720 tempest-AttachVolumeShelveTestJSON-1162940720-project] Notify callbacks ['neutron.plugins.ml2.plugin.SecurityGroupServerNotifierRpcMixin.notify_sg_on_port_change-7947707', 'neutron.plugins.ml2.ovo_rpc._ObjectChangeHandler.handle_event-474775', 'neutron.api.rpc.agentnotifiers.dhcp_rpc_agent_api.DhcpAgentNotifyAPI._native_event_send_dhcp_notification-533381', 'neutron.db.l3_db.L3RpcNotifierMixin._notify_gateway_port_ip_changed-8778271055207', 'neutron.db.l3_dvrscheduler_db._notify_l3_agent_port_update-8778270636566', 'neutron.db.l3_hascheduler_db._notify_l3_agent_ha_port_update-8778270636611'] for port, after_update {{(pid=78765) _notify_loop /usr/local/lib/python3.8/dist-packages/neutron_lib/callbacks/manager.py:192}}
May 10 17:17:04.481880 dv-cinder-786384-3-iscsi neutron-server[78765]: DEBUG oslo_concurrency.lockutils [None req-17ac8ea1-b249-4581-a834-e6d684a39335 tempest-AttachVolumeShelveTestJSON-1162940720 tempest-AttachVolumeShelveTestJSON-1162940720-project] Lock "event-dispatch" acquired by "neutron.plugins.ml2.ovo_rpc._ObjectChangeHandler.dispatch_events" :: waited 0.000s {{(pid=78765) inner /usr/local/lib/python3.8/dist-packages/oslo_concurrency/lockutils.py:355}}
May 10 17:17:04.534717 dv-cinder-786384-3-iscsi neutron-server[78766]: DEBUG neutron.api.rpc.handlers.resources_rpc [None req-4ab762bd-a7d4-4941-b984-f48fff450815 None None] Pushing event updated for resources: {'Port': ['ID=63baf39d-ba56-439e-8810-f215f64f52d1,revision_number=3']} {{(pid=78766) push /opt/stack/neutron/neutron/api/rpc/handlers/resources_rpc.py:237}}
May 10 17:17:04.555025 dv-cinder-786384-3-iscsi neutron-server[78766]: DEBUG oslo_concurrency.lockutils [None req-4ab762bd-a7d4-4941-b984-f48fff450815 None None] Lock "event-dispatch" released by "neutron.plugins.ml2.ovo_rpc._ObjectChangeHandler.dispatch_events" :: held 0.367s {{(pid=78766) inner /usr/local/lib/python3.8/dist-packages/oslo_concurrency/lockutils.py:367}}
May 10 17:17:04.596693 dv-cinder-786384-3-iscsi neutron-server[78764]: INFO neutron.notifiers.nova [-] Nova event response: {'name': 'network-changed', 'server_uuid': '1ad16b73-b763-4fce-b972-74474dfbc040', 'tag': 'e96665c3-4cca-4897-8697-72413514c565', 'status': 'completed', 'code': 200}
May 10 17:17:04.604531 dv-cinder-786384-3-iscsi neutron-server[78764]: INFO neutron.wsgi [req-90539967-d302-484f-9b44-c7a08833f27a req-9d504e87-e0de-4055-b6d8-538a33d12dba service neutron] 10.222.0.43 "GET /v2.0/networks/7130d662-e986-4609-9cd1-1595c08760e9?fields=provider%3Aphysical_network&fields=provider%3Anetwork_type HTTP/1.1" status: 200 len: 281 time: 0.4502790
May 10 17:17:04.616554 dv-cinder-786384-3-iscsi neutron-server[78766]: DEBUG oslo_concurrency.lockutils [None req-57d38b4c-cb32-48f3-a375-153db682a5cf None None] Lock "event-dispatch" acquired by "neutron.plugins.ml2.ovo_rpc._ObjectChangeHandler.dispatch_events" :: waited 0.083s {{(pid=78766) inner /usr/local/lib/python3.8/dist-packages/oslo_concurrency/lockutils.py:355}}
May 10 17:17:04.721067 dv-cinder-786384-3-iscsi neutron-server[78764]: INFO neutron.wsgi [req-f4f8534a-1471-427a-bf0b-13ba66a6d906 req-aa20edfd-9e7e-4efc-ad18-f674bab62af3 service neutron] 10.222.0.43 "GET /v2.0/networks/ce14940e-6753-4da5-affc-87e6c6c13ca4?fields=segments HTTP/1.1" status: 200 len: 212 time: 0.5296566
May 10 17:17:04.819998 dv-cinder-786384-3-iscsi neutron-server[78765]: DEBUG neutron.api.rpc.handlers.resources_rpc [None req-17ac8ea1-b249-4581-a834-e6d684a39335 tempest-AttachVolumeShelveTestJSON-1162940720 tempest-AttachVolumeShelveTestJSON-1162940720-project] Pushing event updated for resources: {'Port': ['ID=a1e6ee27-6092-43a5-8864-0b58b50e9bfb,revision_number=2']} {{(pid=78765) push /opt/stack/neutron/neutron/api/rpc/handlers/resources_rpc.py:237}}
May 10 17:17:04.832682 dv-cinder-786384-3-iscsi neutron-server[78764]: DEBUG neutron_lib.callbacks.manager [None req-2d8fbc9e-b71a-4f91-a2c9-f57aad06591c tempest-AttachVolumeTestJSON-1185965576 tempest-AttachVolumeTestJSON-1185965576-project] Notify callbacks ['neutron.plugins.ml2.plugin.SecurityGroupDbMixin._ensure_default_security_group_handler-7947768'] for port, before_create {{(pid=78764) _notify_loop /usr/local/lib/python3.8/dist-packages/neutron_lib/callbacks/manager.py:192}}
May 10 17:17:04.837777 dv-cinder-786384-3-iscsi neutron-server[78765]: DEBUG neutron_lib.callbacks.manager [None req-17ac8ea1-b249-4581-a834-e6d684a39335 tempest-AttachVolumeShelveTestJSON-1162940720 tempest-AttachVolumeShelveTestJSON-1162940720-project] Notify callbacks ['neutron.services.l3_router.l3_router_plugin.DVRResourceOperationHandler._create_dvr_floating_gw_port-922736'] for floatingip, after_update {{(pid=78765) _notify_loop /usr/local/lib/python3.8/dist-packages/neutron_lib/callbacks/manager.py:192}}
May 10 17:17:04.848909 dv-cinder-786384-3-iscsi neutron-server[78765]: DEBUG oslo_concurrency.lockutils [None req-17ac8ea1-b249-4581-a834-e6d684a39335 tempest-AttachVolumeShelveTestJSON-1162940720 tempest-AttachVolumeShelveTestJSON-1162940720-project] Lock "event-dispatch" released by "neutron.plugins.ml2.ovo_rpc._ObjectChangeHandler.dispatch_events" :: held 0.364s {{(pid=78765) inner /usr/local/lib/python3.8/dist-packages/oslo_concurrency/lockutils.py:367}}
May 10 17:17:04.878319 dv-cinder-786384-3-iscsi neutron-server[78766]: DEBUG neutron.plugins.ml2.rpc [None req-57d38b4c-cb32-48f3-a375-153db682a5cf None None] Device 5bc7e600-b5ef-4521-81a3-4da9f5395cca up at agent ovs-agent-dv-cinder-786384-3-iscsi {{(pid=78766) update_device_up /opt/stack/neutron/neutron/plugins/ml2/rpc.py:278}}
May 10 17:17:04.954404 dv-cinder-786384-3-iscsi neutron-server[78764]: INFO neutron.wsgi [req-f4f8534a-1471-427a-bf0b-13ba66a6d906 req-889824ef-75ec-4bbf-86ce-1f9cd1dcf4a1 service neutron] 10.222.0.43 "GET /v2.0/networks/ce14940e-6753-4da5-affc-87e6c6c13ca4?fields=provider%3Aphysical_network&fields=provider%3Anetwork_type HTTP/1.1" status: 200 len: 281 time: 0.2259796
May 10 17:17:04.982124 dv-cinder-786384-3-iscsi neutron-server[78765]: DEBUG neutron_lib.callbacks.manager [None req-17ac8ea1-b249-4581-a834-e6d684a39335 tempest-AttachVolumeShelveTestJSON-1162940720 tempest-AttachVolumeShelveTestJSON-1162940720-project] Notify callbacks ['neutron.notifiers.nova.Notifier._send_nova_notification-323292'] for floatingip, before_response {{(pid=78765) _notify_loop /usr/local/lib/python3.8/dist-packages/neutron_lib/callbacks/manager.py:192}}
May 10 17:17:04.988486 dv-cinder-786384-3-iscsi neutron-server[78765]: INFO neutron.wsgi [None req-17ac8ea1-b249-4581-a834-e6d684a39335 tempest-AttachVolumeShelveTestJSON-1162940720 tempest-AttachVolumeShelveTestJSON-1162940720-project] 10.222.0.13 "POST /v2.0/floatingips HTTP/1.1" status: 201 len: 693 time: 8.2746022
May 10 17:17:05.012040 dv-cinder-786384-3-iscsi neutron-server[78765]: INFO neutron.wsgi [req-f0de8614-8410-4f0c-826c-4fda9757cf6a req-3afdd587-e570-4192-bdc8-fddcaa1a9823 service neutron] 10.222.0.13 "GET /v2.0/networks/756191ce-3246-4dd0-8a83-e15cbf383d8a?fields=provider%3Aphysical_network&fields=provider%3Anetwork_type HTTP/1.1" status: 200 len: 281 time: 0.7364581
May 10 17:17:05.015656 dv-cinder-786384-3-iscsi neutron-server[78766]: DEBUG neutron.plugins.ml2.managers [None req-f929fafe-07d3-4fed-8423-e1f73c136beb None None] Attempting to bind port 63baf39d-ba56-439e-8810-f215f64f52d1 on host dv-cinder-786384-3-iscsi for vnic_type normal with profile {{(pid=78766) bind_port /opt/stack/neutron/neutron/plugins/ml2/managers.py:790}}
May 10 17:17:05.016154 dv-cinder-786384-3-iscsi neutron-server[78766]: DEBUG neutron.plugins.ml2.managers [None req-f929fafe-07d3-4fed-8423-e1f73c136beb None None] Attempting to bind port 63baf39d-ba56-439e-8810-f215f64f52d1 by drivers openvswitch,hyperv on host dv-cinder-786384-3-iscsi at level 0 using segments [{'id': 'a88b3ec7-de50-41eb-977d-a3de365102fb', 'network_type': 'vlan', 'physical_network': 'physnet1', 'segmentation_id': 380, 'network_id': '756191ce-3246-4dd0-8a83-e15cbf383d8a'}] {{(pid=78766) _bind_port_level /opt/stack/neutron/neutron/plugins/ml2/managers.py:815}}
May 10 17:17:05.016523 dv-cinder-786384-3-iscsi neutron-server[78766]: DEBUG neutron.plugins.ml2.drivers.mech_agent [None req-f929fafe-07d3-4fed-8423-e1f73c136beb None None] Attempting to bind port 63baf39d-ba56-439e-8810-f215f64f52d1 on network 756191ce-3246-4dd0-8a83-e15cbf383d8a {{(pid=78766) bind_port /opt/stack/neutron/neutron/plugins/ml2/drivers/mech_agent.py:86}}
May 10 17:17:05.020629 dv-cinder-786384-3-iscsi neutron-server[78766]: DEBUG neutron.api.rpc.handlers.resources_rpc [None req-57d38b4c-cb32-48f3-a375-153db682a5cf None None] Pushing event updated for resources: {'Port': ['ID=0fbed12d-fb80-41be-a71b-a6932ccb8e3a,revision_number=5']} {{(pid=78766) push /opt/stack/neutron/neutron/api/rpc/handlers/resources_rpc.py:237}}
May 10 17:17:05.031861 dv-cinder-786384-3-iscsi neutron-server[78765]: DEBUG neutron.pecan_wsgi.hooks.policy_enforcement [req-909afbed-4967-4355-b8a3-b2625309064d req-6cbabc6a-5ed2-4e41-ae2f-63a6604811c5 tempest-AttachVolumeNegativeTest-274737141 tempest-AttachVolumeNegativeTest-274737141-project] Attributes excluded by policy engine: ['standard_attr_id', 'binding:profile', 'binding:host_id', 'binding:vif_type', 'binding:vif_details'] {{(pid=78765) _exclude_attributes_by_policy /opt/stack/neutron/neutron/pecan_wsgi/hooks/policy_enforcement.py:255}}
May 10 17:17:05.033996 dv-cinder-786384-3-iscsi neutron-server[78765]: INFO neutron.wsgi [req-909afbed-4967-4355-b8a3-b2625309064d req-6cbabc6a-5ed2-4e41-ae2f-63a6604811c5 tempest-AttachVolumeNegativeTest-274737141 tempest-AttachVolumeNegativeTest-274737141-project] 10.222.0.13 "GET /v2.0/ports?device_id=40cb2b5a-4061-4a54-b2ad-99cbb240b640 HTTP/1.1" status: 200 len: 943 time: 0.2335854
May 10 17:17:05.038814 dv-cinder-786384-3-iscsi neutron-server[78766]: DEBUG oslo_concurrency.lockutils [None req-57d38b4c-cb32-48f3-a375-153db682a5cf None None] Lock "event-dispatch" released by "neutron.plugins.ml2.ovo_rpc._ObjectChangeHandler.dispatch_events" :: held 0.423s {{(pid=78766) inner /usr/local/lib/python3.8/dist-packages/oslo_concurrency/lockutils.py:367}}
May 10 17:17:05.049091 dv-cinder-786384-3-iscsi neutron-server[78766]: DEBUG neutron.plugins.ml2.drivers.mech_agent [None req-f929fafe-07d3-4fed-8423-e1f73c136beb None None] Checking agent: {'id': 'c232ea9e-9e20-4e40-aa45-ba6dc0d625cd', 'agent_type': 'Open vSwitch agent', 'binary': 'neutron-openvswitch-agent', 'topic': 'N/A', 'host': 'dv-cinder-786384-3-iscsi', 'admin_state_up': True, 'created_at': datetime.datetime(2021, 5, 10, 17, 8, 43), 'started_at': datetime.datetime(2021, 5, 10, 17, 9, 13), 'heartbeat_timestamp': datetime.datetime(2021, 5, 10, 17, 16, 43), 'description': None, 'resources_synced': None, 'availability_zone': None, 'alive': True, 'configurations': {'arp_responder_enabled': False, 'baremetal_smartnic': False, 'bridge_mappings': {'physnet1': 'br-data'}, 'datapath_type': 'system', 'devices': 0, 'enable_distributed_routing': False, 'extensions': [], 'in_distributed_mode': False, 'integration_bridge': 'br-int', 'l2_population': False, 'log_agent_heartbeats': False, 'ovs_capabilities': {'datapath_types': ['netdev', 'system'], 'iface_types': ['erspan', 'geneve', 'gre', 'internal', 'ip6erspan', 'ip6gre', 'lisp', 'patch', 'stt', 'system', 'tap', 'vxlan']}, 'ovs_hybrid_plug': False, 'resource_provider_bandwidths': {}, 'resource_provider_hypervisors': {'br-data': 'dv-cinder-786384-3-iscsi'}, 'resource_provider_inventory_defaults': {'allocation_ratio': 1.0, 'min_unit': 1, 'step_size': 1, 'reserved': 0}, 'tunnel_types': [], 'tunneling_ip': None, 'vhostuser_socket_dir': '/var/run/openvswitch'}, 'resource_versions': {'AddressGroup': '1.2', 'ConntrackHelper': '1.0', 'Log': '1.0', 'Network': '1.1', 'Port': '1.7', 'PortForwarding': '1.2', 'QosPolicy': '1.8', 'SecurityGroup': '1.4', 'SecurityGroupRule': '1.2', 'SubPort': '1.0', 'Subnet': '1.1', 'Trunk': '1.1'}} {{(pid=78766) bind_port /opt/stack/neutron/neutron/plugins/ml2/drivers/mech_agent.py:105}}
May 10 17:17:05.049838 dv-cinder-786384-3-iscsi neutron-server[78766]: DEBUG neutron.plugins.ml2.drivers.mech_agent [None req-f929fafe-07d3-4fed-8423-e1f73c136beb None None] Checking segment: {'id': 'a88b3ec7-de50-41eb-977d-a3de365102fb', 'network_type': 'vlan', 'physical_network': 'physnet1', 'segmentation_id': 380, 'network_id': '756191ce-3246-4dd0-8a83-e15cbf383d8a'} for mappings: {'physnet1': 'br-data'} with network types: ['local', 'flat', 'vlan'] {{(pid=78766) check_segment_for_agent /opt/stack/neutron/neutron/plugins/ml2/drivers/mech_agent.py:341}}
May 10 17:17:05.050469 dv-cinder-786384-3-iscsi neutron-server[78766]: DEBUG neutron_lib.callbacks.manager [None req-f929fafe-07d3-4fed-8423-e1f73c136beb None None] Notify callbacks [] for ovs_bridge_name, before_read {{(pid=78766) _notify_loop /usr/local/lib/python3.8/dist-packages/neutron_lib/callbacks/manager.py:192}}
May 10 17:17:05.051105 dv-cinder-786384-3-iscsi neutron-server[78766]: DEBUG neutron.plugins.ml2.drivers.mech_agent [None req-f929fafe-07d3-4fed-8423-e1f73c136beb None None] Bound using segment: {'id': 'a88b3ec7-de50-41eb-977d-a3de365102fb', 'network_type': 'vlan', 'physical_network': 'physnet1', 'segmentation_id': 380, 'network_id': '756191ce-3246-4dd0-8a83-e15cbf383d8a'} {{(pid=78766) bind_port /opt/stack/neutron/neutron/plugins/ml2/drivers/mech_agent.py:115}}
May 10 17:17:05.051906 dv-cinder-786384-3-iscsi neutron-server[78766]: DEBUG neutron.plugins.ml2.managers [None req-f929fafe-07d3-4fed-8423-e1f73c136beb None None] Bound port: 63baf39d-ba56-439e-8810-f215f64f52d1, host: dv-cinder-786384-3-iscsi, vif_type: ovs, vif_details: {"connectivity": "l2", "port_filter": true, "ovs_hybrid_plug": false, "datapath_type": "system", "bridge_name": "br-int"}, binding_levels: [{'bound_driver': 'openvswitch', 'bound_segment': {'id': 'a88b3ec7-de50-41eb-977d-a3de365102fb', 'network_type': 'vlan', 'physical_network': 'physnet1', 'segmentation_id': 380, 'network_id': '756191ce-3246-4dd0-8a83-e15cbf383d8a'}}] {{(pid=78766) _bind_port_level /opt/stack/neutron/neutron/plugins/ml2/managers.py:928}}
May 10 17:17:05.052552 dv-cinder-786384-3-iscsi neutron-server[78766]: DEBUG neutron_lib.callbacks.manager [None req-f929fafe-07d3-4fed-8423-e1f73c136beb None None] Notify callbacks ['neutron.plugins.ml2.plugin.SecurityGroupDbMixin._ensure_default_security_group_handler-7947768'] for port, before_update {{(pid=78766) _notify_loop /usr/local/lib/python3.8/dist-packages/neutron_lib/callbacks/manager.py:192}}
May 10 17:17:05.102097 dv-cinder-786384-3-iscsi neutron-server[78766]: DEBUG neutron.db.provisioning_blocks [None req-57d38b4c-cb32-48f3-a375-153db682a5cf None None] Provisioning complete for port 5bc7e600-b5ef-4521-81a3-4da9f5395cca triggered by entity L2. {{(pid=78766) provisioning_complete /opt/stack/neutron/neutron/db/provisioning_blocks.py:139}}
May 10 17:17:05.103281 dv-cinder-786384-3-iscsi neutron-server[78766]: DEBUG neutron_lib.callbacks.manager [None req-57d38b4c-cb32-48f3-a375-153db682a5cf None None] Notify callbacks ['neutron.plugins.ml2.plugin.Ml2Plugin._port_provisioned-8091503'] for port, provisioning_complete {{(pid=78766) _notify_loop /usr/local/lib/python3.8/dist-packages/neutron_lib/callbacks/manager.py:192}}
May 10 17:17:05.128368 dv-cinder-786384-3-iscsi neutron-server[78765]: DEBUG neutron.wsgi [-] (78765) accepted ('10.222.0.13', 53072) {{(pid=78765) server /usr/local/lib/python3.8/dist-packages/eventlet/wsgi.py:992}}
May 10 17:17:05.148475 dv-cinder-786384-3-iscsi neutron-server[78765]: INFO neutron.wsgi [req-909afbed-4967-4355-b8a3-b2625309064d req-641d1f55-180a-4cf9-b676-8334257b075b tempest-AttachVolumeNegativeTest-274737141 tempest-AttachVolumeNegativeTest-274737141-project] 10.222.0.13 "GET /v2.0/security-groups?id=57bd1d31-c101-4647-9c80-102156ca644b&fields=id&fields=name HTTP/1.1" status: 200 len: 286 time: 0.0995619
May 10 17:17:05.223155 dv-cinder-786384-3-iscsi neutron-server[78764]: DEBUG neutron.db.db_base_plugin_common [None req-2d8fbc9e-b71a-4f91-a2c9-f57aad06591c tempest-AttachVolumeTestJSON-1185965576 tempest-AttachVolumeTestJSON-1185965576-project] Allocated IP 172.27.2.24 (2b3ec93f-ef2e-4c6a-91ce-8a6ee85a6b33/dc0a5b7a-7588-4776-9a03-2f722a9f45c8/2181ad71-51ee-4a2c-b18b-fc015d050e82) {{(pid=78764) _store_ip_allocation /opt/stack/neutron/neutron/db/db_base_plugin_common.py:131}}
May 10 17:17:05.349942 dv-cinder-786384-3-iscsi neutron-server[78766]: DEBUG neutron.plugins.ml2.db [None req-f929fafe-07d3-4fed-8423-e1f73c136beb None None] For port 63baf39d-ba56-439e-8810-f215f64f52d1, host dv-cinder-786384-3-iscsi, cleared binding levels {{(pid=78766) clear_binding_levels /opt/stack/neutron/neutron/plugins/ml2/db.py:88}}
May 10 17:17:05.371305 dv-cinder-786384-3-iscsi neutron-server[78766]: DEBUG neutron.plugins.ml2.db [None req-f929fafe-07d3-4fed-8423-e1f73c136beb None None] For port 63baf39d-ba56-439e-8810-f215f64f52d1, host dv-cinder-786384-3-iscsi, set binding levels [PortBindingLevel(driver='openvswitch',host='dv-cinder-786384-3-iscsi',level=0,port_id=63baf39d-ba56-439e-8810-f215f64f52d1,segment=NetworkSegment(a88b3ec7-de50-41eb-977d-a3de365102fb),segment_id=a88b3ec7-de50-41eb-977d-a3de365102fb)] {{(pid=78766) set_binding_levels /opt/stack/neutron/neutron/plugins/ml2/db.py:60}}
May 10 17:17:05.387353 dv-cinder-786384-3-iscsi neutron-server[78766]: DEBUG neutron_lib.callbacks.manager [None req-f929fafe-07d3-4fed-8423-e1f73c136beb None None] Notify callbacks ['neutron.plugins.ml2.plugin.SecurityGroupServerNotifierRpcMixin.notify_sg_on_port_change-7947707', 'neutron.plugins.ml2.ovo_rpc._ObjectChangeHandler.handle_event-474775', 'neutron.api.rpc.agentnotifiers.dhcp_rpc_agent_api.DhcpAgentNotifyAPI._native_event_send_dhcp_notification-533381', 'neutron.db.l3_db.L3RpcNotifierMixin._notify_gateway_port_ip_changed-8778271055207', 'neutron.db.l3_dvrscheduler_db._notify_l3_agent_port_update-8778270636566', 'neutron.db.l3_hascheduler_db._notify_l3_agent_ha_port_update-8778270636611'] for port, after_update {{(pid=78766) _notify_loop /usr/local/lib/python3.8/dist-packages/neutron_lib/callbacks/manager.py:192}}
May 10 17:17:05.394259 dv-cinder-786384-3-iscsi neutron-server[78766]: DEBUG oslo_concurrency.lockutils [-] Lock "event-dispatch" acquired by "neutron.plugins.ml2.ovo_rpc._ObjectChangeHandler.dispatch_events" :: waited 0.000s {{(pid=78766) inner /usr/local/lib/python3.8/dist-packages/oslo_concurrency/lockutils.py:355}}
May 10 17:17:05.407480 dv-cinder-786384-3-iscsi neutron-server[78764]: DEBUG neutron.pecan_wsgi.hooks.policy_enforcement [req-ebf6d0bc-62ea-4b91-915b-9bbe16b5b4e7 req-cbe3e54d-8b23-4783-a23e-a3f2e89de2bf service neutron] Attributes excluded by policy engine: ['standard_attr_id'] {{(pid=78764) _exclude_attributes_by_policy /opt/stack/neutron/neutron/pecan_wsgi/hooks/policy_enforcement.py:255}}
May 10 17:17:05.409000 dv-cinder-786384-3-iscsi neutron-server[78764]: INFO neutron.wsgi [req-ebf6d0bc-62ea-4b91-915b-9bbe16b5b4e7 req-cbe3e54d-8b23-4783-a23e-a3f2e89de2bf service neutron] 10.222.0.43 "GET /v2.0/ports?tenant_id=3a9b566e18054d3dae48ab94dfc515a5&device_id=1ad16b73-b763-4fce-b972-74474dfbc040 HTTP/1.1" status: 200 len: 1097 time: 0.3320143
May 10 17:17:05.471770 dv-cinder-786384-3-iscsi neutron-server[78766]: DEBUG neutron.db.l3_dvrscheduler_db [None req-f929fafe-07d3-4fed-8423-e1f73c136beb None None] Routers {'1b894485-57fa-430e-8e22-312977f52943'} bound to L3 agent in host dv-cinder-786384-3-iscsi {{(pid=78766) _get_router_ids_for_agent /opt/stack/neutron/neutron/db/l3_dvrscheduler_db.py:422}}
May 10 17:17:05.472897 dv-cinder-786384-3-iscsi neutron-server[78766]: DEBUG neutron.db.l3_hamode_db [None req-f929fafe-07d3-4fed-8423-e1f73c136beb None None] neutron.services.l3_router.l3_router_plugin.L3RouterPlugin method get_ha_sync_data_for_host called with arguments (, 'dv-cinder-786384-3-iscsi', Agent(admin_state_up=True,agent_type='L3 agent',availability_zone='nova',binary='neutron-l3-agent',configurations={"agent_mode": "legacy", "ex_gw_ports": 1, "extensions": [], "floating_ips": 0, "handle_internal_only_routers": true, "interface_driver": "openvswitch", "interfaces": 1, "log_agent_heartbeats": false, "routers": 1},created_at=2021-05-10T17:08:43Z,description=,heartbeat_timestamp=2021-05-10T17:16:43Z,host='dv-cinder-786384-3-iscsi',id=189bc67e-7f4e-4ee9-825d-9cd3f62c4d24,load=0,resource_versions=,resources_synced=,started_at=2021-05-10T17:08:43Z,topic='l3_agent')) {'router_ids': ['1b894485-57fa-430e-8e22-312977f52943'], 'active': True} {{(pid=78766) wrapper /usr/local/lib/python3.8/dist-packages/oslo_log/helpers.py:65}}
May 10 17:17:05.510688 dv-cinder-786384-3-iscsi neutron-server[78765]: DEBUG neutron_lib.callbacks.manager [None req-c5f376b8-a4ad-49b6-b850-b71439d34e97 admin admin] Notify callbacks [] for security_group, before_create {{(pid=78765) _notify_loop /usr/local/lib/python3.8/dist-packages/neutron_lib/callbacks/manager.py:192}}
May 10 17:17:05.534666 dv-cinder-786384-3-iscsi neutron-server[78765]: DEBUG neutron.db.quota.driver [None req-c5f376b8-a4ad-49b6-b850-b71439d34e97 admin admin] Resources subnetpool have unlimited quota limit. It is not required to calculate headroom {{(pid=78765) make_reservation /opt/stack/neutron/neutron/db/quota/driver.py:219}}
May 10 17:17:05.545839 dv-cinder-786384-3-iscsi neutron-server[78765]: DEBUG neutron.quota.resource [None req-c5f376b8-a4ad-49b6-b850-b71439d34e97 admin admin] Usage tracker for resource:security_group_rule and tenant:c43236b3a1fa42c0b3ff7077ef45ac22 is out of sync, need to count used quota {{(pid=78765) count_used /opt/stack/neutron/neutron/quota/resource.py:270}}
May 10 17:17:05.549001 dv-cinder-786384-3-iscsi neutron-server[78765]: DEBUG neutron.quota.resource [None req-c5f376b8-a4ad-49b6-b850-b71439d34e97 admin admin] Quota usage for security_group_rule was recalculated. Used quota:0. {{(pid=78765) count_used /opt/stack/neutron/neutron/quota/resource.py:290}}
May 10 17:17:05.555408 dv-cinder-786384-3-iscsi neutron-server[78765]: DEBUG neutron.db.quota.driver [None req-c5f376b8-a4ad-49b6-b850-b71439d34e97 admin admin] Attempting to reserve 4 items for resource security_group_rule. Total usage: 0; quota limit: 100; headroom:100 {{(pid=78765) make_reservation /opt/stack/neutron/neutron/db/quota/driver.py:246}}
May 10 17:17:05.559704 dv-cinder-786384-3-iscsi neutron-server[78764]: DEBUG neutron_lib.callbacks.manager [None req-2d8fbc9e-b71a-4f91-a2c9-f57aad06591c tempest-AttachVolumeTestJSON-1185965576 tempest-AttachVolumeTestJSON-1185965576-project] Notify callbacks [] for port, precommit_create {{(pid=78764) _notify_loop /usr/local/lib/python3.8/dist-packages/neutron_lib/callbacks/manager.py:192}}
May 10 17:17:05.609318 dv-cinder-786384-3-iscsi neutron-server[78765]: INFO neutron.wsgi [req-9eb2e65f-b843-45b5-9438-94f1382c9a4f req-18b87ea5-333b-4ce7-be28-3ee1424aac10 tempest-ServerRescueNegativeTestJSON-1201837696 tempest-ServerRescueNegativeTestJSON-1201837696-project] 10.222.0.13 "GET /v2.0/ports?device_id=e3440b3e-4401-472f-930d-bf083bdc2233 HTTP/1.1" status: 200 len: 210 time: 0.2925432
May 10 17:17:05.621956 dv-cinder-786384-3-iscsi neutron-server[78766]: DEBUG neutron.api.rpc.handlers.resources_rpc [None req-4ab762bd-a7d4-4941-b984-f48fff450815 None None] Pushing event updated for resources: {'Port': ['ID=63baf39d-ba56-439e-8810-f215f64f52d1,revision_number=4']} {{(pid=78766) push /opt/stack/neutron/neutron/api/rpc/handlers/resources_rpc.py:237}}
May 10 17:17:05.628604 dv-cinder-786384-3-iscsi neutron-server[78766]: DEBUG oslo_concurrency.lockutils [None req-4ab762bd-a7d4-4941-b984-f48fff450815 None None] Lock "event-dispatch" released by "neutron.plugins.ml2.ovo_rpc._ObjectChangeHandler.dispatch_events" :: held 0.234s {{(pid=78766) inner /usr/local/lib/python3.8/dist-packages/oslo_concurrency/lockutils.py:367}}
May 10 17:17:05.653234 dv-cinder-786384-3-iscsi neutron-server[78764]: DEBUG neutron.pecan_wsgi.hooks.policy_enforcement [req-ebf6d0bc-62ea-4b91-915b-9bbe16b5b4e7 req-d1ce203c-c942-4cc8-b1ca-f2578dbb2497 service neutron] Attributes excluded by policy engine: ['standard_attr_id', 'vlan_transparent'] {{(pid=78764) _exclude_attributes_by_policy /opt/stack/neutron/neutron/pecan_wsgi/hooks/policy_enforcement.py:255}}
May 10 17:17:05.657983 dv-cinder-786384-3-iscsi neutron-server[78764]: INFO neutron.wsgi [req-ebf6d0bc-62ea-4b91-915b-9bbe16b5b4e7 req-d1ce203c-c942-4cc8-b1ca-f2578dbb2497 service neutron] 10.222.0.43 "GET /v2.0/networks?id=ce14940e-6753-4da5-affc-87e6c6c13ca4 HTTP/1.1" status: 200 len: 913 time: 0.2370694
May 10 17:17:05.785984 dv-cinder-786384-3-iscsi neutron-server[78766]: DEBUG neutron.db.l3_dvr_db [None req-f929fafe-07d3-4fed-8423-e1f73c136beb None None] Set router 1b894485-57fa-430e-8e22-312977f52943 gateway port host: dv-cinder-786384-3-iscsi {{(pid=78766) _build_routers_list /opt/stack/neutron/neutron/db/l3_dvr_db.py:819}}
May 10 17:17:05.795357 dv-cinder-786384-3-iscsi neutron-server[78765]: DEBUG neutron.pecan_wsgi.hooks.policy_enforcement [req-0faaa5f0-8d5f-4bd8-8e3d-1bc19baf226e req-0f8f32e2-12ed-4958-b0f5-75d94350b452 tempest-DeleteServersTestJSON-1316930596 tempest-DeleteServersTestJSON-1316930596-project] Attributes excluded by policy engine: ['standard_attr_id', 'binding:profile', 'binding:host_id', 'binding:vif_type', 'binding:vif_details'] {{(pid=78765) _exclude_attributes_by_policy /opt/stack/neutron/neutron/pecan_wsgi/hooks/policy_enforcement.py:255}}
May 10 17:17:05.802518 dv-cinder-786384-3-iscsi neutron-server[78765]: INFO neutron.wsgi [req-0faaa5f0-8d5f-4bd8-8e3d-1bc19baf226e req-0f8f32e2-12ed-4958-b0f5-75d94350b452 tempest-DeleteServersTestJSON-1316930596 tempest-DeleteServersTestJSON-1316930596-project] 10.222.0.13 "GET /v2.0/ports?device_id=1ad16b73-b763-4fce-b972-74474dfbc040 HTTP/1.1" status: 200 len: 944 time: 0.4100096
May 10 17:17:05.846112 dv-cinder-786384-3-iscsi neutron-server[78765]: DEBUG neutron_lib.callbacks.manager [None req-c5f376b8-a4ad-49b6-b850-b71439d34e97 admin admin] Notify callbacks [] for security_group, precommit_create {{(pid=78765) _notify_loop /usr/local/lib/python3.8/dist-packages/neutron_lib/callbacks/manager.py:192}}
May 10 17:17:05.858428 dv-cinder-786384-3-iscsi neutron-server[78764]: INFO neutron.wsgi [req-ebf6d0bc-62ea-4b91-915b-9bbe16b5b4e7 req-be4674df-9ea1-4796-9768-19b566aa0fd1 service neutron] 10.222.0.43 "GET /v2.0/floatingips?fixed_ip_address=172.20.0.13&port_id=e96665c3-4cca-4897-8697-72413514c565 HTTP/1.1" status: 200 len: 217 time: 0.1895323
May 10 17:17:05.935331 dv-cinder-786384-3-iscsi neutron-server[78765]: DEBUG neutron_lib.callbacks.manager [None req-c5f376b8-a4ad-49b6-b850-b71439d34e97 admin admin] Notify callbacks ['neutron.plugins.ml2.ovo_rpc._ObjectChangeHandler.handle_event-986514'] for security_group, after_create {{(pid=78765) _notify_loop /usr/local/lib/python3.8/dist-packages/neutron_lib/callbacks/manager.py:192}}
May 10 17:17:05.945174 dv-cinder-786384-3-iscsi neutron-server[78764]: DEBUG neutron_lib.callbacks.manager [None req-2d8fbc9e-b71a-4f91-a2c9-f57aad06591c tempest-AttachVolumeTestJSON-1185965576 tempest-AttachVolumeTestJSON-1185965576-project] Notify callbacks ['neutron.plugins.ml2.plugin.SecurityGroupServerNotifierRpcMixin.notify_sg_on_port_change-7947707', 'neutron.plugins.ml2.ovo_rpc._ObjectChangeHandler.handle_event-474775', 'neutron.api.rpc.agentnotifiers.dhcp_rpc_agent_api.DhcpAgentNotifyAPI._native_event_send_dhcp_notification-533381', 'neutron.db.l3_dvrscheduler_db._notify_l3_agent_new_port-8778270636548'] for port, after_create {{(pid=78764) _notify_loop /usr/local/lib/python3.8/dist-packages/neutron_lib/callbacks/manager.py:192}}
May 10 17:17:05.984452 dv-cinder-786384-3-iscsi neutron-server[78764]: DEBUG oslo_concurrency.lockutils [-] Lock "event-dispatch" acquired by "neutron.plugins.ml2.ovo_rpc._ObjectChangeHandler.dispatch_events" :: waited 0.012s {{(pid=78764) inner /usr/local/lib/python3.8/dist-packages/oslo_concurrency/lockutils.py:355}}
May 10 17:17:05.992283 dv-cinder-786384-3-iscsi neutron-server[78765]: DEBUG oslo_concurrency.lockutils [None req-35e5d90c-fb6d-46f3-a484-8dc2d21a2d31 admin admin] Lock "event-dispatch" acquired by "neutron.plugins.ml2.ovo_rpc._ObjectChangeHandler.dispatch_events" :: waited 0.000s {{(pid=78765) inner /usr/local/lib/python3.8/dist-packages/oslo_concurrency/lockutils.py:355}}
