May 10 17:16:46.528448 dv-cinder-786384-3-iscsi devstack@c-api.service[85562]: INFO cinder.api.openstack.wsgi [None req-4a4b3958-9c2f-4d9e-beb4-84922dcd1385 tempest-VolumeServicesNegativeTest-93663788 tempest-VolumeServicesNegativeTest-93663788-project-admin] PUT http://10.222.0.13/volume/v3/8c78fb7edca64e96acdfceb4cc1c926c/os-services/disable
May 10 17:16:46.529450 dv-cinder-786384-3-iscsi devstack@c-api.service[85562]: /usr/local/lib/python3.8/dist-packages/webob/acceptparse.py:1047: DeprecationWarning: The behavior of AcceptValidHeader.best_match is currently being maintained for backward compatibility, but it will be deprecated in the future, as it does not conform to the RFC.
May 10 17:16:46.529450 dv-cinder-786384-3-iscsi devstack@c-api.service[85562]: warnings.warn(
May 10 17:16:46.530654 dv-cinder-786384-3-iscsi devstack@c-api.service[85562]: DEBUG cinder.api.openstack.wsgi [None req-4a4b3958-9c2f-4d9e-beb4-84922dcd1385 tempest-VolumeServicesNegativeTest-93663788 tempest-VolumeServicesNegativeTest-93663788-project-admin] Action: 'update', calling method: update, body: {"host": "dv-cinder-786384-3-iscsi", "binary": "invalid_binary"} {{(pid=85562) _process_stack /opt/stack/cinder/cinder/api/openstack/wsgi.py:864}}
May 10 17:16:46.531552 dv-cinder-786384-3-iscsi devstack@c-api.service[85562]: /usr/local/lib/python3.8/dist-packages/oslo_context/context.py:105: DeprecationWarning: Policy enforcement is depending on the value of is_admin. This key is deprecated. Please update your policy file to use the standard policy values.
May 10 17:16:46.531552 dv-cinder-786384-3-iscsi devstack@c-api.service[85562]: warnings.warn('Policy enforcement is depending on the value of '
May 10 17:16:46.557756 dv-cinder-786384-3-iscsi devstack@c-api.service[85562]: INFO cinder.api.openstack.wsgi [None req-4a4b3958-9c2f-4d9e-beb4-84922dcd1385 tempest-VolumeServicesNegativeTest-93663788 tempest-VolumeServicesNegativeTest-93663788-project-admin] http://10.222.0.13/volume/v3/8c78fb7edca64e96acdfceb4cc1c926c/os-services/disable returned with HTTP 404
May 10 17:16:46.559379 dv-cinder-786384-3-iscsi devstack@c-api.service[85562]: [pid: 85562|app: 0|req: 34/56] 10.222.0.13 () {60 vars in 1270 bytes} [Mon May 10 17:16:46 2021] PUT /volume/v3/8c78fb7edca64e96acdfceb4cc1c926c/os-services/disable => generated 121 bytes in 44 msecs (HTTP/1.1 404) 7 headers in 292 bytes (1 switches on core 0)
May 10 17:16:46.570890 dv-cinder-786384-3-iscsi devstack@c-api.service[85562]: INFO cinder.api.openstack.wsgi [None req-a10e00f5-b5fa-4cd3-bb91-d1566332258e tempest-QosSpecsTestJSON-1211492718 tempest-QosSpecsTestJSON-1211492718-project-admin] GET http://10.222.0.13/volume/v3/b26a13eac8054b7196e97b7d31befbdc/qos-specs
May 10 17:16:46.571650 dv-cinder-786384-3-iscsi devstack@c-api.service[85562]: DEBUG cinder.api.openstack.wsgi [None req-a10e00f5-b5fa-4cd3-bb91-d1566332258e tempest-QosSpecsTestJSON-1211492718 tempest-QosSpecsTestJSON-1211492718-project-admin] Empty body provided in request {{(pid=85562) get_body /opt/stack/cinder/cinder/api/openstack/wsgi.py:713}}
May 10 17:16:46.572262 dv-cinder-786384-3-iscsi devstack@c-api.service[85562]: DEBUG cinder.api.openstack.wsgi [None req-a10e00f5-b5fa-4cd3-bb91-d1566332258e tempest-QosSpecsTestJSON-1211492718 tempest-QosSpecsTestJSON-1211492718-project-admin] Calling method 'index' {{(pid=85562) _process_stack /opt/stack/cinder/cinder/api/openstack/wsgi.py:866}}
May 10 17:16:46.574383 dv-cinder-786384-3-iscsi devstack@c-api.service[85563]: DEBUG cinder.volume.api [None req-6831cbda-65cb-48cc-a8cc-0b549ad761c5 tempest-GroupSnapshotsTest-1967486736 tempest-GroupSnapshotsTest-1967486736-project] Task 'cinder.volume.flows.api.create_volume.EntryCreateTask;volume:create' (7f8c74ff-0bce-42e7-bffe-d17f89102de9) transitioned into state 'SUCCESS' from state 'RUNNING' with result '{'volume_id': 'bcbe119c-b52d-48dd-9eaf-711f72fd576e', 'volume_properties': VolumeProperties(attach_status='detached',availability_zone='nova',cgsnapshot_id=None,consistencygroup_id=None,display_description=None,display_name=None,encryption_key_id=None,group_id=20b4f456-0506-4da7-a438-17ffcbf2e556,group_type_id=,metadata={},multiattach=False,project_id='89cc623183fa4ac29e0c662c613ebb9d',qos_specs=None,replication_status=,reservations=['32228aa9-a488-40a3-aece-6d815689a831','cf9d6221-2117-4c6d-a908-b2b5600068cb'],size=1,snapshot_id=799ba060-0f96-483e-94f3-ff9f69bd6fe2,source_replicaid=,source_volid=None,status='creating',user_id='94eddda0683b48e18a34f9382e01489b',volume_type_id=2a2ed012-8797-4c1b-857e-7a8c1a4ac295), 'volume': Volume(_name_id=None,admin_metadata=,attach_status='detached',availability_zone='nova',bootable=False,cluster=,cluster_name=None,consistencygroup=,consistencygroup_id=None,created_at=2021-05-10T17:16:46Z,deleted=False,deleted_at=None,display_description=None,display_name=None,ec2_id=None,encryption_key_id=None,glance_metadata=,group=,group_id=20b4f456-0506-4da7-a438-17ffcbf2e556,host=None,id=bcbe119c-b52d-48dd-9eaf-711f72fd576e,launched_at=None,metadata={},migration_status=None,multiattach=False,previous_status=None,project_id='89cc623183fa4ac29e0c662c613ebb9d',provider_auth=None,provider_geometry=None,provider_id=None,provider_location=None,replication_driver_data=None,replication_extended_status=None,replication_status=None,scheduled_at=None,service_uuid=None,shared_targets=True,size=1,snapshot_id=799ba060-0f96-483e-94f3-ff9f69bd6fe2,snapshots=,source_volid=None,status='creating',terminated_at=None,updated_at=None,user_id='94eddda0683b48e18a34f9382e01489b',volume_attachment=,volume_type=VolumeType(2a2ed012-8797-4c1b-857e-7a8c1a4ac295),volume_type_id=2a2ed012-8797-4c1b-857e-7a8c1a4ac295)}' {{(pid=85563) _task_receiver /usr/local/lib/python3.8/dist-packages/taskflow/listeners/logging.py:178}}
May 10 17:16:46.583796 dv-cinder-786384-3-iscsi devstack@c-api.service[85563]: DEBUG cinder.volume.api [None req-6831cbda-65cb-48cc-a8cc-0b549ad761c5 tempest-GroupSnapshotsTest-1967486736 tempest-GroupSnapshotsTest-1967486736-project] Task 'cinder.volume.flows.api.create_volume.QuotaCommitTask;volume:create' (367c8e00-c141-446e-8559-0ffc54443094) transitioned into state 'RUNNING' from state 'PENDING' {{(pid=85563) _task_receiver /usr/local/lib/python3.8/dist-packages/taskflow/listeners/logging.py:190}}
May 10 17:16:46.602704 dv-cinder-786384-3-iscsi devstack@c-api.service[85562]: INFO cinder.api.openstack.wsgi [None req-a10e00f5-b5fa-4cd3-bb91-d1566332258e tempest-QosSpecsTestJSON-1211492718 tempest-QosSpecsTestJSON-1211492718-project-admin] http://10.222.0.13/volume/v3/b26a13eac8054b7196e97b7d31befbdc/qos-specs returned with HTTP 200
May 10 17:16:46.612034 dv-cinder-786384-3-iscsi devstack@c-api.service[85562]: [pid: 85562|app: 0|req: 35/57] 10.222.0.13 () {58 vars in 1220 bytes} [Mon May 10 17:16:46 2021] GET /volume/v3/b26a13eac8054b7196e97b7d31befbdc/qos-specs => generated 174 bytes in 47 msecs (HTTP/1.1 200) 7 headers in 285 bytes (1 switches on core 0)
May 10 17:16:46.616995 dv-cinder-786384-3-iscsi devstack@c-api.service[85562]: INFO cinder.api.openstack.wsgi [None req-3d5277ad-1bef-4da1-ade4-9fdb9f05ab9d tempest-VolumeServicesNegativeTest-93663788 tempest-VolumeServicesNegativeTest-93663788-project-admin] PUT http://10.222.0.13/volume/v3/8c78fb7edca64e96acdfceb4cc1c926c/os-services/enable
May 10 17:16:46.617393 dv-cinder-786384-3-iscsi devstack@c-api.service[85562]: /usr/local/lib/python3.8/dist-packages/webob/acceptparse.py:1047: DeprecationWarning: The behavior of AcceptValidHeader.best_match is currently being maintained for backward compatibility, but it will be deprecated in the future, as it does not conform to the RFC.
May 10 17:16:46.617393 dv-cinder-786384-3-iscsi devstack@c-api.service[85562]: warnings.warn(
May 10 17:16:46.617781 dv-cinder-786384-3-iscsi devstack@c-api.service[85562]: DEBUG cinder.api.openstack.wsgi [None req-3d5277ad-1bef-4da1-ade4-9fdb9f05ab9d tempest-VolumeServicesNegativeTest-93663788 tempest-VolumeServicesNegativeTest-93663788-project-admin] Action: 'update', calling method: update, body: {"host": "invalid_host", "binary": "cinder-scheduler"} {{(pid=85562) _process_stack /opt/stack/cinder/cinder/api/openstack/wsgi.py:864}}
May 10 17:16:46.618457 dv-cinder-786384-3-iscsi devstack@c-api.service[85562]: /usr/local/lib/python3.8/dist-packages/oslo_context/context.py:105: DeprecationWarning: Policy enforcement is depending on the value of is_admin. This key is deprecated. Please update your policy file to use the standard policy values.
May 10 17:16:46.618457 dv-cinder-786384-3-iscsi devstack@c-api.service[85562]: warnings.warn('Policy enforcement is depending on the value of '
May 10 17:16:46.645967 dv-cinder-786384-3-iscsi devstack@c-api.service[85562]: INFO cinder.api.openstack.wsgi [None req-3d5277ad-1bef-4da1-ade4-9fdb9f05ab9d tempest-VolumeServicesNegativeTest-93663788 tempest-VolumeServicesNegativeTest-93663788-project-admin] http://10.222.0.13/volume/v3/8c78fb7edca64e96acdfceb4cc1c926c/os-services/enable returned with HTTP 404
May 10 17:16:46.655871 dv-cinder-786384-3-iscsi devstack@c-api.service[85562]: [pid: 85562|app: 0|req: 36/58] 10.222.0.13 () {60 vars in 1267 bytes} [Mon May 10 17:16:46 2021] PUT /volume/v3/8c78fb7edca64e96acdfceb4cc1c926c/os-services/enable => generated 111 bytes in 48 msecs (HTTP/1.1 404) 7 headers in 292 bytes (1 switches on core 0)
May 10 17:16:46.669682 dv-cinder-786384-3-iscsi devstack@c-api.service[85562]: INFO cinder.api.openstack.wsgi [None req-6736f3cf-2393-4634-93c6-26388807d1ae tempest-QosSpecsTestJSON-1211492718 tempest-QosSpecsTestJSON-1211492718-project-admin] PUT http://10.222.0.13/volume/v3/b26a13eac8054b7196e97b7d31befbdc/qos-specs/9938a8f8-80bc-4508-aead-fe1c75c8b0dc
May 10 17:16:46.672606 dv-cinder-786384-3-iscsi devstack@c-api.service[85562]: DEBUG cinder.api.openstack.wsgi [None req-6736f3cf-2393-4634-93c6-26388807d1ae tempest-QosSpecsTestJSON-1211492718 tempest-QosSpecsTestJSON-1211492718-project-admin] Action: 'update', calling method: update, body: {"qos_specs": {"iops_bytes": "500"}} {{(pid=85562) _process_stack /opt/stack/cinder/cinder/api/openstack/wsgi.py:864}}
May 10 17:16:46.673974 dv-cinder-786384-3-iscsi devstack@c-api.service[85563]: DEBUG cinder.volume.api [None req-6831cbda-65cb-48cc-a8cc-0b549ad761c5 tempest-GroupSnapshotsTest-1967486736 tempest-GroupSnapshotsTest-1967486736-project] Task 'cinder.volume.flows.api.create_volume.QuotaCommitTask;volume:create' (367c8e00-c141-446e-8559-0ffc54443094) transitioned into state 'SUCCESS' from state 'RUNNING' with result '{'volume_properties': VolumeProperties(attach_status='detached',availability_zone='nova',cgsnapshot_id=None,consistencygroup_id=None,display_description=None,display_name=None,encryption_key_id=None,group_id=20b4f456-0506-4da7-a438-17ffcbf2e556,group_type_id=,metadata={},multiattach=False,project_id='89cc623183fa4ac29e0c662c613ebb9d',qos_specs=None,replication_status=,reservations=['32228aa9-a488-40a3-aece-6d815689a831','cf9d6221-2117-4c6d-a908-b2b5600068cb'],size=1,snapshot_id=799ba060-0f96-483e-94f3-ff9f69bd6fe2,source_replicaid=,source_volid=None,status='creating',user_id='94eddda0683b48e18a34f9382e01489b',volume_type_id=2a2ed012-8797-4c1b-857e-7a8c1a4ac295)}' {{(pid=85563) _task_receiver /usr/local/lib/python3.8/dist-packages/taskflow/listeners/logging.py:178}}
May 10 17:16:46.680611 dv-cinder-786384-3-iscsi devstack@c-api.service[85563]: DEBUG cinder.volume.api [None req-6831cbda-65cb-48cc-a8cc-0b549ad761c5 tempest-GroupSnapshotsTest-1967486736 tempest-GroupSnapshotsTest-1967486736-project] Flow 'volume_create_api' (3724d97c-0cab-4415-801a-bb8931bba72a) transitioned into state 'SUCCESS' from state 'RUNNING' {{(pid=85563) _flow_receiver /usr/local/lib/python3.8/dist-packages/taskflow/listeners/logging.py:141}}
May 10 17:16:46.686322 dv-cinder-786384-3-iscsi devstack@c-api.service[85563]: INFO cinder.volume.api [None req-6831cbda-65cb-48cc-a8cc-0b549ad761c5 tempest-GroupSnapshotsTest-1967486736 tempest-GroupSnapshotsTest-1967486736-project] Create volume request issued successfully.
May 10 17:16:46.695217 dv-cinder-786384-3-iscsi devstack@c-api.service[85562]: DEBUG cinder.volume.qos_specs [None req-6736f3cf-2393-4634-93c6-26388807d1ae tempest-QosSpecsTestJSON-1211492718 tempest-QosSpecsTestJSON-1211492718-project-admin] qos_specs.update(): specs {'iops_bytes': '500'} {{(pid=85562) update /opt/stack/cinder/cinder/volume/qos_specs.py:79}}
May 10 17:16:46.722872 dv-cinder-786384-3-iscsi devstack@c-api.service[85562]: DEBUG cinder.db.sqlalchemy.api [None req-6736f3cf-2393-4634-93c6-26388807d1ae tempest-QosSpecsTestJSON-1211492718 tempest-QosSpecsTestJSON-1211492718-project-admin] qos_specs_update() value: {'id': 'f8d81f94-1e27-4472-ad86-f4b239234e3a', 'key': 'iops_bytes', 'value': '500', 'specs_id': '9938a8f8-80bc-4508-aead-fe1c75c8b0dc', 'deleted': False} {{(pid=85562) qos_specs_update /opt/stack/cinder/cinder/db/sqlalchemy/api.py:4916}}
May 10 17:16:46.745007 dv-cinder-786384-3-iscsi devstack@c-api.service[85562]: INFO cinder.api.openstack.wsgi [None req-6736f3cf-2393-4634-93c6-26388807d1ae tempest-QosSpecsTestJSON-1211492718 tempest-QosSpecsTestJSON-1211492718-project-admin] http://10.222.0.13/volume/v3/b26a13eac8054b7196e97b7d31befbdc/qos-specs/9938a8f8-80bc-4508-aead-fe1c75c8b0dc returned with HTTP 200
May 10 17:16:46.750150 dv-cinder-786384-3-iscsi devstack@c-api.service[85562]: [pid: 85562|app: 0|req: 37/59] 10.222.0.13 () {60 vars in 1351 bytes} [Mon May 10 17:16:46 2021] PUT /volume/v3/b26a13eac8054b7196e97b7d31befbdc/qos-specs/9938a8f8-80bc-4508-aead-fe1c75c8b0dc => generated 36 bytes in 90 msecs (HTTP/1.1 200) 7 headers in 284 bytes (1 switches on core 0)
May 10 17:16:46.755245 dv-cinder-786384-3-iscsi devstack@c-api.service[85562]: INFO cinder.api.openstack.wsgi [None req-c578ef52-2b77-4fa2-afe1-1f64a7c487ec tempest-VolumeServicesNegativeTest-93663788 tempest-VolumeServicesNegativeTest-93663788-project-admin] PUT http://10.222.0.13/volume/v3/8c78fb7edca64e96acdfceb4cc1c926c/os-services/freeze
May 10 17:16:46.755642 dv-cinder-786384-3-iscsi devstack@c-api.service[85562]: /usr/local/lib/python3.8/dist-packages/webob/acceptparse.py:1047: DeprecationWarning: The behavior of AcceptValidHeader.best_match is currently being maintained for backward compatibility, but it will be deprecated in the future, as it does not conform to the RFC.
May 10 17:16:46.755642 dv-cinder-786384-3-iscsi devstack@c-api.service[85562]: warnings.warn(
May 10 17:16:46.756097 dv-cinder-786384-3-iscsi devstack@c-api.service[85562]: DEBUG cinder.api.openstack.wsgi [None req-c578ef52-2b77-4fa2-afe1-1f64a7c487ec tempest-VolumeServicesNegativeTest-93663788 tempest-VolumeServicesNegativeTest-93663788-project-admin] Action: 'update', calling method: update, body: {"host": "invalid_host"} {{(pid=85562) _process_stack /opt/stack/cinder/cinder/api/openstack/wsgi.py:864}}
May 10 17:16:46.757340 dv-cinder-786384-3-iscsi devstack@c-api.service[85562]: /usr/local/lib/python3.8/dist-packages/oslo_context/context.py:105: DeprecationWarning: Policy enforcement is depending on the value of is_admin. This key is deprecated. Please update your policy file to use the standard policy values.
May 10 17:16:46.757340 dv-cinder-786384-3-iscsi devstack@c-api.service[85562]: warnings.warn('Policy enforcement is depending on the value of '
May 10 17:16:46.779406 dv-cinder-786384-3-iscsi devstack@c-api.service[85562]: INFO cinder.api.openstack.wsgi [None req-c578ef52-2b77-4fa2-afe1-1f64a7c487ec tempest-VolumeServicesNegativeTest-93663788 tempest-VolumeServicesNegativeTest-93663788-project-admin] http://10.222.0.13/volume/v3/8c78fb7edca64e96acdfceb4cc1c926c/os-services/freeze returned with HTTP 400
May 10 17:16:46.780576 dv-cinder-786384-3-iscsi devstack@c-api.service[85562]: [pid: 85562|app: 0|req: 38/60] 10.222.0.13 () {60 vars in 1267 bytes} [Mon May 10 17:16:46 2021] PUT /volume/v3/8c78fb7edca64e96acdfceb4cc1c926c/os-services/freeze => generated 83 bytes in 34 msecs (HTTP/1.1 400) 7 headers in 293 bytes (1 switches on core 0)
May 10 17:16:46.799913 dv-cinder-786384-3-iscsi devstack@c-api.service[85563]: INFO cinder.api.openstack.wsgi [None req-6831cbda-65cb-48cc-a8cc-0b549ad761c5 tempest-GroupSnapshotsTest-1967486736 tempest-GroupSnapshotsTest-1967486736-project] http://10.222.0.13/volume/v3/89cc623183fa4ac29e0c662c613ebb9d/groups/action returned with HTTP 202
May 10 17:16:46.803335 dv-cinder-786384-3-iscsi devstack@c-api.service[85563]: [pid: 85563|app: 0|req: 23/61] 10.222.0.13 () {62 vars in 1295 bytes} [Mon May 10 17:16:44 2021] POST /volume/v3/89cc623183fa4ac29e0c662c613ebb9d/groups/action => generated 103 bytes in 1840 msecs (HTTP/1.1 202) 7 headers in 292 bytes (1 switches on core 0)
May 10 17:16:46.817714 dv-cinder-786384-3-iscsi devstack@c-api.service[85562]: INFO cinder.api.openstack.wsgi [None req-5f3da052-2e83-4d64-ac7e-3a6f2dd6a1d4 tempest-QosSpecsTestJSON-1211492718 tempest-QosSpecsTestJSON-1211492718-project-admin] GET http://10.222.0.13/volume/v3/b26a13eac8054b7196e97b7d31befbdc/qos-specs/9938a8f8-80bc-4508-aead-fe1c75c8b0dc
May 10 17:16:46.819508 dv-cinder-786384-3-iscsi devstack@c-api.service[85563]: INFO cinder.api.openstack.wsgi [None req-cd09fe87-2ee4-4b12-b080-469a9c16d2f2 tempest-VolumeServicesNegativeTest-93663788 tempest-VolumeServicesNegativeTest-93663788-project-admin] PUT http://10.222.0.13/volume/v3/8c78fb7edca64e96acdfceb4cc1c926c/os-services/thaw
May 10 17:16:46.819831 dv-cinder-786384-3-iscsi devstack@c-api.service[85562]: DEBUG cinder.api.openstack.wsgi [None req-5f3da052-2e83-4d64-ac7e-3a6f2dd6a1d4 tempest-QosSpecsTestJSON-1211492718 tempest-QosSpecsTestJSON-1211492718-project-admin] Empty body provided in request {{(pid=85562) get_body /opt/stack/cinder/cinder/api/openstack/wsgi.py:713}}
May 10 17:16:46.820185 dv-cinder-786384-3-iscsi devstack@c-api.service[85562]: DEBUG cinder.api.openstack.wsgi [None req-5f3da052-2e83-4d64-ac7e-3a6f2dd6a1d4 tempest-QosSpecsTestJSON-1211492718 tempest-QosSpecsTestJSON-1211492718-project-admin] Calling method 'show' {{(pid=85562) _process_stack /opt/stack/cinder/cinder/api/openstack/wsgi.py:866}}
May 10 17:16:46.820844 dv-cinder-786384-3-iscsi devstack@c-api.service[85563]: /usr/local/lib/python3.8/dist-packages/webob/acceptparse.py:1047: DeprecationWarning: The behavior of AcceptValidHeader.best_match is currently being maintained for backward compatibility, but it will be deprecated in the future, as it does not conform to the RFC.
May 10 17:16:46.820844 dv-cinder-786384-3-iscsi devstack@c-api.service[85563]: warnings.warn(
May 10 17:16:46.821308 dv-cinder-786384-3-iscsi devstack@c-api.service[85563]: DEBUG cinder.api.openstack.wsgi [None req-cd09fe87-2ee4-4b12-b080-469a9c16d2f2 tempest-VolumeServicesNegativeTest-93663788 tempest-VolumeServicesNegativeTest-93663788-project-admin] Action: 'update', calling method: update, body: {"host": "invalid_host"} {{(pid=85563) _process_stack /opt/stack/cinder/cinder/api/openstack/wsgi.py:864}}
May 10 17:16:46.821955 dv-cinder-786384-3-iscsi devstack@c-api.service[85563]: /usr/local/lib/python3.8/dist-packages/oslo_context/context.py:105: DeprecationWarning: Policy enforcement is depending on the value of is_admin. This key is deprecated. Please update your policy file to use the standard policy values.
May 10 17:16:46.821955 dv-cinder-786384-3-iscsi devstack@c-api.service[85563]: warnings.warn('Policy enforcement is depending on the value of '
May 10 17:16:46.859741 dv-cinder-786384-3-iscsi devstack@c-api.service[85562]: INFO cinder.api.openstack.wsgi [None req-5f3da052-2e83-4d64-ac7e-3a6f2dd6a1d4 tempest-QosSpecsTestJSON-1211492718 tempest-QosSpecsTestJSON-1211492718-project-admin] http://10.222.0.13/volume/v3/b26a13eac8054b7196e97b7d31befbdc/qos-specs/9938a8f8-80bc-4508-aead-fe1c75c8b0dc returned with HTTP 200
May 10 17:16:46.861004 dv-cinder-786384-3-iscsi devstack@c-api.service[85562]: [pid: 85562|app: 0|req: 39/62] 10.222.0.13 () {58 vars in 1331 bytes} [Mon May 10 17:16:46 2021] GET /volume/v3/b26a13eac8054b7196e97b7d31befbdc/qos-specs/9938a8f8-80bc-4508-aead-fe1c75c8b0dc => generated 479 bytes in 80 msecs (HTTP/1.1 200) 7 headers in 285 bytes (1 switches on core 0)
May 10 17:16:46.867833 dv-cinder-786384-3-iscsi devstack@c-api.service[85563]: INFO cinder.api.openstack.wsgi [None req-cd09fe87-2ee4-4b12-b080-469a9c16d2f2 tempest-VolumeServicesNegativeTest-93663788 tempest-VolumeServicesNegativeTest-93663788-project-admin] http://10.222.0.13/volume/v3/8c78fb7edca64e96acdfceb4cc1c926c/os-services/thaw returned with HTTP 400
May 10 17:16:46.870105 dv-cinder-786384-3-iscsi devstack@c-api.service[85563]: [pid: 85563|app: 0|req: 24/63] 10.222.0.13 () {60 vars in 1261 bytes} [Mon May 10 17:16:46 2021] PUT /volume/v3/8c78fb7edca64e96acdfceb4cc1c926c/os-services/thaw => generated 83 bytes in 66 msecs (HTTP/1.1 400) 7 headers in 293 bytes (1 switches on core 0)
May 10 17:16:46.877156 dv-cinder-786384-3-iscsi devstack@c-api.service[85563]: INFO cinder.api.openstack.wsgi [None req-6f02c2fe-06b3-483e-94d7-73080e4abbd5 tempest-QosSpecsTestJSON-1211492718 tempest-QosSpecsTestJSON-1211492718-project-admin] PUT http://10.222.0.13/volume/v3/b26a13eac8054b7196e97b7d31befbdc/qos-specs/9938a8f8-80bc-4508-aead-fe1c75c8b0dc/delete_keys
May 10 17:16:46.877960 dv-cinder-786384-3-iscsi devstack@c-api.service[85563]: DEBUG cinder.api.openstack.wsgi [None req-6f02c2fe-06b3-483e-94d7-73080e4abbd5 tempest-QosSpecsTestJSON-1211492718 tempest-QosSpecsTestJSON-1211492718-project-admin] Action: 'delete_keys', calling method: delete_keys, body: {"keys": ["iops_bytes"]} {{(pid=85563) _process_stack /opt/stack/cinder/cinder/api/openstack/wsgi.py:864}}
May 10 17:16:46.879747 dv-cinder-786384-3-iscsi devstack@c-api.service[85563]: DEBUG cinder.api.contrib.qos_specs_manage [None req-6f02c2fe-06b3-483e-94d7-73080e4abbd5 tempest-QosSpecsTestJSON-1211492718 tempest-QosSpecsTestJSON-1211492718-project-admin] Delete_key spec: 9938a8f8-80bc-4508-aead-fe1c75c8b0dc, keys: ['iops_bytes'] {{(pid=85563) delete_keys /opt/stack/cinder/cinder/api/contrib/qos_specs_manage.py:207}}
May 10 17:16:46.899171 dv-cinder-786384-3-iscsi devstack@c-api.service[85562]: INFO cinder.api.openstack.wsgi [None req-291ed29a-536b-46e8-9fa3-ca95325f8750 tempest-GroupSnapshotsTest-1967486736 tempest-GroupSnapshotsTest-1967486736-project] GET http://10.222.0.13/volume/v3/89cc623183fa4ac29e0c662c613ebb9d/volumes/detail
May 10 17:16:46.906710 dv-cinder-786384-3-iscsi devstack@c-api.service[85562]: DEBUG cinder.api.openstack.wsgi [None req-291ed29a-536b-46e8-9fa3-ca95325f8750 tempest-GroupSnapshotsTest-1967486736 tempest-GroupSnapshotsTest-1967486736-project] Empty body provided in request {{(pid=85562) get_body /opt/stack/cinder/cinder/api/openstack/wsgi.py:713}}
May 10 17:16:46.906924 dv-cinder-786384-3-iscsi devstack@c-api.service[85562]: /usr/local/lib/python3.8/dist-packages/webob/acceptparse.py:1047: DeprecationWarning: The behavior of AcceptValidHeader.best_match is currently being maintained for backward compatibility, but it will be deprecated in the future, as it does not conform to the RFC.
May 10 17:16:46.906924 dv-cinder-786384-3-iscsi devstack@c-api.service[85562]: warnings.warn(
May 10 17:16:46.907353 dv-cinder-786384-3-iscsi devstack@c-api.service[85562]: DEBUG cinder.api.openstack.wsgi [None req-291ed29a-536b-46e8-9fa3-ca95325f8750 tempest-GroupSnapshotsTest-1967486736 tempest-GroupSnapshotsTest-1967486736-project] Calling method 'detail' {{(pid=85562) _process_stack /opt/stack/cinder/cinder/api/openstack/wsgi.py:866}}
May 10 17:16:46.911376 dv-cinder-786384-3-iscsi devstack@c-api.service[85562]: DEBUG cinder.api.api_utils [None req-291ed29a-536b-46e8-9fa3-ca95325f8750 tempest-GroupSnapshotsTest-1967486736 tempest-GroupSnapshotsTest-1967486736-project] Removing options '' from query. {{(pid=85562) remove_invalid_filter_options /opt/stack/cinder/cinder/api/api_utils.py:63}}
May 10 17:16:46.914488 dv-cinder-786384-3-iscsi devstack@c-api.service[85562]: /usr/local/lib/python3.8/dist-packages/oslo_context/context.py:105: DeprecationWarning: Policy enforcement is depending on the value of is_admin. This key is deprecated. Please update your policy file to use the standard policy values.
May 10 17:16:46.914488 dv-cinder-786384-3-iscsi devstack@c-api.service[85562]: warnings.warn('Policy enforcement is depending on the value of '
May 10 17:16:46.919863 dv-cinder-786384-3-iscsi devstack@c-api.service[85562]: DEBUG cinder.volume.api [None req-291ed29a-536b-46e8-9fa3-ca95325f8750 tempest-GroupSnapshotsTest-1967486736 tempest-GroupSnapshotsTest-1967486736-project] Searching by: MultiDict([('no_migration_targets', True)]). {{(pid=85562) get_all /opt/stack/cinder/cinder/volume/api.py:617}}
May 10 17:16:46.932459 dv-cinder-786384-3-iscsi devstack@c-api.service[85563]: INFO cinder.api.openstack.wsgi [None req-6f02c2fe-06b3-483e-94d7-73080e4abbd5 tempest-QosSpecsTestJSON-1211492718 tempest-QosSpecsTestJSON-1211492718-project-admin] http://10.222.0.13/volume/v3/b26a13eac8054b7196e97b7d31befbdc/qos-specs/9938a8f8-80bc-4508-aead-fe1c75c8b0dc/delete_keys returned with HTTP 202
May 10 17:16:46.936141 dv-cinder-786384-3-iscsi devstack@c-api.service[85563]: [pid: 85563|app: 0|req: 25/64] 10.222.0.13 () {60 vars in 1387 bytes} [Mon May 10 17:16:46 2021] PUT /volume/v3/b26a13eac8054b7196e97b7d31befbdc/qos-specs/9938a8f8-80bc-4508-aead-fe1c75c8b0dc/delete_keys => generated 0 bytes in 63 msecs (HTTP/1.1 202) 6 headers in 233 bytes (1 switches on core 0)
May 10 17:16:46.947190 dv-cinder-786384-3-iscsi devstack@c-api.service[85563]: INFO cinder.api.openstack.wsgi [None req-15da735b-a04b-4447-9e84-3a9b6c064c97 tempest-QosSpecsTestJSON-1211492718 tempest-QosSpecsTestJSON-1211492718-project-admin] GET http://10.222.0.13/volume/v3/b26a13eac8054b7196e97b7d31befbdc/qos-specs/9938a8f8-80bc-4508-aead-fe1c75c8b0dc
May 10 17:16:46.947664 dv-cinder-786384-3-iscsi devstack@c-api.service[85563]: DEBUG cinder.api.openstack.wsgi [None req-15da735b-a04b-4447-9e84-3a9b6c064c97 tempest-QosSpecsTestJSON-1211492718 tempest-QosSpecsTestJSON-1211492718-project-admin] Empty body provided in request {{(pid=85563) get_body /opt/stack/cinder/cinder/api/openstack/wsgi.py:713}}
May 10 17:16:46.947875 dv-cinder-786384-3-iscsi devstack@c-api.service[85563]: /usr/local/lib/python3.8/dist-packages/webob/acceptparse.py:1047: DeprecationWarning: The behavior of AcceptValidHeader.best_match is currently being maintained for backward compatibility, but it will be deprecated in the future, as it does not conform to the RFC.
May 10 17:16:46.947875 dv-cinder-786384-3-iscsi devstack@c-api.service[85563]: warnings.warn(
May 10 17:16:46.953378 dv-cinder-786384-3-iscsi devstack@c-api.service[85563]: DEBUG cinder.api.openstack.wsgi [None req-15da735b-a04b-4447-9e84-3a9b6c064c97 tempest-QosSpecsTestJSON-1211492718 tempest-QosSpecsTestJSON-1211492718-project-admin] Calling method 'show' {{(pid=85563) _process_stack /opt/stack/cinder/cinder/api/openstack/wsgi.py:866}}
May 10 17:16:46.954151 dv-cinder-786384-3-iscsi devstack@c-api.service[85563]: /usr/local/lib/python3.8/dist-packages/oslo_context/context.py:105: DeprecationWarning: Policy enforcement is depending on the value of is_admin. This key is deprecated. Please update your policy file to use the standard policy values.
May 10 17:16:46.954151 dv-cinder-786384-3-iscsi devstack@c-api.service[85563]: warnings.warn('Policy enforcement is depending on the value of '
May 10 17:16:46.984201 dv-cinder-786384-3-iscsi devstack@c-api.service[85563]: INFO cinder.api.openstack.wsgi [None req-15da735b-a04b-4447-9e84-3a9b6c064c97 tempest-QosSpecsTestJSON-1211492718 tempest-QosSpecsTestJSON-1211492718-project-admin] http://10.222.0.13/volume/v3/b26a13eac8054b7196e97b7d31befbdc/qos-specs/9938a8f8-80bc-4508-aead-fe1c75c8b0dc returned with HTTP 200
May 10 17:16:46.995040 dv-cinder-786384-3-iscsi devstack@c-api.service[85563]: [pid: 85563|app: 0|req: 26/65] 10.222.0.13 () {58 vars in 1331 bytes} [Mon May 10 17:16:46 2021] GET /volume/v3/b26a13eac8054b7196e97b7d31befbdc/qos-specs/9938a8f8-80bc-4508-aead-fe1c75c8b0dc => generated 458 bytes in 52 msecs (HTTP/1.1 200) 7 headers in 285 bytes (1 switches on core 0)
May 10 17:16:47.005727 dv-cinder-786384-3-iscsi devstack@c-api.service[85563]: INFO cinder.api.openstack.wsgi [None req-27c9f537-5699-40a6-90a9-26b067ec1824 tempest-QosSpecsTestJSON-1211492718 tempest-QosSpecsTestJSON-1211492718-project-admin] GET http://10.222.0.13/volume/v3/b26a13eac8054b7196e97b7d31befbdc/qos-specs/9938a8f8-80bc-4508-aead-fe1c75c8b0dc
May 10 17:16:47.011984 dv-cinder-786384-3-iscsi devstack@c-api.service[85563]: DEBUG cinder.api.openstack.wsgi [None req-27c9f537-5699-40a6-90a9-26b067ec1824 tempest-QosSpecsTestJSON-1211492718 tempest-QosSpecsTestJSON-1211492718-project-admin] Empty body provided in request {{(pid=85563) get_body /opt/stack/cinder/cinder/api/openstack/wsgi.py:713}}
May 10 17:16:47.012266 dv-cinder-786384-3-iscsi devstack@c-api.service[85563]: /usr/local/lib/python3.8/dist-packages/webob/acceptparse.py:1047: DeprecationWarning: The behavior of AcceptValidHeader.best_match is currently being maintained for backward compatibility, but it will be deprecated in the future, as it does not conform to the RFC.
May 10 17:16:47.012266 dv-cinder-786384-3-iscsi devstack@c-api.service[85563]: warnings.warn(
May 10 17:16:47.012583 dv-cinder-786384-3-iscsi devstack@c-api.service[85563]: DEBUG cinder.api.openstack.wsgi [None req-27c9f537-5699-40a6-90a9-26b067ec1824 tempest-QosSpecsTestJSON-1211492718 tempest-QosSpecsTestJSON-1211492718-project-admin] Calling method 'show' {{(pid=85563) _process_stack /opt/stack/cinder/cinder/api/openstack/wsgi.py:866}}
May 10 17:16:47.013247 dv-cinder-786384-3-iscsi devstack@c-api.service[85563]: /usr/local/lib/python3.8/dist-packages/oslo_context/context.py:105: DeprecationWarning: Policy enforcement is depending on the value of is_admin. This key is deprecated. Please update your policy file to use the standard policy values.
May 10 17:16:47.013247 dv-cinder-786384-3-iscsi devstack@c-api.service[85563]: warnings.warn('Policy enforcement is depending on the value of '
May 10 17:16:47.058819 dv-cinder-786384-3-iscsi devstack@c-api.service[85563]: INFO cinder.api.openstack.wsgi [None req-27c9f537-5699-40a6-90a9-26b067ec1824 tempest-QosSpecsTestJSON-1211492718 tempest-QosSpecsTestJSON-1211492718-project-admin] http://10.222.0.13/volume/v3/b26a13eac8054b7196e97b7d31befbdc/qos-specs/9938a8f8-80bc-4508-aead-fe1c75c8b0dc returned with HTTP 200
May 10 17:16:47.066308 dv-cinder-786384-3-iscsi devstack@c-api.service[85563]: [pid: 85563|app: 0|req: 27/66] 10.222.0.13 () {58 vars in 1331 bytes} [Mon May 10 17:16:46 2021] GET /volume/v3/b26a13eac8054b7196e97b7d31befbdc/qos-specs/9938a8f8-80bc-4508-aead-fe1c75c8b0dc => generated 458 bytes in 65 msecs (HTTP/1.1 200) 7 headers in 285 bytes (2 switches on core 0)
May 10 17:16:47.090855 dv-cinder-786384-3-iscsi devstack@c-api.service[85563]: INFO cinder.api.openstack.wsgi [None req-c22baf0e-c8d3-4a83-b55e-ba2f34f5e5fe tempest-QosSpecsTestJSON-1211492718 tempest-QosSpecsTestJSON-1211492718-project-admin] DELETE http://10.222.0.13/volume/v3/b26a13eac8054b7196e97b7d31befbdc/qos-specs/5adc05de-662c-4dad-a1b4-ac32c844ac39?force=False
May 10 17:16:47.096158 dv-cinder-786384-3-iscsi devstack@c-api.service[85563]: DEBUG cinder.api.openstack.wsgi [None req-c22baf0e-c8d3-4a83-b55e-ba2f34f5e5fe tempest-QosSpecsTestJSON-1211492718 tempest-QosSpecsTestJSON-1211492718-project-admin] Empty body provided in request {{(pid=85563) get_body /opt/stack/cinder/cinder/api/openstack/wsgi.py:713}}
May 10 17:16:47.096376 dv-cinder-786384-3-iscsi devstack@c-api.service[85563]: /usr/local/lib/python3.8/dist-packages/webob/acceptparse.py:1047: DeprecationWarning: The behavior of AcceptValidHeader.best_match is currently being maintained for backward compatibility, but it will be deprecated in the future, as it does not conform to the RFC.
May 10 17:16:47.096376 dv-cinder-786384-3-iscsi devstack@c-api.service[85563]: warnings.warn(
May 10 17:16:47.096684 dv-cinder-786384-3-iscsi devstack@c-api.service[85563]: DEBUG cinder.api.openstack.wsgi [None req-c22baf0e-c8d3-4a83-b55e-ba2f34f5e5fe tempest-QosSpecsTestJSON-1211492718 tempest-QosSpecsTestJSON-1211492718-project-admin] Calling method 'delete' {{(pid=85563) _process_stack /opt/stack/cinder/cinder/api/openstack/wsgi.py:866}}
May 10 17:16:47.097373 dv-cinder-786384-3-iscsi devstack@c-api.service[85563]: /usr/local/lib/python3.8/dist-packages/oslo_context/context.py:105: DeprecationWarning: Policy enforcement is depending on the value of is_admin. This key is deprecated. Please update your policy file to use the standard policy values.
May 10 17:16:47.097373 dv-cinder-786384-3-iscsi devstack@c-api.service[85563]: warnings.warn('Policy enforcement is depending on the value of '
May 10 17:16:47.104295 dv-cinder-786384-3-iscsi devstack@c-api.service[85563]: DEBUG cinder.api.contrib.qos_specs_manage [None req-c22baf0e-c8d3-4a83-b55e-ba2f34f5e5fe tempest-QosSpecsTestJSON-1211492718 tempest-QosSpecsTestJSON-1211492718-project-admin] Delete qos_spec: 5adc05de-662c-4dad-a1b4-ac32c844ac39, force: False {{(pid=85563) delete /opt/stack/cinder/cinder/api/contrib/qos_specs_manage.py:168}}
May 10 17:16:47.129048 dv-cinder-786384-3-iscsi devstack@c-api.service[85563]: INFO cinder.api.openstack.wsgi [None req-c22baf0e-c8d3-4a83-b55e-ba2f34f5e5fe tempest-QosSpecsTestJSON-1211492718 tempest-QosSpecsTestJSON-1211492718-project-admin] http://10.222.0.13/volume/v3/b26a13eac8054b7196e97b7d31befbdc/qos-specs/5adc05de-662c-4dad-a1b4-ac32c844ac39?force=False returned with HTTP 404
May 10 17:16:47.130109 dv-cinder-786384-3-iscsi devstack@c-api.service[85563]: [pid: 85563|app: 0|req: 28/67] 10.222.0.13 () {58 vars in 1357 bytes} [Mon May 10 17:16:47 2021] DELETE /volume/v3/b26a13eac8054b7196e97b7d31befbdc/qos-specs/5adc05de-662c-4dad-a1b4-ac32c844ac39?force=False => generated 100 bytes in 63 msecs (HTTP/1.1 404) 7 headers in 292 bytes (1 switches on core 0)
May 10 17:16:47.135589 dv-cinder-786384-3-iscsi devstack@c-api.service[85562]: INFO cinder.volume.api [None req-291ed29a-536b-46e8-9fa3-ca95325f8750 tempest-GroupSnapshotsTest-1967486736 tempest-GroupSnapshotsTest-1967486736-project] Get all volumes completed successfully.
May 10 17:16:47.135589 dv-cinder-786384-3-iscsi devstack@c-api.service[85562]: WARNING stevedore.named [None req-291ed29a-536b-46e8-9fa3-ca95325f8750 tempest-GroupSnapshotsTest-1967486736 tempest-GroupSnapshotsTest-1967486736-project] Could not load cinder.keymgr.conf_key_mgr.ConfKeyManager
May 10 17:16:47.135589 dv-cinder-786384-3-iscsi devstack@c-api.service[85562]: WARNING castellan.key_manager [None req-291ed29a-536b-46e8-9fa3-ca95325f8750 tempest-GroupSnapshotsTest-1967486736 tempest-GroupSnapshotsTest-1967486736-project] Deprecation Warning : cinder.keymgr.conf_key_mgr.ConfKeyManager is not a stevedore based driver, trying to load it as a class: stevedore.exception.NoMatches: No 'castellan.drivers' driver found, looking for 'cinder.keymgr.conf_key_mgr.ConfKeyManager'
May 10 17:16:47.143309 dv-cinder-786384-3-iscsi devstack@c-api.service[85563]: INFO cinder.api.openstack.wsgi [None req-62c594cd-d6d6-4443-8b64-443486ebf812 tempest-QosSpecsTestJSON-1211492718 tempest-QosSpecsTestJSON-1211492718-project-admin] GET http://10.222.0.13/volume/v3/b26a13eac8054b7196e97b7d31befbdc/qos-specs/5adc05de-662c-4dad-a1b4-ac32c844ac39
May 10 17:16:47.143787 dv-cinder-786384-3-iscsi devstack@c-api.service[85563]: DEBUG cinder.api.openstack.wsgi [None req-62c594cd-d6d6-4443-8b64-443486ebf812 tempest-QosSpecsTestJSON-1211492718 tempest-QosSpecsTestJSON-1211492718-project-admin] Empty body provided in request {{(pid=85563) get_body /opt/stack/cinder/cinder/api/openstack/wsgi.py:713}}
May 10 17:16:47.144822 dv-cinder-786384-3-iscsi devstack@c-api.service[85563]: DEBUG cinder.api.openstack.wsgi [None req-62c594cd-d6d6-4443-8b64-443486ebf812 tempest-QosSpecsTestJSON-1211492718 tempest-QosSpecsTestJSON-1211492718-project-admin] Calling method 'show' {{(pid=85563) _process_stack /opt/stack/cinder/cinder/api/openstack/wsgi.py:866}}
May 10 17:16:47.161677 dv-cinder-786384-3-iscsi devstack@c-api.service[85562]: DEBUG oslo_db.sqlalchemy.engines [None req-291ed29a-536b-46e8-9fa3-ca95325f8750 tempest-GroupSnapshotsTest-1967486736 tempest-GroupSnapshotsTest-1967486736-project] MySQL server mode set to STRICT_TRANS_TABLES,STRICT_ALL_TABLES,NO_ZERO_IN_DATE,NO_ZERO_DATE,ERROR_FOR_DIVISION_BY_ZERO,TRADITIONAL,NO_ENGINE_SUBSTITUTION {{(pid=85562) _check_effective_sql_mode /usr/local/lib/python3.8/dist-packages/oslo_db/sqlalchemy/engines.py:314}}
May 10 17:16:47.162351 dv-cinder-786384-3-iscsi devstack@c-api.service[85563]: INFO cinder.api.openstack.wsgi [None req-62c594cd-d6d6-4443-8b64-443486ebf812 tempest-QosSpecsTestJSON-1211492718 tempest-QosSpecsTestJSON-1211492718-project-admin] http://10.222.0.13/volume/v3/b26a13eac8054b7196e97b7d31befbdc/qos-specs/5adc05de-662c-4dad-a1b4-ac32c844ac39 returned with HTTP 404
May 10 17:16:47.168686 dv-cinder-786384-3-iscsi devstack@c-api.service[85563]: [pid: 85563|app: 0|req: 29/68] 10.222.0.13 () {58 vars in 1331 bytes} [Mon May 10 17:16:47 2021] GET /volume/v3/b26a13eac8054b7196e97b7d31befbdc/qos-specs/5adc05de-662c-4dad-a1b4-ac32c844ac39 => generated 100 bytes in 29 msecs (HTTP/1.1 404) 7 headers in 292 bytes (1 switches on core 0)
May 10 17:16:47.185652 dv-cinder-786384-3-iscsi devstack@c-api.service[85562]: /usr/local/lib/python3.8/dist-packages/oslo_context/context.py:105: DeprecationWarning: Policy enforcement is depending on the value of is_admin. This key is deprecated. Please update your policy file to use the standard policy values.
May 10 17:16:47.185652 dv-cinder-786384-3-iscsi devstack@c-api.service[85562]: warnings.warn('Policy enforcement is depending on the value of '
May 10 17:16:47.195605 dv-cinder-786384-3-iscsi devstack@c-api.service[85563]: INFO cinder.api.openstack.wsgi [None req-1db45e9e-13c2-4022-a5b4-d7307b9c0d0b tempest-QosSpecsTestJSON-1211492718 tempest-QosSpecsTestJSON-1211492718-project-admin] DELETE http://10.222.0.13/volume/v3/b26a13eac8054b7196e97b7d31befbdc/qos-specs/d72e208c-3a92-482b-aa32-d3c8dea5e2c5?force=False
May 10 17:16:47.196185 dv-cinder-786384-3-iscsi devstack@c-api.service[85563]: DEBUG cinder.api.openstack.wsgi [None req-1db45e9e-13c2-4022-a5b4-d7307b9c0d0b tempest-QosSpecsTestJSON-1211492718 tempest-QosSpecsTestJSON-1211492718-project-admin] Empty body provided in request {{(pid=85563) get_body /opt/stack/cinder/cinder/api/openstack/wsgi.py:713}}
May 10 17:16:47.201847 dv-cinder-786384-3-iscsi devstack@c-api.service[85563]: DEBUG cinder.api.openstack.wsgi [None req-1db45e9e-13c2-4022-a5b4-d7307b9c0d0b tempest-QosSpecsTestJSON-1211492718 tempest-QosSpecsTestJSON-1211492718-project-admin] Calling method 'delete' {{(pid=85563) _process_stack /opt/stack/cinder/cinder/api/openstack/wsgi.py:866}}
May 10 17:16:47.210093 dv-cinder-786384-3-iscsi devstack@c-api.service[85563]: DEBUG cinder.api.contrib.qos_specs_manage [None req-1db45e9e-13c2-4022-a5b4-d7307b9c0d0b tempest-QosSpecsTestJSON-1211492718 tempest-QosSpecsTestJSON-1211492718-project-admin] Delete qos_spec: d72e208c-3a92-482b-aa32-d3c8dea5e2c5, force: False {{(pid=85563) delete /opt/stack/cinder/cinder/api/contrib/qos_specs_manage.py:168}}
May 10 17:16:47.243742 dv-cinder-786384-3-iscsi devstack@c-api.service[85563]: INFO cinder.api.openstack.wsgi [None req-1db45e9e-13c2-4022-a5b4-d7307b9c0d0b tempest-QosSpecsTestJSON-1211492718 tempest-QosSpecsTestJSON-1211492718-project-admin] http://10.222.0.13/volume/v3/b26a13eac8054b7196e97b7d31befbdc/qos-specs/d72e208c-3a92-482b-aa32-d3c8dea5e2c5?force=False returned with HTTP 404
May 10 17:16:47.249065 dv-cinder-786384-3-iscsi devstack@c-api.service[85563]: [pid: 85563|app: 0|req: 30/69] 10.222.0.13 () {58 vars in 1357 bytes} [Mon May 10 17:16:47 2021] DELETE /volume/v3/b26a13eac8054b7196e97b7d31befbdc/qos-specs/d72e208c-3a92-482b-aa32-d3c8dea5e2c5?force=False => generated 100 bytes in 75 msecs (HTTP/1.1 404) 7 headers in 292 bytes (1 switches on core 0)
May 10 17:16:47.253197 dv-cinder-786384-3-iscsi devstack@c-api.service[85562]: WARNING stevedore.named [None req-291ed29a-536b-46e8-9fa3-ca95325f8750 tempest-GroupSnapshotsTest-1967486736 tempest-GroupSnapshotsTest-1967486736-project] Could not load cinder.keymgr.conf_key_mgr.ConfKeyManager
May 10 17:16:47.269333 dv-cinder-786384-3-iscsi devstack@c-api.service[85563]: INFO cinder.api.openstack.wsgi [None req-fd131ad3-058f-4220-b962-3ca8593c33a4 tempest-QosSpecsTestJSON-1211492718 tempest-QosSpecsTestJSON-1211492718-project-admin] GET http://10.222.0.13/volume/v3/b26a13eac8054b7196e97b7d31befbdc/qos-specs/d72e208c-3a92-482b-aa32-d3c8dea5e2c5
May 10 17:16:47.272236 dv-cinder-786384-3-iscsi devstack@c-api.service[85562]: WARNING castellan.key_manager [None req-291ed29a-536b-46e8-9fa3-ca95325f8750 tempest-GroupSnapshotsTest-1967486736 tempest-GroupSnapshotsTest-1967486736-project] Deprecation Warning : cinder.keymgr.conf_key_mgr.ConfKeyManager is not a stevedore based driver, trying to load it as a class: stevedore.exception.NoMatches: No 'castellan.drivers' driver found, looking for 'cinder.keymgr.conf_key_mgr.ConfKeyManager'
May 10 17:16:47.274026 dv-cinder-786384-3-iscsi devstack@c-api.service[85563]: DEBUG cinder.api.openstack.wsgi [None req-fd131ad3-058f-4220-b962-3ca8593c33a4 tempest-QosSpecsTestJSON-1211492718 tempest-QosSpecsTestJSON-1211492718-project-admin] Empty body provided in request {{(pid=85563) get_body /opt/stack/cinder/cinder/api/openstack/wsgi.py:713}}
May 10 17:16:47.274493 dv-cinder-786384-3-iscsi devstack@c-api.service[85563]: DEBUG cinder.api.openstack.wsgi [None req-fd131ad3-058f-4220-b962-3ca8593c33a4 tempest-QosSpecsTestJSON-1211492718 tempest-QosSpecsTestJSON-1211492718-project-admin] Calling method 'show' {{(pid=85563) _process_stack /opt/stack/cinder/cinder/api/openstack/wsgi.py:866}}
May 10 17:16:47.306262 dv-cinder-786384-3-iscsi devstack@c-api.service[85562]: DEBUG oslo_db.sqlalchemy.engines [None req-291ed29a-536b-46e8-9fa3-ca95325f8750 tempest-GroupSnapshotsTest-1967486736 tempest-GroupSnapshotsTest-1967486736-project] MySQL server mode set to STRICT_TRANS_TABLES,STRICT_ALL_TABLES,NO_ZERO_IN_DATE,NO_ZERO_DATE,ERROR_FOR_DIVISION_BY_ZERO,TRADITIONAL,NO_ENGINE_SUBSTITUTION {{(pid=85562) _check_effective_sql_mode /usr/local/lib/python3.8/dist-packages/oslo_db/sqlalchemy/engines.py:314}}
May 10 17:16:47.309660 dv-cinder-786384-3-iscsi devstack@c-api.service[85563]: INFO cinder.api.openstack.wsgi [None req-fd131ad3-058f-4220-b962-3ca8593c33a4 tempest-QosSpecsTestJSON-1211492718 tempest-QosSpecsTestJSON-1211492718-project-admin] http://10.222.0.13/volume/v3/b26a13eac8054b7196e97b7d31befbdc/qos-specs/d72e208c-3a92-482b-aa32-d3c8dea5e2c5 returned with HTTP 404
May 10 17:16:47.316400 dv-cinder-786384-3-iscsi devstack@c-api.service[85563]: [pid: 85563|app: 0|req: 31/70] 10.222.0.13 () {58 vars in 1331 bytes} [Mon May 10 17:16:47 2021] GET /volume/v3/b26a13eac8054b7196e97b7d31befbdc/qos-specs/d72e208c-3a92-482b-aa32-d3c8dea5e2c5 => generated 100 bytes in 62 msecs (HTTP/1.1 404) 7 headers in 292 bytes (2 switches on core 0)
May 10 17:16:47.333004 dv-cinder-786384-3-iscsi devstack@c-api.service[85562]: /usr/local/lib/python3.8/dist-packages/oslo_context/context.py:105: DeprecationWarning: Policy enforcement is depending on the value of is_admin. This key is deprecated. Please update your policy file to use the standard policy values.
May 10 17:16:47.333004 dv-cinder-786384-3-iscsi devstack@c-api.service[85562]: warnings.warn('Policy enforcement is depending on the value of '
May 10 17:16:47.341290 dv-cinder-786384-3-iscsi devstack@c-api.service[85563]: INFO cinder.api.openstack.wsgi [None req-562a9468-c4bd-4cec-b975-3a0fb6a50bd9 tempest-QosSpecsTestJSON-1211492718 tempest-QosSpecsTestJSON-1211492718-project-admin] DELETE http://10.222.0.13/volume/v3/b26a13eac8054b7196e97b7d31befbdc/qos-specs/ecfa9848-4baf-4bc3-aa50-75077d6d7a96?force=False
May 10 17:16:47.343511 dv-cinder-786384-3-iscsi devstack@c-api.service[85563]: DEBUG cinder.api.openstack.wsgi [None req-562a9468-c4bd-4cec-b975-3a0fb6a50bd9 tempest-QosSpecsTestJSON-1211492718 tempest-QosSpecsTestJSON-1211492718-project-admin] Empty body provided in request {{(pid=85563) get_body /opt/stack/cinder/cinder/api/openstack/wsgi.py:713}}
May 10 17:16:47.345097 dv-cinder-786384-3-iscsi devstack@c-api.service[85563]: DEBUG cinder.api.openstack.wsgi [None req-562a9468-c4bd-4cec-b975-3a0fb6a50bd9 tempest-QosSpecsTestJSON-1211492718 tempest-QosSpecsTestJSON-1211492718-project-admin] Calling method 'delete' {{(pid=85563) _process_stack /opt/stack/cinder/cinder/api/openstack/wsgi.py:866}}
May 10 17:16:47.346541 dv-cinder-786384-3-iscsi devstack@c-api.service[85563]: DEBUG cinder.api.contrib.qos_specs_manage [None req-562a9468-c4bd-4cec-b975-3a0fb6a50bd9 tempest-QosSpecsTestJSON-1211492718 tempest-QosSpecsTestJSON-1211492718-project-admin] Delete qos_spec: ecfa9848-4baf-4bc3-aa50-75077d6d7a96, force: False {{(pid=85563) delete /opt/stack/cinder/cinder/api/contrib/qos_specs_manage.py:168}}
May 10 17:16:47.363492 dv-cinder-786384-3-iscsi devstack@c-api.service[85563]: INFO cinder.api.openstack.wsgi [None req-562a9468-c4bd-4cec-b975-3a0fb6a50bd9 tempest-QosSpecsTestJSON-1211492718 tempest-QosSpecsTestJSON-1211492718-project-admin] http://10.222.0.13/volume/v3/b26a13eac8054b7196e97b7d31befbdc/qos-specs/ecfa9848-4baf-4bc3-aa50-75077d6d7a96?force=False returned with HTTP 404
May 10 17:16:47.364523 dv-cinder-786384-3-iscsi devstack@c-api.service[85563]: [pid: 85563|app: 0|req: 32/71] 10.222.0.13 () {58 vars in 1357 bytes} [Mon May 10 17:16:47 2021] DELETE /volume/v3/b26a13eac8054b7196e97b7d31befbdc/qos-specs/ecfa9848-4baf-4bc3-aa50-75077d6d7a96?force=False => generated 100 bytes in 47 msecs (HTTP/1.1 404) 7 headers in 292 bytes (1 switches on core 0)
May 10 17:16:47.380165 dv-cinder-786384-3-iscsi devstack@c-api.service[85563]: INFO cinder.api.openstack.wsgi [None req-614516c2-9196-4be4-86a6-d889c15e1d0b tempest-QosSpecsTestJSON-1211492718 tempest-QosSpecsTestJSON-1211492718-project-admin] GET http://10.222.0.13/volume/v3/b26a13eac8054b7196e97b7d31befbdc/qos-specs/ecfa9848-4baf-4bc3-aa50-75077d6d7a96
May 10 17:16:47.380668 dv-cinder-786384-3-iscsi devstack@c-api.service[85563]: DEBUG cinder.api.openstack.wsgi [None req-614516c2-9196-4be4-86a6-d889c15e1d0b tempest-QosSpecsTestJSON-1211492718 tempest-QosSpecsTestJSON-1211492718-project-admin] Empty body provided in request {{(pid=85563) get_body /opt/stack/cinder/cinder/api/openstack/wsgi.py:713}}
May 10 17:16:47.381108 dv-cinder-786384-3-iscsi devstack@c-api.service[85563]: DEBUG cinder.api.openstack.wsgi [None req-614516c2-9196-4be4-86a6-d889c15e1d0b tempest-QosSpecsTestJSON-1211492718 tempest-QosSpecsTestJSON-1211492718-project-admin] Calling method 'show' {{(pid=85563) _process_stack /opt/stack/cinder/cinder/api/openstack/wsgi.py:866}}
May 10 17:16:47.400118 dv-cinder-786384-3-iscsi devstack@c-api.service[85563]: INFO cinder.api.openstack.wsgi [None req-614516c2-9196-4be4-86a6-d889c15e1d0b tempest-QosSpecsTestJSON-1211492718 tempest-QosSpecsTestJSON-1211492718-project-admin] http://10.222.0.13/volume/v3/b26a13eac8054b7196e97b7d31befbdc/qos-specs/ecfa9848-4baf-4bc3-aa50-75077d6d7a96 returned with HTTP 404
May 10 17:16:47.401122 dv-cinder-786384-3-iscsi devstack@c-api.service[85563]: [pid: 85563|app: 0|req: 33/72] 10.222.0.13 () {58 vars in 1331 bytes} [Mon May 10 17:16:47 2021] GET /volume/v3/b26a13eac8054b7196e97b7d31befbdc/qos-specs/ecfa9848-4baf-4bc3-aa50-75077d6d7a96 => generated 100 bytes in 31 msecs (HTTP/1.1 404) 7 headers in 292 bytes (1 switches on core 0)
May 10 17:16:47.410203 dv-cinder-786384-3-iscsi devstack@c-api.service[85563]: INFO cinder.api.openstack.wsgi [None req-2911b60f-a90c-48f5-bab1-906173374023 tempest-QosSpecsTestJSON-1211492718 tempest-QosSpecsTestJSON-1211492718-project-admin] DELETE http://10.222.0.13/volume/v3/b26a13eac8054b7196e97b7d31befbdc/types/e6fe00c3-0b1e-4071-864e-df78ccf543cb
May 10 17:16:47.410681 dv-cinder-786384-3-iscsi devstack@c-api.service[85563]: DEBUG cinder.api.openstack.wsgi [None req-2911b60f-a90c-48f5-bab1-906173374023 tempest-QosSpecsTestJSON-1211492718 tempest-QosSpecsTestJSON-1211492718-project-admin] Empty body provided in request {{(pid=85563) get_body /opt/stack/cinder/cinder/api/openstack/wsgi.py:713}}
May 10 17:16:47.411129 dv-cinder-786384-3-iscsi devstack@c-api.service[85563]: DEBUG cinder.api.openstack.wsgi [None req-2911b60f-a90c-48f5-bab1-906173374023 tempest-QosSpecsTestJSON-1211492718 tempest-QosSpecsTestJSON-1211492718-project-admin] Calling method '_delete' {{(pid=85563) _process_stack /opt/stack/cinder/cinder/api/openstack/wsgi.py:866}}
May 10 17:16:47.433841 dv-cinder-786384-3-iscsi devstack@c-api.service[85562]: INFO cinder.api.openstack.wsgi [None req-291ed29a-536b-46e8-9fa3-ca95325f8750 tempest-GroupSnapshotsTest-1967486736 tempest-GroupSnapshotsTest-1967486736-project] http://10.222.0.13/volume/v3/89cc623183fa4ac29e0c662c613ebb9d/volumes/detail returned with HTTP 200
May 10 17:16:47.437827 dv-cinder-786384-3-iscsi devstack@c-api.service[85562]: [pid: 85562|app: 0|req: 40/73] 10.222.0.13 () {60 vars in 1276 bytes} [Mon May 10 17:16:46 2021] GET /volume/v3/89cc623183fa4ac29e0c662c613ebb9d/volumes/detail => generated 1984 bytes in 576 msecs (HTTP/1.1 200) 7 headers in 287 bytes (1 switches on core 0)
May 10 17:16:47.471742 dv-cinder-786384-3-iscsi devstack@c-api.service[85562]: INFO cinder.api.openstack.wsgi [None req-c7c1b137-3466-4156-a1b7-fc00c6b7542c tempest-GroupSnapshotsTest-1967486736 tempest-GroupSnapshotsTest-1967486736-project] GET http://10.222.0.13/volume/v3/89cc623183fa4ac29e0c662c613ebb9d/volumes/bcbe119c-b52d-48dd-9eaf-711f72fd576e
