Aug 26 15:45:30.884288 dv-cinder-786383-8-iscsi neutron-server[105716]: INFO neutron.wsgi [req-28a6aa46-1364-4939-b10c-6472a21aefce req-95ef516a-095c-4cb0-8db9-62fc0b2a517d tempest-AttachVolumeNegativeTest-83299336 tempest-AttachVolumeNegativeTest-83299336-project] 10.222.0.60 "GET /v2.0/ports?device_id=9f0dcdc3-b9de-412a-9bd3-22525eecb39e HTTP/1.1" status: 200 len: 945 time: 0.0643349
Aug 26 15:45:30.889262 dv-cinder-786383-8-iscsi neutron-server[105716]: DEBUG neutron.api.v2.base [None req-ba558b7b-93ec-4845-b72c-98fa97532312 admin admin] Request body: {'network': {'name': 'tempest-TestVolumeBootPattern-2034815233-network', 'tenant_id': '8ba8385a53394b17b232452a65623ec1'}} {{(pid=105716) prepare_request_body /opt/stack/neutron/neutron/api/v2/base.py:730}}
Aug 26 15:45:30.928943 dv-cinder-786383-8-iscsi neutron-server[105716]: DEBUG neutron.pecan_wsgi.hooks.quota_enforcement [None req-ba558b7b-93ec-4845-b72c-98fa97532312 admin admin] Made reservation on behalf of 8ba8385a53394b17b232452a65623ec1 for: {'network': 1} {{(pid=105716) before /opt/stack/neutron/neutron/pecan_wsgi/hooks/quota_enforcement.py:53}}
Aug 26 15:45:30.931223 dv-cinder-786383-8-iscsi neutron-server[105716]: DEBUG neutron_lib.callbacks.manager [None req-ba558b7b-93ec-4845-b72c-98fa97532312 admin admin] Notify callbacks ['neutron.plugins.ml2.plugin.SecurityGroupDbMixin._ensure_default_security_group_handler-1637455'] for network, before_create {{(pid=105716) _notify_loop /usr/local/lib/python3.8/dist-packages/neutron_lib/callbacks/manager.py:192}}
Aug 26 15:45:30.950064 dv-cinder-786383-8-iscsi neutron-server[105716]: DEBUG neutron_lib.callbacks.manager [None req-ba558b7b-93ec-4845-b72c-98fa97532312 admin admin] Notify callbacks [] for security_group, before_create {{(pid=105716) _notify_loop /usr/local/lib/python3.8/dist-packages/neutron_lib/callbacks/manager.py:192}}
Aug 26 15:45:30.954937 dv-cinder-786383-8-iscsi neutron-server[105716]: INFO neutron.wsgi [req-28a6aa46-1364-4939-b10c-6472a21aefce req-ebaaabf6-d3a8-47bc-9328-ea7921afdc1e tempest-AttachVolumeNegativeTest-83299336 tempest-AttachVolumeNegativeTest-83299336-project] 10.222.0.60 "GET /v2.0/security-groups?id=96ae04d7-1d1a-43c4-b73d-fdeb3bc862e7&fields=id&fields=name HTTP/1.1" status: 200 len: 286 time: 0.0614316
Aug 26 15:45:31.070279 dv-cinder-786383-8-iscsi neutron-server[105716]: DEBUG neutron_lib.callbacks.manager [None req-ba558b7b-93ec-4845-b72c-98fa97532312 admin admin] Notify callbacks [] for security_group, precommit_create {{(pid=105716) _notify_loop /usr/local/lib/python3.8/dist-packages/neutron_lib/callbacks/manager.py:192}}
Aug 26 15:45:31.082065 dv-cinder-786383-8-iscsi neutron-server[105716]: DEBUG neutron_lib.callbacks.manager [None req-ba558b7b-93ec-4845-b72c-98fa97532312 admin admin] Notify callbacks ['neutron.plugins.ml2.ovo_rpc._ObjectChangeHandler.handle_event-782306'] for security_group, after_create {{(pid=105716) _notify_loop /usr/local/lib/python3.8/dist-packages/neutron_lib/callbacks/manager.py:192}}
Aug 26 15:45:31.110667 dv-cinder-786383-8-iscsi neutron-server[105716]: DEBUG neutron.plugins.ml2.drivers.helpers [None req-ba558b7b-93ec-4845-b72c-98fa97532312 admin admin] vlan segment allocate from pool success with {'physical_network': 'physnet1', 'vlan_id': 838} {{(pid=105716) allocate_partially_specified_segment /opt/stack/neutron/neutron/plugins/ml2/drivers/helpers.py:153}}
Aug 26 15:45:31.115430 dv-cinder-786383-8-iscsi neutron-server[105716]: DEBUG neutron.api.rpc.handlers.resources_rpc [None req-ba558b7b-93ec-4845-b72c-98fa97532312 admin admin] Pushing event updated for resources: {'SecurityGroup': ['ID=c8cbec6e-8604-4655-bf79-c263492787da,revision_number=1']} {{(pid=105716) push /opt/stack/neutron/neutron/api/rpc/handlers/resources_rpc.py:237}}
Aug 26 15:45:31.123760 dv-cinder-786383-8-iscsi neutron-server[105716]: DEBUG neutron_lib.callbacks.manager [None req-ba558b7b-93ec-4845-b72c-98fa97532312 admin admin] Notify callbacks ['neutron.plugins.ml2.plugin.Ml2Plugin._handle_segment_change-1982781'] for segment, precommit_create {{(pid=105716) _notify_loop /usr/local/lib/python3.8/dist-packages/neutron_lib/callbacks/manager.py:192}}
Aug 26 15:45:31.124357 dv-cinder-786383-8-iscsi neutron-server[105716]: INFO neutron.db.segments_db [None req-ba558b7b-93ec-4845-b72c-98fa97532312 admin admin] Added segment d2aa97fb-cf17-4675-a291-e6bcd4919bca of type vlan for network 023cb8ea-1d43-4438-a9b0-a7b8f0a5f5e7
Aug 26 15:45:31.167524 dv-cinder-786383-8-iscsi neutron-server[105716]: DEBUG neutron_lib.callbacks.manager [None req-ba558b7b-93ec-4845-b72c-98fa97532312 admin admin] Notify callbacks ['neutron.services.auto_allocate.db._ensure_external_network_default_value_callback-8744151110759'] for network, precommit_create {{(pid=105716) _notify_loop /usr/local/lib/python3.8/dist-packages/neutron_lib/callbacks/manager.py:192}}
Aug 26 15:45:31.205173 dv-cinder-786383-8-iscsi neutron-server[105716]: DEBUG neutron_lib.callbacks.manager [None req-ba558b7b-93ec-4845-b72c-98fa97532312 admin admin] Notify callbacks ['neutron.plugins.ml2.ovo_rpc._ObjectChangeHandler.handle_event-784471', 'neutron.api.rpc.agentnotifiers.dhcp_rpc_agent_api.DhcpAgentNotifyAPI._native_event_send_dhcp_notification-767879'] for network, after_create {{(pid=105716) _notify_loop /usr/local/lib/python3.8/dist-packages/neutron_lib/callbacks/manager.py:192}}
Aug 26 15:45:31.205696 dv-cinder-786383-8-iscsi neutron-server[105716]: DEBUG neutron.pecan_wsgi.hooks.policy_enforcement [None req-ba558b7b-93ec-4845-b72c-98fa97532312 admin admin] Attributes excluded by policy engine: ['standard_attr_id', 'vlan_transparent'] {{(pid=105716) _exclude_attributes_by_policy /opt/stack/neutron/neutron/pecan_wsgi/hooks/policy_enforcement.py:255}}
Aug 26 15:45:31.206454 dv-cinder-786383-8-iscsi neutron-server[105716]: DEBUG neutron_lib.callbacks.manager [None req-ba558b7b-93ec-4845-b72c-98fa97532312 admin admin] Notify callbacks ['neutron.api.rpc.agentnotifiers.dhcp_rpc_agent_api.DhcpAgentNotifyAPI._send_dhcp_notification-767861'] for network, before_response {{(pid=105716) _notify_loop /usr/local/lib/python3.8/dist-packages/neutron_lib/callbacks/manager.py:192}}
Aug 26 15:45:31.265018 dv-cinder-786383-8-iscsi neutron-server[105716]: INFO neutron.wsgi [None req-ba558b7b-93ec-4845-b72c-98fa97532312 admin admin] 10.222.0.60 "POST /v2.0/networks HTTP/1.1" status: 201 len: 885 time: 0.5505917
Aug 26 15:45:31.268129 dv-cinder-786383-8-iscsi neutron-server[105715]: DEBUG neutron.wsgi [-] (105715) accepted ('10.222.0.60', 35270) {{(pid=105715) server /usr/local/lib/python3.8/dist-packages/eventlet/wsgi.py:982}}
Aug 26 15:45:31.273322 dv-cinder-786383-8-iscsi neutron-server[105715]: DEBUG neutron.api.v2.base [None req-f8adbfea-39d8-40cf-8b8f-d9971ab1aca5 admin admin] Request body: {'subnet': {'network_id': '023cb8ea-1d43-4438-a9b0-a7b8f0a5f5e7', 'cidr': '172.20.0.0/28', 'name': 'tempest-TestVolumeBootPattern-2034815233-subnet', 'tenant_id': '8ba8385a53394b17b232452a65623ec1', 'ip_version': 4}} {{(pid=105715) prepare_request_body /opt/stack/neutron/neutron/api/v2/base.py:730}}
Aug 26 15:45:31.317455 dv-cinder-786383-8-iscsi neutron-server[105715]: DEBUG neutron.pecan_wsgi.hooks.quota_enforcement [None req-f8adbfea-39d8-40cf-8b8f-d9971ab1aca5 admin admin] Made reservation on behalf of 8ba8385a53394b17b232452a65623ec1 for: {'subnet': 1} {{(pid=105715) before /opt/stack/neutron/neutron/pecan_wsgi/hooks/quota_enforcement.py:53}}
Aug 26 15:45:31.319124 dv-cinder-786383-8-iscsi neutron-server[105716]: DEBUG neutron.api.rpc.handlers.resources_rpc [None req-ba558b7b-93ec-4845-b72c-98fa97532312 admin admin] Pushing event updated for resources: {'Network': ['ID=023cb8ea-1d43-4438-a9b0-a7b8f0a5f5e7,revision_number=1']} {{(pid=105716) push /opt/stack/neutron/neutron/api/rpc/handlers/resources_rpc.py:237}}
Aug 26 15:45:31.320044 dv-cinder-786383-8-iscsi neutron-server[105715]: DEBUG neutron_lib.callbacks.manager [None req-f8adbfea-39d8-40cf-8b8f-d9971ab1aca5 admin admin] Notify callbacks ['neutron.services.segments.plugin.SegmentHostRoutes.host_routes_before_create-265413765'] for subnet, before_create {{(pid=105715) _notify_loop /usr/local/lib/python3.8/dist-packages/neutron_lib/callbacks/manager.py:192}}
Aug 26 15:45:31.333281 dv-cinder-786383-8-iscsi neutron-server[105717]: DEBUG neutron.plugins.ml2.rpc [None req-b036acf1-0822-49f6-973f-ccf1cefdb86d None None] Network 023cb8ea-1d43-4438-a9b0-a7b8f0a5f5e7 details requested by agent ovs-agent-dv-cinder-786383-8-iscsi with host dv-cinder-786383-8-iscsi {{(pid=105717) get_network_details /opt/stack/neutron/neutron/plugins/ml2/rpc.py:248}}
Aug 26 15:45:31.508261 dv-cinder-786383-8-iscsi neutron-server[105715]: DEBUG neutron_lib.callbacks.manager [None req-f8adbfea-39d8-40cf-8b8f-d9971ab1aca5 admin admin] Notify callbacks ['neutron.plugins.ml2.ovo_rpc._ObjectChangeHandler.handle_event-784574', 'neutron.api.rpc.agentnotifiers.dhcp_rpc_agent_api.DhcpAgentNotifyAPI._native_event_send_dhcp_notification-767879', 'neutron.services.segments.plugin.NovaSegmentNotifier._notify_subnet_created-265673169', 'neutron.services.segments.plugin.SegmentHostRoutes.host_routes_after_create-265413879'] for subnet, after_create {{(pid=105715) _notify_loop /usr/local/lib/python3.8/dist-packages/neutron_lib/callbacks/manager.py:192}}
Aug 26 15:45:31.561418 dv-cinder-786383-8-iscsi neutron-server[105715]: DEBUG neutron.api.rpc.handlers.resources_rpc [None req-f8adbfea-39d8-40cf-8b8f-d9971ab1aca5 admin admin] Pushing event updated for resources: {'Subnet': ['ID=489b5e48-5e71-4f33-878e-70b6088257d9,revision_number=0']} {{(pid=105715) push /opt/stack/neutron/neutron/api/rpc/handlers/resources_rpc.py:237}}
Aug 26 15:45:31.574465 dv-cinder-786383-8-iscsi neutron-server[105715]: DEBUG neutron.plugins.ml2.drivers.mech_agent [None req-f8adbfea-39d8-40cf-8b8f-d9971ab1aca5 admin admin] Checking segment: {'id': 'd2aa97fb-cf17-4675-a291-e6bcd4919bca', 'network_type': 'vlan', 'physical_network': 'physnet1', 'segmentation_id': 838, 'network_id': '023cb8ea-1d43-4438-a9b0-a7b8f0a5f5e7'} for mappings: {'physnet1': 'br-data'} with network types: ['local', 'flat', 'vlan'] {{(pid=105715) check_segment_for_agent /opt/stack/neutron/neutron/plugins/ml2/drivers/mech_agent.py:352}}
Aug 26 15:45:31.574823 dv-cinder-786383-8-iscsi neutron-server[105715]: DEBUG neutron.scheduler.dhcp_agent_scheduler [None req-f8adbfea-39d8-40cf-8b8f-d9971ab1aca5 admin admin] Network hostable DHCP agents. Network: 023cb8ea-1d43-4438-a9b0-a7b8f0a5f5e7, hostable agents: ['7433f22f-e7e3-42e2-a1d1-abdd9282ac82'], hosted agents: [] {{(pid=105715) _get_network_hostable_dhcp_agents /opt/stack/neutron/neutron/scheduler/dhcp_agent_scheduler.py:329}}
Aug 26 15:45:31.590748 dv-cinder-786383-8-iscsi neutron-server[105715]: DEBUG neutron.scheduler.dhcp_agent_scheduler [None req-f8adbfea-39d8-40cf-8b8f-d9971ab1aca5 admin admin] Network 023cb8ea-1d43-4438-a9b0-a7b8f0a5f5e7 is scheduled to be hosted by DHCP agent 7433f22f-e7e3-42e2-a1d1-abdd9282ac82 with binding_index 1 {{(pid=105715) bind /opt/stack/neutron/neutron/scheduler/dhcp_agent_scheduler.py:227}}
Aug 26 15:45:31.599325 dv-cinder-786383-8-iscsi neutron-server[105715]: DEBUG neutron.scheduler.base_scheduler [None req-f8adbfea-39d8-40cf-8b8f-d9971ab1aca5 admin admin] Resources bound (agent type, host, resource id): (DHCP agent, dv-cinder-786383-8-iscsi, 023cb8ea-1d43-4438-a9b0-a7b8f0a5f5e7) {{(pid=105715) schedule /opt/stack/neutron/neutron/scheduler/base_scheduler.py:57}}
Aug 26 15:45:31.604145 dv-cinder-786383-8-iscsi neutron-server[105715]: DEBUG neutron.pecan_wsgi.hooks.policy_enforcement [None req-f8adbfea-39d8-40cf-8b8f-d9971ab1aca5 admin admin] Attributes excluded by policy engine: ['standard_attr_id', 'shared', 'segment_id', 'network'] {{(pid=105715) _exclude_attributes_by_policy /opt/stack/neutron/neutron/pecan_wsgi/hooks/policy_enforcement.py:255}}
Aug 26 15:45:31.606058 dv-cinder-786383-8-iscsi neutron-server[105715]: DEBUG neutron_lib.callbacks.manager [None req-f8adbfea-39d8-40cf-8b8f-d9971ab1aca5 admin admin] Notify callbacks ['neutron.api.rpc.agentnotifiers.dhcp_rpc_agent_api.DhcpAgentNotifyAPI._send_dhcp_notification-767861'] for subnet, before_response {{(pid=105715) _notify_loop /usr/local/lib/python3.8/dist-packages/neutron_lib/callbacks/manager.py:192}}
Aug 26 15:45:31.607010 dv-cinder-786383-8-iscsi neutron-server[105717]: DEBUG neutron.api.rpc.handlers.dhcp_rpc [None req-12a929ef-ffd3-45d7-9c12-fbf2d2ec7b02 None None] Network 023cb8ea-1d43-4438-a9b0-a7b8f0a5f5e7 requested from dv-cinder-786383-8-iscsi {{(pid=105717) get_network_info /opt/stack/neutron/neutron/api/rpc/handlers/dhcp_rpc.py:218}}
Aug 26 15:45:31.619423 dv-cinder-786383-8-iscsi neutron-server[105715]: INFO neutron.wsgi [None req-f8adbfea-39d8-40cf-8b8f-d9971ab1aca5 admin admin] 10.222.0.60 "POST /v2.0/subnets HTTP/1.1" status: 201 len: 848 time: 0.3499906
Aug 26 15:45:31.622274 dv-cinder-786383-8-iscsi neutron-server[105716]: DEBUG neutron.wsgi [-] (105716) accepted ('10.222.0.60', 35290) {{(pid=105716) server /usr/local/lib/python3.8/dist-packages/eventlet/wsgi.py:982}}
Aug 26 15:45:31.626842 dv-cinder-786383-8-iscsi neutron-server[105716]: DEBUG neutron.api.v2.base [None req-098e8667-ec7d-44ea-8fcc-6bfeaf1ca218 admin admin] Request body: {'router': {'name': 'tempest-TestVolumeBootPattern-2034815233-router', 'tenant_id': '8ba8385a53394b17b232452a65623ec1', 'external_gateway_info': {'network_id': '7646a9b4-0dbc-41e8-9b2e-f9d356c07191'}}} {{(pid=105716) prepare_request_body /opt/stack/neutron/neutron/api/v2/base.py:730}}
Aug 26 15:45:31.647387 dv-cinder-786383-8-iscsi neutron-server[105716]: DEBUG neutron_lib.callbacks.manager [None req-098e8667-ec7d-44ea-8fcc-6bfeaf1ca218 admin admin] Notify callbacks ['neutron.services.l3_router.l3_router_plugin.L3_HA_NAT_db_mixin._before_router_create_handler-619304', 'neutron.services.l3_router.service_providers.driver_controller.DriverController._check_router_request-61490'] for router, before_create {{(pid=105716) _notify_loop /usr/local/lib/python3.8/dist-packages/neutron_lib/callbacks/manager.py:192}}
Aug 26 15:45:31.648473 dv-cinder-786383-8-iscsi neutron-server[105716]: DEBUG neutron_lib.callbacks.manager [None req-098e8667-ec7d-44ea-8fcc-6bfeaf1ca218 admin admin] Notify callbacks ['neutron.services.l3_router.l3_router_plugin.L3_HA_NAT_db_mixin._precommit_router_create-619396', 'neutron.services.l3_router.l3_router_plugin.DVRResourceOperationHandler._set_distributed_flag-617966', 'neutron.services.l3_router.l3_router_plugin.RouterAvailabilityZoneMixin._process_az_request-936780', 'neutron.services.l3_router.service_providers.driver_controller.DriverController._set_router_provider-61497'] for router, precommit_create {{(pid=105716) _notify_loop /usr/local/lib/python3.8/dist-packages/neutron_lib/callbacks/manager.py:192}}
Aug 26 15:45:31.703635 dv-cinder-786383-8-iscsi neutron-server[105716]: DEBUG neutron_lib.callbacks.manager [None req-098e8667-ec7d-44ea-8fcc-6bfeaf1ca218 admin admin] Notify callbacks [] for router_controller, precommit_add_association {{(pid=105716) _notify_loop /usr/local/lib/python3.8/dist-packages/neutron_lib/callbacks/manager.py:192}}
Aug 26 15:45:31.773144 dv-cinder-786383-8-iscsi neutron-server[105717]: DEBUG neutron.api.rpc.handlers.dhcp_rpc [None req-c668a754-ffc0-4ac9-a854-a4877fd1fa80 None None] Create dhcp port {'port': {'name': '', 'admin_state_up': True, 'device_id': 'dhcp8164b69d-052b-57c9-a6a5-fb6962952bad-023cb8ea-1d43-4438-a9b0-a7b8f0a5f5e7', 'network_id': '023cb8ea-1d43-4438-a9b0-a7b8f0a5f5e7', 'tenant_id': '8ba8385a53394b17b232452a65623ec1', 'fixed_ips': [{'subnet_id': '489b5e48-5e71-4f33-878e-70b6088257d9'}]}} from dv-cinder-786383-8-iscsi. {{(pid=105717) create_dhcp_port /opt/stack/neutron/neutron/api/rpc/handlers/dhcp_rpc.py:285}}
Aug 26 15:45:31.774073 dv-cinder-786383-8-iscsi neutron-server[105717]: DEBUG neutron_lib.callbacks.manager [None req-c668a754-ffc0-4ac9-a854-a4877fd1fa80 None None] Notify callbacks ['neutron.plugins.ml2.plugin.SecurityGroupDbMixin._ensure_default_security_group_handler-1637455'] for port, before_create {{(pid=105717) _notify_loop /usr/local/lib/python3.8/dist-packages/neutron_lib/callbacks/manager.py:192}}
Aug 26 15:45:31.852063 dv-cinder-786383-8-iscsi neutron-server[105716]: DEBUG neutron_lib.callbacks.manager [None req-098e8667-ec7d-44ea-8fcc-6bfeaf1ca218 admin admin] Notify callbacks [] for router_gateway, precommit_update {{(pid=105716) _notify_loop /usr/local/lib/python3.8/dist-packages/neutron_lib/callbacks/manager.py:192}}
Aug 26 15:45:31.932890 dv-cinder-786383-8-iscsi neutron-server[105715]: DEBUG neutron.pecan_wsgi.hooks.policy_enforcement [req-1a112c42-b53c-4255-b12d-8d6c97547043 req-c5cc3563-22c4-4bcd-a163-5ccf535558e4 tempest-ServerRescueNegativeTestJSON-1093123436 tempest-ServerRescueNegativeTestJSON-1093123436-project] Attributes excluded by policy engine: ['standard_attr_id', 'binding:profile', 'binding:host_id', 'binding:vif_type', 'binding:vif_details'] {{(pid=105715) _exclude_attributes_by_policy /opt/stack/neutron/neutron/pecan_wsgi/hooks/policy_enforcement.py:255}}
Aug 26 15:45:31.934499 dv-cinder-786383-8-iscsi neutron-server[105715]: INFO neutron.wsgi [req-1a112c42-b53c-4255-b12d-8d6c97547043 req-c5cc3563-22c4-4bcd-a163-5ccf535558e4 tempest-ServerRescueNegativeTestJSON-1093123436 tempest-ServerRescueNegativeTestJSON-1093123436-project] 10.222.0.60 "GET /v2.0/ports?device_id=ab9e826c-b43f-41b6-85bc-69fae75ef2e1 HTTP/1.1" status: 200 len: 945 time: 0.0633881
Aug 26 15:45:31.940754 dv-cinder-786383-8-iscsi neutron-server[105717]: DEBUG neutron.db.db_base_plugin_common [None req-c668a754-ffc0-4ac9-a854-a4877fd1fa80 None None] Allocated IP 172.20.0.2 (023cb8ea-1d43-4438-a9b0-a7b8f0a5f5e7/489b5e48-5e71-4f33-878e-70b6088257d9/fc5d6978-b48f-4b7f-97da-6b4bd9766226) {{(pid=105717) _store_ip_allocation /opt/stack/neutron/neutron/db/db_base_plugin_common.py:131}}
Aug 26 15:45:31.978900 dv-cinder-786383-8-iscsi neutron-server[105715]: INFO neutron.wsgi [req-1a112c42-b53c-4255-b12d-8d6c97547043 req-0bc99b59-b946-40d7-8bcc-22857c45aa67 tempest-ServerRescueNegativeTestJSON-1093123436 tempest-ServerRescueNegativeTestJSON-1093123436-project] 10.222.0.60 "GET /v2.0/security-groups?id=f9b5bb10-d00f-404b-bab2-5564bc9b764d&fields=id&fields=name HTTP/1.1" status: 200 len: 286 time: 0.0367966
Aug 26 15:45:32.101805 dv-cinder-786383-8-iscsi neutron-server[105717]: DEBUG neutron_lib.callbacks.manager [None req-c668a754-ffc0-4ac9-a854-a4877fd1fa80 None None] Notify callbacks [] for port, precommit_create {{(pid=105717) _notify_loop /usr/local/lib/python3.8/dist-packages/neutron_lib/callbacks/manager.py:192}}
Aug 26 15:45:32.110123 dv-cinder-786383-8-iscsi neutron-server[105716]: DEBUG neutron_lib.callbacks.manager [None req-098e8667-ec7d-44ea-8fcc-6bfeaf1ca218 admin admin] Notify callbacks [] for router_gateway, before_create {{(pid=105716) _notify_loop /usr/local/lib/python3.8/dist-packages/neutron_lib/callbacks/manager.py:192}}
Aug 26 15:45:32.112981 dv-cinder-786383-8-iscsi neutron-server[105717]: DEBUG neutron.db.provisioning_blocks [None req-c668a754-ffc0-4ac9-a854-a4877fd1fa80 None None] Transition to ACTIVE for port object fc5d6978-b48f-4b7f-97da-6b4bd9766226 will not be triggered until provisioned by entity L2. {{(pid=105717) add_provisioning_component /opt/stack/neutron/neutron/db/provisioning_blocks.py:73}}
Aug 26 15:45:32.128746 dv-cinder-786383-8-iscsi neutron-server[105717]: DEBUG neutron.db.provisioning_blocks [None req-c668a754-ffc0-4ac9-a854-a4877fd1fa80 None None] Transition to ACTIVE for port object fc5d6978-b48f-4b7f-97da-6b4bd9766226 will not be triggered until provisioned by entity DHCP. {{(pid=105717) add_provisioning_component /opt/stack/neutron/neutron/db/provisioning_blocks.py:73}}
Aug 26 15:45:32.131081 dv-cinder-786383-8-iscsi neutron-server[105716]: DEBUG neutron_lib.callbacks.manager [None req-098e8667-ec7d-44ea-8fcc-6bfeaf1ca218 admin admin] Notify callbacks ['neutron.plugins.ml2.plugin.SecurityGroupDbMixin._ensure_default_security_group_handler-1637455'] for port, before_create {{(pid=105716) _notify_loop /usr/local/lib/python3.8/dist-packages/neutron_lib/callbacks/manager.py:192}}
Aug 26 15:45:32.135287 dv-cinder-786383-8-iscsi neutron-server[105717]: DEBUG neutron_lib.callbacks.manager [None req-c668a754-ffc0-4ac9-a854-a4877fd1fa80 None None] Notify callbacks ['neutron.plugins.ml2.plugin.SecurityGroupServerNotifierRpcMixin._notify_sg_on_port_change-1637376', 'neutron.plugins.ml2.ovo_rpc._ObjectChangeHandler.handle_event-163065', 'neutron.api.rpc.agentnotifiers.dhcp_rpc_agent_api.DhcpAgentNotifyAPI._native_event_send_dhcp_notification-767879', 'neutron.db.l3_dvrscheduler_db._notify_l3_agent_new_port-8744151128580'] for port, after_create {{(pid=105717) _notify_loop /usr/local/lib/python3.8/dist-packages/neutron_lib/callbacks/manager.py:192}}
Aug 26 15:45:32.147827 dv-cinder-786383-8-iscsi neutron-server[105716]: DEBUG neutron.pecan_wsgi.hooks.policy_enforcement [req-0b755a25-cac8-4486-9148-9fbebea647b6 req-68bd16f4-4206-40db-b3bf-e403b5b9b598 tempest-AttachVolumeNegativeTest-83299336 tempest-AttachVolumeNegativeTest-83299336-project] Attributes excluded by policy engine: ['standard_attr_id', 'binding:profile', 'binding:host_id', 'binding:vif_type', 'binding:vif_details'] {{(pid=105716) _exclude_attributes_by_policy /opt/stack/neutron/neutron/pecan_wsgi/hooks/policy_enforcement.py:255}}
Aug 26 15:45:32.149338 dv-cinder-786383-8-iscsi neutron-server[105716]: INFO neutron.wsgi [req-0b755a25-cac8-4486-9148-9fbebea647b6 req-68bd16f4-4206-40db-b3bf-e403b5b9b598 tempest-AttachVolumeNegativeTest-83299336 tempest-AttachVolumeNegativeTest-83299336-project] 10.222.0.60 "GET /v2.0/ports?device_id=9f0dcdc3-b9de-412a-9bd3-22525eecb39e HTTP/1.1" status: 200 len: 945 time: 0.0920870
Aug 26 15:45:32.180374 dv-cinder-786383-8-iscsi neutron-server[105717]: DEBUG neutron.scheduler.dhcp_agent_scheduler [None req-c668a754-ffc0-4ac9-a854-a4877fd1fa80 None None] Network 023cb8ea-1d43-4438-a9b0-a7b8f0a5f5e7 is already hosted by enough agents. {{(pid=105717) _get_dhcp_agents_hosting_network /opt/stack/neutron/neutron/scheduler/dhcp_agent_scheduler.py:275}}
Aug 26 15:45:32.183537 dv-cinder-786383-8-iscsi neutron-server[105717]: DEBUG neutron.scheduler.base_scheduler [None req-c668a754-ffc0-4ac9-a854-a4877fd1fa80 None None] Resources bound (agent type, host, resource id): {{(pid=105717) schedule /opt/stack/neutron/neutron/scheduler/base_scheduler.py:57}}
Aug 26 15:45:32.186200 dv-cinder-786383-8-iscsi neutron-server[105717]: DEBUG neutron.db.l3_dvrscheduler_db [None req-c668a754-ffc0-4ac9-a854-a4877fd1fa80 None None] Received port after_create {{(pid=105717) _notify_l3_agent_new_port /opt/stack/neutron/neutron/db/l3_dvrscheduler_db.py:535}}
Aug 26 15:45:32.194039 dv-cinder-786383-8-iscsi neutron-server[105717]: DEBUG neutron.api.rpc.handlers.resources_rpc [None req-c668a754-ffc0-4ac9-a854-a4877fd1fa80 None None] Pushing event updated for resources: {'Port': ['ID=fc5d6978-b48f-4b7f-97da-6b4bd9766226,revision_number=1']} {{(pid=105717) push /opt/stack/neutron/neutron/api/rpc/handlers/resources_rpc.py:237}}
Aug 26 15:45:32.245411 dv-cinder-786383-8-iscsi neutron-server[105717]: DEBUG neutron.plugins.ml2.managers [None req-c668a754-ffc0-4ac9-a854-a4877fd1fa80 None None] Attempting to bind port fc5d6978-b48f-4b7f-97da-6b4bd9766226 on host dv-cinder-786383-8-iscsi for vnic_type normal with profile {{(pid=105717) bind_port /opt/stack/neutron/neutron/plugins/ml2/managers.py:790}}
Aug 26 15:45:32.245798 dv-cinder-786383-8-iscsi neutron-server[105717]: DEBUG neutron.plugins.ml2.managers [None req-c668a754-ffc0-4ac9-a854-a4877fd1fa80 None None] Attempting to bind port fc5d6978-b48f-4b7f-97da-6b4bd9766226 by drivers openvswitch,hyperv on host dv-cinder-786383-8-iscsi at level 0 using segments [{'id': 'd2aa97fb-cf17-4675-a291-e6bcd4919bca', 'network_type': 'vlan', 'physical_network': 'physnet1', 'segmentation_id': 838, 'network_id': '023cb8ea-1d43-4438-a9b0-a7b8f0a5f5e7'}] {{(pid=105717) _bind_port_level /opt/stack/neutron/neutron/plugins/ml2/managers.py:815}}
Aug 26 15:45:32.246155 dv-cinder-786383-8-iscsi neutron-server[105717]: DEBUG neutron.plugins.ml2.drivers.mech_agent [None req-c668a754-ffc0-4ac9-a854-a4877fd1fa80 None None] Attempting to bind port fc5d6978-b48f-4b7f-97da-6b4bd9766226 on network 023cb8ea-1d43-4438-a9b0-a7b8f0a5f5e7 {{(pid=105717) bind_port /opt/stack/neutron/neutron/plugins/ml2/drivers/mech_agent.py:85}}
Aug 26 15:45:32.250570 dv-cinder-786383-8-iscsi neutron-server[105716]: INFO neutron.wsgi [req-0b755a25-cac8-4486-9148-9fbebea647b6 req-042a83c6-7583-4344-82be-98737f34cb7d tempest-AttachVolumeNegativeTest-83299336 tempest-AttachVolumeNegativeTest-83299336-project] 10.222.0.60 "GET /v2.0/security-groups?id=96ae04d7-1d1a-43c4-b73d-fdeb3bc862e7&fields=id&fields=name HTTP/1.1" status: 200 len: 286 time: 0.0701857
Aug 26 15:45:32.251724 dv-cinder-786383-8-iscsi neutron-server[105717]: DEBUG neutron.plugins.ml2.drivers.mech_agent [None req-c668a754-ffc0-4ac9-a854-a4877fd1fa80 None None] Checking agent: {'id': '49048421-dc67-4cf2-a210-f4b402e34be5', 'agent_type': 'Open vSwitch agent', 'binary': 'neutron-openvswitch-agent', 'topic': 'N/A', 'host': 'dv-cinder-786383-8-iscsi', 'admin_state_up': True, 'created_at': datetime.datetime(2021, 8, 26, 15, 35, 51), 'started_at': datetime.datetime(2021, 8, 26, 15, 36, 21), 'heartbeat_timestamp': datetime.datetime(2021, 8, 26, 15, 45, 21), 'description': None, 'resources_synced': None, 'availability_zone': None, 'alive': True, 'configurations': {'arp_responder_enabled': False, 'baremetal_smartnic': False, 'bridge_mappings': {'physnet1': 'br-data'}, 'datapath_type': 'system', 'devices': 0, 'enable_distributed_routing': False, 'extensions': [], 'in_distributed_mode': False, 'integration_bridge': 'br-int', 'l2_population': False, 'log_agent_heartbeats': False, 'ovs_capabilities': {'datapath_types': ['netdev', 'system'], 'iface_types': ['erspan', 'geneve', 'gre', 'internal', 'ip6erspan', 'ip6gre', 'lisp', 'patch', 'stt', 'system', 'tap', 'vxlan']}, 'ovs_hybrid_plug': False, 'resource_provider_bandwidths': {}, 'resource_provider_hypervisors': {'br-data': 'dv-cinder-786383-8-iscsi'}, 'resource_provider_inventory_defaults': {'allocation_ratio': 1.0, 'min_unit': 1, 'step_size': 1, 'reserved': 0}, 'tunnel_types': [], 'tunneling_ip': None, 'vhostuser_socket_dir': '/var/run/openvswitch'}, 'resource_versions': {'AddressGroup': '1.2', 'ConntrackHelper': '1.0', 'Log': '1.0', 'Network': '1.1', 'Port': '1.7', 'PortForwarding': '1.2', 'QosPolicy': '1.9', 'SecurityGroup': '1.4', 'SecurityGroupRule': '1.2', 'SubPort': '1.0', 'Subnet': '1.1', 'Trunk': '1.1'}} {{(pid=105717) bind_port /opt/stack/neutron/neutron/plugins/ml2/drivers/mech_agent.py:104}}
Aug 26 15:45:32.252097 dv-cinder-786383-8-iscsi neutron-server[105717]: DEBUG neutron.plugins.ml2.drivers.mech_agent [None req-c668a754-ffc0-4ac9-a854-a4877fd1fa80 None None] Checking segment: {'id': 'd2aa97fb-cf17-4675-a291-e6bcd4919bca', 'network_type': 'vlan', 'physical_network': 'physnet1', 'segmentation_id': 838, 'network_id': '023cb8ea-1d43-4438-a9b0-a7b8f0a5f5e7'} for mappings: {'physnet1': 'br-data'} with network types: ['local', 'flat', 'vlan'] {{(pid=105717) check_segment_for_agent /opt/stack/neutron/neutron/plugins/ml2/drivers/mech_agent.py:352}}
Aug 26 15:45:32.252493 dv-cinder-786383-8-iscsi neutron-server[105717]: DEBUG neutron_lib.callbacks.manager [None req-c668a754-ffc0-4ac9-a854-a4877fd1fa80 None None] Notify callbacks [] for ovs_bridge_name, before_read {{(pid=105717) _notify_loop /usr/local/lib/python3.8/dist-packages/neutron_lib/callbacks/manager.py:192}}
Aug 26 15:45:32.252876 dv-cinder-786383-8-iscsi neutron-server[105717]: DEBUG neutron.plugins.ml2.drivers.mech_agent [None req-c668a754-ffc0-4ac9-a854-a4877fd1fa80 None None] Bound using segment: {'id': 'd2aa97fb-cf17-4675-a291-e6bcd4919bca', 'network_type': 'vlan', 'physical_network': 'physnet1', 'segmentation_id': 838, 'network_id': '023cb8ea-1d43-4438-a9b0-a7b8f0a5f5e7'} {{(pid=105717) bind_port /opt/stack/neutron/neutron/plugins/ml2/drivers/mech_agent.py:114}}
Aug 26 15:45:32.253338 dv-cinder-786383-8-iscsi neutron-server[105717]: DEBUG neutron.plugins.ml2.managers [None req-c668a754-ffc0-4ac9-a854-a4877fd1fa80 None None] Bound port: fc5d6978-b48f-4b7f-97da-6b4bd9766226, host: dv-cinder-786383-8-iscsi, vif_type: ovs, vif_details: {"connectivity": "l2", "port_filter": true, "ovs_hybrid_plug": false, "datapath_type": "system", "bridge_name": "br-int"}, binding_levels: [{'bound_driver': 'openvswitch', 'bound_segment': {'id': 'd2aa97fb-cf17-4675-a291-e6bcd4919bca', 'network_type': 'vlan', 'physical_network': 'physnet1', 'segmentation_id': 838, 'network_id': '023cb8ea-1d43-4438-a9b0-a7b8f0a5f5e7'}}] {{(pid=105717) _bind_port_level /opt/stack/neutron/neutron/plugins/ml2/managers.py:928}}
Aug 26 15:45:32.253744 dv-cinder-786383-8-iscsi neutron-server[105717]: DEBUG neutron_lib.callbacks.manager [None req-c668a754-ffc0-4ac9-a854-a4877fd1fa80 None None] Notify callbacks ['neutron.plugins.ml2.plugin.SecurityGroupDbMixin._ensure_default_security_group_handler-1637455'] for port, before_update {{(pid=105717) _notify_loop /usr/local/lib/python3.8/dist-packages/neutron_lib/callbacks/manager.py:192}}
Aug 26 15:45:32.278745 dv-cinder-786383-8-iscsi neutron-server[105716]: DEBUG neutron.db.db_base_plugin_common [None req-098e8667-ec7d-44ea-8fcc-6bfeaf1ca218 admin admin] Allocated IP 172.27.0.220 (7646a9b4-0dbc-41e8-9b2e-f9d356c07191/9e0bcc46-7281-40aa-bea9-5d560ff1d085/f1f17c0d-6e6a-44b0-892f-50abd401ba18) {{(pid=105716) _store_ip_allocation /opt/stack/neutron/neutron/db/db_base_plugin_common.py:131}}
Aug 26 15:45:32.324027 dv-cinder-786383-8-iscsi neutron-server[105717]: DEBUG neutron.plugins.ml2.db [None req-c668a754-ffc0-4ac9-a854-a4877fd1fa80 None None] For port fc5d6978-b48f-4b7f-97da-6b4bd9766226, host dv-cinder-786383-8-iscsi, cleared binding levels {{(pid=105717) clear_binding_levels /opt/stack/neutron/neutron/plugins/ml2/db.py:87}}
Aug 26 15:45:32.328371 dv-cinder-786383-8-iscsi neutron-server[105717]: DEBUG neutron.plugins.ml2.db [None req-c668a754-ffc0-4ac9-a854-a4877fd1fa80 None None] For port fc5d6978-b48f-4b7f-97da-6b4bd9766226, host dv-cinder-786383-8-iscsi, set binding levels [PortBindingLevel(driver='openvswitch',host='dv-cinder-786383-8-iscsi',level=0,port_id=fc5d6978-b48f-4b7f-97da-6b4bd9766226,segment=NetworkSegment(d2aa97fb-cf17-4675-a291-e6bcd4919bca),segment_id=d2aa97fb-cf17-4675-a291-e6bcd4919bca)] {{(pid=105717) set_binding_levels /opt/stack/neutron/neutron/plugins/ml2/db.py:59}}
Aug 26 15:45:32.332418 dv-cinder-786383-8-iscsi neutron-server[105717]: DEBUG neutron_lib.callbacks.manager [None req-c668a754-ffc0-4ac9-a854-a4877fd1fa80 None None] Notify callbacks ['neutron.plugins.ml2.plugin.SecurityGroupServerNotifierRpcMixin._notify_sg_on_port_change-1637376', 'neutron.plugins.ml2.ovo_rpc._ObjectChangeHandler.handle_event-163065', 'neutron.api.rpc.agentnotifiers.dhcp_rpc_agent_api.DhcpAgentNotifyAPI._native_event_send_dhcp_notification-767879', 'neutron.db.l3_db.L3RpcNotifierMixin._notify_gateway_port_ip_changed-8744151583793', 'neutron.db.l3_dvrscheduler_db._notify_l3_agent_port_update-8744151128598', 'neutron.db.l3_hascheduler_db._notify_l3_agent_ha_port_update-8744151128616'] for port, after_update {{(pid=105717) _notify_loop /usr/local/lib/python3.8/dist-packages/neutron_lib/callbacks/manager.py:192}}
Aug 26 15:45:32.394750 dv-cinder-786383-8-iscsi neutron-server[105716]: DEBUG neutron_lib.callbacks.manager [None req-098e8667-ec7d-44ea-8fcc-6bfeaf1ca218 admin admin] Notify callbacks [] for port, precommit_create {{(pid=105716) _notify_loop /usr/local/lib/python3.8/dist-packages/neutron_lib/callbacks/manager.py:192}}
Aug 26 15:45:32.394966 dv-cinder-786383-8-iscsi neutron-server[105717]: DEBUG neutron_lib.callbacks.manager [None req-3144ebd3-c672-4a08-ad1d-bb762edd0210 None None] Notify callbacks ['neutron.services.segments.db._update_segment_host_mapping_for_agent-8744151608540', 'neutron.plugins.ml2.plugin.Ml2Plugin._retry_binding_revived_agents-1574773'] for agent, after_update {{(pid=105717) _notify_loop /usr/local/lib/python3.8/dist-packages/neutron_lib/callbacks/manager.py:192}}
Aug 26 15:45:32.397614 dv-cinder-786383-8-iscsi neutron-server[105717]: DEBUG neutron.api.rpc.handlers.resources_rpc [None req-c668a754-ffc0-4ac9-a854-a4877fd1fa80 None None] Pushing event updated for resources: {'Port': ['ID=fc5d6978-b48f-4b7f-97da-6b4bd9766226,revision_number=2']} {{(pid=105717) push /opt/stack/neutron/neutron/api/rpc/handlers/resources_rpc.py:237}}
Aug 26 15:45:32.437083 dv-cinder-786383-8-iscsi neutron-server[105716]: DEBUG neutron_lib.callbacks.manager [None req-098e8667-ec7d-44ea-8fcc-6bfeaf1ca218 admin admin] Notify callbacks ['neutron.plugins.ml2.plugin.SecurityGroupServerNotifierRpcMixin._notify_sg_on_port_change-1637376', 'neutron.plugins.ml2.ovo_rpc._ObjectChangeHandler.handle_event-163065', 'neutron.api.rpc.agentnotifiers.dhcp_rpc_agent_api.DhcpAgentNotifyAPI._native_event_send_dhcp_notification-767879', 'neutron.db.l3_dvrscheduler_db._notify_l3_agent_new_port-8744151128580'] for port, after_create {{(pid=105716) _notify_loop /usr/local/lib/python3.8/dist-packages/neutron_lib/callbacks/manager.py:192}}
Aug 26 15:45:32.485852 dv-cinder-786383-8-iscsi neutron-server[105716]: DEBUG neutron.scheduler.dhcp_agent_scheduler [None req-098e8667-ec7d-44ea-8fcc-6bfeaf1ca218 admin admin] Network 7646a9b4-0dbc-41e8-9b2e-f9d356c07191 is already hosted by enough agents. {{(pid=105716) _get_dhcp_agents_hosting_network /opt/stack/neutron/neutron/scheduler/dhcp_agent_scheduler.py:275}}
Aug 26 15:45:32.491993 dv-cinder-786383-8-iscsi neutron-server[105716]: DEBUG neutron.scheduler.base_scheduler [None req-098e8667-ec7d-44ea-8fcc-6bfeaf1ca218 admin admin] Resources bound (agent type, host, resource id): {{(pid=105716) schedule /opt/stack/neutron/neutron/scheduler/base_scheduler.py:57}}
Aug 26 15:45:32.495169 dv-cinder-786383-8-iscsi neutron-server[105716]: DEBUG neutron.db.l3_dvrscheduler_db [None req-098e8667-ec7d-44ea-8fcc-6bfeaf1ca218 admin admin] Received port after_create {{(pid=105716) _notify_l3_agent_new_port /opt/stack/neutron/neutron/db/l3_dvrscheduler_db.py:535}}
Aug 26 15:45:32.498383 dv-cinder-786383-8-iscsi neutron-server[105716]: DEBUG neutron.api.rpc.handlers.resources_rpc [None req-098e8667-ec7d-44ea-8fcc-6bfeaf1ca218 admin admin] Pushing event updated for resources: {'Port': ['ID=f1f17c0d-6e6a-44b0-892f-50abd401ba18,revision_number=1']} {{(pid=105716) push /opt/stack/neutron/neutron/api/rpc/handlers/resources_rpc.py:237}}
Aug 26 15:45:32.746894 dv-cinder-786383-8-iscsi neutron-server[105716]: DEBUG neutron_lib.callbacks.manager [None req-098e8667-ec7d-44ea-8fcc-6bfeaf1ca218 admin admin] Notify callbacks [] for router_gateway, after_create {{(pid=105716) _notify_loop /usr/local/lib/python3.8/dist-packages/neutron_lib/callbacks/manager.py:192}}
Aug 26 15:45:33.089898 dv-cinder-786383-8-iscsi neutron-server[105717]: DEBUG neutron.plugins.ml2.rpc [None req-b036acf1-0822-49f6-973f-ccf1cefdb86d None None] Device fc5d6978-b48f-4b7f-97da-6b4bd9766226 up at agent ovs-agent-dv-cinder-786383-8-iscsi {{(pid=105717) update_device_up /opt/stack/neutron/neutron/plugins/ml2/rpc.py:296}}
Aug 26 15:45:33.151386 dv-cinder-786383-8-iscsi neutron-server[105717]: DEBUG neutron.db.provisioning_blocks [None req-b036acf1-0822-49f6-973f-ccf1cefdb86d None None] Provisioning for port fc5d6978-b48f-4b7f-97da-6b4bd9766226 completed by entity L2. {{(pid=105717) provisioning_complete /opt/stack/neutron/neutron/db/provisioning_blocks.py:133}}
Aug 26 15:45:33.196889 dv-cinder-786383-8-iscsi neutron-server[105716]: DEBUG neutron_lib.callbacks.manager [None req-098e8667-ec7d-44ea-8fcc-6bfeaf1ca218 admin admin] Notify callbacks ['neutron.services.l3_router.l3_router_plugin.L3_HA_NAT_db_mixin._after_router_create-619455', 'neutron.services.l3_router.l3_router_plugin.DVRResourceOperationHandler._create_snat_interfaces_after_change-617265'] for router, after_create {{(pid=105716) _notify_loop /usr/local/lib/python3.8/dist-packages/neutron_lib/callbacks/manager.py:192}}
Aug 26 15:45:33.210944 dv-cinder-786383-8-iscsi neutron-server[105716]: DEBUG neutron.pecan_wsgi.hooks.policy_enforcement [req-e6fd8e4b-e501-4317-9ec2-3cb6390087aa req-f94a8664-3c62-4f29-9bb1-685fc968362c tempest-ServerRescueNegativeTestJSON-1093123436 tempest-ServerRescueNegativeTestJSON-1093123436-project] Attributes excluded by policy engine: ['standard_attr_id', 'binding:profile', 'binding:host_id', 'binding:vif_type', 'binding:vif_details'] {{(pid=105716) _exclude_attributes_by_policy /opt/stack/neutron/neutron/pecan_wsgi/hooks/policy_enforcement.py:255}}
Aug 26 15:45:33.214161 dv-cinder-786383-8-iscsi neutron-server[105716]: INFO neutron.wsgi [req-e6fd8e4b-e501-4317-9ec2-3cb6390087aa req-f94a8664-3c62-4f29-9bb1-685fc968362c tempest-ServerRescueNegativeTestJSON-1093123436 tempest-ServerRescueNegativeTestJSON-1093123436-project] 10.222.0.60 "GET /v2.0/ports?device_id=ab9e826c-b43f-41b6-85bc-69fae75ef2e1 HTTP/1.1" status: 200 len: 945 time: 0.1223812
Aug 26 15:45:33.348678 dv-cinder-786383-8-iscsi neutron-server[105716]: INFO neutron.wsgi [req-e6fd8e4b-e501-4317-9ec2-3cb6390087aa req-a8e19645-436b-467a-b71a-6c7d9787aa4c tempest-ServerRescueNegativeTestJSON-1093123436 tempest-ServerRescueNegativeTestJSON-1093123436-project] 10.222.0.60 "GET /v2.0/security-groups?id=f9b5bb10-d00f-404b-bab2-5564bc9b764d&fields=id&fields=name HTTP/1.1" status: 200 len: 286 time: 0.1289809
Aug 26 15:45:33.379359 dv-cinder-786383-8-iscsi neutron-server[105716]: DEBUG neutron.scheduler.l3_agent_scheduler [None req-098e8667-ec7d-44ea-8fcc-6bfeaf1ca218 admin admin] Router 0ea5ea39-8356-4323-9933-7683c89636c8 is scheduled to L3 agent cf0c7808-de4d-443b-afcd-387d22afbd57 with binding_index 1 {{(pid=105716) bind_router /opt/stack/neutron/neutron/scheduler/l3_agent_scheduler.py:209}}
Aug 26 15:45:33.410098 dv-cinder-786383-8-iscsi neutron-server[105715]: DEBUG neutron.pecan_wsgi.hooks.policy_enforcement [req-30befcad-227b-4a81-a596-76de5caa96c7 req-9a08523c-aa20-42b6-987f-9c23677ae527 tempest-AttachVolumeNegativeTest-83299336 tempest-AttachVolumeNegativeTest-83299336-project] Attributes excluded by policy engine: ['standard_attr_id', 'binding:profile', 'binding:host_id', 'binding:vif_type', 'binding:vif_details'] {{(pid=105715) _exclude_attributes_by_policy /opt/stack/neutron/neutron/pecan_wsgi/hooks/policy_enforcement.py:255}}
Aug 26 15:45:33.418116 dv-cinder-786383-8-iscsi neutron-server[105715]: INFO neutron.wsgi [req-30befcad-227b-4a81-a596-76de5caa96c7 req-9a08523c-aa20-42b6-987f-9c23677ae527 tempest-AttachVolumeNegativeTest-83299336 tempest-AttachVolumeNegativeTest-83299336-project] 10.222.0.60 "GET /v2.0/ports?device_id=9f0dcdc3-b9de-412a-9bd3-22525eecb39e HTTP/1.1" status: 200 len: 945 time: 0.0844257
Aug 26 15:45:33.448095 dv-cinder-786383-8-iscsi neutron-server[105717]: DEBUG neutron.api.rpc.handlers.dhcp_rpc [None req-ad61ce24-8d61-4c63-a8e1-df022d46d8c6 None None] Network 023cb8ea-1d43-4438-a9b0-a7b8f0a5f5e7 requested from dv-cinder-786383-8-iscsi {{(pid=105717) get_network_info /opt/stack/neutron/neutron/api/rpc/handlers/dhcp_rpc.py:218}}
Aug 26 15:45:33.454541 dv-cinder-786383-8-iscsi neutron-server[105715]: INFO neutron.wsgi [req-30befcad-227b-4a81-a596-76de5caa96c7 req-0b942699-2950-4029-b67a-0af715a60c43 tempest-AttachVolumeNegativeTest-83299336 tempest-AttachVolumeNegativeTest-83299336-project] 10.222.0.60 "GET /v2.0/security-groups?id=96ae04d7-1d1a-43c4-b73d-fdeb3bc862e7&fields=id&fields=name HTTP/1.1" status: 200 len: 286 time: 0.0355487
Aug 26 15:45:33.538708 dv-cinder-786383-8-iscsi neutron-server[105716]: DEBUG neutron.api.rpc.agentnotifiers.l3_rpc_agent_api [None req-098e8667-ec7d-44ea-8fcc-6bfeaf1ca218 admin admin] Notify agent at l3_agent.dv-cinder-786383-8-iscsi the message routers_updated {{(pid=105716) _agent_notification /opt/stack/neutron/neutron/api/rpc/agentnotifiers/l3_rpc_agent_api.py:65}}
Aug 26 15:45:33.539475 dv-cinder-786383-8-iscsi neutron-server[105717]: DEBUG neutron.db.provisioning_blocks [None req-ed1240ba-78c0-41a5-ac1a-4ab25f70aab3 None None] Provisioning for port fc5d6978-b48f-4b7f-97da-6b4bd9766226 completed by entity DHCP. {{(pid=105717) provisioning_complete /opt/stack/neutron/neutron/db/provisioning_blocks.py:133}}
Aug 26 15:45:33.550088 dv-cinder-786383-8-iscsi neutron-server[105717]: DEBUG neutron.db.provisioning_blocks [None req-ed1240ba-78c0-41a5-ac1a-4ab25f70aab3 None None] Provisioning complete for port fc5d6978-b48f-4b7f-97da-6b4bd9766226 triggered by entity DHCP. {{(pid=105717) provisioning_complete /opt/stack/neutron/neutron/db/provisioning_blocks.py:139}}
Aug 26 15:45:33.550952 dv-cinder-786383-8-iscsi neutron-server[105717]: DEBUG neutron_lib.callbacks.manager [None req-ed1240ba-78c0-41a5-ac1a-4ab25f70aab3 None None] Notify callbacks ['neutron.plugins.ml2.plugin.Ml2Plugin._port_provisioned-1574854'] for port, provisioning_complete {{(pid=105717) _notify_loop /usr/local/lib/python3.8/dist-packages/neutron_lib/callbacks/manager.py:192}}
Aug 26 15:45:33.556873 dv-cinder-786383-8-iscsi neutron-server[105718]: DEBUG neutron.api.rpc.handlers.l3_rpc [None req-630543bf-659c-450b-b00b-736588103fa2 None None] Sync routers for ids ['0ea5ea39-8356-4323-9933-7683c89636c8'] in dv-cinder-786383-8-iscsi {{(pid=105718) sync_routers /opt/stack/neutron/neutron/api/rpc/handlers/l3_rpc.py:125}}
Aug 26 15:45:33.587821 dv-cinder-786383-8-iscsi neutron-server[105718]: DEBUG neutron.db.l3_dvrscheduler_db [None req-630543bf-659c-450b-b00b-736588103fa2 None None] Routers {'0ea5ea39-8356-4323-9933-7683c89636c8'} bound to L3 agent in host dv-cinder-786383-8-iscsi {{(pid=105718) _get_router_ids_for_agent /opt/stack/neutron/neutron/db/l3_dvrscheduler_db.py:420}}
Aug 26 15:45:33.601022 dv-cinder-786383-8-iscsi neutron-server[105718]: DEBUG neutron.db.l3_hamode_db [None req-630543bf-659c-450b-b00b-736588103fa2 None None] neutron.services.l3_router.l3_router_plugin.L3RouterPlugin method get_ha_sync_data_for_host called with arguments (, 'dv-cinder-786383-8-iscsi', Agent(admin_state_up=True,agent_type='L3 agent',availability_zone='nova',binary='neutron-l3-agent',configurations={"agent_mode": "legacy", "ex_gw_ports": 3, "extensions": [], "floating_ips": 1, "handle_internal_only_routers": true, "interface_driver": "openvswitch", "interfaces": 3, "log_agent_heartbeats": false, "routers": 3},created_at=2021-08-26T15:35:50Z,description=,heartbeat_timestamp=2021-08-26T15:45:20Z,host='dv-cinder-786383-8-iscsi',id=cf0c7808-de4d-443b-afcd-387d22afbd57,load=0,resource_versions=,resources_synced=,started_at=2021-08-26T15:35:50Z,topic='l3_agent')) {'router_ids': ['0ea5ea39-8356-4323-9933-7683c89636c8'], 'active': True} {{(pid=105718) wrapper /usr/local/lib/python3.8/dist-packages/oslo_log/helpers.py:65}}
Aug 26 15:45:33.619474 dv-cinder-786383-8-iscsi neutron-server[105716]: DEBUG neutron_lib.callbacks.manager [None req-098e8667-ec7d-44ea-8fcc-6bfeaf1ca218 admin admin] Notify callbacks [] for router, before_response {{(pid=105716) _notify_loop /usr/local/lib/python3.8/dist-packages/neutron_lib/callbacks/manager.py:192}}
Aug 26 15:45:33.624033 dv-cinder-786383-8-iscsi neutron-server[105715]: DEBUG neutron.wsgi [-] (105715) accepted ('10.222.0.60', 35334) {{(pid=105715) server /usr/local/lib/python3.8/dist-packages/eventlet/wsgi.py:982}}
Aug 26 15:45:33.632809 dv-cinder-786383-8-iscsi neutron-server[105716]: INFO neutron.wsgi [None req-098e8667-ec7d-44ea-8fcc-6bfeaf1ca218 admin admin] 10.222.0.60 "POST /v2.0/routers HTTP/1.1" status: 201 len: 924 time: 2.0093830
Aug 26 15:45:33.739373 dv-cinder-786383-8-iscsi neutron-server[105716]: DEBUG neutron.wsgi [-] (105716) accepted ('10.222.0.60', 35342) {{(pid=105716) server /usr/local/lib/python3.8/dist-packages/eventlet/wsgi.py:982}}
Aug 26 15:45:33.771278 dv-cinder-786383-8-iscsi neutron-server[105717]: DEBUG neutron_lib.callbacks.manager [None req-ed1240ba-78c0-41a5-ac1a-4ab25f70aab3 None None] Notify callbacks ['neutron.plugins.ml2.plugin.SecurityGroupDbMixin._ensure_default_security_group_handler-1637455'] for port, before_update {{(pid=105717) _notify_loop /usr/local/lib/python3.8/dist-packages/neutron_lib/callbacks/manager.py:192}}
Aug 26 15:45:33.790385 dv-cinder-786383-8-iscsi neutron-server[105718]: DEBUG neutron.db.l3_dvr_db [None req-630543bf-659c-450b-b00b-736588103fa2 None None] Set router 0ea5ea39-8356-4323-9933-7683c89636c8 gateway port host: dv-cinder-786383-8-iscsi {{(pid=105718) _build_routers_list /opt/stack/neutron/neutron/db/l3_dvr_db.py:906}}
Aug 26 15:45:33.830313 dv-cinder-786383-8-iscsi neutron-server[105716]: DEBUG neutron.db.db_base_plugin_v2 [None req-8733d69d-7ab4-47e0-b40b-26971ad132bf admin admin] Deleting subnet 27d5c117-5c49-41b3-9819-bff68ea24242 {{(pid=105716) delete_subnet /opt/stack/neutron/neutron/db/db_base_plugin_v2.py:1056}}
Aug 26 15:45:33.835586 dv-cinder-786383-8-iscsi neutron-server[105717]: DEBUG neutron.plugins.ml2.db [None req-ed1240ba-78c0-41a5-ac1a-4ab25f70aab3 None None] For port fc5d6978-b48f-4b7f-97da-6b4bd9766226, host dv-cinder-786383-8-iscsi, got binding levels [PortBindingLevel(driver='openvswitch',host='dv-cinder-786383-8-iscsi',level=0,port_id=fc5d6978-b48f-4b7f-97da-6b4bd9766226,segment=NetworkSegment(d2aa97fb-cf17-4675-a291-e6bcd4919bca),segment_id=d2aa97fb-cf17-4675-a291-e6bcd4919bca)] {{(pid=105717) get_binding_level_objs /opt/stack/neutron/neutron/plugins/ml2/db.py:74}}
Aug 26 15:45:33.838294 dv-cinder-786383-8-iscsi neutron-server[105716]: DEBUG neutron_lib.callbacks.manager [None req-8733d69d-7ab4-47e0-b40b-26971ad132bf admin admin] Notify callbacks [] for subnet, before_delete {{(pid=105716) _notify_loop /usr/local/lib/python3.8/dist-packages/neutron_lib/callbacks/manager.py:192}}
Aug 26 15:45:33.844273 dv-cinder-786383-8-iscsi neutron-server[105717]: DEBUG neutron_lib.callbacks.manager [None req-ed1240ba-78c0-41a5-ac1a-4ab25f70aab3 None None] Notify callbacks ['neutron.plugins.ml2.plugin.SecurityGroupServerNotifierRpcMixin._notify_sg_on_port_change-1637376', 'neutron.plugins.ml2.ovo_rpc._ObjectChangeHandler.handle_event-163065', 'neutron.api.rpc.agentnotifiers.dhcp_rpc_agent_api.DhcpAgentNotifyAPI._native_event_send_dhcp_notification-767879', 'neutron.db.l3_db.L3RpcNotifierMixin._notify_gateway_port_ip_changed-8744151583793', 'neutron.db.l3_dvrscheduler_db._notify_l3_agent_port_update-8744151128598', 'neutron.db.l3_hascheduler_db._notify_l3_agent_ha_port_update-8744151128616'] for port, after_update {{(pid=105717) _notify_loop /usr/local/lib/python3.8/dist-packages/neutron_lib/callbacks/manager.py:192}}
Aug 26 15:45:33.941536 dv-cinder-786383-8-iscsi neutron-server[105716]: DEBUG neutron_lib.callbacks.manager [None req-8733d69d-7ab4-47e0-b40b-26971ad132bf admin admin] Notify callbacks [] for subnet, precommit_delete_associations {{(pid=105716) _notify_loop /usr/local/lib/python3.8/dist-packages/neutron_lib/callbacks/manager.py:192}}
Aug 26 15:45:33.947379 dv-cinder-786383-8-iscsi neutron-server[105716]: DEBUG neutron_lib.callbacks.manager [None req-8733d69d-7ab4-47e0-b40b-26971ad132bf admin admin] Notify callbacks ['neutron.plugins.ml2.plugin.Ml2Plugin._subnet_delete_precommit_handler-1983924'] for subnet, precommit_delete {{(pid=105716) _notify_loop /usr/local/lib/python3.8/dist-packages/neutron_lib/callbacks/manager.py:192}}
Aug 26 15:45:33.983400 dv-cinder-786383-8-iscsi neutron-server[105717]: DEBUG neutron.api.rpc.handlers.resources_rpc [None req-ed1240ba-78c0-41a5-ac1a-4ab25f70aab3 None None] Pushing event updated for resources: {'Port': ['ID=fc5d6978-b48f-4b7f-97da-6b4bd9766226,revision_number=3']} {{(pid=105717) push /opt/stack/neutron/neutron/api/rpc/handlers/resources_rpc.py:237}}
Aug 26 15:45:34.022893 dv-cinder-786383-8-iscsi neutron-server[105716]: DEBUG neutron_lib.callbacks.manager [None req-8733d69d-7ab4-47e0-b40b-26971ad132bf admin admin] Notify callbacks ['neutron.plugins.ml2.plugin.Ml2Plugin._subnet_delete_after_delete_handler-1983931', 'neutron.plugins.ml2.ovo_rpc._ObjectChangeHandler.handle_event-784574', 'neutron.api.rpc.agentnotifiers.dhcp_rpc_agent_api.DhcpAgentNotifyAPI._native_event_send_dhcp_notification-767879'] for subnet, after_delete {{(pid=105716) _notify_loop /usr/local/lib/python3.8/dist-packages/neutron_lib/callbacks/manager.py:192}}
Aug 26 15:45:34.050322 dv-cinder-786383-8-iscsi neutron-server[105716]: DEBUG neutron.api.rpc.handlers.resources_rpc [None req-8733d69d-7ab4-47e0-b40b-26971ad132bf admin admin] Pushing event deleted for resources: {'Subnet': ['ID=27d5c117-5c49-41b3-9819-bff68ea24242,revision_number=None']} {{(pid=105716) push /opt/stack/neutron/neutron/api/rpc/handlers/resources_rpc.py:237}}
Aug 26 15:45:34.056586 dv-cinder-786383-8-iscsi neutron-server[105716]: DEBUG neutron_lib.callbacks.manager [None req-8733d69d-7ab4-47e0-b40b-26971ad132bf admin admin] Notify callbacks [] for subnet, before_response {{(pid=105716) _notify_loop /usr/local/lib/python3.8/dist-packages/neutron_lib/callbacks/manager.py:192}}
Aug 26 15:45:34.061972 dv-cinder-786383-8-iscsi neutron-server[105716]: INFO neutron.wsgi [None req-8733d69d-7ab4-47e0-b40b-26971ad132bf admin admin] 10.222.0.60 "DELETE /v2.0/subnets/27d5c117-5c49-41b3-9819-bff68ea24242 HTTP/1.1" status: 204 len: 168 time: 0.3212807
Aug 26 15:45:34.062999 dv-cinder-786383-8-iscsi neutron-server[105715]: DEBUG neutron.wsgi [-] (105715) accepted ('10.222.0.60', 35348) {{(pid=105715) server /usr/local/lib/python3.8/dist-packages/eventlet/wsgi.py:982}}
Aug 26 15:45:34.074893 dv-cinder-786383-8-iscsi neutron-server[105717]: DEBUG neutron.db.provisioning_blocks [None req-021e7fb8-000d-4ba7-bd17-786cef5d476f None None] Provisioning complete for port fc5d6978-b48f-4b7f-97da-6b4bd9766226 triggered by entity DHCP. {{(pid=105717) provisioning_complete /opt/stack/neutron/neutron/db/provisioning_blocks.py:139}}
