May 31 11:42:42.929082 dv-cinder-786383-7-smb neutron-server[98442]: DEBUG neutron.pecan_wsgi.hooks.policy_enforcement [req-fe0258b0-5f19-4db0-b031-4b0e6d48cd4b req-5a82b1ce-edc6-4c4b-803b-4ffea3711033 tempest-ServerRescueNegativeTestJSON-1943765101 tempest-ServerRescueNegativeTestJSON-1943765101-project] Attributes excluded by policy engine: ['standard_attr_id', 'binding:profile', 'binding:host_id', 'binding:vif_type', 'binding:vif_details'] {{(pid=98442) _exclude_attributes_by_policy /opt/stack/neutron/neutron/pecan_wsgi/hooks/policy_enforcement.py:255}}
May 31 11:42:42.931458 dv-cinder-786383-7-smb neutron-server[98442]: INFO neutron.wsgi [req-fe0258b0-5f19-4db0-b031-4b0e6d48cd4b req-5a82b1ce-edc6-4c4b-803b-4ffea3711033 tempest-ServerRescueNegativeTestJSON-1943765101 tempest-ServerRescueNegativeTestJSON-1943765101-project] 10.222.0.21 "GET /v2.0/ports?device_id=262b8cbd-0fc0-4cd8-a22d-395ca0a1615a HTTP/1.1" status: 200 len: 945 time: 0.1307890
May 31 11:42:43.008817 dv-cinder-786383-7-smb neutron-server[98442]: INFO neutron.wsgi [req-fe0258b0-5f19-4db0-b031-4b0e6d48cd4b req-c2ffd417-1732-4a7a-9d92-eb9c008f20c2 tempest-ServerRescueNegativeTestJSON-1943765101 tempest-ServerRescueNegativeTestJSON-1943765101-project] 10.222.0.21 "GET /v2.0/security-groups?id=a3eb8059-d5b7-4cfd-b75a-8e134063159f&fields=id&fields=name HTTP/1.1" status: 200 len: 286 time: 0.0690436
May 31 11:42:43.253890 dv-cinder-786383-7-smb neutron-server[98443]: DEBUG neutron.wsgi [-] (98443) accepted ('10.222.0.21', 58250) {{(pid=98443) server /usr/local/lib/python3.8/dist-packages/eventlet/wsgi.py:992}}
May 31 11:42:43.277950 dv-cinder-786383-7-smb neutron-server[98443]: DEBUG neutron_lib.callbacks.manager [None req-a9bc44e9-6fbd-436e-becb-97f1919eb899 admin admin] Notify callbacks [] for security_group, before_create {{(pid=98443) _notify_loop /usr/local/lib/python3.8/dist-packages/neutron_lib/callbacks/manager.py:192}}
May 31 11:42:43.293970 dv-cinder-786383-7-smb neutron-server[98443]: DEBUG neutron.db.quota.driver [None req-a9bc44e9-6fbd-436e-becb-97f1919eb899 admin admin] Resources subnetpool have unlimited quota limit. It is not required to calculate headroom {{(pid=98443) make_reservation /opt/stack/neutron/neutron/db/quota/driver.py:219}}
May 31 11:42:43.298008 dv-cinder-786383-7-smb neutron-server[98443]: DEBUG neutron.quota.resource [None req-a9bc44e9-6fbd-436e-becb-97f1919eb899 admin admin] Usage tracker for resource:security_group_rule and tenant:bd4547675dd54c50bcd4e23cd1255a44 is out of sync, need to count used quota {{(pid=98443) count_used /opt/stack/neutron/neutron/quota/resource.py:270}}
May 31 11:42:43.300951 dv-cinder-786383-7-smb neutron-server[98443]: DEBUG neutron.quota.resource [None req-a9bc44e9-6fbd-436e-becb-97f1919eb899 admin admin] Quota usage for security_group_rule was recalculated. Used quota:0. {{(pid=98443) count_used /opt/stack/neutron/neutron/quota/resource.py:290}}
May 31 11:42:43.316759 dv-cinder-786383-7-smb neutron-server[98443]: DEBUG neutron.db.quota.driver [None req-a9bc44e9-6fbd-436e-becb-97f1919eb899 admin admin] Attempting to reserve 4 items for resource security_group_rule. Total usage: 0; quota limit: 100; headroom:100 {{(pid=98443) make_reservation /opt/stack/neutron/neutron/db/quota/driver.py:246}}
May 31 11:42:43.417259 dv-cinder-786383-7-smb neutron-server[98443]: DEBUG neutron_lib.callbacks.manager [None req-a9bc44e9-6fbd-436e-becb-97f1919eb899 admin admin] Notify callbacks [] for security_group, precommit_create {{(pid=98443) _notify_loop /usr/local/lib/python3.8/dist-packages/neutron_lib/callbacks/manager.py:192}}
May 31 11:42:43.422028 dv-cinder-786383-7-smb neutron-server[98443]: DEBUG neutron_lib.callbacks.manager [None req-a9bc44e9-6fbd-436e-becb-97f1919eb899 admin admin] Notify callbacks ['neutron.plugins.ml2.ovo_rpc._ObjectChangeHandler.handle_event-8325990'] for security_group, after_create {{(pid=98443) _notify_loop /usr/local/lib/python3.8/dist-packages/neutron_lib/callbacks/manager.py:192}}
May 31 11:42:43.451163 dv-cinder-786383-7-smb neutron-server[98443]: DEBUG oslo_concurrency.lockutils [None req-df21cdad-be58-445c-8ddc-2b0004c6bb17 admin admin] Lock "event-dispatch" acquired by "neutron.plugins.ml2.ovo_rpc._ObjectChangeHandler.dispatch_events" :: waited 0.000s {{(pid=98443) inner /usr/local/lib/python3.8/dist-packages/oslo_concurrency/lockutils.py:355}}
May 31 11:42:43.472921 dv-cinder-786383-7-smb neutron-server[98443]: INFO neutron.wsgi [None req-a9bc44e9-6fbd-436e-becb-97f1919eb899 admin admin] 10.222.0.21 "GET /v2.0/security-groups?tenant_id=bd4547675dd54c50bcd4e23cd1255a44&name=default HTTP/1.1" status: 200 len: 2979 time: 0.2146180
May 31 11:42:43.473592 dv-cinder-786383-7-smb neutron-server[98442]: DEBUG neutron.wsgi [-] (98442) accepted ('10.222.0.21', 58256) {{(pid=98442) server /usr/local/lib/python3.8/dist-packages/eventlet/wsgi.py:992}}
May 31 11:42:43.486948 dv-cinder-786383-7-smb neutron-server[98443]: DEBUG neutron.api.rpc.handlers.resources_rpc [None req-a9bc44e9-6fbd-436e-becb-97f1919eb899 admin admin] Pushing event updated for resources: {'SecurityGroup': ['ID=280b6274-3e96-4c64-8279-07dd96f97dc8,revision_number=1']} {{(pid=98443) push /opt/stack/neutron/neutron/api/rpc/handlers/resources_rpc.py:237}}
May 31 11:42:43.492016 dv-cinder-786383-7-smb neutron-server[98443]: DEBUG oslo_concurrency.lockutils [None req-a9bc44e9-6fbd-436e-becb-97f1919eb899 admin admin] Lock "event-dispatch" released by "neutron.plugins.ml2.ovo_rpc._ObjectChangeHandler.dispatch_events" :: held 0.041s {{(pid=98443) inner /usr/local/lib/python3.8/dist-packages/oslo_concurrency/lockutils.py:367}}
May 31 11:42:43.543622 dv-cinder-786383-7-smb neutron-server[98442]: DEBUG neutron_lib.callbacks.manager [None req-b79156fd-ee88-4fb8-83f5-e29513125eec admin admin] Notify callbacks [] for security_group, before_delete {{(pid=98442) _notify_loop /usr/local/lib/python3.8/dist-packages/neutron_lib/callbacks/manager.py:192}}
May 31 11:42:43.569731 dv-cinder-786383-7-smb neutron-server[98442]: DEBUG neutron_lib.callbacks.manager [None req-b79156fd-ee88-4fb8-83f5-e29513125eec admin admin] Notify callbacks [] for security_group, precommit_delete {{(pid=98442) _notify_loop /usr/local/lib/python3.8/dist-packages/neutron_lib/callbacks/manager.py:192}}
May 31 11:42:43.639059 dv-cinder-786383-7-smb neutron-server[98442]: DEBUG neutron_lib.callbacks.manager [None req-b79156fd-ee88-4fb8-83f5-e29513125eec admin admin] Notify callbacks ['neutron.plugins.ml2.ovo_rpc._ObjectChangeHandler.handle_event-8325990'] for security_group, after_delete {{(pid=98442) _notify_loop /usr/local/lib/python3.8/dist-packages/neutron_lib/callbacks/manager.py:192}}
May 31 11:42:43.642918 dv-cinder-786383-7-smb neutron-server[98442]: DEBUG oslo_concurrency.lockutils [None req-6994c4af-2b28-4c7c-8893-15c01b3d082c admin admin] Lock "event-dispatch" acquired by "neutron.plugins.ml2.ovo_rpc._ObjectChangeHandler.dispatch_events" :: waited 0.000s {{(pid=98442) inner /usr/local/lib/python3.8/dist-packages/oslo_concurrency/lockutils.py:355}}
May 31 11:42:43.655526 dv-cinder-786383-7-smb neutron-server[98442]: DEBUG neutron.api.rpc.handlers.resources_rpc [None req-b79156fd-ee88-4fb8-83f5-e29513125eec admin admin] Pushing event deleted for resources: {'SecurityGroup': ['ID=280b6274-3e96-4c64-8279-07dd96f97dc8,revision_number=None']} {{(pid=98442) push /opt/stack/neutron/neutron/api/rpc/handlers/resources_rpc.py:237}}
May 31 11:42:43.665071 dv-cinder-786383-7-smb neutron-server[98442]: DEBUG oslo_concurrency.lockutils [None req-b79156fd-ee88-4fb8-83f5-e29513125eec admin admin] Lock "event-dispatch" released by "neutron.plugins.ml2.ovo_rpc._ObjectChangeHandler.dispatch_events" :: held 0.021s {{(pid=98442) inner /usr/local/lib/python3.8/dist-packages/oslo_concurrency/lockutils.py:367}}
May 31 11:42:43.667907 dv-cinder-786383-7-smb neutron-server[98442]: DEBUG neutron_lib.callbacks.manager [None req-b79156fd-ee88-4fb8-83f5-e29513125eec admin admin] Notify callbacks [] for security_group, before_response {{(pid=98442) _notify_loop /usr/local/lib/python3.8/dist-packages/neutron_lib/callbacks/manager.py:192}}
May 31 11:42:43.669404 dv-cinder-786383-7-smb neutron-server[98442]: INFO neutron.wsgi [None req-b79156fd-ee88-4fb8-83f5-e29513125eec admin admin] 10.222.0.21 "DELETE /v2.0/security-groups/280b6274-3e96-4c64-8279-07dd96f97dc8 HTTP/1.1" status: 204 len: 168 time: 0.1938121
May 31 11:42:44.267569 dv-cinder-786383-7-smb neutron-server[98442]: DEBUG neutron.pecan_wsgi.hooks.policy_enforcement [req-b4a01feb-70f3-4d42-9ba6-76f9aaedcb17 req-9ec8a141-ac79-4ce4-8846-70eccbe4c737 tempest-ServerRescueNegativeTestJSON-1943765101 tempest-ServerRescueNegativeTestJSON-1943765101-project] Attributes excluded by policy engine: ['standard_attr_id', 'binding:profile', 'binding:host_id', 'binding:vif_type', 'binding:vif_details'] {{(pid=98442) _exclude_attributes_by_policy /opt/stack/neutron/neutron/pecan_wsgi/hooks/policy_enforcement.py:255}}
May 31 11:42:44.270823 dv-cinder-786383-7-smb neutron-server[98442]: INFO neutron.wsgi [req-b4a01feb-70f3-4d42-9ba6-76f9aaedcb17 req-9ec8a141-ac79-4ce4-8846-70eccbe4c737 tempest-ServerRescueNegativeTestJSON-1943765101 tempest-ServerRescueNegativeTestJSON-1943765101-project] 10.222.0.21 "GET /v2.0/ports?device_id=262b8cbd-0fc0-4cd8-a22d-395ca0a1615a HTTP/1.1" status: 200 len: 945 time: 0.1096053
May 31 11:42:44.348630 dv-cinder-786383-7-smb neutron-server[98442]: INFO neutron.wsgi [req-b4a01feb-70f3-4d42-9ba6-76f9aaedcb17 req-033cac8b-b1f1-4221-9c0c-07b53194e120 tempest-ServerRescueNegativeTestJSON-1943765101 tempest-ServerRescueNegativeTestJSON-1943765101-project] 10.222.0.21 "GET /v2.0/security-groups?id=a3eb8059-d5b7-4cfd-b75a-8e134063159f&fields=id&fields=name HTTP/1.1" status: 200 len: 286 time: 0.0672238
May 31 11:42:44.684581 dv-cinder-786383-7-smb neutron-server[98442]: DEBUG neutron.pecan_wsgi.hooks.policy_enforcement [req-44338c19-a16e-4540-9eff-63708f32853c req-e2fe026d-5525-41cf-9530-178abdeec86e tempest-AttachVolumeNegativeTest-768327910 tempest-AttachVolumeNegativeTest-768327910-project] Attributes excluded by policy engine: ['standard_attr_id', 'vlan_transparent', 'provider:network_type', 'provider:physical_network', 'provider:segmentation_id'] {{(pid=98442) _exclude_attributes_by_policy /opt/stack/neutron/neutron/pecan_wsgi/hooks/policy_enforcement.py:255}}
May 31 11:42:44.686424 dv-cinder-786383-7-smb neutron-server[98442]: INFO neutron.wsgi [req-44338c19-a16e-4540-9eff-63708f32853c req-e2fe026d-5525-41cf-9530-178abdeec86e tempest-AttachVolumeNegativeTest-768327910 tempest-AttachVolumeNegativeTest-768327910-project] 10.222.0.21 "GET /v2.0/networks?id=79d8a26c-dd66-4347-ae65-e9e905a4c881 HTTP/1.1" status: 200 len: 815 time: 0.2150898
May 31 11:42:44.703147 dv-cinder-786383-7-smb neutron-server[98442]: INFO neutron.wsgi [req-44338c19-a16e-4540-9eff-63708f32853c req-ad787479-0743-4483-88c1-817a19b8f3aa tempest-AttachVolumeNegativeTest-768327910 tempest-AttachVolumeNegativeTest-768327910-project] 10.222.0.21 "GET /v2.0/quotas/137483c5ff894f0390c68478edf226f3 HTTP/1.1" status: 200 len: 375 time: 0.0107281
May 31 11:42:44.913545 dv-cinder-786383-7-smb neutron-server[98442]: INFO neutron.wsgi [req-44338c19-a16e-4540-9eff-63708f32853c req-7d189f91-4636-4090-9095-ccfdd3a33862 tempest-AttachVolumeNegativeTest-768327910 tempest-AttachVolumeNegativeTest-768327910-project] 10.222.0.21 "GET /v2.0/ports?tenant_id=137483c5ff894f0390c68478edf226f3&fields=id HTTP/1.1" status: 200 len: 302 time: 0.2043831
May 31 11:42:45.079154 dv-cinder-786383-7-smb neutron-server[98442]: INFO neutron.wsgi [req-44338c19-a16e-4540-9eff-63708f32853c req-7e24d649-5f7e-4b3e-9a8c-83b1d8ee14af service neutron] 10.222.0.21 "GET /v2.0/networks/79d8a26c-dd66-4347-ae65-e9e905a4c881?fields=segments HTTP/1.1" status: 200 len: 212 time: 0.1639392
May 31 11:42:45.226470 dv-cinder-786383-7-smb neutron-server[98442]: INFO neutron.wsgi [req-44338c19-a16e-4540-9eff-63708f32853c req-f203542f-843f-4c7a-af1b-631b6977bcf7 service neutron] 10.222.0.21 "GET /v2.0/networks/79d8a26c-dd66-4347-ae65-e9e905a4c881?fields=provider%3Aphysical_network&fields=provider%3Anetwork_type HTTP/1.1" status: 200 len: 281 time: 0.1401649
May 31 11:42:45.443946 dv-cinder-786383-7-smb neutron-server[98442]: INFO neutron.wsgi [req-12b574d9-a165-4ff0-87d4-b6c31c4dd620 req-62181d96-8cda-4984-b81e-e2d9421678b8 tempest-AttachVolumeNegativeTest-768327910 tempest-AttachVolumeNegativeTest-768327910-project] 10.222.0.21 "GET /v2.0/ports?device_id=5018802e-cc17-4386-9e83-07c773b978b0 HTTP/1.1" status: 200 len: 210 time: 0.0617225
May 31 11:42:45.870338 dv-cinder-786383-7-smb neutron-server[98442]: DEBUG neutron.pecan_wsgi.hooks.policy_enforcement [req-d569b0d9-1dd8-4a06-b5c3-b6c97434b85d req-a4e75916-d2e6-4498-af77-e670ea1e6f1c tempest-ServerRescueNegativeTestJSON-1943765101 tempest-ServerRescueNegativeTestJSON-1943765101-project] Attributes excluded by policy engine: ['standard_attr_id', 'binding:profile', 'binding:host_id', 'binding:vif_type', 'binding:vif_details'] {{(pid=98442) _exclude_attributes_by_policy /opt/stack/neutron/neutron/pecan_wsgi/hooks/policy_enforcement.py:255}}
May 31 11:42:45.872358 dv-cinder-786383-7-smb neutron-server[98442]: INFO neutron.wsgi [req-d569b0d9-1dd8-4a06-b5c3-b6c97434b85d req-a4e75916-d2e6-4498-af77-e670ea1e6f1c tempest-ServerRescueNegativeTestJSON-1943765101 tempest-ServerRescueNegativeTestJSON-1943765101-project] 10.222.0.21 "GET /v2.0/ports?device_id=262b8cbd-0fc0-4cd8-a22d-395ca0a1615a HTTP/1.1" status: 200 len: 945 time: 0.1211398
May 31 11:42:45.944342 dv-cinder-786383-7-smb neutron-server[98442]: INFO neutron.wsgi [req-d569b0d9-1dd8-4a06-b5c3-b6c97434b85d req-0cc17399-3dc5-4259-bd9f-e6b320a13a15 tempest-ServerRescueNegativeTestJSON-1943765101 tempest-ServerRescueNegativeTestJSON-1943765101-project] 10.222.0.21 "GET /v2.0/security-groups?id=a3eb8059-d5b7-4cfd-b75a-8e134063159f&fields=id&fields=name HTTP/1.1" status: 200 len: 286 time: 0.0648835
May 31 11:42:46.498809 dv-cinder-786383-7-smb neutron-server[98442]: DEBUG neutron.wsgi [-] (98442) accepted ('10.222.0.21', 58422) {{(pid=98442) server /usr/local/lib/python3.8/dist-packages/eventlet/wsgi.py:992}}
May 31 11:42:46.612982 dv-cinder-786383-7-smb neutron-server[98442]: INFO neutron.wsgi [req-a8603d32-e6ba-48e5-8962-82a68a65a05e req-7b0d31ef-caf2-4fd6-aeca-261c59d1e4b6 tempest-AttachVolumeNegativeTest-768327910 tempest-AttachVolumeNegativeTest-768327910-project] 10.222.0.21 "GET /v2.0/ports?device_id=5018802e-cc17-4386-9e83-07c773b978b0 HTTP/1.1" status: 200 len: 210 time: 0.0563149
May 31 11:42:46.655797 dv-cinder-786383-7-smb neutron-server[98442]: DEBUG neutron_lib.callbacks.manager [None req-268944da-c13f-4250-8500-c36869ff0b0d admin admin] Notify callbacks [] for security_group, before_create {{(pid=98442) _notify_loop /usr/local/lib/python3.8/dist-packages/neutron_lib/callbacks/manager.py:192}}
May 31 11:42:46.672931 dv-cinder-786383-7-smb neutron-server[98442]: DEBUG neutron.db.quota.driver [None req-268944da-c13f-4250-8500-c36869ff0b0d admin admin] Resources subnetpool have unlimited quota limit. It is not required to calculate headroom {{(pid=98442) make_reservation /opt/stack/neutron/neutron/db/quota/driver.py:219}}
May 31 11:42:46.676444 dv-cinder-786383-7-smb neutron-server[98442]: DEBUG neutron.quota.resource [None req-268944da-c13f-4250-8500-c36869ff0b0d admin admin] Usage tracker for resource:security_group_rule and tenant:d7b4f4369a5c48988233ea092b21a815 is out of sync, need to count used quota {{(pid=98442) count_used /opt/stack/neutron/neutron/quota/resource.py:270}}
May 31 11:42:46.679917 dv-cinder-786383-7-smb neutron-server[98442]: DEBUG neutron.quota.resource [None req-268944da-c13f-4250-8500-c36869ff0b0d admin admin] Quota usage for security_group_rule was recalculated. Used quota:0. {{(pid=98442) count_used /opt/stack/neutron/neutron/quota/resource.py:290}}
May 31 11:42:46.686708 dv-cinder-786383-7-smb neutron-server[98442]: DEBUG neutron.db.quota.driver [None req-268944da-c13f-4250-8500-c36869ff0b0d admin admin] Attempting to reserve 4 items for resource security_group_rule. Total usage: 0; quota limit: 100; headroom:100 {{(pid=98442) make_reservation /opt/stack/neutron/neutron/db/quota/driver.py:246}}
May 31 11:42:46.790479 dv-cinder-786383-7-smb neutron-server[98442]: DEBUG neutron_lib.callbacks.manager [None req-268944da-c13f-4250-8500-c36869ff0b0d admin admin] Notify callbacks [] for security_group, precommit_create {{(pid=98442) _notify_loop /usr/local/lib/python3.8/dist-packages/neutron_lib/callbacks/manager.py:192}}
May 31 11:42:46.796511 dv-cinder-786383-7-smb neutron-server[98442]: DEBUG neutron_lib.callbacks.manager [None req-268944da-c13f-4250-8500-c36869ff0b0d admin admin] Notify callbacks ['neutron.plugins.ml2.ovo_rpc._ObjectChangeHandler.handle_event-8325990'] for security_group, after_create {{(pid=98442) _notify_loop /usr/local/lib/python3.8/dist-packages/neutron_lib/callbacks/manager.py:192}}
May 31 11:42:46.806300 dv-cinder-786383-7-smb neutron-server[98442]: DEBUG oslo_concurrency.lockutils [None req-f3fbdfdd-8f82-473b-ae79-ccbc22f645cd admin admin] Lock "event-dispatch" acquired by "neutron.plugins.ml2.ovo_rpc._ObjectChangeHandler.dispatch_events" :: waited 0.000s {{(pid=98442) inner /usr/local/lib/python3.8/dist-packages/oslo_concurrency/lockutils.py:355}}
May 31 11:42:46.850533 dv-cinder-786383-7-smb neutron-server[98442]: INFO neutron.wsgi [None req-268944da-c13f-4250-8500-c36869ff0b0d admin admin] 10.222.0.21 "GET /v2.0/security-groups?tenant_id=d7b4f4369a5c48988233ea092b21a815&name=default HTTP/1.1" status: 200 len: 2979 time: 0.3498952
May 31 11:42:46.851730 dv-cinder-786383-7-smb neutron-server[98442]: DEBUG neutron.api.rpc.handlers.resources_rpc [None req-268944da-c13f-4250-8500-c36869ff0b0d admin admin] Pushing event updated for resources: {'SecurityGroup': ['ID=8af15c10-fab1-4d57-b87e-e328ee45bb8c,revision_number=1']} {{(pid=98442) push /opt/stack/neutron/neutron/api/rpc/handlers/resources_rpc.py:237}}
May 31 11:42:46.853657 dv-cinder-786383-7-smb neutron-server[98443]: DEBUG neutron.wsgi [-] (98443) accepted ('10.222.0.21', 58434) {{(pid=98443) server /usr/local/lib/python3.8/dist-packages/eventlet/wsgi.py:992}}
May 31 11:42:46.855041 dv-cinder-786383-7-smb neutron-server[98442]: DEBUG oslo_concurrency.lockutils [None req-268944da-c13f-4250-8500-c36869ff0b0d admin admin] Lock "event-dispatch" released by "neutron.plugins.ml2.ovo_rpc._ObjectChangeHandler.dispatch_events" :: held 0.049s {{(pid=98442) inner /usr/local/lib/python3.8/dist-packages/oslo_concurrency/lockutils.py:367}}
May 31 11:42:46.927656 dv-cinder-786383-7-smb neutron-server[98443]: DEBUG neutron_lib.callbacks.manager [None req-5a10d42e-8800-4824-bfdb-cb911e991456 admin admin] Notify callbacks [] for security_group, before_delete {{(pid=98443) _notify_loop /usr/local/lib/python3.8/dist-packages/neutron_lib/callbacks/manager.py:192}}
May 31 11:42:46.955056 dv-cinder-786383-7-smb neutron-server[98443]: DEBUG neutron_lib.callbacks.manager [None req-5a10d42e-8800-4824-bfdb-cb911e991456 admin admin] Notify callbacks [] for security_group, precommit_delete {{(pid=98443) _notify_loop /usr/local/lib/python3.8/dist-packages/neutron_lib/callbacks/manager.py:192}}
May 31 11:42:47.023876 dv-cinder-786383-7-smb neutron-server[98443]: DEBUG neutron_lib.callbacks.manager [None req-5a10d42e-8800-4824-bfdb-cb911e991456 admin admin] Notify callbacks ['neutron.plugins.ml2.ovo_rpc._ObjectChangeHandler.handle_event-8325990'] for security_group, after_delete {{(pid=98443) _notify_loop /usr/local/lib/python3.8/dist-packages/neutron_lib/callbacks/manager.py:192}}
May 31 11:42:47.027963 dv-cinder-786383-7-smb neutron-server[98443]: DEBUG oslo_concurrency.lockutils [None req-5f0ed9cd-2649-42da-82a2-bdcda8c1b4cd admin admin] Lock "event-dispatch" acquired by "neutron.plugins.ml2.ovo_rpc._ObjectChangeHandler.dispatch_events" :: waited 0.000s {{(pid=98443) inner /usr/local/lib/python3.8/dist-packages/oslo_concurrency/lockutils.py:355}}
May 31 11:42:47.039302 dv-cinder-786383-7-smb neutron-server[98443]: DEBUG neutron.api.rpc.handlers.resources_rpc [None req-5a10d42e-8800-4824-bfdb-cb911e991456 admin admin] Pushing event deleted for resources: {'SecurityGroup': ['ID=8af15c10-fab1-4d57-b87e-e328ee45bb8c,revision_number=None']} {{(pid=98443) push /opt/stack/neutron/neutron/api/rpc/handlers/resources_rpc.py:237}}
May 31 11:42:47.057033 dv-cinder-786383-7-smb neutron-server[98443]: DEBUG oslo_concurrency.lockutils [None req-5a10d42e-8800-4824-bfdb-cb911e991456 admin admin] Lock "event-dispatch" released by "neutron.plugins.ml2.ovo_rpc._ObjectChangeHandler.dispatch_events" :: held 0.029s {{(pid=98443) inner /usr/local/lib/python3.8/dist-packages/oslo_concurrency/lockutils.py:367}}
May 31 11:42:47.065635 dv-cinder-786383-7-smb neutron-server[98443]: DEBUG neutron_lib.callbacks.manager [None req-5a10d42e-8800-4824-bfdb-cb911e991456 admin admin] Notify callbacks [] for security_group, before_response {{(pid=98443) _notify_loop /usr/local/lib/python3.8/dist-packages/neutron_lib/callbacks/manager.py:192}}
May 31 11:42:47.084205 dv-cinder-786383-7-smb neutron-server[98443]: INFO neutron.wsgi [None req-5a10d42e-8800-4824-bfdb-cb911e991456 admin admin] 10.222.0.21 "DELETE /v2.0/security-groups/8af15c10-fab1-4d57-b87e-e328ee45bb8c HTTP/1.1" status: 204 len: 168 time: 0.2266486
May 31 11:42:47.222110 dv-cinder-786383-7-smb neutron-server[98442]: DEBUG neutron.pecan_wsgi.hooks.policy_enforcement [req-44338c19-a16e-4540-9eff-63708f32853c req-e5680c2d-0350-4470-b99c-7279af9c9a3c tempest-AttachVolumeNegativeTest-768327910 tempest-AttachVolumeNegativeTest-768327910-project] Attributes excluded by policy engine: ['standard_attr_id', 'vlan_transparent', 'provider:network_type', 'provider:physical_network', 'provider:segmentation_id'] {{(pid=98442) _exclude_attributes_by_policy /opt/stack/neutron/neutron/pecan_wsgi/hooks/policy_enforcement.py:255}}
May 31 11:42:47.223773 dv-cinder-786383-7-smb neutron-server[98442]: INFO neutron.wsgi [req-44338c19-a16e-4540-9eff-63708f32853c req-e5680c2d-0350-4470-b99c-7279af9c9a3c tempest-AttachVolumeNegativeTest-768327910 tempest-AttachVolumeNegativeTest-768327910-project] 10.222.0.61 "GET /v2.0/networks?id=79d8a26c-dd66-4347-ae65-e9e905a4c881 HTTP/1.1" status: 200 len: 815 time: 0.2493184
May 31 11:42:47.261961 dv-cinder-786383-7-smb neutron-server[98442]: DEBUG neutron.api.v2.base [req-44338c19-a16e-4540-9eff-63708f32853c req-2f4143e8-32dd-4863-8ff3-9f4aec8b7fa4 tempest-AttachVolumeNegativeTest-768327910 tempest-AttachVolumeNegativeTest-768327910-project] Request body: {'port': {'device_id': '5018802e-cc17-4386-9e83-07c773b978b0', 'network_id': '79d8a26c-dd66-4347-ae65-e9e905a4c881', 'admin_state_up': True, 'tenant_id': '137483c5ff894f0390c68478edf226f3'}} {{(pid=98442) prepare_request_body /opt/stack/neutron/neutron/api/v2/base.py:729}}
May 31 11:42:47.417191 dv-cinder-786383-7-smb neutron-server[98442]: DEBUG neutron.db.quota.driver [req-44338c19-a16e-4540-9eff-63708f32853c req-2f4143e8-32dd-4863-8ff3-9f4aec8b7fa4 tempest-AttachVolumeNegativeTest-768327910 tempest-AttachVolumeNegativeTest-768327910-project] Resources subnetpool have unlimited quota limit. It is not required to calculate headroom {{(pid=98442) make_reservation /opt/stack/neutron/neutron/db/quota/driver.py:219}}
May 31 11:42:47.435877 dv-cinder-786383-7-smb neutron-server[98442]: DEBUG neutron.db.quota.driver [req-44338c19-a16e-4540-9eff-63708f32853c req-2f4143e8-32dd-4863-8ff3-9f4aec8b7fa4 tempest-AttachVolumeNegativeTest-768327910 tempest-AttachVolumeNegativeTest-768327910-project] Attempting to reserve 1 items for resource port. Total usage: 2; quota limit: 500; headroom:498 {{(pid=98442) make_reservation /opt/stack/neutron/neutron/db/quota/driver.py:246}}
May 31 11:42:47.458734 dv-cinder-786383-7-smb neutron-server[98442]: DEBUG neutron.pecan_wsgi.hooks.policy_enforcement [req-e258ff30-79af-4636-8a1c-e589e3901b9f req-505e13e3-e4ec-4290-b723-7bb5b24544af tempest-ServerRescueNegativeTestJSON-1943765101 tempest-ServerRescueNegativeTestJSON-1943765101-project] Attributes excluded by policy engine: ['standard_attr_id', 'binding:profile', 'binding:host_id', 'binding:vif_type', 'binding:vif_details'] {{(pid=98442) _exclude_attributes_by_policy /opt/stack/neutron/neutron/pecan_wsgi/hooks/policy_enforcement.py:255}}
May 31 11:42:47.466560 dv-cinder-786383-7-smb neutron-server[98442]: INFO neutron.wsgi [req-e258ff30-79af-4636-8a1c-e589e3901b9f req-505e13e3-e4ec-4290-b723-7bb5b24544af tempest-ServerRescueNegativeTestJSON-1943765101 tempest-ServerRescueNegativeTestJSON-1943765101-project] 10.222.0.21 "GET /v2.0/ports?device_id=262b8cbd-0fc0-4cd8-a22d-395ca0a1615a HTTP/1.1" status: 200 len: 945 time: 0.2933886
May 31 11:42:47.485577 dv-cinder-786383-7-smb neutron-server[98442]: DEBUG neutron.pecan_wsgi.hooks.quota_enforcement [req-44338c19-a16e-4540-9eff-63708f32853c req-2f4143e8-32dd-4863-8ff3-9f4aec8b7fa4 tempest-AttachVolumeNegativeTest-768327910 tempest-AttachVolumeNegativeTest-768327910-project] Made reservation on behalf of 137483c5ff894f0390c68478edf226f3 for: {'port': 1} {{(pid=98442) before /opt/stack/neutron/neutron/pecan_wsgi/hooks/quota_enforcement.py:53}}
May 31 11:42:47.489270 dv-cinder-786383-7-smb neutron-server[98442]: DEBUG neutron_lib.callbacks.manager [req-44338c19-a16e-4540-9eff-63708f32853c req-2f4143e8-32dd-4863-8ff3-9f4aec8b7fa4 tempest-AttachVolumeNegativeTest-768327910 tempest-AttachVolumeNegativeTest-768327910-project] Notify callbacks ['neutron.plugins.ml2.plugin.SecurityGroupDbMixin._ensure_default_security_group_handler_port-574756'] for port, before_create {{(pid=98442) _notify_loop /usr/local/lib/python3.8/dist-packages/neutron_lib/callbacks/manager.py:192}}
May 31 11:42:47.525606 dv-cinder-786383-7-smb neutron-server[98443]: DEBUG neutron.wsgi [-] (98443) accepted ('10.222.0.21', 58478) {{(pid=98443) server /usr/local/lib/python3.8/dist-packages/eventlet/wsgi.py:992}}
May 31 11:42:47.554579 dv-cinder-786383-7-smb neutron-server[98443]: DEBUG neutron_lib.callbacks.manager [None req-c050e735-711b-46e0-bf3b-1ff615e37902 admin admin] Notify callbacks [] for security_group, before_create {{(pid=98443) _notify_loop /usr/local/lib/python3.8/dist-packages/neutron_lib/callbacks/manager.py:192}}
May 31 11:42:47.574463 dv-cinder-786383-7-smb neutron-server[98443]: DEBUG neutron.db.quota.driver [None req-c050e735-711b-46e0-bf3b-1ff615e37902 admin admin] Resources subnetpool have unlimited quota limit. It is not required to calculate headroom {{(pid=98443) make_reservation /opt/stack/neutron/neutron/db/quota/driver.py:219}}
May 31 11:42:47.587826 dv-cinder-786383-7-smb neutron-server[98443]: DEBUG neutron.quota.resource [None req-c050e735-711b-46e0-bf3b-1ff615e37902 admin admin] Usage tracker for resource:security_group_rule and tenant:5cf300c01e4c460191683ada27491cce is out of sync, need to count used quota {{(pid=98443) count_used /opt/stack/neutron/neutron/quota/resource.py:270}}
May 31 11:42:47.593223 dv-cinder-786383-7-smb neutron-server[98443]: DEBUG neutron.quota.resource [None req-c050e735-711b-46e0-bf3b-1ff615e37902 admin admin] Quota usage for security_group_rule was recalculated. Used quota:0. {{(pid=98443) count_used /opt/stack/neutron/neutron/quota/resource.py:290}}
May 31 11:42:47.596745 dv-cinder-786383-7-smb neutron-server[98442]: INFO neutron.wsgi [req-e258ff30-79af-4636-8a1c-e589e3901b9f req-b5da7c97-aeda-4bb7-9b3c-a05e01344ef9 tempest-ServerRescueNegativeTestJSON-1943765101 tempest-ServerRescueNegativeTestJSON-1943765101-project] 10.222.0.21 "GET /v2.0/security-groups?id=a3eb8059-d5b7-4cfd-b75a-8e134063159f&fields=id&fields=name HTTP/1.1" status: 200 len: 286 time: 0.1291707
May 31 11:42:47.600807 dv-cinder-786383-7-smb neutron-server[98443]: DEBUG neutron.db.quota.driver [None req-c050e735-711b-46e0-bf3b-1ff615e37902 admin admin] Attempting to reserve 4 items for resource security_group_rule. Total usage: 0; quota limit: 100; headroom:100 {{(pid=98443) make_reservation /opt/stack/neutron/neutron/db/quota/driver.py:246}}
May 31 11:42:47.703482 dv-cinder-786383-7-smb neutron-server[98443]: DEBUG neutron_lib.callbacks.manager [None req-c050e735-711b-46e0-bf3b-1ff615e37902 admin admin] Notify callbacks [] for security_group, precommit_create {{(pid=98443) _notify_loop /usr/local/lib/python3.8/dist-packages/neutron_lib/callbacks/manager.py:192}}
May 31 11:42:47.710643 dv-cinder-786383-7-smb neutron-server[98443]: DEBUG neutron_lib.callbacks.manager [None req-c050e735-711b-46e0-bf3b-1ff615e37902 admin admin] Notify callbacks ['neutron.plugins.ml2.ovo_rpc._ObjectChangeHandler.handle_event-8325990'] for security_group, after_create {{(pid=98443) _notify_loop /usr/local/lib/python3.8/dist-packages/neutron_lib/callbacks/manager.py:192}}
May 31 11:42:47.734151 dv-cinder-786383-7-smb neutron-server[98443]: DEBUG oslo_concurrency.lockutils [None req-eecd89ea-6dac-4ffd-9020-0c7a23356118 admin admin] Lock "event-dispatch" acquired by "neutron.plugins.ml2.ovo_rpc._ObjectChangeHandler.dispatch_events" :: waited 0.001s {{(pid=98443) inner /usr/local/lib/python3.8/dist-packages/oslo_concurrency/lockutils.py:355}}
May 31 11:42:47.791892 dv-cinder-786383-7-smb neutron-server[98443]: DEBUG neutron.api.rpc.handlers.resources_rpc [None req-c050e735-711b-46e0-bf3b-1ff615e37902 admin admin] Pushing event updated for resources: {'SecurityGroup': ['ID=833aa57a-7a40-4a8a-bdcc-db80eff6338e,revision_number=1']} {{(pid=98443) push /opt/stack/neutron/neutron/api/rpc/handlers/resources_rpc.py:237}}
May 31 11:42:47.808726 dv-cinder-786383-7-smb neutron-server[98443]: DEBUG oslo_concurrency.lockutils [None req-c050e735-711b-46e0-bf3b-1ff615e37902 admin admin] Lock "event-dispatch" released by "neutron.plugins.ml2.ovo_rpc._ObjectChangeHandler.dispatch_events" :: held 0.077s {{(pid=98443) inner /usr/local/lib/python3.8/dist-packages/oslo_concurrency/lockutils.py:367}}
May 31 11:42:47.839698 dv-cinder-786383-7-smb neutron-server[98442]: DEBUG neutron.wsgi [-] (98442) accepted ('10.222.0.21', 58496) {{(pid=98442) server /usr/local/lib/python3.8/dist-packages/eventlet/wsgi.py:992}}
May 31 11:42:47.842212 dv-cinder-786383-7-smb neutron-server[98442]: INFO neutron.wsgi [req-9e34043e-45e4-41ad-986f-03fd8f712a40 req-5571b155-30cb-4011-aa71-6093d3ea9d88 tempest-AttachVolumeNegativeTest-768327910 tempest-AttachVolumeNegativeTest-768327910-project] 10.222.0.21 "GET /v2.0/ports?device_id=5018802e-cc17-4386-9e83-07c773b978b0 HTTP/1.1" status: 200 len: 210 time: 0.0603411
May 31 11:42:47.842982 dv-cinder-786383-7-smb neutron-server[98443]: INFO neutron.wsgi [None req-c050e735-711b-46e0-bf3b-1ff615e37902 admin admin] 10.222.0.21 "GET /v2.0/security-groups?tenant_id=5cf300c01e4c460191683ada27491cce&name=default HTTP/1.1" status: 200 len: 2979 time: 0.3162634
May 31 11:42:47.843624 dv-cinder-786383-7-smb neutron-server[98443]: DEBUG neutron.wsgi [-] (98443) accepted ('10.222.0.21', 58498) {{(pid=98443) server /usr/local/lib/python3.8/dist-packages/eventlet/wsgi.py:992}}
May 31 11:42:47.860119 dv-cinder-786383-7-smb neutron-server[98442]: DEBUG neutron.db.db_base_plugin_common [req-44338c19-a16e-4540-9eff-63708f32853c req-2f4143e8-32dd-4863-8ff3-9f4aec8b7fa4 tempest-AttachVolumeNegativeTest-768327910 tempest-AttachVolumeNegativeTest-768327910-project] Allocated IP 172.20.0.13 (79d8a26c-dd66-4347-ae65-e9e905a4c881/9fd55cdd-d13a-4134-ac0d-50fa90ef4a5c/cea46e23-b007-43a3-9ba5-a6601d7cbe26) {{(pid=98442) _store_ip_allocation /opt/stack/neutron/neutron/db/db_base_plugin_common.py:131}}
May 31 11:42:47.928172 dv-cinder-786383-7-smb neutron-server[98443]: DEBUG neutron_lib.callbacks.manager [None req-13af659a-ec52-4778-b99b-37ee499cf729 admin admin] Notify callbacks [] for security_group, before_delete {{(pid=98443) _notify_loop /usr/local/lib/python3.8/dist-packages/neutron_lib/callbacks/manager.py:192}}
May 31 11:42:47.972042 dv-cinder-786383-7-smb neutron-server[98443]: DEBUG neutron_lib.callbacks.manager [None req-13af659a-ec52-4778-b99b-37ee499cf729 admin admin] Notify callbacks [] for security_group, precommit_delete {{(pid=98443) _notify_loop /usr/local/lib/python3.8/dist-packages/neutron_lib/callbacks/manager.py:192}}
May 31 11:42:48.085420 dv-cinder-786383-7-smb neutron-server[98443]: DEBUG neutron_lib.callbacks.manager [None req-13af659a-ec52-4778-b99b-37ee499cf729 admin admin] Notify callbacks ['neutron.plugins.ml2.ovo_rpc._ObjectChangeHandler.handle_event-8325990'] for security_group, after_delete {{(pid=98443) _notify_loop /usr/local/lib/python3.8/dist-packages/neutron_lib/callbacks/manager.py:192}}
May 31 11:42:48.092011 dv-cinder-786383-7-smb neutron-server[98443]: DEBUG oslo_concurrency.lockutils [None req-32912d3d-83df-4b0b-bc0a-474609e3496e admin admin] Lock "event-dispatch" acquired by "neutron.plugins.ml2.ovo_rpc._ObjectChangeHandler.dispatch_events" :: waited 0.000s {{(pid=98443) inner /usr/local/lib/python3.8/dist-packages/oslo_concurrency/lockutils.py:355}}
May 31 11:42:48.113598 dv-cinder-786383-7-smb neutron-server[98443]: DEBUG neutron.api.rpc.handlers.resources_rpc [None req-13af659a-ec52-4778-b99b-37ee499cf729 admin admin] Pushing event deleted for resources: {'SecurityGroup': ['ID=833aa57a-7a40-4a8a-bdcc-db80eff6338e,revision_number=None']} {{(pid=98443) push /opt/stack/neutron/neutron/api/rpc/handlers/resources_rpc.py:237}}
May 31 11:42:48.132067 dv-cinder-786383-7-smb neutron-server[98443]: DEBUG oslo_concurrency.lockutils [None req-13af659a-ec52-4778-b99b-37ee499cf729 admin admin] Lock "event-dispatch" released by "neutron.plugins.ml2.ovo_rpc._ObjectChangeHandler.dispatch_events" :: held 0.040s {{(pid=98443) inner /usr/local/lib/python3.8/dist-packages/oslo_concurrency/lockutils.py:367}}
May 31 11:42:48.150330 dv-cinder-786383-7-smb neutron-server[98443]: DEBUG neutron.wsgi [-] (98443) accepted ('10.222.0.21', 58520) {{(pid=98443) server /usr/local/lib/python3.8/dist-packages/eventlet/wsgi.py:992}}
May 31 11:42:48.167307 dv-cinder-786383-7-smb neutron-server[98443]: DEBUG neutron_lib.callbacks.manager [None req-13af659a-ec52-4778-b99b-37ee499cf729 admin admin] Notify callbacks [] for security_group, before_response {{(pid=98443) _notify_loop /usr/local/lib/python3.8/dist-packages/neutron_lib/callbacks/manager.py:192}}
May 31 11:42:48.168432 dv-cinder-786383-7-smb neutron-server[98443]: INFO neutron.wsgi [None req-13af659a-ec52-4778-b99b-37ee499cf729 admin admin] 10.222.0.21 "DELETE /v2.0/security-groups/833aa57a-7a40-4a8a-bdcc-db80eff6338e HTTP/1.1" status: 204 len: 168 time: 0.3235786
May 31 11:42:48.280531 dv-cinder-786383-7-smb neutron-server[98443]: DEBUG neutron_lib.callbacks.manager [None req-7aad8838-d821-4a76-87fa-939bb938f184 admin admin] Notify callbacks [] for security_group, before_create {{(pid=98443) _notify_loop /usr/local/lib/python3.8/dist-packages/neutron_lib/callbacks/manager.py:192}}
May 31 11:42:48.304495 dv-cinder-786383-7-smb neutron-server[98443]: DEBUG neutron.db.quota.driver [None req-7aad8838-d821-4a76-87fa-939bb938f184 admin admin] Resources subnetpool have unlimited quota limit. It is not required to calculate headroom {{(pid=98443) make_reservation /opt/stack/neutron/neutron/db/quota/driver.py:219}}
May 31 11:42:48.307711 dv-cinder-786383-7-smb neutron-server[98442]: DEBUG neutron_lib.callbacks.manager [None req-285f4404-d74f-4e4a-9092-c9f5fdb56f9e admin admin] Notify callbacks [] for security_group, before_create {{(pid=98442) _notify_loop /usr/local/lib/python3.8/dist-packages/neutron_lib/callbacks/manager.py:192}}
May 31 11:42:48.309695 dv-cinder-786383-7-smb neutron-server[98443]: DEBUG neutron.quota.resource [None req-7aad8838-d821-4a76-87fa-939bb938f184 admin admin] Usage tracker for resource:security_group_rule and tenant:806183343fd14c1fabd8b34c6c4f2a5e is out of sync, need to count used quota {{(pid=98443) count_used /opt/stack/neutron/neutron/quota/resource.py:270}}
May 31 11:42:48.314207 dv-cinder-786383-7-smb neutron-server[98443]: DEBUG neutron.quota.resource [None req-7aad8838-d821-4a76-87fa-939bb938f184 admin admin] Quota usage for security_group_rule was recalculated. Used quota:0. {{(pid=98443) count_used /opt/stack/neutron/neutron/quota/resource.py:290}}
May 31 11:42:48.320242 dv-cinder-786383-7-smb neutron-server[98443]: DEBUG neutron.db.quota.driver [None req-7aad8838-d821-4a76-87fa-939bb938f184 admin admin] Attempting to reserve 4 items for resource security_group_rule. Total usage: 0; quota limit: 100; headroom:100 {{(pid=98443) make_reservation /opt/stack/neutron/neutron/db/quota/driver.py:246}}
May 31 11:42:48.358583 dv-cinder-786383-7-smb neutron-server[98442]: DEBUG neutron_lib.callbacks.manager [req-44338c19-a16e-4540-9eff-63708f32853c req-2f4143e8-32dd-4863-8ff3-9f4aec8b7fa4 tempest-AttachVolumeNegativeTest-768327910 tempest-AttachVolumeNegativeTest-768327910-project] Notify callbacks [] for port, precommit_create {{(pid=98442) _notify_loop /usr/local/lib/python3.8/dist-packages/neutron_lib/callbacks/manager.py:192}}
May 31 11:42:48.391782 dv-cinder-786383-7-smb neutron-server[98442]: DEBUG neutron.db.quota.driver [None req-285f4404-d74f-4e4a-9092-c9f5fdb56f9e admin admin] Resources subnetpool have unlimited quota limit. It is not required to calculate headroom {{(pid=98442) make_reservation /opt/stack/neutron/neutron/db/quota/driver.py:219}}
May 31 11:42:48.398107 dv-cinder-786383-7-smb neutron-server[98442]: DEBUG neutron.quota.resource [None req-285f4404-d74f-4e4a-9092-c9f5fdb56f9e admin admin] Usage tracker for resource:security_group_rule and tenant:4b610d70b3c04002909027a7d1ecbd58 is out of sync, need to count used quota {{(pid=98442) count_used /opt/stack/neutron/neutron/quota/resource.py:270}}
May 31 11:42:48.402190 dv-cinder-786383-7-smb neutron-server[98442]: DEBUG neutron.quota.resource [None req-285f4404-d74f-4e4a-9092-c9f5fdb56f9e admin admin] Quota usage for security_group_rule was recalculated. Used quota:0. {{(pid=98442) count_used /opt/stack/neutron/neutron/quota/resource.py:290}}
May 31 11:42:48.410386 dv-cinder-786383-7-smb neutron-server[98442]: DEBUG neutron.db.quota.driver [None req-285f4404-d74f-4e4a-9092-c9f5fdb56f9e admin admin] Attempting to reserve 4 items for resource security_group_rule. Total usage: 0; quota limit: 100; headroom:100 {{(pid=98442) make_reservation /opt/stack/neutron/neutron/db/quota/driver.py:246}}
May 31 11:42:48.471192 dv-cinder-786383-7-smb neutron-server[98442]: DEBUG neutron_lib.callbacks.manager [req-44338c19-a16e-4540-9eff-63708f32853c req-2f4143e8-32dd-4863-8ff3-9f4aec8b7fa4 tempest-AttachVolumeNegativeTest-768327910 tempest-AttachVolumeNegativeTest-768327910-project] Notify callbacks ['neutron.plugins.ml2.plugin.SecurityGroupServerNotifierRpcMixin.notify_sg_on_port_change-574707', 'neutron.plugins.ml2.ovo_rpc._ObjectChangeHandler.handle_event-91469', 'neutron.api.rpc.agentnotifiers.dhcp_rpc_agent_api.DhcpAgentNotifyAPI._native_event_send_dhcp_notification-7927531', 'neutron.db.l3_dvrscheduler_db._notify_l3_agent_new_port-8781593114058', 'neutron.services.segments.plugin.NovaSegmentNotifier._notify_port_created_or_deleted-6713643'] for port, after_create {{(pid=98442) _notify_loop /usr/local/lib/python3.8/dist-packages/neutron_lib/callbacks/manager.py:192}}
May 31 11:42:48.492008 dv-cinder-786383-7-smb neutron-server[98442]: DEBUG oslo_concurrency.lockutils [-] Lock "event-dispatch" acquired by "neutron.plugins.ml2.ovo_rpc._ObjectChangeHandler.dispatch_events" :: waited 0.000s {{(pid=98442) inner /usr/local/lib/python3.8/dist-packages/oslo_concurrency/lockutils.py:355}}
May 31 11:42:48.493407 dv-cinder-786383-7-smb neutron-server[98443]: DEBUG neutron_lib.callbacks.manager [None req-7aad8838-d821-4a76-87fa-939bb938f184 admin admin] Notify callbacks [] for security_group, precommit_create {{(pid=98443) _notify_loop /usr/local/lib/python3.8/dist-packages/neutron_lib/callbacks/manager.py:192}}
May 31 11:42:48.498716 dv-cinder-786383-7-smb neutron-server[98443]: DEBUG neutron_lib.callbacks.manager [None req-7aad8838-d821-4a76-87fa-939bb938f184 admin admin] Notify callbacks ['neutron.plugins.ml2.ovo_rpc._ObjectChangeHandler.handle_event-8325990'] for security_group, after_create {{(pid=98443) _notify_loop /usr/local/lib/python3.8/dist-packages/neutron_lib/callbacks/manager.py:192}}
May 31 11:42:48.510095 dv-cinder-786383-7-smb neutron-server[98443]: DEBUG oslo_concurrency.lockutils [None req-0a951474-5bfb-4951-a1af-04dbbdefa7ec admin admin] Lock "event-dispatch" acquired by "neutron.plugins.ml2.ovo_rpc._ObjectChangeHandler.dispatch_events" :: waited 0.000s {{(pid=98443) inner /usr/local/lib/python3.8/dist-packages/oslo_concurrency/lockutils.py:355}}
May 31 11:42:48.516991 dv-cinder-786383-7-smb neutron-server[98444]: DEBUG neutron.plugins.ml2.db [None req-90f1bdd8-bc56-4738-9656-9dec7631503c None None] get_ports_and_sgs() called for port_ids ['2e2c23ae-b00e-4a48-81a0-8bc201ba1436', 'f8cd1729-c99a-487a-a6b6-b528b9d6d0bc'] {{(pid=98444) get_ports_and_sgs /opt/stack/neutron/neutron/plugins/ml2/db.py:164}}
May 31 11:42:48.563196 dv-cinder-786383-7-smb neutron-server[98442]: DEBUG neutron.scheduler.dhcp_agent_scheduler [req-44338c19-a16e-4540-9eff-63708f32853c req-2f4143e8-32dd-4863-8ff3-9f4aec8b7fa4 tempest-AttachVolumeNegativeTest-768327910 tempest-AttachVolumeNegativeTest-768327910-project] Network 79d8a26c-dd66-4347-ae65-e9e905a4c881 is already hosted by enough agents. {{(pid=98442) _get_dhcp_agents_hosting_network /opt/stack/neutron/neutron/scheduler/dhcp_agent_scheduler.py:275}}
May 31 11:42:48.565941 dv-cinder-786383-7-smb neutron-server[98443]: INFO neutron.wsgi [None req-7aad8838-d821-4a76-87fa-939bb938f184 admin admin] 10.222.0.21 "GET /v2.0/security-groups?tenant_id=806183343fd14c1fabd8b34c6c4f2a5e&name=default HTTP/1.1" status: 200 len: 2979 time: 0.4102879
May 31 11:42:48.567093 dv-cinder-786383-7-smb neutron-server[98443]: DEBUG neutron.api.rpc.handlers.resources_rpc [None req-7aad8838-d821-4a76-87fa-939bb938f184 admin admin] Pushing event updated for resources: {'SecurityGroup': ['ID=9f5ea435-6f85-4145-86d5-8f27dc93dddc,revision_number=1']} {{(pid=98443) push /opt/stack/neutron/neutron/api/rpc/handlers/resources_rpc.py:237}}
May 31 11:42:48.575083 dv-cinder-786383-7-smb neutron-server[98442]: DEBUG neutron.scheduler.base_scheduler [req-44338c19-a16e-4540-9eff-63708f32853c req-2f4143e8-32dd-4863-8ff3-9f4aec8b7fa4 tempest-AttachVolumeNegativeTest-768327910 tempest-AttachVolumeNegativeTest-768327910-project] Resources bound (agent type, host, resource id): {{(pid=98442) schedule /opt/stack/neutron/neutron/scheduler/base_scheduler.py:57}}
May 31 11:42:48.586471 dv-cinder-786383-7-smb neutron-server[98443]: DEBUG neutron.wsgi [-] (98443) accepted ('10.222.0.21', 58540) {{(pid=98443) server /usr/local/lib/python3.8/dist-packages/eventlet/wsgi.py:992}}
May 31 11:42:48.594312 dv-cinder-786383-7-smb neutron-server[98443]: DEBUG oslo_concurrency.lockutils [None req-7aad8838-d821-4a76-87fa-939bb938f184 admin admin] Lock "event-dispatch" released by "neutron.plugins.ml2.ovo_rpc._ObjectChangeHandler.dispatch_events" :: held 0.084s {{(pid=98443) inner /usr/local/lib/python3.8/dist-packages/oslo_concurrency/lockutils.py:367}}
May 31 11:42:48.598058 dv-cinder-786383-7-smb neutron-server[98442]: DEBUG neutron.db.l3_dvrscheduler_db [req-44338c19-a16e-4540-9eff-63708f32853c req-2f4143e8-32dd-4863-8ff3-9f4aec8b7fa4 tempest-AttachVolumeNegativeTest-768327910 tempest-AttachVolumeNegativeTest-768327910-project] Received port after_create {{(pid=98442) _notify_l3_agent_new_port /opt/stack/neutron/neutron/db/l3_dvrscheduler_db.py:537}}
May 31 11:42:48.687390 dv-cinder-786383-7-smb neutron-server[98443]: DEBUG neutron_lib.callbacks.manager [None req-e75c8035-425c-4c33-8dd5-5b64e63b0631 admin admin] Notify callbacks [] for security_group, before_delete {{(pid=98443) _notify_loop /usr/local/lib/python3.8/dist-packages/neutron_lib/callbacks/manager.py:192}}
May 31 11:42:48.687692 dv-cinder-786383-7-smb neutron-server[98442]: DEBUG neutron.pecan_wsgi.hooks.policy_enforcement [req-44338c19-a16e-4540-9eff-63708f32853c req-2f4143e8-32dd-4863-8ff3-9f4aec8b7fa4 tempest-AttachVolumeNegativeTest-768327910 tempest-AttachVolumeNegativeTest-768327910-project] Attributes excluded by policy engine: ['standard_attr_id', 'binding:profile', 'binding:host_id', 'binding:vif_type', 'binding:vif_details', 'network'] {{(pid=98442) _exclude_attributes_by_policy /opt/stack/neutron/neutron/pecan_wsgi/hooks/policy_enforcement.py:255}}
May 31 11:42:48.688330 dv-cinder-786383-7-smb neutron-server[98442]: DEBUG neutron_lib.callbacks.manager [req-44338c19-a16e-4540-9eff-63708f32853c req-2f4143e8-32dd-4863-8ff3-9f4aec8b7fa4 tempest-AttachVolumeNegativeTest-768327910 tempest-AttachVolumeNegativeTest-768327910-project] Notify callbacks ['neutron.notifiers.nova.Notifier._send_nova_notification-523773', 'neutron.api.rpc.agentnotifiers.dhcp_rpc_agent_api.DhcpAgentNotifyAPI._send_dhcp_notification-7927509'] for port, before_response {{(pid=98442) _notify_loop /usr/local/lib/python3.8/dist-packages/neutron_lib/callbacks/manager.py:192}}
May 31 11:42:48.726786 dv-cinder-786383-7-smb neutron-server[98443]: DEBUG neutron_lib.callbacks.manager [None req-e75c8035-425c-4c33-8dd5-5b64e63b0631 admin admin] Notify callbacks [] for security_group, precommit_delete {{(pid=98443) _notify_loop /usr/local/lib/python3.8/dist-packages/neutron_lib/callbacks/manager.py:192}}
May 31 11:42:48.776843 dv-cinder-786383-7-smb neutron-server[98442]: DEBUG neutron.api.rpc.handlers.resources_rpc [None req-2f4143e8-32dd-4863-8ff3-9f4aec8b7fa4 tempest-AttachVolumeNegativeTest-768327910 tempest-AttachVolumeNegativeTest-768327910-project] Pushing event updated for resources: {'Port': ['ID=cea46e23-b007-43a3-9ba5-a6601d7cbe26,revision_number=1']} {{(pid=98442) push /opt/stack/neutron/neutron/api/rpc/handlers/resources_rpc.py:237}}
May 31 11:42:48.783572 dv-cinder-786383-7-smb neutron-server[98442]: DEBUG oslo_concurrency.lockutils [None req-2f4143e8-32dd-4863-8ff3-9f4aec8b7fa4 tempest-AttachVolumeNegativeTest-768327910 tempest-AttachVolumeNegativeTest-768327910-project] Lock "event-dispatch" released by "neutron.plugins.ml2.ovo_rpc._ObjectChangeHandler.dispatch_events" :: held 0.292s {{(pid=98442) inner /usr/local/lib/python3.8/dist-packages/oslo_concurrency/lockutils.py:367}}
May 31 11:42:48.802316 dv-cinder-786383-7-smb neutron-server[98443]: DEBUG neutron_lib.callbacks.manager [None req-e75c8035-425c-4c33-8dd5-5b64e63b0631 admin admin] Notify callbacks ['neutron.plugins.ml2.ovo_rpc._ObjectChangeHandler.handle_event-8325990'] for security_group, after_delete {{(pid=98443) _notify_loop /usr/local/lib/python3.8/dist-packages/neutron_lib/callbacks/manager.py:192}}
May 31 11:42:48.811713 dv-cinder-786383-7-smb neutron-server[98443]: DEBUG oslo_concurrency.lockutils [None req-7aad8838-d821-4a76-87fa-939bb938f184 admin admin] Lock "event-dispatch" acquired by "neutron.plugins.ml2.ovo_rpc._ObjectChangeHandler.dispatch_events" :: waited 0.000s {{(pid=98443) inner /usr/local/lib/python3.8/dist-packages/oslo_concurrency/lockutils.py:355}}
May 31 11:42:48.823036 dv-cinder-786383-7-smb neutron-server[98442]: DEBUG neutron_lib.callbacks.manager [None req-285f4404-d74f-4e4a-9092-c9f5fdb56f9e admin admin] Notify callbacks [] for security_group, precommit_create {{(pid=98442) _notify_loop /usr/local/lib/python3.8/dist-packages/neutron_lib/callbacks/manager.py:192}}
May 31 11:42:48.830845 dv-cinder-786383-7-smb neutron-server[98443]: DEBUG neutron.api.rpc.handlers.resources_rpc [None req-e75c8035-425c-4c33-8dd5-5b64e63b0631 admin admin] Pushing event deleted for resources: {'SecurityGroup': ['ID=9f5ea435-6f85-4145-86d5-8f27dc93dddc,revision_number=None']} {{(pid=98443) push /opt/stack/neutron/neutron/api/rpc/handlers/resources_rpc.py:237}}
May 31 11:42:48.831260 dv-cinder-786383-7-smb neutron-server[98442]: DEBUG neutron_lib.callbacks.manager [None req-285f4404-d74f-4e4a-9092-c9f5fdb56f9e admin admin] Notify callbacks ['neutron.plugins.ml2.ovo_rpc._ObjectChangeHandler.handle_event-8325990'] for security_group, after_create {{(pid=98442) _notify_loop /usr/local/lib/python3.8/dist-packages/neutron_lib/callbacks/manager.py:192}}
May 31 11:42:48.837836 dv-cinder-786383-7-smb neutron-server[98443]: DEBUG oslo_concurrency.lockutils [None req-e75c8035-425c-4c33-8dd5-5b64e63b0631 admin admin] Lock "event-dispatch" released by "neutron.plugins.ml2.ovo_rpc._ObjectChangeHandler.dispatch_events" :: held 0.026s {{(pid=98443) inner /usr/local/lib/python3.8/dist-packages/oslo_concurrency/lockutils.py:367}}
May 31 11:42:48.843747 dv-cinder-786383-7-smb neutron-server[98443]: DEBUG neutron_lib.callbacks.manager [None req-e75c8035-425c-4c33-8dd5-5b64e63b0631 admin admin] Notify callbacks [] for security_group, before_response {{(pid=98443) _notify_loop /usr/local/lib/python3.8/dist-packages/neutron_lib/callbacks/manager.py:192}}
May 31 11:42:48.845272 dv-cinder-786383-7-smb neutron-server[98443]: INFO neutron.wsgi [None req-e75c8035-425c-4c33-8dd5-5b64e63b0631 admin admin] 10.222.0.21 "DELETE /v2.0/security-groups/9f5ea435-6f85-4145-86d5-8f27dc93dddc HTTP/1.1" status: 204 len: 168 time: 0.2566416
May 31 11:42:48.886357 dv-cinder-786383-7-smb neutron-server[98442]: DEBUG oslo_concurrency.lockutils [None req-c7f76f16-5990-4213-8d14-c4322bcf6ad0 admin admin] Lock "event-dispatch" acquired by "neutron.plugins.ml2.ovo_rpc._ObjectChangeHandler.dispatch_events" :: waited 0.000s {{(pid=98442) inner /usr/local/lib/python3.8/dist-packages/oslo_concurrency/lockutils.py:355}}
May 31 11:42:48.900949 dv-cinder-786383-7-smb neutron-server[98442]: INFO neutron.wsgi [None req-285f4404-d74f-4e4a-9092-c9f5fdb56f9e admin admin] 10.222.0.21 "GET /v2.0/security-groups?tenant_id=4b610d70b3c04002909027a7d1ecbd58&name=default HTTP/1.1" status: 200 len: 2979 time: 1.0569177
