Jun 06 11:51:33.248210 dv-cinder-786266-2-iscsi devstack@c-api.service[98529]: DEBUG cinder.db.sqlalchemy.api [None req-f259a6ca-1b84-49c0-bfc3-0d83c25a8edb tempest-QosSpecsTestJSON-1134249808 tempest-QosSpecsTestJSON-1134249808-project-admin] DB qos_specs_create(): root {'id': '62f49ad9-f345-4bd9-ade1-5dd77357e4b7', 'key': 'QoS_Specs_Name', 'value': 'tempest-QosSpecsTestJSON-QoS-1077353432'} {{(pid=98529) qos_specs_create /opt/stack/cinder/cinder/db/sqlalchemy/api.py:4604}}
Jun 06 11:51:33.268349 dv-cinder-786266-2-iscsi devstack@c-api.service[98529]: INFO cinder.api.openstack.wsgi [None req-f259a6ca-1b84-49c0-bfc3-0d83c25a8edb tempest-QosSpecsTestJSON-1134249808 tempest-QosSpecsTestJSON-1134249808-project-admin] http://10.222.0.23/volume/v3/07da203b313e4642a6dbaf173d21dbb3/qos-specs returned with HTTP 200
Jun 06 11:51:33.275148 dv-cinder-786266-2-iscsi devstack@c-api.service[98529]: [pid: 98529|app: 0|req: 5/9] 10.222.0.23 () {60 vars in 1242 bytes} [Sun Jun 6 11:51:33 2021] POST /volume/v3/07da203b313e4642a6dbaf173d21dbb3/qos-specs => generated 459 bytes in 99 msecs (HTTP/1.1 200) 7 headers in 285 bytes (1 switches on core 0)
Jun 06 11:51:33.275880 dv-cinder-786266-2-iscsi devstack@c-api.service[98529]: INFO cinder.api.openstack.wsgi [None req-71d16bad-5043-4dc7-a0a4-ebb70fde69c4 tempest-GroupSnapshotsTest-866525854 tempest-GroupSnapshotsTest-866525854-project-admin] POST http://10.222.0.23/volume/v3/f413c531c7894a5ea51f9dc312ee76e3/group_types
Jun 06 11:51:33.276927 dv-cinder-786266-2-iscsi devstack@c-api.service[98529]: /usr/local/lib/python3.8/dist-packages/webob/acceptparse.py:1047: DeprecationWarning: The behavior of AcceptValidHeader.best_match is currently being maintained for backward compatibility, but it will be deprecated in the future, as it does not conform to the RFC.
Jun 06 11:51:33.276927 dv-cinder-786266-2-iscsi devstack@c-api.service[98529]: warnings.warn(
Jun 06 11:51:33.277204 dv-cinder-786266-2-iscsi devstack@c-api.service[98529]: DEBUG cinder.api.openstack.wsgi [None req-71d16bad-5043-4dc7-a0a4-ebb70fde69c4 tempest-GroupSnapshotsTest-866525854 tempest-GroupSnapshotsTest-866525854-project-admin] Action: 'create', calling method: version_select, body: {"group_type": {"name": "tempest-GroupSnapshotsTest-group-type-42158931"}} {{(pid=98529) _process_stack /opt/stack/cinder/cinder/api/openstack/wsgi.py:864}}
Jun 06 11:51:33.279072 dv-cinder-786266-2-iscsi devstack@c-api.service[98529]: /usr/local/lib/python3.8/dist-packages/oslo_context/context.py:105: DeprecationWarning: Policy enforcement is depending on the value of is_admin. This key is deprecated. Please update your policy file to use the standard policy values.
Jun 06 11:51:33.279072 dv-cinder-786266-2-iscsi devstack@c-api.service[98529]: warnings.warn('Policy enforcement is depending on the value of '
Jun 06 11:51:33.312702 dv-cinder-786266-2-iscsi devstack@c-api.service[98528]: DEBUG cinder.volume.api [req-e1e01625-10d0-44ac-9865-a8d99f6c45fa req-9dc2737c-b53e-47a0-b0f1-915b205d37c7 tempest-VolumesGetTestJSON-763995345 tempest-VolumesGetTestJSON-763995345-project] Task 'cinder.volume.flows.api.create_volume.ExtractVolumeRequestTask;volume:create' (a24583ce-dcba-4499-94e5-9cb68cb51fd3) transitioned into state 'SUCCESS' from state 'RUNNING' with result '{'size': 1, 'snapshot_id': None, 'source_volid': None, 'volume_type': VolumeType(created_at=2021-06-06T11:42:33Z,deleted=False,deleted_at=None,description='Default Volume Type',extra_specs={},id=080f37a7-a08f-4e12-86d4-f03acee278a1,is_public=True,name='__DEFAULT__',projects=[],qos_specs=,qos_specs_id=None,updated_at=2021-06-06T11:42:33Z), 'volume_type_id': '080f37a7-a08f-4e12-86d4-f03acee278a1', 'encryption_key_id': None, 'qos_specs': None, 'consistencygroup_id': None, 'cgsnapshot_id': None, 'group_id': None, 'replication_status': 'disabled', 'refresh_az': False, 'backup_id': None, 'multiattach': False, 'availability_zones': ['nova']}' {{(pid=98528) _task_receiver /usr/local/lib/python3.8/dist-packages/taskflow/listeners/logging.py:178}}
Jun 06 11:51:33.328346 dv-cinder-786266-2-iscsi devstack@c-api.service[98528]: DEBUG cinder.volume.api [req-e1e01625-10d0-44ac-9865-a8d99f6c45fa req-9dc2737c-b53e-47a0-b0f1-915b205d37c7 tempest-VolumesGetTestJSON-763995345 tempest-VolumesGetTestJSON-763995345-project] Task 'cinder.volume.flows.api.create_volume.QuotaReserveTask;volume:create' (ccd7d84c-6186-455c-9b2b-c74b1df0d8d1) transitioned into state 'RUNNING' from state 'PENDING' {{(pid=98528) _task_receiver /usr/local/lib/python3.8/dist-packages/taskflow/listeners/logging.py:190}}
Jun 06 11:51:33.380124 dv-cinder-786266-2-iscsi devstack@c-api.service[98529]: INFO cinder.api.openstack.wsgi [None req-71d16bad-5043-4dc7-a0a4-ebb70fde69c4 tempest-GroupSnapshotsTest-866525854 tempest-GroupSnapshotsTest-866525854-project-admin] http://10.222.0.23/volume/v3/f413c531c7894a5ea51f9dc312ee76e3/group_types returned with HTTP 202
Jun 06 11:51:33.382628 dv-cinder-786266-2-iscsi devstack@c-api.service[98529]: [pid: 98529|app: 0|req: 6/10] 10.222.0.23 () {62 vars in 1288 bytes} [Sun Jun 6 11:51:33 2021] POST /volume/v3/f413c531c7894a5ea51f9dc312ee76e3/group_types => generated 179 bytes in 112 msecs (HTTP/1.1 202) 7 headers in 292 bytes (1 switches on core 0)
Jun 06 11:51:33.383206 dv-cinder-786266-2-iscsi devstack@c-api.service[98528]: WARNING cinder.quota [req-e1e01625-10d0-44ac-9865-a8d99f6c45fa req-9dc2737c-b53e-47a0-b0f1-915b205d37c7 tempest-VolumesGetTestJSON-763995345 tempest-VolumesGetTestJSON-763995345-project] Deprecated: Default quota for resource: volumes___DEFAULT__ is set by the default quota flag: quota_volumes___DEFAULT__, it is now deprecated. Please use the default quota class for default quota.
Jun 06 11:51:33.384274 dv-cinder-786266-2-iscsi devstack@c-api.service[98528]: WARNING cinder.quota [req-e1e01625-10d0-44ac-9865-a8d99f6c45fa req-9dc2737c-b53e-47a0-b0f1-915b205d37c7 tempest-VolumesGetTestJSON-763995345 tempest-VolumesGetTestJSON-763995345-project] Deprecated: Default quota for resource: gigabytes___DEFAULT__ is set by the default quota flag: quota_gigabytes___DEFAULT__, it is now deprecated. Please use the default quota class for default quota.
Jun 06 11:51:33.408942 dv-cinder-786266-2-iscsi devstack@c-api.service[98529]: INFO cinder.api.openstack.wsgi [None req-e80fc04b-7775-40eb-8bef-97aa5855f13f tempest-QosSpecsTestJSON-1134249808 tempest-QosSpecsTestJSON-1134249808-project-admin] POST http://10.222.0.23/volume/v3/07da203b313e4642a6dbaf173d21dbb3/types
Jun 06 11:51:33.410871 dv-cinder-786266-2-iscsi devstack@c-api.service[98529]: DEBUG cinder.api.openstack.wsgi [None req-e80fc04b-7775-40eb-8bef-97aa5855f13f tempest-QosSpecsTestJSON-1134249808 tempest-QosSpecsTestJSON-1134249808-project-admin] Action: 'create', calling method: _create, body: {"volume_type": {"name": "tempest-QosSpecsTestJSON-volume-type-231629722"}} {{(pid=98529) _process_stack /opt/stack/cinder/cinder/api/openstack/wsgi.py:864}}
Jun 06 11:51:33.469054 dv-cinder-786266-2-iscsi devstack@c-api.service[98529]: INFO cinder.api.openstack.wsgi [None req-e80fc04b-7775-40eb-8bef-97aa5855f13f tempest-QosSpecsTestJSON-1134249808 tempest-QosSpecsTestJSON-1134249808-project-admin] http://10.222.0.23/volume/v3/07da203b313e4642a6dbaf173d21dbb3/types returned with HTTP 200
Jun 06 11:51:33.470534 dv-cinder-786266-2-iscsi devstack@c-api.service[98529]: [pid: 98529|app: 0|req: 7/11] 10.222.0.23 () {60 vars in 1229 bytes} [Sun Jun 6 11:51:33 2021] POST /volume/v3/07da203b313e4642a6dbaf173d21dbb3/types => generated 221 bytes in 76 msecs (HTTP/1.1 200) 7 headers in 285 bytes (1 switches on core 0)
Jun 06 11:51:33.490658 dv-cinder-786266-2-iscsi devstack@c-api.service[98528]: DEBUG cinder.quota [req-e1e01625-10d0-44ac-9865-a8d99f6c45fa req-9dc2737c-b53e-47a0-b0f1-915b205d37c7 tempest-VolumesGetTestJSON-763995345 tempest-VolumesGetTestJSON-763995345-project] Created reservations ['9b0ffd89-600c-4ff4-98c8-9b4690a0c986', 'ffbf6e42-c721-428a-bc3f-24dd87d963c0', '0bf0a24f-f418-48bd-9bf9-6052cc411051', 'c2f7c4c3-3df7-451a-b056-27a10a43ad40'] {{(pid=98528) reserve /opt/stack/cinder/cinder/quota.py:755}}
Jun 06 11:51:33.493559 dv-cinder-786266-2-iscsi devstack@c-api.service[98528]: DEBUG cinder.volume.api [req-e1e01625-10d0-44ac-9865-a8d99f6c45fa req-9dc2737c-b53e-47a0-b0f1-915b205d37c7 tempest-VolumesGetTestJSON-763995345 tempest-VolumesGetTestJSON-763995345-project] Task 'cinder.volume.flows.api.create_volume.QuotaReserveTask;volume:create' (ccd7d84c-6186-455c-9b2b-c74b1df0d8d1) transitioned into state 'SUCCESS' from state 'RUNNING' with result '{'reservations': ['9b0ffd89-600c-4ff4-98c8-9b4690a0c986', 'ffbf6e42-c721-428a-bc3f-24dd87d963c0', '0bf0a24f-f418-48bd-9bf9-6052cc411051', 'c2f7c4c3-3df7-451a-b056-27a10a43ad40']}' {{(pid=98528) _task_receiver /usr/local/lib/python3.8/dist-packages/taskflow/listeners/logging.py:178}}
Jun 06 11:51:33.497411 dv-cinder-786266-2-iscsi devstack@c-api.service[98528]: DEBUG cinder.volume.api [req-e1e01625-10d0-44ac-9865-a8d99f6c45fa req-9dc2737c-b53e-47a0-b0f1-915b205d37c7 tempest-VolumesGetTestJSON-763995345 tempest-VolumesGetTestJSON-763995345-project] Task 'cinder.volume.flows.api.create_volume.EntryCreateTask;volume:create' (4519ce80-5146-4e8c-8302-99b7defa8df5) transitioned into state 'RUNNING' from state 'PENDING' {{(pid=98528) _task_receiver /usr/local/lib/python3.8/dist-packages/taskflow/listeners/logging.py:190}}
Jun 06 11:51:33.599077 dv-cinder-786266-2-iscsi devstack@c-api.service[98528]: DEBUG cinder.volume.api [req-e1e01625-10d0-44ac-9865-a8d99f6c45fa req-9dc2737c-b53e-47a0-b0f1-915b205d37c7 tempest-VolumesGetTestJSON-763995345 tempest-VolumesGetTestJSON-763995345-project] Task 'cinder.volume.flows.api.create_volume.EntryCreateTask;volume:create' (4519ce80-5146-4e8c-8302-99b7defa8df5) transitioned into state 'SUCCESS' from state 'RUNNING' with result '{'volume_id': '59409dc8-868d-47ad-8fa7-7b7c3313cb02', 'volume_properties': VolumeProperties(attach_status='detached',availability_zone='nova',cgsnapshot_id=None,consistencygroup_id=None,display_description=None,display_name='tempest-VolumesGetTestJSON-Volume-1476649692',encryption_key_id=None,group_id=None,group_type_id=,metadata={Type='work'},multiattach=False,project_id='9411d775ab39461390a914a0bc42f552',qos_specs=None,replication_status=,reservations=['9b0ffd89-600c-4ff4-98c8-9b4690a0c986','ffbf6e42-c721-428a-bc3f-24dd87d963c0','0bf0a24f-f418-48bd-9bf9-6052cc411051','c2f7c4c3-3df7-451a-b056-27a10a43ad40'],size=1,snapshot_id=None,source_replicaid=,source_volid=None,status='creating',user_id='f2813564b9f942de97b6ca43dfa0fb5b',volume_type_id=080f37a7-a08f-4e12-86d4-f03acee278a1), 'volume': Volume(_name_id=None,admin_metadata=,attach_status='detached',availability_zone='nova',bootable=False,cluster=,cluster_name=None,consistencygroup=,consistencygroup_id=None,created_at=2021-06-06T11:51:33Z,deleted=False,deleted_at=None,display_description=None,display_name='tempest-VolumesGetTestJSON-Volume-1476649692',ec2_id=None,encryption_key_id=None,glance_metadata=,group=,group_id=None,host=None,id=59409dc8-868d-47ad-8fa7-7b7c3313cb02,launched_at=None,metadata={Type='work'},migration_status=None,multiattach=False,previous_status=None,project_id='9411d775ab39461390a914a0bc42f552',provider_auth=None,provider_geometry=None,provider_id=None,provider_location=None,replication_driver_data=None,replication_extended_status=None,replication_status=None,scheduled_at=None,service_uuid=None,shared_targets=True,size=1,snapshot_id=None,snapshots=,source_volid=None,status='creating',terminated_at=None,updated_at=None,user_id='f2813564b9f942de97b6ca43dfa0fb5b',volume_attachment=,volume_type=VolumeType(080f37a7-a08f-4e12-86d4-f03acee278a1),volume_type_id=080f37a7-a08f-4e12-86d4-f03acee278a1)}' {{(pid=98528) _task_receiver /usr/local/lib/python3.8/dist-packages/taskflow/listeners/logging.py:178}}
Jun 06 11:51:33.601011 dv-cinder-786266-2-iscsi devstack@c-api.service[98528]: DEBUG cinder.volume.api [req-e1e01625-10d0-44ac-9865-a8d99f6c45fa req-9dc2737c-b53e-47a0-b0f1-915b205d37c7 tempest-VolumesGetTestJSON-763995345 tempest-VolumesGetTestJSON-763995345-project] Task 'cinder.volume.flows.api.create_volume.QuotaCommitTask;volume:create' (a9fa8f5a-5e8b-47e1-96c1-15200404d5b6) transitioned into state 'RUNNING' from state 'PENDING' {{(pid=98528) _task_receiver /usr/local/lib/python3.8/dist-packages/taskflow/listeners/logging.py:190}}
Jun 06 11:51:33.642172 dv-cinder-786266-2-iscsi devstack@c-api.service[98528]: DEBUG cinder.volume.api [req-e1e01625-10d0-44ac-9865-a8d99f6c45fa req-9dc2737c-b53e-47a0-b0f1-915b205d37c7 tempest-VolumesGetTestJSON-763995345 tempest-VolumesGetTestJSON-763995345-project] Task 'cinder.volume.flows.api.create_volume.QuotaCommitTask;volume:create' (a9fa8f5a-5e8b-47e1-96c1-15200404d5b6) transitioned into state 'SUCCESS' from state 'RUNNING' with result '{'volume_properties': VolumeProperties(attach_status='detached',availability_zone='nova',cgsnapshot_id=None,consistencygroup_id=None,display_description=None,display_name='tempest-VolumesGetTestJSON-Volume-1476649692',encryption_key_id=None,group_id=None,group_type_id=,metadata={Type='work'},multiattach=False,project_id='9411d775ab39461390a914a0bc42f552',qos_specs=None,replication_status=,reservations=['9b0ffd89-600c-4ff4-98c8-9b4690a0c986','ffbf6e42-c721-428a-bc3f-24dd87d963c0','0bf0a24f-f418-48bd-9bf9-6052cc411051','c2f7c4c3-3df7-451a-b056-27a10a43ad40'],size=1,snapshot_id=None,source_replicaid=,source_volid=None,status='creating',user_id='f2813564b9f942de97b6ca43dfa0fb5b',volume_type_id=080f37a7-a08f-4e12-86d4-f03acee278a1)}' {{(pid=98528) _task_receiver /usr/local/lib/python3.8/dist-packages/taskflow/listeners/logging.py:178}}
Jun 06 11:51:33.645606 dv-cinder-786266-2-iscsi devstack@c-api.service[98528]: DEBUG cinder.volume.api [req-e1e01625-10d0-44ac-9865-a8d99f6c45fa req-9dc2737c-b53e-47a0-b0f1-915b205d37c7 tempest-VolumesGetTestJSON-763995345 tempest-VolumesGetTestJSON-763995345-project] Task 'cinder.volume.flows.api.create_volume.VolumeCastTask;volume:create' (a046ccfa-305f-4415-a5de-ea82cf2a5fe5) transitioned into state 'RUNNING' from state 'PENDING' {{(pid=98528) _task_receiver /usr/local/lib/python3.8/dist-packages/taskflow/listeners/logging.py:190}}
Jun 06 11:51:33.705934 dv-cinder-786266-2-iscsi devstack@c-api.service[98529]: INFO cinder.api.openstack.wsgi [None req-0bdbae9a-e9db-40a4-85e7-59bdfeb02b93 tempest-GroupSnapshotsTest-1617289069 tempest-GroupSnapshotsTest-1617289069-project] POST http://10.222.0.23/volume/v3/1a768821bcfc459aa0c83455b1f584fd/groups
Jun 06 11:51:33.706846 dv-cinder-786266-2-iscsi devstack@c-api.service[98529]: DEBUG cinder.api.openstack.wsgi [None req-0bdbae9a-e9db-40a4-85e7-59bdfeb02b93 tempest-GroupSnapshotsTest-1617289069 tempest-GroupSnapshotsTest-1617289069-project] Action: 'create', calling method: version_select, body: {"group": {"group_type": "d5687063-832a-4664-8821-d5ea347d2bba", "volume_types": ["3075a74c-ac0b-4858-8f26-68895316fe29"], "name": "tempest-GroupSnapshotsTest-Group-1439208310"}} {{(pid=98529) _process_stack /opt/stack/cinder/cinder/api/openstack/wsgi.py:864}}
Jun 06 11:51:33.707671 dv-cinder-786266-2-iscsi devstack@c-api.service[98529]: DEBUG cinder.api.v3.groups [None req-0bdbae9a-e9db-40a4-85e7-59bdfeb02b93 tempest-GroupSnapshotsTest-1617289069 tempest-GroupSnapshotsTest-1617289069-project] Creating new group {'group': {'group_type': 'd5687063-832a-4664-8821-d5ea347d2bba', 'volume_types': ['3075a74c-ac0b-4858-8f26-68895316fe29'], 'name': 'tempest-GroupSnapshotsTest-Group-1439208310'}} {{(pid=98529) create /opt/stack/cinder/cinder/api/v3/groups.py:190}}
Jun 06 11:51:33.708335 dv-cinder-786266-2-iscsi devstack@c-api.service[98528]: DEBUG cinder.volume.api [req-e1e01625-10d0-44ac-9865-a8d99f6c45fa req-9dc2737c-b53e-47a0-b0f1-915b205d37c7 tempest-VolumesGetTestJSON-763995345 tempest-VolumesGetTestJSON-763995345-project] Task 'cinder.volume.flows.api.create_volume.VolumeCastTask;volume:create' (a046ccfa-305f-4415-a5de-ea82cf2a5fe5) transitioned into state 'SUCCESS' from state 'RUNNING' with result 'None' {{(pid=98528) _task_receiver /usr/local/lib/python3.8/dist-packages/taskflow/listeners/logging.py:178}}
Jun 06 11:51:33.711281 dv-cinder-786266-2-iscsi devstack@c-api.service[98528]: DEBUG cinder.volume.api [req-e1e01625-10d0-44ac-9865-a8d99f6c45fa req-9dc2737c-b53e-47a0-b0f1-915b205d37c7 tempest-VolumesGetTestJSON-763995345 tempest-VolumesGetTestJSON-763995345-project] Flow 'volume_create_api' (f909235f-1aaf-44ef-a382-3754eec663bf) transitioned into state 'SUCCESS' from state 'RUNNING' {{(pid=98528) _flow_receiver /usr/local/lib/python3.8/dist-packages/taskflow/listeners/logging.py:141}}
Jun 06 11:51:33.712186 dv-cinder-786266-2-iscsi devstack@c-api.service[98528]: INFO cinder.volume.api [req-e1e01625-10d0-44ac-9865-a8d99f6c45fa req-9dc2737c-b53e-47a0-b0f1-915b205d37c7 tempest-VolumesGetTestJSON-763995345 tempest-VolumesGetTestJSON-763995345-project] Create volume request issued successfully.
Jun 06 11:51:33.725601 dv-cinder-786266-2-iscsi devstack@c-api.service[98529]: INFO cinder.api.v3.groups [None req-0bdbae9a-e9db-40a4-85e7-59bdfeb02b93 tempest-GroupSnapshotsTest-1617289069 tempest-GroupSnapshotsTest-1617289069-project] Creating group tempest-GroupSnapshotsTest-Group-1439208310.
Jun 06 11:51:33.761620 dv-cinder-786266-2-iscsi devstack@c-api.service[98528]: INFO cinder.api.openstack.wsgi [req-e1e01625-10d0-44ac-9865-a8d99f6c45fa req-9dc2737c-b53e-47a0-b0f1-915b205d37c7 tempest-VolumesGetTestJSON-763995345 tempest-VolumesGetTestJSON-763995345-project] http://10.222.0.23/volume/v3/9411d775ab39461390a914a0bc42f552/volumes returned with HTTP 202
Jun 06 11:51:33.768720 dv-cinder-786266-2-iscsi devstack@c-api.service[98528]: [pid: 98528|app: 0|req: 5/12] 10.222.0.23 () {64 vars in 1522 bytes} [Sun Jun 6 11:51:32 2021] POST /volume/v3/9411d775ab39461390a914a0bc42f552/volumes => generated 832 bytes in 1098 msecs (HTTP/1.1 202) 7 headers in 291 bytes (1 switches on core 0)
Jun 06 11:51:33.780941 dv-cinder-786266-2-iscsi devstack@c-api.service[98528]: INFO cinder.api.openstack.wsgi [None req-6119066c-a77f-4041-8772-b75e9afd5902 tempest-QosSpecsTestJSON-1134249808 tempest-QosSpecsTestJSON-1134249808-project-admin] POST http://10.222.0.23/volume/v3/07da203b313e4642a6dbaf173d21dbb3/types
Jun 06 11:51:33.783965 dv-cinder-786266-2-iscsi devstack@c-api.service[98528]: /usr/local/lib/python3.8/dist-packages/webob/acceptparse.py:1047: DeprecationWarning: The behavior of AcceptValidHeader.best_match is currently being maintained for backward compatibility, but it will be deprecated in the future, as it does not conform to the RFC.
Jun 06 11:51:33.783965 dv-cinder-786266-2-iscsi devstack@c-api.service[98528]: warnings.warn(
Jun 06 11:51:33.784628 dv-cinder-786266-2-iscsi devstack@c-api.service[98528]: DEBUG cinder.api.openstack.wsgi [None req-6119066c-a77f-4041-8772-b75e9afd5902 tempest-QosSpecsTestJSON-1134249808 tempest-QosSpecsTestJSON-1134249808-project-admin] Action: 'create', calling method: _create, body: {"volume_type": {"name": "tempest-QosSpecsTestJSON-volume-type-578753140"}} {{(pid=98528) _process_stack /opt/stack/cinder/cinder/api/openstack/wsgi.py:864}}
Jun 06 11:51:33.786031 dv-cinder-786266-2-iscsi devstack@c-api.service[98528]: /usr/local/lib/python3.8/dist-packages/oslo_context/context.py:105: DeprecationWarning: Policy enforcement is depending on the value of is_admin. This key is deprecated. Please update your policy file to use the standard policy values.
Jun 06 11:51:33.786031 dv-cinder-786266-2-iscsi devstack@c-api.service[98528]: warnings.warn('Policy enforcement is depending on the value of '
Jun 06 11:51:33.797605 dv-cinder-786266-2-iscsi devstack@c-api.service[98529]: DEBUG cinder.volume.api [None req-0bdbae9a-e9db-40a4-85e7-59bdfeb02b93 tempest-GroupSnapshotsTest-1617289069 tempest-GroupSnapshotsTest-1617289069-project] Availability zone cache updated, next update will occur around 2021-06-06 12:51:33.796578. {{(pid=98529) list_availability_zones /opt/stack/cinder/cinder/volume/api.py:148}}
Jun 06 11:51:33.798009 dv-cinder-786266-2-iscsi devstack@c-api.service[98529]: INFO cinder.volume.api [None req-0bdbae9a-e9db-40a4-85e7-59bdfeb02b93 tempest-GroupSnapshotsTest-1617289069 tempest-GroupSnapshotsTest-1617289069-project] Availability Zones retrieved successfully.
Jun 06 11:51:33.869513 dv-cinder-786266-2-iscsi devstack@c-api.service[98529]: DEBUG cinder.quota [None req-0bdbae9a-e9db-40a4-85e7-59bdfeb02b93 tempest-GroupSnapshotsTest-1617289069 tempest-GroupSnapshotsTest-1617289069-project] Created reservations ['25cc83b1-bf3e-4e87-969e-fc2311b1a09c'] {{(pid=98529) reserve /opt/stack/cinder/cinder/quota.py:755}}
Jun 06 11:51:33.870073 dv-cinder-786266-2-iscsi devstack@c-api.service[98528]: INFO cinder.api.openstack.wsgi [None req-6119066c-a77f-4041-8772-b75e9afd5902 tempest-QosSpecsTestJSON-1134249808 tempest-QosSpecsTestJSON-1134249808-project-admin] http://10.222.0.23/volume/v3/07da203b313e4642a6dbaf173d21dbb3/types returned with HTTP 200
Jun 06 11:51:33.872725 dv-cinder-786266-2-iscsi devstack@c-api.service[98528]: [pid: 98528|app: 0|req: 6/13] 10.222.0.23 () {60 vars in 1229 bytes} [Sun Jun 6 11:51:33 2021] POST /volume/v3/07da203b313e4642a6dbaf173d21dbb3/types => generated 221 bytes in 103 msecs (HTTP/1.1 200) 7 headers in 285 bytes (1 switches on core 0)
Jun 06 11:51:33.884588 dv-cinder-786266-2-iscsi devstack@c-api.service[98528]: INFO cinder.api.openstack.wsgi [req-e1e01625-10d0-44ac-9865-a8d99f6c45fa req-8c85e953-df9a-48d3-8924-546cb41c3fa4 tempest-VolumesGetTestJSON-763995345 tempest-VolumesGetTestJSON-763995345-project] GET http://10.222.0.23/volume/v3/9411d775ab39461390a914a0bc42f552/volumes/59409dc8-868d-47ad-8fa7-7b7c3313cb02
Jun 06 11:51:33.885288 dv-cinder-786266-2-iscsi devstack@c-api.service[98528]: DEBUG cinder.api.openstack.wsgi [req-e1e01625-10d0-44ac-9865-a8d99f6c45fa req-8c85e953-df9a-48d3-8924-546cb41c3fa4 tempest-VolumesGetTestJSON-763995345 tempest-VolumesGetTestJSON-763995345-project] Empty body provided in request {{(pid=98528) get_body /opt/stack/cinder/cinder/api/openstack/wsgi.py:713}}
Jun 06 11:51:33.887533 dv-cinder-786266-2-iscsi devstack@c-api.service[98528]: DEBUG cinder.api.openstack.wsgi [req-e1e01625-10d0-44ac-9865-a8d99f6c45fa req-8c85e953-df9a-48d3-8924-546cb41c3fa4 tempest-VolumesGetTestJSON-763995345 tempest-VolumesGetTestJSON-763995345-project] Calling method 'show' {{(pid=98528) _process_stack /opt/stack/cinder/cinder/api/openstack/wsgi.py:866}}
Jun 06 11:51:33.990167 dv-cinder-786266-2-iscsi devstack@c-api.service[98528]: /usr/local/lib/python3.8/dist-packages/oslo_context/context.py:105: DeprecationWarning: Policy enforcement is depending on the value of is_admin. This key is deprecated. Please update your policy file to use the standard policy values.
Jun 06 11:51:33.990167 dv-cinder-786266-2-iscsi devstack@c-api.service[98528]: warnings.warn('Policy enforcement is depending on the value of '
Jun 06 11:51:34.016165 dv-cinder-786266-2-iscsi devstack@c-api.service[98528]: INFO cinder.volume.api [req-e1e01625-10d0-44ac-9865-a8d99f6c45fa req-8c85e953-df9a-48d3-8924-546cb41c3fa4 tempest-VolumesGetTestJSON-763995345 tempest-VolumesGetTestJSON-763995345-project] Volume info retrieved successfully.
Jun 06 11:51:34.058713 dv-cinder-786266-2-iscsi devstack@c-api.service[98528]: INFO cinder.api.openstack.wsgi [req-e1e01625-10d0-44ac-9865-a8d99f6c45fa req-8c85e953-df9a-48d3-8924-546cb41c3fa4 tempest-VolumesGetTestJSON-763995345 tempest-VolumesGetTestJSON-763995345-project] http://10.222.0.23/volume/v3/9411d775ab39461390a914a0bc42f552/volumes/59409dc8-868d-47ad-8fa7-7b7c3313cb02 returned with HTTP 200
Jun 06 11:51:34.059781 dv-cinder-786266-2-iscsi devstack@c-api.service[98529]: INFO cinder.api.openstack.wsgi [None req-0bdbae9a-e9db-40a4-85e7-59bdfeb02b93 tempest-GroupSnapshotsTest-1617289069 tempest-GroupSnapshotsTest-1617289069-project] http://10.222.0.23/volume/v3/1a768821bcfc459aa0c83455b1f584fd/groups returned with HTTP 202
Jun 06 11:51:34.060864 dv-cinder-786266-2-iscsi devstack@c-api.service[98529]: [pid: 98529|app: 0|req: 8/14] 10.222.0.23 () {62 vars in 1274 bytes} [Sun Jun 6 11:51:33 2021] POST /volume/v3/1a768821bcfc459aa0c83455b1f584fd/groups => generated 112 bytes in 589 msecs (HTTP/1.1 202) 7 headers in 292 bytes (1 switches on core 0)
Jun 06 11:51:34.065091 dv-cinder-786266-2-iscsi devstack@c-api.service[98529]: INFO cinder.api.openstack.wsgi [None req-22f6a774-4280-48b8-bd86-eac0b365020c tempest-QosSpecsTestJSON-1134249808 tempest-QosSpecsTestJSON-1134249808-project-admin] POST http://10.222.0.23/volume/v3/07da203b313e4642a6dbaf173d21dbb3/types
Jun 06 11:51:34.065913 dv-cinder-786266-2-iscsi devstack@c-api.service[98529]: /usr/local/lib/python3.8/dist-packages/webob/acceptparse.py:1047: DeprecationWarning: The behavior of AcceptValidHeader.best_match is currently being maintained for backward compatibility, but it will be deprecated in the future, as it does not conform to the RFC.
Jun 06 11:51:34.065913 dv-cinder-786266-2-iscsi devstack@c-api.service[98529]: warnings.warn(
Jun 06 11:51:34.066293 dv-cinder-786266-2-iscsi devstack@c-api.service[98529]: DEBUG cinder.api.openstack.wsgi [None req-22f6a774-4280-48b8-bd86-eac0b365020c tempest-QosSpecsTestJSON-1134249808 tempest-QosSpecsTestJSON-1134249808-project-admin] Action: 'create', calling method: _create, body: {"volume_type": {"name": "tempest-QosSpecsTestJSON-volume-type-137829675"}} {{(pid=98529) _process_stack /opt/stack/cinder/cinder/api/openstack/wsgi.py:864}}
Jun 06 11:51:34.067554 dv-cinder-786266-2-iscsi devstack@c-api.service[98529]: /usr/local/lib/python3.8/dist-packages/oslo_context/context.py:105: DeprecationWarning: Policy enforcement is depending on the value of is_admin. This key is deprecated. Please update your policy file to use the standard policy values.
Jun 06 11:51:34.067554 dv-cinder-786266-2-iscsi devstack@c-api.service[98529]: warnings.warn('Policy enforcement is depending on the value of '
Jun 06 11:51:34.069211 dv-cinder-786266-2-iscsi devstack@c-api.service[98528]: [pid: 98528|app: 0|req: 7/15] 10.222.0.23 () {60 vars in 1579 bytes} [Sun Jun 6 11:51:33 2021] GET /volume/v3/9411d775ab39461390a914a0bc42f552/volumes/59409dc8-868d-47ad-8fa7-7b7c3313cb02 => generated 900 bytes in 196 msecs (HTTP/1.1 200) 7 headers in 285 bytes (1 switches on core 0)
Jun 06 11:51:34.086195 dv-cinder-786266-2-iscsi devstack@c-api.service[98528]: INFO cinder.api.openstack.wsgi [None req-c8048524-a291-43a5-8139-805def78148c tempest-GroupSnapshotsTest-1617289069 tempest-GroupSnapshotsTest-1617289069-project] GET http://10.222.0.23/volume/v3/1a768821bcfc459aa0c83455b1f584fd/groups/141afab5-3cf6-4429-80d7-af7ac8547520
Jun 06 11:51:34.086843 dv-cinder-786266-2-iscsi devstack@c-api.service[98528]: DEBUG cinder.api.openstack.wsgi [None req-c8048524-a291-43a5-8139-805def78148c tempest-GroupSnapshotsTest-1617289069 tempest-GroupSnapshotsTest-1617289069-project] Empty body provided in request {{(pid=98528) get_body /opt/stack/cinder/cinder/api/openstack/wsgi.py:713}}
Jun 06 11:51:34.088235 dv-cinder-786266-2-iscsi devstack@c-api.service[98528]: /usr/local/lib/python3.8/dist-packages/webob/acceptparse.py:1047: DeprecationWarning: The behavior of AcceptValidHeader.best_match is currently being maintained for backward compatibility, but it will be deprecated in the future, as it does not conform to the RFC.
Jun 06 11:51:34.088235 dv-cinder-786266-2-iscsi devstack@c-api.service[98528]: warnings.warn(
Jun 06 11:51:34.088599 dv-cinder-786266-2-iscsi devstack@c-api.service[98528]: DEBUG cinder.api.openstack.wsgi [None req-c8048524-a291-43a5-8139-805def78148c tempest-GroupSnapshotsTest-1617289069 tempest-GroupSnapshotsTest-1617289069-project] Calling method 'version_select' {{(pid=98528) _process_stack /opt/stack/cinder/cinder/api/openstack/wsgi.py:866}}
Jun 06 11:51:34.088982 dv-cinder-786266-2-iscsi devstack@c-api.service[98528]: DEBUG cinder.api.v3.groups [None req-c8048524-a291-43a5-8139-805def78148c tempest-GroupSnapshotsTest-1617289069 tempest-GroupSnapshotsTest-1617289069-project] show called for member 141afab5-3cf6-4429-80d7-af7ac8547520 {{(pid=98528) show /opt/stack/cinder/cinder/api/v3/groups.py:58}}
Jun 06 11:51:34.110849 dv-cinder-786266-2-iscsi devstack@c-api.service[98528]: /usr/local/lib/python3.8/dist-packages/oslo_context/context.py:105: DeprecationWarning: Policy enforcement is depending on the value of is_admin. This key is deprecated. Please update your policy file to use the standard policy values.
Jun 06 11:51:34.110849 dv-cinder-786266-2-iscsi devstack@c-api.service[98528]: warnings.warn('Policy enforcement is depending on the value of '
Jun 06 11:51:34.163692 dv-cinder-786266-2-iscsi devstack@c-api.service[98529]: INFO cinder.api.openstack.wsgi [None req-22f6a774-4280-48b8-bd86-eac0b365020c tempest-QosSpecsTestJSON-1134249808 tempest-QosSpecsTestJSON-1134249808-project-admin] http://10.222.0.23/volume/v3/07da203b313e4642a6dbaf173d21dbb3/types returned with HTTP 200
Jun 06 11:51:34.165910 dv-cinder-786266-2-iscsi devstack@c-api.service[98529]: [pid: 98529|app: 0|req: 9/16] 10.222.0.23 () {60 vars in 1229 bytes} [Sun Jun 6 11:51:34 2021] POST /volume/v3/07da203b313e4642a6dbaf173d21dbb3/types => generated 221 bytes in 104 msecs (HTTP/1.1 200) 7 headers in 285 bytes (1 switches on core 0)
Jun 06 11:51:34.171607 dv-cinder-786266-2-iscsi devstack@c-api.service[98529]: WARNING keystonemiddleware.auth_token [None req-22f6a774-4280-48b8-bd86-eac0b365020c tempest-QosSpecsTestJSON-1134249808 tempest-QosSpecsTestJSON-1134249808-project-admin] A valid token was submitted as a service token, but it was not a valid service token. This is incorrect but backwards compatible behaviour. This will be removed in future releases.
Jun 06 11:51:34.177833 dv-cinder-786266-2-iscsi devstack@c-api.service[98529]: INFO cinder.api.openstack.wsgi [req-68d90816-2baf-472d-9923-432f4b1e5106 req-8a590d2b-d6bf-4e18-82ae-3731f9429cc7 tempest-VolumesGetTestJSON-763995345 tempest-VolumesGetTestJSON-763995345-project] GET http://10.222.0.23/volume/v3/9411d775ab39461390a914a0bc42f552/volumes/59409dc8-868d-47ad-8fa7-7b7c3313cb02
Jun 06 11:51:34.178340 dv-cinder-786266-2-iscsi devstack@c-api.service[98529]: DEBUG cinder.api.openstack.wsgi [req-68d90816-2baf-472d-9923-432f4b1e5106 req-8a590d2b-d6bf-4e18-82ae-3731f9429cc7 tempest-VolumesGetTestJSON-763995345 tempest-VolumesGetTestJSON-763995345-project] Empty body provided in request {{(pid=98529) get_body /opt/stack/cinder/cinder/api/openstack/wsgi.py:713}}
Jun 06 11:51:34.178769 dv-cinder-786266-2-iscsi devstack@c-api.service[98529]: DEBUG cinder.api.openstack.wsgi [req-68d90816-2baf-472d-9923-432f4b1e5106 req-8a590d2b-d6bf-4e18-82ae-3731f9429cc7 tempest-VolumesGetTestJSON-763995345 tempest-VolumesGetTestJSON-763995345-project] Calling method 'show' {{(pid=98529) _process_stack /opt/stack/cinder/cinder/api/openstack/wsgi.py:866}}
Jun 06 11:51:34.189784 dv-cinder-786266-2-iscsi devstack@c-api.service[98528]: INFO cinder.api.openstack.wsgi [None req-c8048524-a291-43a5-8139-805def78148c tempest-GroupSnapshotsTest-1617289069 tempest-GroupSnapshotsTest-1617289069-project] http://10.222.0.23/volume/v3/1a768821bcfc459aa0c83455b1f584fd/groups/141afab5-3cf6-4429-80d7-af7ac8547520 returned with HTTP 200
Jun 06 11:51:34.196596 dv-cinder-786266-2-iscsi devstack@c-api.service[98528]: [pid: 98528|app: 0|req: 8/17] 10.222.0.23 () {60 vars in 1363 bytes} [Sun Jun 6 11:51:34 2021] GET /volume/v3/1a768821bcfc459aa0c83455b1f584fd/groups/141afab5-3cf6-4429-80d7-af7ac8547520 => generated 392 bytes in 127 msecs (HTTP/1.1 200) 7 headers in 286 bytes (1 switches on core 0)
Jun 06 11:51:34.210187 dv-cinder-786266-2-iscsi devstack@c-api.service[98528]: INFO cinder.api.openstack.wsgi [None req-7f9ae657-d7cf-4d57-8f13-e3e44049afb9 tempest-QosSpecsTestJSON-1134249808 tempest-QosSpecsTestJSON-1134249808-project-admin] GET http://10.222.0.23/volume/v3/07da203b313e4642a6dbaf173d21dbb3/qos-specs/62f49ad9-f345-4bd9-ade1-5dd77357e4b7/associate?vol_type_id=49d0a3ad-7dae-4427-a87e-9dea542b44b2
Jun 06 11:51:34.210680 dv-cinder-786266-2-iscsi devstack@c-api.service[98528]: DEBUG cinder.api.openstack.wsgi [None req-7f9ae657-d7cf-4d57-8f13-e3e44049afb9 tempest-QosSpecsTestJSON-1134249808 tempest-QosSpecsTestJSON-1134249808-project-admin] Empty body provided in request {{(pid=98528) get_body /opt/stack/cinder/cinder/api/openstack/wsgi.py:713}}
Jun 06 11:51:34.210861 dv-cinder-786266-2-iscsi devstack@c-api.service[98528]: /usr/local/lib/python3.8/dist-packages/webob/acceptparse.py:1047: DeprecationWarning: The behavior of AcceptValidHeader.best_match is currently being maintained for backward compatibility, but it will be deprecated in the future, as it does not conform to the RFC.
Jun 06 11:51:34.210861 dv-cinder-786266-2-iscsi devstack@c-api.service[98528]: warnings.warn(
Jun 06 11:51:34.211195 dv-cinder-786266-2-iscsi devstack@c-api.service[98528]: DEBUG cinder.api.openstack.wsgi [None req-7f9ae657-d7cf-4d57-8f13-e3e44049afb9 tempest-QosSpecsTestJSON-1134249808 tempest-QosSpecsTestJSON-1134249808-project-admin] Calling method 'associate' {{(pid=98528) _process_stack /opt/stack/cinder/cinder/api/openstack/wsgi.py:866}}
Jun 06 11:51:34.211888 dv-cinder-786266-2-iscsi devstack@c-api.service[98528]: /usr/local/lib/python3.8/dist-packages/oslo_context/context.py:105: DeprecationWarning: Policy enforcement is depending on the value of is_admin. This key is deprecated. Please update your policy file to use the standard policy values.
Jun 06 11:51:34.211888 dv-cinder-786266-2-iscsi devstack@c-api.service[98528]: warnings.warn('Policy enforcement is depending on the value of '
Jun 06 11:51:34.212683 dv-cinder-786266-2-iscsi devstack@c-api.service[98528]: DEBUG cinder.api.contrib.qos_specs_manage [None req-7f9ae657-d7cf-4d57-8f13-e3e44049afb9 tempest-QosSpecsTestJSON-1134249808 tempest-QosSpecsTestJSON-1134249808-project-admin] Associate qos_spec: 62f49ad9-f345-4bd9-ade1-5dd77357e4b7 with type: 49d0a3ad-7dae-4427-a87e-9dea542b44b2 {{(pid=98528) associate /opt/stack/cinder/cinder/api/contrib/qos_specs_manage.py:275}}
Jun 06 11:51:34.279146 dv-cinder-786266-2-iscsi devstack@c-api.service[98529]: /usr/local/lib/python3.8/dist-packages/oslo_context/context.py:105: DeprecationWarning: Policy enforcement is depending on the value of is_admin. This key is deprecated. Please update your policy file to use the standard policy values.
Jun 06 11:51:34.279146 dv-cinder-786266-2-iscsi devstack@c-api.service[98529]: warnings.warn('Policy enforcement is depending on the value of '
Jun 06 11:51:34.298390 dv-cinder-786266-2-iscsi devstack@c-api.service[98529]: INFO cinder.volume.api [req-68d90816-2baf-472d-9923-432f4b1e5106 req-8a590d2b-d6bf-4e18-82ae-3731f9429cc7 tempest-VolumesGetTestJSON-763995345 tempest-VolumesGetTestJSON-763995345-project] Volume info retrieved successfully.
Jun 06 11:51:34.328682 dv-cinder-786266-2-iscsi devstack@c-api.service[98528]: INFO cinder.api.openstack.wsgi [None req-7f9ae657-d7cf-4d57-8f13-e3e44049afb9 tempest-QosSpecsTestJSON-1134249808 tempest-QosSpecsTestJSON-1134249808-project-admin] http://10.222.0.23/volume/v3/07da203b313e4642a6dbaf173d21dbb3/qos-specs/62f49ad9-f345-4bd9-ade1-5dd77357e4b7/associate?vol_type_id=49d0a3ad-7dae-4427-a87e-9dea542b44b2 returned with HTTP 202
Jun 06 11:51:34.333503 dv-cinder-786266-2-iscsi devstack@c-api.service[98528]: [pid: 98528|app: 0|req: 9/18] 10.222.0.23 () {58 vars in 1458 bytes} [Sun Jun 6 11:51:34 2021] GET /volume/v3/07da203b313e4642a6dbaf173d21dbb3/qos-specs/62f49ad9-f345-4bd9-ade1-5dd77357e4b7/associate?vol_type_id=49d0a3ad-7dae-4427-a87e-9dea542b44b2 => generated 0 bytes in 132 msecs (HTTP/1.1 202) 6 headers in 233 bytes (1 switches on core 0)
Jun 06 11:51:34.339019 dv-cinder-786266-2-iscsi devstack@c-api.service[98529]: INFO cinder.api.openstack.wsgi [req-68d90816-2baf-472d-9923-432f4b1e5106 req-8a590d2b-d6bf-4e18-82ae-3731f9429cc7 tempest-VolumesGetTestJSON-763995345 tempest-VolumesGetTestJSON-763995345-project] http://10.222.0.23/volume/v3/9411d775ab39461390a914a0bc42f552/volumes/59409dc8-868d-47ad-8fa7-7b7c3313cb02 returned with HTTP 200
Jun 06 11:51:34.340114 dv-cinder-786266-2-iscsi devstack@c-api.service[98529]: [pid: 98529|app: 0|req: 10/19] 10.222.0.23 () {60 vars in 1579 bytes} [Sun Jun 6 11:51:34 2021] GET /volume/v3/9411d775ab39461390a914a0bc42f552/volumes/59409dc8-868d-47ad-8fa7-7b7c3313cb02 => generated 924 bytes in 174 msecs (HTTP/1.1 200) 7 headers in 285 bytes (1 switches on core 0)
Jun 06 11:51:34.340517 dv-cinder-786266-2-iscsi devstack@c-api.service[98528]: INFO cinder.api.openstack.wsgi [None req-1d2ddd94-f706-475b-a933-31e373002a57 tempest-QosSpecsTestJSON-1134249808 tempest-QosSpecsTestJSON-1134249808-project-admin] GET http://10.222.0.23/volume/v3/07da203b313e4642a6dbaf173d21dbb3/qos-specs/62f49ad9-f345-4bd9-ade1-5dd77357e4b7/associate?vol_type_id=a4d609f8-91e2-4462-9088-bff1087779d8
Jun 06 11:51:34.341012 dv-cinder-786266-2-iscsi devstack@c-api.service[98528]: DEBUG cinder.api.openstack.wsgi [None req-1d2ddd94-f706-475b-a933-31e373002a57 tempest-QosSpecsTestJSON-1134249808 tempest-QosSpecsTestJSON-1134249808-project-admin] Empty body provided in request {{(pid=98528) get_body /opt/stack/cinder/cinder/api/openstack/wsgi.py:713}}
Jun 06 11:51:34.341191 dv-cinder-786266-2-iscsi devstack@c-api.service[98528]: /usr/local/lib/python3.8/dist-packages/webob/acceptparse.py:1047: DeprecationWarning: The behavior of AcceptValidHeader.best_match is currently being maintained for backward compatibility, but it will be deprecated in the future, as it does not conform to the RFC.
Jun 06 11:51:34.341191 dv-cinder-786266-2-iscsi devstack@c-api.service[98528]: warnings.warn(
Jun 06 11:51:34.344771 dv-cinder-786266-2-iscsi devstack@c-api.service[98528]: DEBUG cinder.api.openstack.wsgi [None req-1d2ddd94-f706-475b-a933-31e373002a57 tempest-QosSpecsTestJSON-1134249808 tempest-QosSpecsTestJSON-1134249808-project-admin] Calling method 'associate' {{(pid=98528) _process_stack /opt/stack/cinder/cinder/api/openstack/wsgi.py:866}}
Jun 06 11:51:34.345473 dv-cinder-786266-2-iscsi devstack@c-api.service[98528]: /usr/local/lib/python3.8/dist-packages/oslo_context/context.py:105: DeprecationWarning: Policy enforcement is depending on the value of is_admin. This key is deprecated. Please update your policy file to use the standard policy values.
Jun 06 11:51:34.345473 dv-cinder-786266-2-iscsi devstack@c-api.service[98528]: warnings.warn('Policy enforcement is depending on the value of '
Jun 06 11:51:34.346233 dv-cinder-786266-2-iscsi devstack@c-api.service[98528]: DEBUG cinder.api.contrib.qos_specs_manage [None req-1d2ddd94-f706-475b-a933-31e373002a57 tempest-QosSpecsTestJSON-1134249808 tempest-QosSpecsTestJSON-1134249808-project-admin] Associate qos_spec: 62f49ad9-f345-4bd9-ade1-5dd77357e4b7 with type: a4d609f8-91e2-4462-9088-bff1087779d8 {{(pid=98528) associate /opt/stack/cinder/cinder/api/contrib/qos_specs_manage.py:275}}
Jun 06 11:51:34.400336 dv-cinder-786266-2-iscsi devstack@c-api.service[98529]: INFO cinder.api.openstack.wsgi [req-18817784-f599-4e48-90c0-7d0037bffaf8 req-f4a68716-8c3c-40cb-b961-bafc7e1e18de tempest-VolumesNegativeTest-899758279 tempest-VolumesNegativeTest-899758279-project] DELETE http://10.222.0.23/volume/v3/35c6c190b4aa451aab4ae952d5048824/volumes/tempest-invalid-1957982025
Jun 06 11:51:34.400773 dv-cinder-786266-2-iscsi devstack@c-api.service[98529]: DEBUG cinder.api.openstack.wsgi [req-18817784-f599-4e48-90c0-7d0037bffaf8 req-f4a68716-8c3c-40cb-b961-bafc7e1e18de tempest-VolumesNegativeTest-899758279 tempest-VolumesNegativeTest-899758279-project] Empty body provided in request {{(pid=98529) get_body /opt/stack/cinder/cinder/api/openstack/wsgi.py:713}}
Jun 06 11:51:34.400989 dv-cinder-786266-2-iscsi devstack@c-api.service[98529]: /usr/local/lib/python3.8/dist-packages/webob/acceptparse.py:1047: DeprecationWarning: The behavior of AcceptValidHeader.best_match is currently being maintained for backward compatibility, but it will be deprecated in the future, as it does not conform to the RFC.
Jun 06 11:51:34.400989 dv-cinder-786266-2-iscsi devstack@c-api.service[98529]: warnings.warn(
Jun 06 11:51:34.401313 dv-cinder-786266-2-iscsi devstack@c-api.service[98529]: DEBUG cinder.api.openstack.wsgi [req-18817784-f599-4e48-90c0-7d0037bffaf8 req-f4a68716-8c3c-40cb-b961-bafc7e1e18de tempest-VolumesNegativeTest-899758279 tempest-VolumesNegativeTest-899758279-project] Calling method 'delete' {{(pid=98529) _process_stack /opt/stack/cinder/cinder/api/openstack/wsgi.py:866}}
Jun 06 11:51:34.401742 dv-cinder-786266-2-iscsi devstack@c-api.service[98529]: INFO cinder.api.v3.volumes [req-18817784-f599-4e48-90c0-7d0037bffaf8 req-f4a68716-8c3c-40cb-b961-bafc7e1e18de tempest-VolumesNegativeTest-899758279 tempest-VolumesNegativeTest-899758279-project] Delete volume with id: tempest-invalid-1957982025
Jun 06 11:51:34.468338 dv-cinder-786266-2-iscsi devstack@c-api.service[98529]: INFO cinder.api.openstack.wsgi [req-18817784-f599-4e48-90c0-7d0037bffaf8 req-f4a68716-8c3c-40cb-b961-bafc7e1e18de tempest-VolumesNegativeTest-899758279 tempest-VolumesNegativeTest-899758279-project] http://10.222.0.23/volume/v3/35c6c190b4aa451aab4ae952d5048824/volumes/tempest-invalid-1957982025 returned with HTTP 404
Jun 06 11:51:34.472343 dv-cinder-786266-2-iscsi devstack@c-api.service[98528]: INFO cinder.api.openstack.wsgi [None req-1d2ddd94-f706-475b-a933-31e373002a57 tempest-QosSpecsTestJSON-1134249808 tempest-QosSpecsTestJSON-1134249808-project-admin] http://10.222.0.23/volume/v3/07da203b313e4642a6dbaf173d21dbb3/qos-specs/62f49ad9-f345-4bd9-ade1-5dd77357e4b7/associate?vol_type_id=a4d609f8-91e2-4462-9088-bff1087779d8 returned with HTTP 202
Jun 06 11:51:34.474858 dv-cinder-786266-2-iscsi devstack@c-api.service[98528]: [pid: 98528|app: 0|req: 10/20] 10.222.0.23 () {58 vars in 1458 bytes} [Sun Jun 6 11:51:34 2021] GET /volume/v3/07da203b313e4642a6dbaf173d21dbb3/qos-specs/62f49ad9-f345-4bd9-ade1-5dd77357e4b7/associate?vol_type_id=a4d609f8-91e2-4462-9088-bff1087779d8 => generated 0 bytes in 141 msecs (HTTP/1.1 202) 6 headers in 233 bytes (1 switches on core 0)
Jun 06 11:51:34.477823 dv-cinder-786266-2-iscsi devstack@c-api.service[98529]: [pid: 98529|app: 0|req: 11/21] 10.222.0.23 () {62 vars in 1571 bytes} [Sun Jun 6 11:51:34 2021] DELETE /volume/v3/35c6c190b4aa451aab4ae952d5048824/volumes/tempest-invalid-1957982025 => generated 99 bytes in 82 msecs (HTTP/1.1 404) 7 headers in 291 bytes (2 switches on core 0)
Jun 06 11:51:34.486894 dv-cinder-786266-2-iscsi devstack@c-api.service[98528]: INFO cinder.api.openstack.wsgi [None req-4c1cb68d-d3aa-4a52-b071-b9b3d6300340 tempest-QosSpecsTestJSON-1134249808 tempest-QosSpecsTestJSON-1134249808-project-admin] GET http://10.222.0.23/volume/v3/07da203b313e4642a6dbaf173d21dbb3/qos-specs/62f49ad9-f345-4bd9-ade1-5dd77357e4b7/associate?vol_type_id=36d360de-f83d-459b-a1cf-c05b731c1e5f
Jun 06 11:51:34.487364 dv-cinder-786266-2-iscsi devstack@c-api.service[98528]: DEBUG cinder.api.openstack.wsgi [None req-4c1cb68d-d3aa-4a52-b071-b9b3d6300340 tempest-QosSpecsTestJSON-1134249808 tempest-QosSpecsTestJSON-1134249808-project-admin] Empty body provided in request {{(pid=98528) get_body /opt/stack/cinder/cinder/api/openstack/wsgi.py:713}}
Jun 06 11:51:34.487538 dv-cinder-786266-2-iscsi devstack@c-api.service[98528]: /usr/local/lib/python3.8/dist-packages/webob/acceptparse.py:1047: DeprecationWarning: The behavior of AcceptValidHeader.best_match is currently being maintained for backward compatibility, but it will be deprecated in the future, as it does not conform to the RFC.
Jun 06 11:51:34.487538 dv-cinder-786266-2-iscsi devstack@c-api.service[98528]: warnings.warn(
Jun 06 11:51:34.487946 dv-cinder-786266-2-iscsi devstack@c-api.service[98528]: DEBUG cinder.api.openstack.wsgi [None req-4c1cb68d-d3aa-4a52-b071-b9b3d6300340 tempest-QosSpecsTestJSON-1134249808 tempest-QosSpecsTestJSON-1134249808-project-admin] Calling method 'associate' {{(pid=98528) _process_stack /opt/stack/cinder/cinder/api/openstack/wsgi.py:866}}
Jun 06 11:51:34.497944 dv-cinder-786266-2-iscsi devstack@c-api.service[98528]: /usr/local/lib/python3.8/dist-packages/oslo_context/context.py:105: DeprecationWarning: Policy enforcement is depending on the value of is_admin. This key is deprecated. Please update your policy file to use the standard policy values.
Jun 06 11:51:34.497944 dv-cinder-786266-2-iscsi devstack@c-api.service[98528]: warnings.warn('Policy enforcement is depending on the value of '
Jun 06 11:51:34.498854 dv-cinder-786266-2-iscsi devstack@c-api.service[98528]: DEBUG cinder.api.contrib.qos_specs_manage [None req-4c1cb68d-d3aa-4a52-b071-b9b3d6300340 tempest-QosSpecsTestJSON-1134249808 tempest-QosSpecsTestJSON-1134249808-project-admin] Associate qos_spec: 62f49ad9-f345-4bd9-ade1-5dd77357e4b7 with type: 36d360de-f83d-459b-a1cf-c05b731c1e5f {{(pid=98528) associate /opt/stack/cinder/cinder/api/contrib/qos_specs_manage.py:275}}
Jun 06 11:51:34.562053 dv-cinder-786266-2-iscsi devstack@c-api.service[98529]: INFO cinder.api.openstack.wsgi [req-96f28dd2-3829-41df-b46b-6c0cd57f3281 req-d74f6de7-b797-4034-b846-1de04f6f04f4 tempest-VolumesNegativeTest-899758279 tempest-VolumesNegativeTest-899758279-project] DELETE http://10.222.0.23/volume/v3/35c6c190b4aa451aab4ae952d5048824/volumes/38d1926b-d0bd-411d-a71f-412e4a7a7219
Jun 06 11:51:34.562912 dv-cinder-786266-2-iscsi devstack@c-api.service[98529]: DEBUG cinder.api.openstack.wsgi [req-96f28dd2-3829-41df-b46b-6c0cd57f3281 req-d74f6de7-b797-4034-b846-1de04f6f04f4 tempest-VolumesNegativeTest-899758279 tempest-VolumesNegativeTest-899758279-project] Empty body provided in request {{(pid=98529) get_body /opt/stack/cinder/cinder/api/openstack/wsgi.py:713}}
Jun 06 11:51:34.563484 dv-cinder-786266-2-iscsi devstack@c-api.service[98529]: DEBUG cinder.api.openstack.wsgi [req-96f28dd2-3829-41df-b46b-6c0cd57f3281 req-d74f6de7-b797-4034-b846-1de04f6f04f4 tempest-VolumesNegativeTest-899758279 tempest-VolumesNegativeTest-899758279-project] Calling method 'delete' {{(pid=98529) _process_stack /opt/stack/cinder/cinder/api/openstack/wsgi.py:866}}
Jun 06 11:51:34.564024 dv-cinder-786266-2-iscsi devstack@c-api.service[98529]: INFO cinder.api.v3.volumes [req-96f28dd2-3829-41df-b46b-6c0cd57f3281 req-d74f6de7-b797-4034-b846-1de04f6f04f4 tempest-VolumesNegativeTest-899758279 tempest-VolumesNegativeTest-899758279-project] Delete volume with id: 38d1926b-d0bd-411d-a71f-412e4a7a7219
Jun 06 11:51:34.585877 dv-cinder-786266-2-iscsi devstack@c-api.service[98528]: INFO cinder.api.openstack.wsgi [None req-4c1cb68d-d3aa-4a52-b071-b9b3d6300340 tempest-QosSpecsTestJSON-1134249808 tempest-QosSpecsTestJSON-1134249808-project-admin] http://10.222.0.23/volume/v3/07da203b313e4642a6dbaf173d21dbb3/qos-specs/62f49ad9-f345-4bd9-ade1-5dd77357e4b7/associate?vol_type_id=36d360de-f83d-459b-a1cf-c05b731c1e5f returned with HTTP 202
Jun 06 11:51:34.592310 dv-cinder-786266-2-iscsi devstack@c-api.service[98528]: [pid: 98528|app: 0|req: 11/22] 10.222.0.23 () {58 vars in 1458 bytes} [Sun Jun 6 11:51:34 2021] GET /volume/v3/07da203b313e4642a6dbaf173d21dbb3/qos-specs/62f49ad9-f345-4bd9-ade1-5dd77357e4b7/associate?vol_type_id=36d360de-f83d-459b-a1cf-c05b731c1e5f => generated 0 bytes in 111 msecs (HTTP/1.1 202) 6 headers in 233 bytes (2 switches on core 0)
Jun 06 11:51:34.599153 dv-cinder-786266-2-iscsi devstack@c-api.service[98528]: INFO cinder.api.openstack.wsgi [None req-f6236959-cb59-4c8d-beb9-d3a0dff74d76 tempest-QosSpecsTestJSON-1134249808 tempest-QosSpecsTestJSON-1134249808-project-admin] GET http://10.222.0.23/volume/v3/07da203b313e4642a6dbaf173d21dbb3/qos-specs/62f49ad9-f345-4bd9-ade1-5dd77357e4b7/associations
Jun 06 11:51:34.599626 dv-cinder-786266-2-iscsi devstack@c-api.service[98528]: DEBUG cinder.api.openstack.wsgi [None req-f6236959-cb59-4c8d-beb9-d3a0dff74d76 tempest-QosSpecsTestJSON-1134249808 tempest-QosSpecsTestJSON-1134249808-project-admin] Empty body provided in request {{(pid=98528) get_body /opt/stack/cinder/cinder/api/openstack/wsgi.py:713}}
Jun 06 11:51:34.599857 dv-cinder-786266-2-iscsi devstack@c-api.service[98528]: /usr/local/lib/python3.8/dist-packages/webob/acceptparse.py:1047: DeprecationWarning: The behavior of AcceptValidHeader.best_match is currently being maintained for backward compatibility, but it will be deprecated in the future, as it does not conform to the RFC.
Jun 06 11:51:34.599857 dv-cinder-786266-2-iscsi devstack@c-api.service[98528]: warnings.warn(
Jun 06 11:51:34.600222 dv-cinder-786266-2-iscsi devstack@c-api.service[98528]: DEBUG cinder.api.openstack.wsgi [None req-f6236959-cb59-4c8d-beb9-d3a0dff74d76 tempest-QosSpecsTestJSON-1134249808 tempest-QosSpecsTestJSON-1134249808-project-admin] Calling method 'associations' {{(pid=98528) _process_stack /opt/stack/cinder/cinder/api/openstack/wsgi.py:866}}
Jun 06 11:51:34.601041 dv-cinder-786266-2-iscsi devstack@c-api.service[98528]: /usr/local/lib/python3.8/dist-packages/oslo_context/context.py:105: DeprecationWarning: Policy enforcement is depending on the value of is_admin. This key is deprecated. Please update your policy file to use the standard policy values.
Jun 06 11:51:34.601041 dv-cinder-786266-2-iscsi devstack@c-api.service[98528]: warnings.warn('Policy enforcement is depending on the value of '
Jun 06 11:51:34.601743 dv-cinder-786266-2-iscsi devstack@c-api.service[98528]: DEBUG cinder.api.contrib.qos_specs_manage [None req-f6236959-cb59-4c8d-beb9-d3a0dff74d76 tempest-QosSpecsTestJSON-1134249808 tempest-QosSpecsTestJSON-1134249808-project-admin] Get associations for qos_spec id: 62f49ad9-f345-4bd9-ade1-5dd77357e4b7 {{(pid=98528) associations /opt/stack/cinder/cinder/api/contrib/qos_specs_manage.py:233}}
