Jun 29 16:40:25.600133 dv-cinder-786260-7-iscsi devstack@c-api.service[110344]: DEBUG cinder.api.v3.groups [None req-60c9c7d6-664b-4aa2-b737-caa0d4e8c697 tempest-GroupsV314Test-980709478 tempest-GroupsV314Test-980709478-project] show called for member b67117c1-49ed-4ead-af1c-8f3b08e5a8bd {{(pid=110344) show /opt/stack/cinder/cinder/api/v3/groups.py:58}}
Jun 29 16:40:25.606014 dv-cinder-786260-7-iscsi devstack@c-api.service[110344]: /usr/local/lib/python3.8/dist-packages/oslo_context/context.py:105: DeprecationWarning: Policy enforcement is depending on the value of is_admin. This key is deprecated. Please update your policy file to use the standard policy values.
Jun 29 16:40:25.606014 dv-cinder-786260-7-iscsi devstack@c-api.service[110344]: warnings.warn('Policy enforcement is depending on the value of '
Jun 29 16:40:25.610119 dv-cinder-786260-7-iscsi devstack@c-api.service[110343]: INFO cinder.api.openstack.wsgi [None req-f33fe135-a814-4394-bfc3-1e2a83ea5f3a tempest-VolumesImageMetadata-208970084 tempest-VolumesImageMetadata-208970084-project] http://10.222.0.73/volume/v3/09b79e13533e4a8790d6b557f793e610/volumes/5126cb5d-bbc0-40ce-9d2a-037e96f8e264 returned with HTTP 200
Jun 29 16:40:25.610657 dv-cinder-786260-7-iscsi devstack@c-api.service[110343]: [pid: 110343|app: 0|req: 162/321] 10.222.0.73 () {58 vars in 1325 bytes} [Tue Jun 29 16:40:25 2021] GET /volume/v3/09b79e13533e4a8790d6b557f793e610/volumes/5126cb5d-bbc0-40ce-9d2a-037e96f8e264 => generated 912 bytes in 44 msecs (HTTP/1.1 200) 7 headers in 285 bytes (1 switches on core 0)
Jun 29 16:40:25.621638 dv-cinder-786260-7-iscsi devstack@c-api.service[110344]: INFO cinder.api.openstack.wsgi [None req-60c9c7d6-664b-4aa2-b737-caa0d4e8c697 tempest-GroupsV314Test-980709478 tempest-GroupsV314Test-980709478-project] http://10.222.0.73/volume/v3/6c7217e58c84493fb7495841b0dada0e/groups/b67117c1-49ed-4ead-af1c-8f3b08e5a8bd returned with HTTP 200
Jun 29 16:40:25.628091 dv-cinder-786260-7-iscsi devstack@c-api.service[110344]: [pid: 110344|app: 0|req: 160/322] 10.222.0.73 () {60 vars in 1363 bytes} [Tue Jun 29 16:40:25 2021] GET /volume/v3/6c7217e58c84493fb7495841b0dada0e/groups/b67117c1-49ed-4ead-af1c-8f3b08e5a8bd => generated 388 bytes in 29 msecs (HTTP/1.1 200) 7 headers in 286 bytes (2 switches on core 0)
Jun 29 16:40:25.632404 dv-cinder-786260-7-iscsi devstack@c-api.service[110343]: INFO cinder.api.openstack.wsgi [None req-fa564995-a4a7-4f3e-bd8c-5756146b93d0 tempest-GroupsV314Test-980709478 tempest-GroupsV314Test-980709478-project] POST http://10.222.0.73/volume/v3/6c7217e58c84493fb7495841b0dada0e/volumes
Jun 29 16:40:25.632850 dv-cinder-786260-7-iscsi devstack@c-api.service[110343]: /usr/local/lib/python3.8/dist-packages/webob/acceptparse.py:1047: DeprecationWarning: The behavior of AcceptValidHeader.best_match is currently being maintained for backward compatibility, but it will be deprecated in the future, as it does not conform to the RFC.
Jun 29 16:40:25.632850 dv-cinder-786260-7-iscsi devstack@c-api.service[110343]: warnings.warn(
Jun 29 16:40:25.633219 dv-cinder-786260-7-iscsi devstack@c-api.service[110343]: DEBUG cinder.api.openstack.wsgi [None req-fa564995-a4a7-4f3e-bd8c-5756146b93d0 tempest-GroupsV314Test-980709478 tempest-GroupsV314Test-980709478-project] Action: 'create', calling method: create, body: {"volume": {"volume_type": "a6824e57-043e-48a2-bf20-2f7cdac3b396", "group_id": "b67117c1-49ed-4ead-af1c-8f3b08e5a8bd", "size": 1, "name": "tempest-GroupsV314Test-Volume-2107814645"}} {{(pid=110343) _process_stack /opt/stack/cinder/cinder/api/openstack/wsgi.py:864}}
Jun 29 16:40:25.634243 dv-cinder-786260-7-iscsi devstack@c-api.service[110343]: DEBUG cinder.api.v3.volumes [None req-fa564995-a4a7-4f3e-bd8c-5756146b93d0 tempest-GroupsV314Test-980709478 tempest-GroupsV314Test-980709478-project] Create volume request body: {'volume': {'volume_type': 'a6824e57-043e-48a2-bf20-2f7cdac3b396', 'group_id': 'b67117c1-49ed-4ead-af1c-8f3b08e5a8bd', 'size': 1, 'name': 'tempest-GroupsV314Test-Volume-2107814645'}} {{(pid=110343) create /opt/stack/cinder/cinder/api/v3/volumes.py:289}}
Jun 29 16:40:25.646062 dv-cinder-786260-7-iscsi devstack@c-api.service[110343]: /usr/local/lib/python3.8/dist-packages/oslo_context/context.py:105: DeprecationWarning: Policy enforcement is depending on the value of is_admin. This key is deprecated. Please update your policy file to use the standard policy values.
Jun 29 16:40:25.646062 dv-cinder-786260-7-iscsi devstack@c-api.service[110343]: warnings.warn('Policy enforcement is depending on the value of '
Jun 29 16:40:25.647080 dv-cinder-786260-7-iscsi devstack@c-api.service[110343]: INFO cinder.api.v3.volumes [None req-fa564995-a4a7-4f3e-bd8c-5756146b93d0 tempest-GroupsV314Test-980709478 tempest-GroupsV314Test-980709478-project] Create volume of 1 GB
Jun 29 16:40:25.656833 dv-cinder-786260-7-iscsi devstack@c-api.service[110343]: INFO cinder.volume.api [None req-fa564995-a4a7-4f3e-bd8c-5756146b93d0 tempest-GroupsV314Test-980709478 tempest-GroupsV314Test-980709478-project] Availability Zones retrieved successfully.
Jun 29 16:40:25.669457 dv-cinder-786260-7-iscsi devstack@c-api.service[110344]: INFO cinder.api.openstack.wsgi [None req-fa92d244-c60c-4b62-86b1-39171262f8d4 tempest-VolumesActionsTest-1608582249 tempest-VolumesActionsTest-1608582249-project] GET http://10.222.0.73/volume/v3/663741318c004299b7f5d7a53c1322f9/volumes/fe9e0e69-8820-4ae8-9a87-ac5df488bf56
Jun 29 16:40:25.669457 dv-cinder-786260-7-iscsi devstack@c-api.service[110344]: DEBUG cinder.api.openstack.wsgi [None req-fa92d244-c60c-4b62-86b1-39171262f8d4 tempest-VolumesActionsTest-1608582249 tempest-VolumesActionsTest-1608582249-project] Empty body provided in request {{(pid=110344) get_body /opt/stack/cinder/cinder/api/openstack/wsgi.py:713}}
Jun 29 16:40:25.669457 dv-cinder-786260-7-iscsi devstack@c-api.service[110344]: /usr/local/lib/python3.8/dist-packages/webob/acceptparse.py:1047: DeprecationWarning: The behavior of AcceptValidHeader.best_match is currently being maintained for backward compatibility, but it will be deprecated in the future, as it does not conform to the RFC.
Jun 29 16:40:25.669457 dv-cinder-786260-7-iscsi devstack@c-api.service[110344]: warnings.warn(
Jun 29 16:40:25.669457 dv-cinder-786260-7-iscsi devstack@c-api.service[110344]: DEBUG cinder.api.openstack.wsgi [None req-fa92d244-c60c-4b62-86b1-39171262f8d4 tempest-VolumesActionsTest-1608582249 tempest-VolumesActionsTest-1608582249-project] Calling method 'show' {{(pid=110344) _process_stack /opt/stack/cinder/cinder/api/openstack/wsgi.py:866}}
Jun 29 16:40:25.673948 dv-cinder-786260-7-iscsi devstack@c-api.service[110343]: DEBUG cinder.volume.api [None req-fa564995-a4a7-4f3e-bd8c-5756146b93d0 tempest-GroupsV314Test-980709478 tempest-GroupsV314Test-980709478-project] Flow 'volume_create_api' (0357e6fc-32cc-4263-b04f-b63f23a7d23e) transitioned into state 'RUNNING' from state 'PENDING' {{(pid=110343) _flow_receiver /usr/local/lib/python3.8/dist-packages/taskflow/listeners/logging.py:141}}
Jun 29 16:40:25.678968 dv-cinder-786260-7-iscsi devstack@c-api.service[110343]: DEBUG cinder.volume.api [None req-fa564995-a4a7-4f3e-bd8c-5756146b93d0 tempest-GroupsV314Test-980709478 tempest-GroupsV314Test-980709478-project] Task 'cinder.volume.flows.api.create_volume.ExtractVolumeRequestTask;volume:create' (9fb43d43-709d-44f9-a01c-e9d2ca54f698) transitioned into state 'RUNNING' from state 'PENDING' {{(pid=110343) _task_receiver /usr/local/lib/python3.8/dist-packages/taskflow/listeners/logging.py:190}}
Jun 29 16:40:25.678968 dv-cinder-786260-7-iscsi devstack@c-api.service[110343]: /usr/local/lib/python3.8/dist-packages/oslo_context/context.py:105: DeprecationWarning: Policy enforcement is depending on the value of is_admin. This key is deprecated. Please update your policy file to use the standard policy values.
Jun 29 16:40:25.678968 dv-cinder-786260-7-iscsi devstack@c-api.service[110343]: warnings.warn('Policy enforcement is depending on the value of '
Jun 29 16:40:25.678968 dv-cinder-786260-7-iscsi devstack@c-api.service[110343]: DEBUG cinder.volume.flows.api.create_volume [None req-fa564995-a4a7-4f3e-bd8c-5756146b93d0 tempest-GroupsV314Test-980709478 tempest-GroupsV314Test-980709478-project] Validating volume size '1' using validate_int {{(pid=110343) _extract_size /opt/stack/cinder/cinder/volume/flows/api/create_volume.py:201}}
Jun 29 16:40:25.680985 dv-cinder-786260-7-iscsi devstack@c-api.service[110344]: /usr/local/lib/python3.8/dist-packages/oslo_context/context.py:105: DeprecationWarning: Policy enforcement is depending on the value of is_admin. This key is deprecated. Please update your policy file to use the standard policy values.
Jun 29 16:40:25.680985 dv-cinder-786260-7-iscsi devstack@c-api.service[110344]: warnings.warn('Policy enforcement is depending on the value of '
Jun 29 16:40:25.688530 dv-cinder-786260-7-iscsi devstack@c-api.service[110344]: INFO cinder.volume.api [None req-fa92d244-c60c-4b62-86b1-39171262f8d4 tempest-VolumesActionsTest-1608582249 tempest-VolumesActionsTest-1608582249-project] Volume info retrieved successfully.
Jun 29 16:40:25.701393 dv-cinder-786260-7-iscsi devstack@c-api.service[110343]: DEBUG cinder.volume.api [None req-fa564995-a4a7-4f3e-bd8c-5756146b93d0 tempest-GroupsV314Test-980709478 tempest-GroupsV314Test-980709478-project] Task 'cinder.volume.flows.api.create_volume.ExtractVolumeRequestTask;volume:create' (9fb43d43-709d-44f9-a01c-e9d2ca54f698) transitioned into state 'SUCCESS' from state 'RUNNING' with result '{'size': 1, 'snapshot_id': None, 'source_volid': None, 'volume_type': VolumeType(created_at=2021-06-29T16:40:23Z,deleted=False,deleted_at=None,description=None,extra_specs={},id=a6824e57-043e-48a2-bf20-2f7cdac3b396,is_public=True,name='tempest-GroupsV314Test-volume-type-412380965',projects=[],qos_specs=,qos_specs_id=None,updated_at=None), 'volume_type_id': 'a6824e57-043e-48a2-bf20-2f7cdac3b396', 'encryption_key_id': None, 'qos_specs': None, 'consistencygroup_id': None, 'cgsnapshot_id': None, 'group_id': 'b67117c1-49ed-4ead-af1c-8f3b08e5a8bd', 'replication_status': 'disabled', 'refresh_az': False, 'backup_id': None, 'multiattach': False, 'availability_zones': ['nova']}' {{(pid=110343) _task_receiver /usr/local/lib/python3.8/dist-packages/taskflow/listeners/logging.py:178}}
Jun 29 16:40:25.704488 dv-cinder-786260-7-iscsi devstack@c-api.service[110344]: INFO cinder.api.openstack.wsgi [None req-fa92d244-c60c-4b62-86b1-39171262f8d4 tempest-VolumesActionsTest-1608582249 tempest-VolumesActionsTest-1608582249-project] http://10.222.0.73/volume/v3/663741318c004299b7f5d7a53c1322f9/volumes/fe9e0e69-8820-4ae8-9a87-ac5df488bf56 returned with HTTP 200
Jun 29 16:40:25.704622 dv-cinder-786260-7-iscsi devstack@c-api.service[110343]: DEBUG cinder.volume.api [None req-fa564995-a4a7-4f3e-bd8c-5756146b93d0 tempest-GroupsV314Test-980709478 tempest-GroupsV314Test-980709478-project] Task 'cinder.volume.flows.api.create_volume.QuotaReserveTask;volume:create' (49463948-beec-47ed-9cd3-21055631f35d) transitioned into state 'RUNNING' from state 'PENDING' {{(pid=110343) _task_receiver /usr/local/lib/python3.8/dist-packages/taskflow/listeners/logging.py:190}}
Jun 29 16:40:25.705233 dv-cinder-786260-7-iscsi devstack@c-api.service[110344]: [pid: 110344|app: 0|req: 161/323] 10.222.0.73 () {58 vars in 1325 bytes} [Tue Jun 29 16:40:25 2021] GET /volume/v3/663741318c004299b7f5d7a53c1322f9/volumes/fe9e0e69-8820-4ae8-9a87-ac5df488bf56 => generated 909 bytes in 42 msecs (HTTP/1.1 200) 7 headers in 285 bytes (1 switches on core 0)
Jun 29 16:40:25.718935 dv-cinder-786260-7-iscsi devstack@c-api.service[110344]: INFO cinder.api.openstack.wsgi [None req-8c49f898-46a2-4b3f-b97a-19a561ebc326 tempest-VolumesActionsTest-841211399 tempest-VolumesActionsTest-841211399-project-admin] POST http://10.222.0.73/volume/v3/7815c66d5689448ca81e3ecf545c6d4c/volumes/fe9e0e69-8820-4ae8-9a87-ac5df488bf56/action
Jun 29 16:40:25.719318 dv-cinder-786260-7-iscsi devstack@c-api.service[110344]: /usr/local/lib/python3.8/dist-packages/webob/acceptparse.py:1047: DeprecationWarning: The behavior of AcceptValidHeader.best_match is currently being maintained for backward compatibility, but it will be deprecated in the future, as it does not conform to the RFC.
Jun 29 16:40:25.719318 dv-cinder-786260-7-iscsi devstack@c-api.service[110344]: warnings.warn(
Jun 29 16:40:25.719698 dv-cinder-786260-7-iscsi devstack@c-api.service[110344]: DEBUG cinder.api.openstack.wsgi [None req-8c49f898-46a2-4b3f-b97a-19a561ebc326 tempest-VolumesActionsTest-841211399 tempest-VolumesActionsTest-841211399-project-admin] Action body: b'{"os-reset_status": {"status": "error"}}' {{(pid=110344) get_method /opt/stack/cinder/cinder/api/openstack/wsgi.py:981}}
Jun 29 16:40:25.720027 dv-cinder-786260-7-iscsi devstack@c-api.service[110344]: DEBUG cinder.api.openstack.wsgi [None req-8c49f898-46a2-4b3f-b97a-19a561ebc326 tempest-VolumesActionsTest-841211399 tempest-VolumesActionsTest-841211399-project-admin] Action: 'action', calling method: _reset_status, body: {"os-reset_status": {"status": "error"}} {{(pid=110344) _process_stack /opt/stack/cinder/cinder/api/openstack/wsgi.py:864}}
Jun 29 16:40:25.720861 dv-cinder-786260-7-iscsi devstack@c-api.service[110344]: DEBUG cinder.api.contrib.admin_actions [None req-8c49f898-46a2-4b3f-b97a-19a561ebc326 tempest-VolumesActionsTest-841211399 tempest-VolumesActionsTest-841211399-project-admin] Updating volume 'fe9e0e69-8820-4ae8-9a87-ac5df488bf56' with '{'status': 'error'}' {{(pid=110344) _reset_status /opt/stack/cinder/cinder/api/contrib/admin_actions.py:100}}
Jun 29 16:40:25.735435 dv-cinder-786260-7-iscsi devstack@c-api.service[110343]: WARNING cinder.quota [None req-fa564995-a4a7-4f3e-bd8c-5756146b93d0 tempest-GroupsV314Test-980709478 tempest-GroupsV314Test-980709478-project] Deprecated: Default quota for resource: volumes_tempest-GroupsV314Test-volume-type-412380965 is set by the default quota flag: quota_volumes_tempest-GroupsV314Test-volume-type-412380965, it is now deprecated. Please use the default quota class for default quota.
Jun 29 16:40:25.736226 dv-cinder-786260-7-iscsi devstack@c-api.service[110343]: WARNING cinder.quota [None req-fa564995-a4a7-4f3e-bd8c-5756146b93d0 tempest-GroupsV314Test-980709478 tempest-GroupsV314Test-980709478-project] Deprecated: Default quota for resource: gigabytes_tempest-GroupsV314Test-volume-type-412380965 is set by the default quota flag: quota_gigabytes_tempest-GroupsV314Test-volume-type-412380965, it is now deprecated. Please use the default quota class for default quota.
Jun 29 16:40:25.746603 dv-cinder-786260-7-iscsi devstack@c-api.service[110344]: /usr/local/lib/python3.8/dist-packages/oslo_context/context.py:105: DeprecationWarning: Policy enforcement is depending on the value of is_admin. This key is deprecated. Please update your policy file to use the standard policy values.
Jun 29 16:40:25.746603 dv-cinder-786260-7-iscsi devstack@c-api.service[110344]: warnings.warn('Policy enforcement is depending on the value of '
Jun 29 16:40:25.926481 dv-cinder-786260-7-iscsi devstack@c-api.service[110344]: INFO cinder.api.openstack.wsgi [None req-8c49f898-46a2-4b3f-b97a-19a561ebc326 tempest-VolumesActionsTest-841211399 tempest-VolumesActionsTest-841211399-project-admin] http://10.222.0.73/volume/v3/7815c66d5689448ca81e3ecf545c6d4c/volumes/fe9e0e69-8820-4ae8-9a87-ac5df488bf56/action returned with HTTP 202
Jun 29 16:40:25.930493 dv-cinder-786260-7-iscsi devstack@c-api.service[110344]: [pid: 110344|app: 0|req: 162/324] 10.222.0.73 () {60 vars in 1367 bytes} [Tue Jun 29 16:40:25 2021] POST /volume/v3/7815c66d5689448ca81e3ecf545c6d4c/volumes/fe9e0e69-8820-4ae8-9a87-ac5df488bf56/action => generated 0 bytes in 212 msecs (HTTP/1.1 202) 7 headers in 289 bytes (2 switches on core 0)
Jun 29 16:40:25.934703 dv-cinder-786260-7-iscsi devstack@c-api.service[110344]: INFO cinder.api.openstack.wsgi [None req-8af1565c-b504-4d28-8149-f134e92dc7fb tempest-VolumesActionsTest-1608582249 tempest-VolumesActionsTest-1608582249-project] GET http://10.222.0.73/volume/v3/663741318c004299b7f5d7a53c1322f9/volumes/fe9e0e69-8820-4ae8-9a87-ac5df488bf56
Jun 29 16:40:25.935097 dv-cinder-786260-7-iscsi devstack@c-api.service[110344]: DEBUG cinder.api.openstack.wsgi [None req-8af1565c-b504-4d28-8149-f134e92dc7fb tempest-VolumesActionsTest-1608582249 tempest-VolumesActionsTest-1608582249-project] Empty body provided in request {{(pid=110344) get_body /opt/stack/cinder/cinder/api/openstack/wsgi.py:713}}
Jun 29 16:40:25.935331 dv-cinder-786260-7-iscsi devstack@c-api.service[110344]: /usr/local/lib/python3.8/dist-packages/webob/acceptparse.py:1047: DeprecationWarning: The behavior of AcceptValidHeader.best_match is currently being maintained for backward compatibility, but it will be deprecated in the future, as it does not conform to the RFC.
Jun 29 16:40:25.935331 dv-cinder-786260-7-iscsi devstack@c-api.service[110344]: warnings.warn(
Jun 29 16:40:25.937341 dv-cinder-786260-7-iscsi devstack@c-api.service[110344]: DEBUG cinder.api.openstack.wsgi [None req-8af1565c-b504-4d28-8149-f134e92dc7fb tempest-VolumesActionsTest-1608582249 tempest-VolumesActionsTest-1608582249-project] Calling method 'show' {{(pid=110344) _process_stack /opt/stack/cinder/cinder/api/openstack/wsgi.py:866}}
Jun 29 16:40:25.949997 dv-cinder-786260-7-iscsi devstack@c-api.service[110344]: /usr/local/lib/python3.8/dist-packages/oslo_context/context.py:105: DeprecationWarning: Policy enforcement is depending on the value of is_admin. This key is deprecated. Please update your policy file to use the standard policy values.
Jun 29 16:40:25.949997 dv-cinder-786260-7-iscsi devstack@c-api.service[110344]: warnings.warn('Policy enforcement is depending on the value of '
Jun 29 16:40:25.958116 dv-cinder-786260-7-iscsi devstack@c-api.service[110344]: INFO cinder.volume.api [None req-8af1565c-b504-4d28-8149-f134e92dc7fb tempest-VolumesActionsTest-1608582249 tempest-VolumesActionsTest-1608582249-project] Volume info retrieved successfully.
Jun 29 16:40:25.974393 dv-cinder-786260-7-iscsi devstack@c-api.service[110344]: INFO cinder.api.openstack.wsgi [None req-8af1565c-b504-4d28-8149-f134e92dc7fb tempest-VolumesActionsTest-1608582249 tempest-VolumesActionsTest-1608582249-project] http://10.222.0.73/volume/v3/663741318c004299b7f5d7a53c1322f9/volumes/fe9e0e69-8820-4ae8-9a87-ac5df488bf56 returned with HTTP 200
Jun 29 16:40:25.975431 dv-cinder-786260-7-iscsi devstack@c-api.service[110344]: [pid: 110344|app: 0|req: 163/325] 10.222.0.73 () {58 vars in 1325 bytes} [Tue Jun 29 16:40:25 2021] GET /volume/v3/663741318c004299b7f5d7a53c1322f9/volumes/fe9e0e69-8820-4ae8-9a87-ac5df488bf56 => generated 905 bytes in 44 msecs (HTTP/1.1 200) 7 headers in 285 bytes (1 switches on core 0)
Jun 29 16:40:25.988866 dv-cinder-786260-7-iscsi devstack@c-api.service[110344]: INFO cinder.api.openstack.wsgi [None req-412e5cac-9c45-4e42-9d2a-29974f956425 tempest-VolumesActionsTest-841211399 tempest-VolumesActionsTest-841211399-project-admin] POST http://10.222.0.73/volume/v3/7815c66d5689448ca81e3ecf545c6d4c/volumes/fe9e0e69-8820-4ae8-9a87-ac5df488bf56/action
Jun 29 16:40:25.989262 dv-cinder-786260-7-iscsi devstack@c-api.service[110344]: /usr/local/lib/python3.8/dist-packages/webob/acceptparse.py:1047: DeprecationWarning: The behavior of AcceptValidHeader.best_match is currently being maintained for backward compatibility, but it will be deprecated in the future, as it does not conform to the RFC.
Jun 29 16:40:25.989262 dv-cinder-786260-7-iscsi devstack@c-api.service[110344]: warnings.warn(
Jun 29 16:40:25.989701 dv-cinder-786260-7-iscsi devstack@c-api.service[110344]: DEBUG cinder.api.openstack.wsgi [None req-412e5cac-9c45-4e42-9d2a-29974f956425 tempest-VolumesActionsTest-841211399 tempest-VolumesActionsTest-841211399-project-admin] Action body: b'{"os-force_delete": {}}' {{(pid=110344) get_method /opt/stack/cinder/cinder/api/openstack/wsgi.py:981}}
Jun 29 16:40:25.990040 dv-cinder-786260-7-iscsi devstack@c-api.service[110344]: DEBUG cinder.api.openstack.wsgi [None req-412e5cac-9c45-4e42-9d2a-29974f956425 tempest-VolumesActionsTest-841211399 tempest-VolumesActionsTest-841211399-project-admin] Action: 'action', calling method: _force_delete, body: {"os-force_delete": {}} {{(pid=110344) _process_stack /opt/stack/cinder/cinder/api/openstack/wsgi.py:864}}
Jun 29 16:40:26.004514 dv-cinder-786260-7-iscsi devstack@c-api.service[110344]: /usr/local/lib/python3.8/dist-packages/oslo_context/context.py:105: DeprecationWarning: Policy enforcement is depending on the value of is_admin. This key is deprecated. Please update your policy file to use the standard policy values.
Jun 29 16:40:26.004514 dv-cinder-786260-7-iscsi devstack@c-api.service[110344]: warnings.warn('Policy enforcement is depending on the value of '
Jun 29 16:40:26.005675 dv-cinder-786260-7-iscsi devstack@c-api.service[110344]: INFO cinder.volume.api [None req-412e5cac-9c45-4e42-9d2a-29974f956425 tempest-VolumesActionsTest-841211399 tempest-VolumesActionsTest-841211399-project-admin] Volume info retrieved successfully.
Jun 29 16:40:26.176099 dv-cinder-786260-7-iscsi devstack@c-api.service[110343]: DEBUG cinder.quota [None req-fa564995-a4a7-4f3e-bd8c-5756146b93d0 tempest-GroupsV314Test-980709478 tempest-GroupsV314Test-980709478-project] Created reservations ['2e5b93cf-f7ea-4692-be90-4d48d5a52fc2', '78224b2a-7456-41a4-874a-27271f402e0b', '186a91de-2a71-472e-a3f9-5bd36e4a6ded', '629f1d3a-ca81-45bd-8612-1244b415cb53'] {{(pid=110343) reserve /opt/stack/cinder/cinder/quota.py:755}}
Jun 29 16:40:26.177999 dv-cinder-786260-7-iscsi devstack@c-api.service[110343]: DEBUG cinder.volume.api [None req-fa564995-a4a7-4f3e-bd8c-5756146b93d0 tempest-GroupsV314Test-980709478 tempest-GroupsV314Test-980709478-project] Task 'cinder.volume.flows.api.create_volume.QuotaReserveTask;volume:create' (49463948-beec-47ed-9cd3-21055631f35d) transitioned into state 'SUCCESS' from state 'RUNNING' with result '{'reservations': ['2e5b93cf-f7ea-4692-be90-4d48d5a52fc2', '78224b2a-7456-41a4-874a-27271f402e0b', '186a91de-2a71-472e-a3f9-5bd36e4a6ded', '629f1d3a-ca81-45bd-8612-1244b415cb53']}' {{(pid=110343) _task_receiver /usr/local/lib/python3.8/dist-packages/taskflow/listeners/logging.py:178}}
Jun 29 16:40:26.180013 dv-cinder-786260-7-iscsi devstack@c-api.service[110343]: DEBUG cinder.volume.api [None req-fa564995-a4a7-4f3e-bd8c-5756146b93d0 tempest-GroupsV314Test-980709478 tempest-GroupsV314Test-980709478-project] Task 'cinder.volume.flows.api.create_volume.EntryCreateTask;volume:create' (25ba82ce-cca4-4de3-ad29-9c546f612780) transitioned into state 'RUNNING' from state 'PENDING' {{(pid=110343) _task_receiver /usr/local/lib/python3.8/dist-packages/taskflow/listeners/logging.py:190}}
Jun 29 16:40:26.243214 dv-cinder-786260-7-iscsi devstack@c-api.service[110344]: INFO cinder.volume.api [None req-412e5cac-9c45-4e42-9d2a-29974f956425 tempest-VolumesActionsTest-841211399 tempest-VolumesActionsTest-841211399-project-admin] Delete volume request issued successfully.
Jun 29 16:40:26.244261 dv-cinder-786260-7-iscsi devstack@c-api.service[110344]: INFO cinder.api.openstack.wsgi [None req-412e5cac-9c45-4e42-9d2a-29974f956425 tempest-VolumesActionsTest-841211399 tempest-VolumesActionsTest-841211399-project-admin] http://10.222.0.73/volume/v3/7815c66d5689448ca81e3ecf545c6d4c/volumes/fe9e0e69-8820-4ae8-9a87-ac5df488bf56/action returned with HTTP 202
Jun 29 16:40:26.246834 dv-cinder-786260-7-iscsi devstack@c-api.service[110344]: [pid: 110344|app: 0|req: 164/326] 10.222.0.73 () {60 vars in 1367 bytes} [Tue Jun 29 16:40:25 2021] POST /volume/v3/7815c66d5689448ca81e3ecf545c6d4c/volumes/fe9e0e69-8820-4ae8-9a87-ac5df488bf56/action => generated 0 bytes in 261 msecs (HTTP/1.1 202) 7 headers in 289 bytes (2 switches on core 0)
Jun 29 16:40:26.266780 dv-cinder-786260-7-iscsi devstack@c-api.service[110344]: INFO cinder.api.openstack.wsgi [None req-c3fdff7e-7b43-44e9-b393-4def34db3ac7 tempest-VolumesActionsTest-1608582249 tempest-VolumesActionsTest-1608582249-project] GET http://10.222.0.73/volume/v3/663741318c004299b7f5d7a53c1322f9/volumes/fe9e0e69-8820-4ae8-9a87-ac5df488bf56
Jun 29 16:40:26.267247 dv-cinder-786260-7-iscsi devstack@c-api.service[110344]: DEBUG cinder.api.openstack.wsgi [None req-c3fdff7e-7b43-44e9-b393-4def34db3ac7 tempest-VolumesActionsTest-1608582249 tempest-VolumesActionsTest-1608582249-project] Empty body provided in request {{(pid=110344) get_body /opt/stack/cinder/cinder/api/openstack/wsgi.py:713}}
Jun 29 16:40:26.267424 dv-cinder-786260-7-iscsi devstack@c-api.service[110344]: /usr/local/lib/python3.8/dist-packages/webob/acceptparse.py:1047: DeprecationWarning: The behavior of AcceptValidHeader.best_match is currently being maintained for backward compatibility, but it will be deprecated in the future, as it does not conform to the RFC.
Jun 29 16:40:26.267424 dv-cinder-786260-7-iscsi devstack@c-api.service[110344]: warnings.warn(
Jun 29 16:40:26.267745 dv-cinder-786260-7-iscsi devstack@c-api.service[110344]: DEBUG cinder.api.openstack.wsgi [None req-c3fdff7e-7b43-44e9-b393-4def34db3ac7 tempest-VolumesActionsTest-1608582249 tempest-VolumesActionsTest-1608582249-project] Calling method 'show' {{(pid=110344) _process_stack /opt/stack/cinder/cinder/api/openstack/wsgi.py:866}}
Jun 29 16:40:26.293454 dv-cinder-786260-7-iscsi devstack@c-api.service[110343]: DEBUG cinder.volume.api [None req-fa564995-a4a7-4f3e-bd8c-5756146b93d0 tempest-GroupsV314Test-980709478 tempest-GroupsV314Test-980709478-project] Task 'cinder.volume.flows.api.create_volume.EntryCreateTask;volume:create' (25ba82ce-cca4-4de3-ad29-9c546f612780) transitioned into state 'SUCCESS' from state 'RUNNING' with result '{'volume_id': '5bbbd56a-77a4-48dc-a892-ca07566c062b', 'volume_properties': VolumeProperties(attach_status='detached',availability_zone='nova',cgsnapshot_id=None,consistencygroup_id=None,display_description=None,display_name='tempest-GroupsV314Test-Volume-2107814645',encryption_key_id=None,group_id=b67117c1-49ed-4ead-af1c-8f3b08e5a8bd,group_type_id=,metadata={},multiattach=False,project_id='6c7217e58c84493fb7495841b0dada0e',qos_specs=None,replication_status=,reservations=['2e5b93cf-f7ea-4692-be90-4d48d5a52fc2','78224b2a-7456-41a4-874a-27271f402e0b','186a91de-2a71-472e-a3f9-5bd36e4a6ded','629f1d3a-ca81-45bd-8612-1244b415cb53'],size=1,snapshot_id=None,source_replicaid=,source_volid=None,status='creating',user_id='381f46604c724590ad17b75db9c38503',volume_type_id=a6824e57-043e-48a2-bf20-2f7cdac3b396), 'volume': Volume(_name_id=None,admin_metadata=,attach_status='detached',availability_zone='nova',bootable=False,cluster=,cluster_name=None,consistencygroup=,consistencygroup_id=None,created_at=2021-06-29T16:40:26Z,deleted=False,deleted_at=None,display_description=None,display_name='tempest-GroupsV314Test-Volume-2107814645',ec2_id=None,encryption_key_id=None,glance_metadata=,group=,group_id=b67117c1-49ed-4ead-af1c-8f3b08e5a8bd,host=None,id=5bbbd56a-77a4-48dc-a892-ca07566c062b,launched_at=None,metadata={},migration_status=None,multiattach=False,previous_status=None,project_id='6c7217e58c84493fb7495841b0dada0e',provider_auth=None,provider_geometry=None,provider_id=None,provider_location=None,replication_driver_data=None,replication_extended_status=None,replication_status=None,scheduled_at=None,service_uuid=None,shared_targets=True,size=1,snapshot_id=None,snapshots=,source_volid=None,status='creating',terminated_at=None,updated_at=None,user_id='381f46604c724590ad17b75db9c38503',volume_attachment=,volume_type=VolumeType(a6824e57-043e-48a2-bf20-2f7cdac3b396),volume_type_id=a6824e57-043e-48a2-bf20-2f7cdac3b396)}' {{(pid=110343) _task_receiver /usr/local/lib/python3.8/dist-packages/taskflow/listeners/logging.py:178}}
Jun 29 16:40:26.295380 dv-cinder-786260-7-iscsi devstack@c-api.service[110343]: DEBUG cinder.volume.api [None req-fa564995-a4a7-4f3e-bd8c-5756146b93d0 tempest-GroupsV314Test-980709478 tempest-GroupsV314Test-980709478-project] Task 'cinder.volume.flows.api.create_volume.QuotaCommitTask;volume:create' (5320f164-d8aa-407e-8495-5826bfaad248) transitioned into state 'RUNNING' from state 'PENDING' {{(pid=110343) _task_receiver /usr/local/lib/python3.8/dist-packages/taskflow/listeners/logging.py:190}}
Jun 29 16:40:26.300596 dv-cinder-786260-7-iscsi devstack@c-api.service[110344]: /usr/local/lib/python3.8/dist-packages/oslo_context/context.py:105: DeprecationWarning: Policy enforcement is depending on the value of is_admin. This key is deprecated. Please update your policy file to use the standard policy values.
Jun 29 16:40:26.300596 dv-cinder-786260-7-iscsi devstack@c-api.service[110344]: warnings.warn('Policy enforcement is depending on the value of '
Jun 29 16:40:26.311460 dv-cinder-786260-7-iscsi devstack@c-api.service[110344]: INFO cinder.volume.api [None req-c3fdff7e-7b43-44e9-b393-4def34db3ac7 tempest-VolumesActionsTest-1608582249 tempest-VolumesActionsTest-1608582249-project] Volume info retrieved successfully.
Jun 29 16:40:26.327231 dv-cinder-786260-7-iscsi devstack@c-api.service[110344]: INFO cinder.api.openstack.wsgi [None req-c3fdff7e-7b43-44e9-b393-4def34db3ac7 tempest-VolumesActionsTest-1608582249 tempest-VolumesActionsTest-1608582249-project] http://10.222.0.73/volume/v3/663741318c004299b7f5d7a53c1322f9/volumes/fe9e0e69-8820-4ae8-9a87-ac5df488bf56 returned with HTTP 200
Jun 29 16:40:26.328006 dv-cinder-786260-7-iscsi devstack@c-api.service[110344]: [pid: 110344|app: 0|req: 165/327] 10.222.0.73 () {58 vars in 1325 bytes} [Tue Jun 29 16:40:26 2021] GET /volume/v3/663741318c004299b7f5d7a53c1322f9/volumes/fe9e0e69-8820-4ae8-9a87-ac5df488bf56 => generated 908 bytes in 66 msecs (HTTP/1.1 200) 7 headers in 285 bytes (1 switches on core 0)
Jun 29 16:40:26.392346 dv-cinder-786260-7-iscsi devstack@c-api.service[110343]: DEBUG cinder.volume.api [None req-fa564995-a4a7-4f3e-bd8c-5756146b93d0 tempest-GroupsV314Test-980709478 tempest-GroupsV314Test-980709478-project] Task 'cinder.volume.flows.api.create_volume.QuotaCommitTask;volume:create' (5320f164-d8aa-407e-8495-5826bfaad248) transitioned into state 'SUCCESS' from state 'RUNNING' with result '{'volume_properties': VolumeProperties(attach_status='detached',availability_zone='nova',cgsnapshot_id=None,consistencygroup_id=None,display_description=None,display_name='tempest-GroupsV314Test-Volume-2107814645',encryption_key_id=None,group_id=b67117c1-49ed-4ead-af1c-8f3b08e5a8bd,group_type_id=,metadata={},multiattach=False,project_id='6c7217e58c84493fb7495841b0dada0e',qos_specs=None,replication_status=,reservations=['2e5b93cf-f7ea-4692-be90-4d48d5a52fc2','78224b2a-7456-41a4-874a-27271f402e0b','186a91de-2a71-472e-a3f9-5bd36e4a6ded','629f1d3a-ca81-45bd-8612-1244b415cb53'],size=1,snapshot_id=None,source_replicaid=,source_volid=None,status='creating',user_id='381f46604c724590ad17b75db9c38503',volume_type_id=a6824e57-043e-48a2-bf20-2f7cdac3b396)}' {{(pid=110343) _task_receiver /usr/local/lib/python3.8/dist-packages/taskflow/listeners/logging.py:178}}
Jun 29 16:40:26.394235 dv-cinder-786260-7-iscsi devstack@c-api.service[110343]: DEBUG cinder.volume.api [None req-fa564995-a4a7-4f3e-bd8c-5756146b93d0 tempest-GroupsV314Test-980709478 tempest-GroupsV314Test-980709478-project] Task 'cinder.volume.flows.api.create_volume.VolumeCastTask;volume:create' (20a65ca8-0998-4508-9b53-601ddd196655) transitioned into state 'RUNNING' from state 'PENDING' {{(pid=110343) _task_receiver /usr/local/lib/python3.8/dist-packages/taskflow/listeners/logging.py:190}}
Jun 29 16:40:26.508739 dv-cinder-786260-7-iscsi devstack@c-api.service[110343]: DEBUG cinder.volume.api [None req-fa564995-a4a7-4f3e-bd8c-5756146b93d0 tempest-GroupsV314Test-980709478 tempest-GroupsV314Test-980709478-project] Task 'cinder.volume.flows.api.create_volume.VolumeCastTask;volume:create' (20a65ca8-0998-4508-9b53-601ddd196655) transitioned into state 'SUCCESS' from state 'RUNNING' with result 'None' {{(pid=110343) _task_receiver /usr/local/lib/python3.8/dist-packages/taskflow/listeners/logging.py:178}}
Jun 29 16:40:26.511933 dv-cinder-786260-7-iscsi devstack@c-api.service[110343]: DEBUG cinder.volume.api [None req-fa564995-a4a7-4f3e-bd8c-5756146b93d0 tempest-GroupsV314Test-980709478 tempest-GroupsV314Test-980709478-project] Flow 'volume_create_api' (0357e6fc-32cc-4263-b04f-b63f23a7d23e) transitioned into state 'SUCCESS' from state 'RUNNING' {{(pid=110343) _flow_receiver /usr/local/lib/python3.8/dist-packages/taskflow/listeners/logging.py:141}}
Jun 29 16:40:26.512724 dv-cinder-786260-7-iscsi devstack@c-api.service[110343]: INFO cinder.volume.api [None req-fa564995-a4a7-4f3e-bd8c-5756146b93d0 tempest-GroupsV314Test-980709478 tempest-GroupsV314Test-980709478-project] Create volume request issued successfully.
Jun 29 16:40:26.522325 dv-cinder-786260-7-iscsi devstack@c-api.service[110343]: WARNING stevedore.named [None req-fa564995-a4a7-4f3e-bd8c-5756146b93d0 tempest-GroupsV314Test-980709478 tempest-GroupsV314Test-980709478-project] Could not load cinder.keymgr.conf_key_mgr.ConfKeyManager
Jun 29 16:40:26.522730 dv-cinder-786260-7-iscsi devstack@c-api.service[110343]: WARNING castellan.key_manager [None req-fa564995-a4a7-4f3e-bd8c-5756146b93d0 tempest-GroupsV314Test-980709478 tempest-GroupsV314Test-980709478-project] Deprecation Warning : cinder.keymgr.conf_key_mgr.ConfKeyManager is not a stevedore based driver, trying to load it as a class: stevedore.exception.NoMatches: No 'castellan.drivers' driver found, looking for 'cinder.keymgr.conf_key_mgr.ConfKeyManager'
Jun 29 16:40:26.530364 dv-cinder-786260-7-iscsi devstack@c-api.service[110343]: DEBUG oslo_db.sqlalchemy.engines [None req-fa564995-a4a7-4f3e-bd8c-5756146b93d0 tempest-GroupsV314Test-980709478 tempest-GroupsV314Test-980709478-project] MySQL server mode set to STRICT_TRANS_TABLES,STRICT_ALL_TABLES,NO_ZERO_IN_DATE,NO_ZERO_DATE,ERROR_FOR_DIVISION_BY_ZERO,TRADITIONAL,NO_ENGINE_SUBSTITUTION {{(pid=110343) _check_effective_sql_mode /usr/local/lib/python3.8/dist-packages/oslo_db/sqlalchemy/engines.py:314}}
Jun 29 16:40:26.539677 dv-cinder-786260-7-iscsi devstack@c-api.service[110343]: /usr/local/lib/python3.8/dist-packages/oslo_context/context.py:105: DeprecationWarning: Policy enforcement is depending on the value of is_admin. This key is deprecated. Please update your policy file to use the standard policy values.
Jun 29 16:40:26.539677 dv-cinder-786260-7-iscsi devstack@c-api.service[110343]: warnings.warn('Policy enforcement is depending on the value of '
Jun 29 16:40:26.547224 dv-cinder-786260-7-iscsi devstack@c-api.service[110343]: INFO cinder.api.openstack.wsgi [None req-fa564995-a4a7-4f3e-bd8c-5756146b93d0 tempest-GroupsV314Test-980709478 tempest-GroupsV314Test-980709478-project] http://10.222.0.73/volume/v3/6c7217e58c84493fb7495841b0dada0e/volumes returned with HTTP 202
Jun 29 16:40:26.556598 dv-cinder-786260-7-iscsi devstack@c-api.service[110343]: [pid: 110343|app: 0|req: 163/328] 10.222.0.73 () {62 vars in 1277 bytes} [Tue Jun 29 16:40:25 2021] POST /volume/v3/6c7217e58c84493fb7495841b0dada0e/volumes => generated 899 bytes in 919 msecs (HTTP/1.1 202) 7 headers in 292 bytes (1 switches on core 0)
Jun 29 16:40:26.561107 dv-cinder-786260-7-iscsi devstack@c-api.service[110344]: INFO cinder.api.openstack.wsgi [None req-62426196-b3e5-497d-99b1-7da604e6e221 tempest-GroupsV314Test-980709478 tempest-GroupsV314Test-980709478-project] GET http://10.222.0.73/volume/v3/6c7217e58c84493fb7495841b0dada0e/volumes/5bbbd56a-77a4-48dc-a892-ca07566c062b
Jun 29 16:40:26.561877 dv-cinder-786260-7-iscsi devstack@c-api.service[110344]: DEBUG cinder.api.openstack.wsgi [None req-62426196-b3e5-497d-99b1-7da604e6e221 tempest-GroupsV314Test-980709478 tempest-GroupsV314Test-980709478-project] Empty body provided in request {{(pid=110344) get_body /opt/stack/cinder/cinder/api/openstack/wsgi.py:713}}
Jun 29 16:40:26.562058 dv-cinder-786260-7-iscsi devstack@c-api.service[110344]: /usr/local/lib/python3.8/dist-packages/webob/acceptparse.py:1047: DeprecationWarning: The behavior of AcceptValidHeader.best_match is currently being maintained for backward compatibility, but it will be deprecated in the future, as it does not conform to the RFC.
Jun 29 16:40:26.562058 dv-cinder-786260-7-iscsi devstack@c-api.service[110344]: warnings.warn(
Jun 29 16:40:26.562541 dv-cinder-786260-7-iscsi devstack@c-api.service[110344]: DEBUG cinder.api.openstack.wsgi [None req-62426196-b3e5-497d-99b1-7da604e6e221 tempest-GroupsV314Test-980709478 tempest-GroupsV314Test-980709478-project] Calling method 'show' {{(pid=110344) _process_stack /opt/stack/cinder/cinder/api/openstack/wsgi.py:866}}
Jun 29 16:40:26.576327 dv-cinder-786260-7-iscsi devstack@c-api.service[110344]: /usr/local/lib/python3.8/dist-packages/oslo_context/context.py:105: DeprecationWarning: Policy enforcement is depending on the value of is_admin. This key is deprecated. Please update your policy file to use the standard policy values.
Jun 29 16:40:26.576327 dv-cinder-786260-7-iscsi devstack@c-api.service[110344]: warnings.warn('Policy enforcement is depending on the value of '
Jun 29 16:40:26.586678 dv-cinder-786260-7-iscsi devstack@c-api.service[110344]: INFO cinder.volume.api [None req-62426196-b3e5-497d-99b1-7da604e6e221 tempest-GroupsV314Test-980709478 tempest-GroupsV314Test-980709478-project] Volume info retrieved successfully.
Jun 29 16:40:26.595303 dv-cinder-786260-7-iscsi devstack@c-api.service[110344]: WARNING stevedore.named [None req-62426196-b3e5-497d-99b1-7da604e6e221 tempest-GroupsV314Test-980709478 tempest-GroupsV314Test-980709478-project] Could not load cinder.keymgr.conf_key_mgr.ConfKeyManager
Jun 29 16:40:26.595709 dv-cinder-786260-7-iscsi devstack@c-api.service[110344]: WARNING castellan.key_manager [None req-62426196-b3e5-497d-99b1-7da604e6e221 tempest-GroupsV314Test-980709478 tempest-GroupsV314Test-980709478-project] Deprecation Warning : cinder.keymgr.conf_key_mgr.ConfKeyManager is not a stevedore based driver, trying to load it as a class: stevedore.exception.NoMatches: No 'castellan.drivers' driver found, looking for 'cinder.keymgr.conf_key_mgr.ConfKeyManager'
Jun 29 16:40:26.602941 dv-cinder-786260-7-iscsi devstack@c-api.service[110344]: DEBUG oslo_db.sqlalchemy.engines [None req-62426196-b3e5-497d-99b1-7da604e6e221 tempest-GroupsV314Test-980709478 tempest-GroupsV314Test-980709478-project] MySQL server mode set to STRICT_TRANS_TABLES,STRICT_ALL_TABLES,NO_ZERO_IN_DATE,NO_ZERO_DATE,ERROR_FOR_DIVISION_BY_ZERO,TRADITIONAL,NO_ENGINE_SUBSTITUTION {{(pid=110344) _check_effective_sql_mode /usr/local/lib/python3.8/dist-packages/oslo_db/sqlalchemy/engines.py:314}}
Jun 29 16:40:26.615901 dv-cinder-786260-7-iscsi devstack@c-api.service[110344]: /usr/local/lib/python3.8/dist-packages/oslo_context/context.py:105: DeprecationWarning: Policy enforcement is depending on the value of is_admin. This key is deprecated. Please update your policy file to use the standard policy values.
Jun 29 16:40:26.615901 dv-cinder-786260-7-iscsi devstack@c-api.service[110344]: warnings.warn('Policy enforcement is depending on the value of '
Jun 29 16:40:26.625463 dv-cinder-786260-7-iscsi devstack@c-api.service[110343]: INFO cinder.api.openstack.wsgi [None req-e55ae97e-13be-4fee-bf2b-5cf24493e74c tempest-VolumesImageMetadata-208970084 tempest-VolumesImageMetadata-208970084-project] GET http://10.222.0.73/volume/v3/09b79e13533e4a8790d6b557f793e610/volumes/5126cb5d-bbc0-40ce-9d2a-037e96f8e264
Jun 29 16:40:26.625905 dv-cinder-786260-7-iscsi devstack@c-api.service[110343]: DEBUG cinder.api.openstack.wsgi [None req-e55ae97e-13be-4fee-bf2b-5cf24493e74c tempest-VolumesImageMetadata-208970084 tempest-VolumesImageMetadata-208970084-project] Empty body provided in request {{(pid=110343) get_body /opt/stack/cinder/cinder/api/openstack/wsgi.py:713}}
Jun 29 16:40:26.626000 dv-cinder-786260-7-iscsi devstack@c-api.service[110343]: /usr/local/lib/python3.8/dist-packages/webob/acceptparse.py:1047: DeprecationWarning: The behavior of AcceptValidHeader.best_match is currently being maintained for backward compatibility, but it will be deprecated in the future, as it does not conform to the RFC.
Jun 29 16:40:26.626000 dv-cinder-786260-7-iscsi devstack@c-api.service[110343]: warnings.warn(
Jun 29 16:40:26.626318 dv-cinder-786260-7-iscsi devstack@c-api.service[110343]: DEBUG cinder.api.openstack.wsgi [None req-e55ae97e-13be-4fee-bf2b-5cf24493e74c tempest-VolumesImageMetadata-208970084 tempest-VolumesImageMetadata-208970084-project] Calling method 'show' {{(pid=110343) _process_stack /opt/stack/cinder/cinder/api/openstack/wsgi.py:866}}
Jun 29 16:40:26.633744 dv-cinder-786260-7-iscsi devstack@c-api.service[110344]: INFO cinder.api.openstack.wsgi [None req-62426196-b3e5-497d-99b1-7da604e6e221 tempest-GroupsV314Test-980709478 tempest-GroupsV314Test-980709478-project] http://10.222.0.73/volume/v3/6c7217e58c84493fb7495841b0dada0e/volumes/5bbbd56a-77a4-48dc-a892-ca07566c062b returned with HTTP 200
Jun 29 16:40:26.643458 dv-cinder-786260-7-iscsi devstack@c-api.service[110344]: [pid: 110344|app: 0|req: 166/329] 10.222.0.73 () {60 vars in 1366 bytes} [Tue Jun 29 16:40:26 2021] GET /volume/v3/6c7217e58c84493fb7495841b0dada0e/volumes/5bbbd56a-77a4-48dc-a892-ca07566c062b => generated 967 bytes in 77 msecs (HTTP/1.1 200) 7 headers in 286 bytes (2 switches on core 0)
Jun 29 16:40:26.651767 dv-cinder-786260-7-iscsi devstack@c-api.service[110343]: /usr/local/lib/python3.8/dist-packages/oslo_context/context.py:105: DeprecationWarning: Policy enforcement is depending on the value of is_admin. This key is deprecated. Please update your policy file to use the standard policy values.
Jun 29 16:40:26.651767 dv-cinder-786260-7-iscsi devstack@c-api.service[110343]: warnings.warn('Policy enforcement is depending on the value of '
Jun 29 16:40:26.660314 dv-cinder-786260-7-iscsi devstack@c-api.service[110343]: INFO cinder.volume.api [None req-e55ae97e-13be-4fee-bf2b-5cf24493e74c tempest-VolumesImageMetadata-208970084 tempest-VolumesImageMetadata-208970084-project] Volume info retrieved successfully.
Jun 29 16:40:26.674464 dv-cinder-786260-7-iscsi devstack@c-api.service[110343]: INFO cinder.api.openstack.wsgi [None req-e55ae97e-13be-4fee-bf2b-5cf24493e74c tempest-VolumesImageMetadata-208970084 tempest-VolumesImageMetadata-208970084-project] http://10.222.0.73/volume/v3/09b79e13533e4a8790d6b557f793e610/volumes/5126cb5d-bbc0-40ce-9d2a-037e96f8e264 returned with HTTP 200
Jun 29 16:40:26.675249 dv-cinder-786260-7-iscsi devstack@c-api.service[110343]: [pid: 110343|app: 0|req: 164/330] 10.222.0.73 () {58 vars in 1325 bytes} [Tue Jun 29 16:40:26 2021] GET /volume/v3/09b79e13533e4a8790d6b557f793e610/volumes/5126cb5d-bbc0-40ce-9d2a-037e96f8e264 => generated 912 bytes in 54 msecs (HTTP/1.1 200) 7 headers in 285 bytes (1 switches on core 0)
Jun 29 16:40:27.343043 dv-cinder-786260-7-iscsi devstack@c-api.service[110344]: INFO cinder.api.openstack.wsgi [None req-dadedbb4-224b-4fca-b6bb-a2a9feb6a1ec tempest-VolumesActionsTest-1608582249 tempest-VolumesActionsTest-1608582249-project] GET http://10.222.0.73/volume/v3/663741318c004299b7f5d7a53c1322f9/volumes/fe9e0e69-8820-4ae8-9a87-ac5df488bf56
Jun 29 16:40:27.343879 dv-cinder-786260-7-iscsi devstack@c-api.service[110344]: DEBUG cinder.api.openstack.wsgi [None req-dadedbb4-224b-4fca-b6bb-a2a9feb6a1ec tempest-VolumesActionsTest-1608582249 tempest-VolumesActionsTest-1608582249-project] Empty body provided in request {{(pid=110344) get_body /opt/stack/cinder/cinder/api/openstack/wsgi.py:713}}
Jun 29 16:40:27.344254 dv-cinder-786260-7-iscsi devstack@c-api.service[110344]: /usr/local/lib/python3.8/dist-packages/webob/acceptparse.py:1047: DeprecationWarning: The behavior of AcceptValidHeader.best_match is currently being maintained for backward compatibility, but it will be deprecated in the future, as it does not conform to the RFC.
Jun 29 16:40:27.344254 dv-cinder-786260-7-iscsi devstack@c-api.service[110344]: warnings.warn(
Jun 29 16:40:27.344943 dv-cinder-786260-7-iscsi devstack@c-api.service[110344]: DEBUG cinder.api.openstack.wsgi [None req-dadedbb4-224b-4fca-b6bb-a2a9feb6a1ec tempest-VolumesActionsTest-1608582249 tempest-VolumesActionsTest-1608582249-project] Calling method 'show' {{(pid=110344) _process_stack /opt/stack/cinder/cinder/api/openstack/wsgi.py:866}}
Jun 29 16:40:27.355993 dv-cinder-786260-7-iscsi devstack@c-api.service[110344]: INFO cinder.api.openstack.wsgi [None req-dadedbb4-224b-4fca-b6bb-a2a9feb6a1ec tempest-VolumesActionsTest-1608582249 tempest-VolumesActionsTest-1608582249-project] http://10.222.0.73/volume/v3/663741318c004299b7f5d7a53c1322f9/volumes/fe9e0e69-8820-4ae8-9a87-ac5df488bf56 returned with HTTP 404
Jun 29 16:40:27.356937 dv-cinder-786260-7-iscsi devstack@c-api.service[110344]: [pid: 110344|app: 0|req: 167/331] 10.222.0.73 () {58 vars in 1325 bytes} [Tue Jun 29 16:40:27 2021] GET /volume/v3/663741318c004299b7f5d7a53c1322f9/volumes/fe9e0e69-8820-4ae8-9a87-ac5df488bf56 => generated 109 bytes in 18 msecs (HTTP/1.1 404) 7 headers in 292 bytes (2 switches on core 0)
Jun 29 16:40:27.366370 dv-cinder-786260-7-iscsi devstack@c-api.service[110343]: INFO cinder.api.openstack.wsgi [None req-7c155645-f1be-46c4-8aae-2888ad36c8c0 tempest-VolumesActionsTest-1608582249 tempest-VolumesActionsTest-1608582249-project] POST http://10.222.0.73/volume/v3/663741318c004299b7f5d7a53c1322f9/volumes
Jun 29 16:40:27.367235 dv-cinder-786260-7-iscsi devstack@c-api.service[110343]: /usr/local/lib/python3.8/dist-packages/webob/acceptparse.py:1047: DeprecationWarning: The behavior of AcceptValidHeader.best_match is currently being maintained for backward compatibility, but it will be deprecated in the future, as it does not conform to the RFC.
Jun 29 16:40:27.367235 dv-cinder-786260-7-iscsi devstack@c-api.service[110343]: warnings.warn(
Jun 29 16:40:27.367728 dv-cinder-786260-7-iscsi devstack@c-api.service[110343]: DEBUG cinder.api.openstack.wsgi [None req-7c155645-f1be-46c4-8aae-2888ad36c8c0 tempest-VolumesActionsTest-1608582249 tempest-VolumesActionsTest-1608582249-project] Action: 'create', calling method: create, body: {"volume": {"size": 1, "name": "tempest-VolumesActionsTest-Volume-45239348"}} {{(pid=110343) _process_stack /opt/stack/cinder/cinder/api/openstack/wsgi.py:864}}
Jun 29 16:40:27.369179 dv-cinder-786260-7-iscsi devstack@c-api.service[110343]: DEBUG cinder.api.v3.volumes [None req-7c155645-f1be-46c4-8aae-2888ad36c8c0 tempest-VolumesActionsTest-1608582249 tempest-VolumesActionsTest-1608582249-project] Create volume request body: {'volume': {'size': 1, 'name': 'tempest-VolumesActionsTest-Volume-45239348'}} {{(pid=110343) create /opt/stack/cinder/cinder/api/v3/volumes.py:289}}
Jun 29 16:40:27.369649 dv-cinder-786260-7-iscsi devstack@c-api.service[110343]: INFO cinder.api.v3.volumes [None req-7c155645-f1be-46c4-8aae-2888ad36c8c0 tempest-VolumesActionsTest-1608582249 tempest-VolumesActionsTest-1608582249-project] Create volume of 1 GB
Jun 29 16:40:27.377351 dv-cinder-786260-7-iscsi devstack@c-api.service[110343]: INFO cinder.volume.api [None req-7c155645-f1be-46c4-8aae-2888ad36c8c0 tempest-VolumesActionsTest-1608582249 tempest-VolumesActionsTest-1608582249-project] Availability Zones retrieved successfully.
Jun 29 16:40:27.398736 dv-cinder-786260-7-iscsi devstack@c-api.service[110343]: DEBUG cinder.volume.api [None req-7c155645-f1be-46c4-8aae-2888ad36c8c0 tempest-VolumesActionsTest-1608582249 tempest-VolumesActionsTest-1608582249-project] Flow 'volume_create_api' (9556322c-1183-45a1-817e-fad2b745015f) transitioned into state 'RUNNING' from state 'PENDING' {{(pid=110343) _flow_receiver /usr/local/lib/python3.8/dist-packages/taskflow/listeners/logging.py:141}}
Jun 29 16:40:27.401758 dv-cinder-786260-7-iscsi devstack@c-api.service[110343]: DEBUG cinder.volume.api [None req-7c155645-f1be-46c4-8aae-2888ad36c8c0 tempest-VolumesActionsTest-1608582249 tempest-VolumesActionsTest-1608582249-project] Task 'cinder.volume.flows.api.create_volume.ExtractVolumeRequestTask;volume:create' (2e0151b6-b730-49db-ae77-ddd118237c73) transitioned into state 'RUNNING' from state 'PENDING' {{(pid=110343) _task_receiver /usr/local/lib/python3.8/dist-packages/taskflow/listeners/logging.py:190}}
Jun 29 16:40:27.404424 dv-cinder-786260-7-iscsi devstack@c-api.service[110343]: DEBUG cinder.volume.flows.api.create_volume [None req-7c155645-f1be-46c4-8aae-2888ad36c8c0 tempest-VolumesActionsTest-1608582249 tempest-VolumesActionsTest-1608582249-project] Validating volume size '1' using validate_int {{(pid=110343) _extract_size /opt/stack/cinder/cinder/volume/flows/api/create_volume.py:201}}
Jun 29 16:40:27.436906 dv-cinder-786260-7-iscsi devstack@c-api.service[110343]: DEBUG cinder.volume.api [None req-7c155645-f1be-46c4-8aae-2888ad36c8c0 tempest-VolumesActionsTest-1608582249 tempest-VolumesActionsTest-1608582249-project] Task 'cinder.volume.flows.api.create_volume.ExtractVolumeRequestTask;volume:create' (2e0151b6-b730-49db-ae77-ddd118237c73) transitioned into state 'SUCCESS' from state 'RUNNING' with result '{'size': 1, 'snapshot_id': None, 'source_volid': None, 'volume_type': VolumeType(created_at=2021-06-29T16:24:21Z,deleted=False,deleted_at=None,description='Default Volume Type',extra_specs={},id=f3a64280-80b7-4ecf-9fa4-5e0e678b2e31,is_public=True,name='__DEFAULT__',projects=[],qos_specs=,qos_specs_id=None,updated_at=2021-06-29T16:24:21Z), 'volume_type_id': 'f3a64280-80b7-4ecf-9fa4-5e0e678b2e31', 'encryption_key_id': None, 'qos_specs': None, 'consistencygroup_id': None, 'cgsnapshot_id': None, 'group_id': None, 'replication_status': 'disabled', 'refresh_az': False, 'backup_id': None, 'multiattach': False, 'availability_zones': ['nova']}' {{(pid=110343) _task_receiver /usr/local/lib/python3.8/dist-packages/taskflow/listeners/logging.py:178}}
