Jun 11 00:09:04.988063 dv-cinder-786260-5-iscsi devstack@n-api.service[105995]: DEBUG oslo_db.sqlalchemy.engines [None req-0ab32e73-6c2d-42ea-bfeb-310cfd11443d None None] MySQL server mode set to STRICT_TRANS_TABLES,STRICT_ALL_TABLES,NO_ZERO_IN_DATE,NO_ZERO_DATE,ERROR_FOR_DIVISION_BY_ZERO,TRADITIONAL,NO_ENGINE_SUBSTITUTION {{(pid=105995) _check_effective_sql_mode /usr/local/lib/python3.8/dist-packages/oslo_db/sqlalchemy/engines.py:314}}
Jun 11 00:09:05.110710 dv-cinder-786260-5-iscsi devstack@n-api.service[105994]: DEBUG nova.context [None req-2a429db4-7811-494e-9bb9-db8c6697b21d None None] Found 2 cells: 00000000-0000-0000-0000-000000000000(cell0),edd704b8-e7a2-4d0e-87ac-90b97ad50d26(cell1) {{(pid=105994) load_cells /opt/stack/nova/nova/context.py:464}}
Jun 11 00:09:05.115248 dv-cinder-786260-5-iscsi devstack@n-api.service[105994]: DEBUG oslo_concurrency.lockutils [None req-2a429db4-7811-494e-9bb9-db8c6697b21d None None] Lock "00000000-0000-0000-0000-000000000000" acquired by "nova.context.set_target_cell..get_or_set_cached_cell_and_set_connections" :: waited 0.000s {{(pid=105994) inner /usr/local/lib/python3.8/dist-packages/oslo_concurrency/lockutils.py:355}}
Jun 11 00:09:05.116932 dv-cinder-786260-5-iscsi devstack@n-api.service[105994]: DEBUG oslo_concurrency.lockutils [None req-2a429db4-7811-494e-9bb9-db8c6697b21d None None] Lock "00000000-0000-0000-0000-000000000000" released by "nova.context.set_target_cell..get_or_set_cached_cell_and_set_connections" :: held 0.002s {{(pid=105994) inner /usr/local/lib/python3.8/dist-packages/oslo_concurrency/lockutils.py:367}}
Jun 11 00:09:05.117974 dv-cinder-786260-5-iscsi devstack@n-api.service[105994]: DEBUG oslo_concurrency.lockutils [None req-2a429db4-7811-494e-9bb9-db8c6697b21d None None] Lock "edd704b8-e7a2-4d0e-87ac-90b97ad50d26" acquired by "nova.context.set_target_cell..get_or_set_cached_cell_and_set_connections" :: waited 0.000s {{(pid=105994) inner /usr/local/lib/python3.8/dist-packages/oslo_concurrency/lockutils.py:355}}
Jun 11 00:09:05.120001 dv-cinder-786260-5-iscsi devstack@n-api.service[105994]: DEBUG oslo_concurrency.lockutils [None req-2a429db4-7811-494e-9bb9-db8c6697b21d None None] Lock "edd704b8-e7a2-4d0e-87ac-90b97ad50d26" released by "nova.context.set_target_cell..get_or_set_cached_cell_and_set_connections" :: held 0.002s {{(pid=105994) inner /usr/local/lib/python3.8/dist-packages/oslo_concurrency/lockutils.py:367}}
Jun 11 00:09:05.130416 dv-cinder-786260-5-iscsi devstack@n-api.service[105994]: DEBUG oslo_db.sqlalchemy.engines [None req-2a429db4-7811-494e-9bb9-db8c6697b21d None None] MySQL server mode set to STRICT_TRANS_TABLES,STRICT_ALL_TABLES,NO_ZERO_IN_DATE,NO_ZERO_DATE,ERROR_FOR_DIVISION_BY_ZERO,TRADITIONAL,NO_ENGINE_SUBSTITUTION {{(pid=105994) _check_effective_sql_mode /usr/local/lib/python3.8/dist-packages/oslo_db/sqlalchemy/engines.py:314}}
Jun 11 00:09:05.131771 dv-cinder-786260-5-iscsi devstack@n-api.service[105994]: DEBUG oslo_db.sqlalchemy.engines [None req-2a429db4-7811-494e-9bb9-db8c6697b21d None None] MySQL server mode set to STRICT_TRANS_TABLES,STRICT_ALL_TABLES,NO_ZERO_IN_DATE,NO_ZERO_DATE,ERROR_FOR_DIVISION_BY_ZERO,TRADITIONAL,NO_ENGINE_SUBSTITUTION {{(pid=105994) _check_effective_sql_mode /usr/local/lib/python3.8/dist-packages/oslo_db/sqlalchemy/engines.py:314}}
Jun 11 00:09:05.148079 dv-cinder-786260-5-iscsi devstack@n-api.service[105994]: /opt/stack/nova/nova/db/sqlalchemy/api.py:419: SAWarning: TypeDecorator SoftDeleteInteger() will not produce a cache key because the ``cache_ok`` flag is not set to True. Set this flag to True if this type object's state is safe to use in a cache key, or False to disable this warning.
Jun 11 00:09:05.148079 dv-cinder-786260-5-iscsi devstack@n-api.service[105994]: return dict(min_versions)
Jun 11 00:09:05.155226 dv-cinder-786260-5-iscsi devstack@n-api.service[105995]: DEBUG nova.context [None req-0ab32e73-6c2d-42ea-bfeb-310cfd11443d None None] Found 2 cells: 00000000-0000-0000-0000-000000000000(cell0),edd704b8-e7a2-4d0e-87ac-90b97ad50d26(cell1) {{(pid=105995) load_cells /opt/stack/nova/nova/context.py:464}}
Jun 11 00:09:05.159788 dv-cinder-786260-5-iscsi devstack@n-api.service[105995]: DEBUG oslo_concurrency.lockutils [None req-0ab32e73-6c2d-42ea-bfeb-310cfd11443d None None] Lock "00000000-0000-0000-0000-000000000000" acquired by "nova.context.set_target_cell..get_or_set_cached_cell_and_set_connections" :: waited 0.000s {{(pid=105995) inner /usr/local/lib/python3.8/dist-packages/oslo_concurrency/lockutils.py:355}}
Jun 11 00:09:05.161446 dv-cinder-786260-5-iscsi devstack@n-api.service[105995]: DEBUG oslo_concurrency.lockutils [None req-0ab32e73-6c2d-42ea-bfeb-310cfd11443d None None] Lock "00000000-0000-0000-0000-000000000000" released by "nova.context.set_target_cell..get_or_set_cached_cell_and_set_connections" :: held 0.002s {{(pid=105995) inner /usr/local/lib/python3.8/dist-packages/oslo_concurrency/lockutils.py:367}}
Jun 11 00:09:05.162276 dv-cinder-786260-5-iscsi devstack@n-api.service[105995]: DEBUG oslo_concurrency.lockutils [None req-0ab32e73-6c2d-42ea-bfeb-310cfd11443d None None] Lock "edd704b8-e7a2-4d0e-87ac-90b97ad50d26" acquired by "nova.context.set_target_cell..get_or_set_cached_cell_and_set_connections" :: waited 0.000s {{(pid=105995) inner /usr/local/lib/python3.8/dist-packages/oslo_concurrency/lockutils.py:355}}
Jun 11 00:09:05.164275 dv-cinder-786260-5-iscsi devstack@n-api.service[105995]: DEBUG oslo_concurrency.lockutils [None req-0ab32e73-6c2d-42ea-bfeb-310cfd11443d None None] Lock "edd704b8-e7a2-4d0e-87ac-90b97ad50d26" released by "nova.context.set_target_cell..get_or_set_cached_cell_and_set_connections" :: held 0.002s {{(pid=105995) inner /usr/local/lib/python3.8/dist-packages/oslo_concurrency/lockutils.py:367}}
Jun 11 00:09:05.175153 dv-cinder-786260-5-iscsi devstack@n-api.service[105995]: DEBUG oslo_db.sqlalchemy.engines [None req-0ab32e73-6c2d-42ea-bfeb-310cfd11443d None None] MySQL server mode set to STRICT_TRANS_TABLES,STRICT_ALL_TABLES,NO_ZERO_IN_DATE,NO_ZERO_DATE,ERROR_FOR_DIVISION_BY_ZERO,TRADITIONAL,NO_ENGINE_SUBSTITUTION {{(pid=105995) _check_effective_sql_mode /usr/local/lib/python3.8/dist-packages/oslo_db/sqlalchemy/engines.py:314}}
Jun 11 00:09:05.175990 dv-cinder-786260-5-iscsi devstack@n-api.service[105995]: DEBUG oslo_db.sqlalchemy.engines [None req-0ab32e73-6c2d-42ea-bfeb-310cfd11443d None None] MySQL server mode set to STRICT_TRANS_TABLES,STRICT_ALL_TABLES,NO_ZERO_IN_DATE,NO_ZERO_DATE,ERROR_FOR_DIVISION_BY_ZERO,TRADITIONAL,NO_ENGINE_SUBSTITUTION {{(pid=105995) _check_effective_sql_mode /usr/local/lib/python3.8/dist-packages/oslo_db/sqlalchemy/engines.py:314}}
Jun 11 00:09:05.191485 dv-cinder-786260-5-iscsi devstack@n-api.service[105995]: /opt/stack/nova/nova/db/sqlalchemy/api.py:419: SAWarning: TypeDecorator SoftDeleteInteger() will not produce a cache key because the ``cache_ok`` flag is not set to True. Set this flag to True if this type object's state is safe to use in a cache key, or False to disable this warning.
Jun 11 00:09:05.191485 dv-cinder-786260-5-iscsi devstack@n-api.service[105995]: return dict(min_versions)
Jun 11 00:09:05.391459 dv-cinder-786260-5-iscsi devstack@n-api.service[105994]: DEBUG oslo_db.sqlalchemy.engines [None req-2a429db4-7811-494e-9bb9-db8c6697b21d None None] MySQL server mode set to STRICT_TRANS_TABLES,STRICT_ALL_TABLES,NO_ZERO_IN_DATE,NO_ZERO_DATE,ERROR_FOR_DIVISION_BY_ZERO,TRADITIONAL,NO_ENGINE_SUBSTITUTION {{(pid=105994) _check_effective_sql_mode /usr/local/lib/python3.8/dist-packages/oslo_db/sqlalchemy/engines.py:314}}
Jun 11 00:09:05.401960 dv-cinder-786260-5-iscsi devstack@n-api.service[105994]: /opt/stack/nova/nova/db/sqlalchemy/api.py:473: SAWarning: TypeDecorator SoftDeleteInteger() will not produce a cache key because the ``cache_ok`` flag is not set to True. Set this flag to True if this type object's state is safe to use in a cache key, or False to disable this warning.
Jun 11 00:09:05.401960 dv-cinder-786260-5-iscsi devstack@n-api.service[105994]: result = model_query(context, models.Service, read_deleted="no").\
Jun 11 00:09:05.435005 dv-cinder-786260-5-iscsi devstack@n-api.service[105995]: DEBUG oslo_db.sqlalchemy.engines [None req-0ab32e73-6c2d-42ea-bfeb-310cfd11443d None None] MySQL server mode set to STRICT_TRANS_TABLES,STRICT_ALL_TABLES,NO_ZERO_IN_DATE,NO_ZERO_DATE,ERROR_FOR_DIVISION_BY_ZERO,TRADITIONAL,NO_ENGINE_SUBSTITUTION {{(pid=105995) _check_effective_sql_mode /usr/local/lib/python3.8/dist-packages/oslo_db/sqlalchemy/engines.py:314}}
Jun 11 00:09:05.445536 dv-cinder-786260-5-iscsi devstack@n-api.service[105995]: /opt/stack/nova/nova/db/sqlalchemy/api.py:473: SAWarning: TypeDecorator SoftDeleteInteger() will not produce a cache key because the ``cache_ok`` flag is not set to True. Set this flag to True if this type object's state is safe to use in a cache key, or False to disable this warning.
Jun 11 00:09:05.445536 dv-cinder-786260-5-iscsi devstack@n-api.service[105995]: result = model_query(context, models.Service, read_deleted="no").\
Jun 11 00:09:05.723406 dv-cinder-786260-5-iscsi devstack@n-api.service[105994]: WARNING keystonemiddleware.auth_token [None req-2a429db4-7811-494e-9bb9-db8c6697b21d None None] AuthToken middleware is set with keystone_authtoken.service_token_roles_required set to False. This is backwards compatible but deprecated behaviour. Please set this to True.
Jun 11 00:09:05.730597 dv-cinder-786260-5-iscsi devstack@n-api.service[105994]: WARNING keystonemiddleware.auth_token [None req-2a429db4-7811-494e-9bb9-db8c6697b21d None None] Configuring www_authenticate_uri to point to the public identity endpoint is required; clients may not be able to authenticate against an admin endpoint
Jun 11 00:09:05.776855 dv-cinder-786260-5-iscsi devstack@n-api.service[105995]: WARNING keystonemiddleware.auth_token [None req-0ab32e73-6c2d-42ea-bfeb-310cfd11443d None None] AuthToken middleware is set with keystone_authtoken.service_token_roles_required set to False. This is backwards compatible but deprecated behaviour. Please set this to True.
Jun 11 00:09:05.783602 dv-cinder-786260-5-iscsi devstack@n-api.service[105995]: WARNING keystonemiddleware.auth_token [None req-0ab32e73-6c2d-42ea-bfeb-310cfd11443d None None] Configuring www_authenticate_uri to point to the public identity endpoint is required; clients may not be able to authenticate against an admin endpoint
Jun 11 00:09:06.081594 dv-cinder-786260-5-iscsi devstack@n-api.service[105994]: WARNING keystonemiddleware.auth_token [None req-2a429db4-7811-494e-9bb9-db8c6697b21d None None] AuthToken middleware is set with keystone_authtoken.service_token_roles_required set to False. This is backwards compatible but deprecated behaviour. Please set this to True.
Jun 11 00:09:06.086834 dv-cinder-786260-5-iscsi devstack@n-api.service[105994]: WARNING keystonemiddleware.auth_token [None req-2a429db4-7811-494e-9bb9-db8c6697b21d None None] Configuring www_authenticate_uri to point to the public identity endpoint is required; clients may not be able to authenticate against an admin endpoint
Jun 11 00:09:06.092749 dv-cinder-786260-5-iscsi devstack@n-api.service[105994]: WSGI app 0 (mountpoint='') ready in 6 seconds on interpreter 0x55747018c9c0 pid: 105994 (default app)
Jun 11 00:09:06.147710 dv-cinder-786260-5-iscsi devstack@n-api.service[105995]: WARNING keystonemiddleware.auth_token [None req-0ab32e73-6c2d-42ea-bfeb-310cfd11443d None None] AuthToken middleware is set with keystone_authtoken.service_token_roles_required set to False. This is backwards compatible but deprecated behaviour. Please set this to True.
Jun 11 00:09:06.153502 dv-cinder-786260-5-iscsi devstack@n-api.service[105995]: WARNING keystonemiddleware.auth_token [None req-0ab32e73-6c2d-42ea-bfeb-310cfd11443d None None] Configuring www_authenticate_uri to point to the public identity endpoint is required; clients may not be able to authenticate against an admin endpoint
Jun 11 00:09:06.158852 dv-cinder-786260-5-iscsi devstack@n-api.service[105995]: WSGI app 0 (mountpoint='') ready in 6 seconds on interpreter 0x55747018c9c0 pid: 105995 (default app)
Jun 11 00:09:37.683930 dv-cinder-786260-5-iscsi devstack@n-api.service[105994]: DEBUG nova.api.openstack.wsgi [None req-f0bd3600-91af-4875-9dcc-d7d2a817a8d7 tempest-VolumesSnapshotsTestJSON-1007192455 tempest-VolumesSnapshotsTestJSON-1007192455-project] Action: 'create', calling method: .version_select at 0x7effcac11550>, body: {"volume": {"size": 1, "display_name": "tempest-VolumesSnapshotsTestJSON-volume-1840922332"}} {{(pid=105994) _process_stack /opt/stack/nova/nova/api/openstack/wsgi.py:511}}
Jun 11 00:09:38.809247 dv-cinder-786260-5-iscsi devstack@n-api.service[105995]: DEBUG nova.api.openstack.wsgi [None req-d9777ad2-a24e-4c0a-9ff7-dae9c91ae764 tempest-VolumesGetTestJSON-768531218 tempest-VolumesGetTestJSON-768531218-project] Action: 'create', calling method: .version_select at 0x7effcac12550>, body: {"volume": {"size": 1, "display_name": "tempest-VolumesGetTestJSON-Volume-99996840", "metadata": {"Type": "work"}}} {{(pid=105995) _process_stack /opt/stack/nova/nova/api/openstack/wsgi.py:511}}
Jun 11 00:09:39.659527 dv-cinder-786260-5-iscsi devstack@n-api.service[105994]: INFO nova.api.openstack.requestlog [None req-f0bd3600-91af-4875-9dcc-d7d2a817a8d7 tempest-VolumesSnapshotsTestJSON-1007192455 tempest-VolumesSnapshotsTestJSON-1007192455-project] 10.222.0.15 "POST /compute/v2.1/os-volumes" status: 200 len: 345 microversion: 2.1 time: 2.971800
Jun 11 00:09:39.661184 dv-cinder-786260-5-iscsi devstack@n-api.service[105994]: [pid: 105994|app: 0|req: 1/1] 10.222.0.15 () {60 vars in 1155 bytes} [Fri Jun 11 00:09:36 2021] POST /compute/v2.1/os-volumes => generated 345 bytes in 2975 msecs (HTTP/1.1 200) 10 headers in 448 bytes (1 switches on core 0)
Jun 11 00:09:39.676845 dv-cinder-786260-5-iscsi devstack@n-api.service[105994]: DEBUG nova.api.openstack.wsgi [None req-9f5ca820-5d06-40d0-af77-291349d95a87 tempest-VolumesSnapshotsTestJSON-1007192455 tempest-VolumesSnapshotsTestJSON-1007192455-project] Calling method '.version_select at 0x7effcaa668b0>' {{(pid=105994) _process_stack /opt/stack/nova/nova/api/openstack/wsgi.py:513}}
Jun 11 00:09:39.811896 dv-cinder-786260-5-iscsi devstack@n-api.service[105994]: INFO nova.api.openstack.requestlog [None req-9f5ca820-5d06-40d0-af77-291349d95a87 tempest-VolumesSnapshotsTestJSON-1007192455 tempest-VolumesSnapshotsTestJSON-1007192455-project] 10.222.0.15 "GET /compute/v2.1/os-volumes/6e03e3dd-6b3d-446d-9a72-19357ef7f045" status: 200 len: 345 microversion: 2.1 time: 0.141611
Jun 11 00:09:39.813389 dv-cinder-786260-5-iscsi devstack@n-api.service[105994]: [pid: 105994|app: 0|req: 2/2] 10.222.0.15 () {58 vars in 1245 bytes} [Fri Jun 11 00:09:39 2021] GET /compute/v2.1/os-volumes/6e03e3dd-6b3d-446d-9a72-19357ef7f045 => generated 345 bytes in 144 msecs (HTTP/1.1 200) 9 headers in 357 bytes (1 switches on core 0)
Jun 11 00:09:39.849819 dv-cinder-786260-5-iscsi devstack@n-api.service[105995]: INFO nova.api.openstack.requestlog [None req-d9777ad2-a24e-4c0a-9ff7-dae9c91ae764 tempest-VolumesGetTestJSON-768531218 tempest-VolumesGetTestJSON-768531218-project] 10.222.0.15 "POST /compute/v2.1/os-volumes" status: 200 len: 351 microversion: 2.1 time: 2.231450
Jun 11 00:09:39.850789 dv-cinder-786260-5-iscsi devstack@n-api.service[105995]: [pid: 105995|app: 0|req: 1/3] 10.222.0.15 () {60 vars in 1156 bytes} [Fri Jun 11 00:09:37 2021] POST /compute/v2.1/os-volumes => generated 351 bytes in 2234 msecs (HTTP/1.1 200) 10 headers in 448 bytes (1 switches on core 0)
Jun 11 00:09:39.863252 dv-cinder-786260-5-iscsi devstack@n-api.service[105994]: DEBUG nova.api.openstack.wsgi [None req-f3a90d30-2f87-4e80-b8bb-e66f1afa7fc0 tempest-VolumesGetTestJSON-768531218 tempest-VolumesGetTestJSON-768531218-project] Calling method '.version_select at 0x7effcaa78160>' {{(pid=105994) _process_stack /opt/stack/nova/nova/api/openstack/wsgi.py:513}}
Jun 11 00:09:39.941460 dv-cinder-786260-5-iscsi devstack@n-api.service[105994]: INFO nova.api.openstack.requestlog [None req-f3a90d30-2f87-4e80-b8bb-e66f1afa7fc0 tempest-VolumesGetTestJSON-768531218 tempest-VolumesGetTestJSON-768531218-project] 10.222.0.15 "GET /compute/v2.1/os-volumes/980b7a5c-cea7-432f-b52c-eaa4c7a5b3a4" status: 200 len: 351 microversion: 2.1 time: 0.082209
Jun 11 00:09:39.942303 dv-cinder-786260-5-iscsi devstack@n-api.service[105994]: [pid: 105994|app: 0|req: 3/4] 10.222.0.15 () {58 vars in 1245 bytes} [Fri Jun 11 00:09:39 2021] GET /compute/v2.1/os-volumes/980b7a5c-cea7-432f-b52c-eaa4c7a5b3a4 => generated 351 bytes in 84 msecs (HTTP/1.1 200) 9 headers in 357 bytes (1 switches on core 0)
Jun 11 00:09:40.060575 dv-cinder-786260-5-iscsi devstack@n-api.service[105995]: DEBUG nova.api.openstack.wsgi [None req-562a2128-759e-4ed9-8e29-249246184004 tempest-VolumesTestJSON-744037243 tempest-VolumesTestJSON-744037243-project] Calling method '.version_select at 0x7effcaa648b0>' {{(pid=105995) _process_stack /opt/stack/nova/nova/api/openstack/wsgi.py:513}}
Jun 11 00:09:40.130316 dv-cinder-786260-5-iscsi devstack@n-api.service[105995]: INFO nova.api.openstack.requestlog [None req-562a2128-759e-4ed9-8e29-249246184004 tempest-VolumesTestJSON-744037243 tempest-VolumesTestJSON-744037243-project] 10.222.0.15 "GET /compute/v2.1/os-volumes/f4d5cfc6-c576-437e-8239-4d6fd4280151" status: 200 len: 350 microversion: 2.1 time: 0.082969
Jun 11 00:09:40.131391 dv-cinder-786260-5-iscsi devstack@n-api.service[105995]: [pid: 105995|app: 0|req: 2/5] 10.222.0.15 () {58 vars in 1245 bytes} [Fri Jun 11 00:09:40 2021] GET /compute/v2.1/os-volumes/f4d5cfc6-c576-437e-8239-4d6fd4280151 => generated 350 bytes in 87 msecs (HTTP/1.1 200) 9 headers in 357 bytes (1 switches on core 0)
Jun 11 00:09:40.831425 dv-cinder-786260-5-iscsi devstack@n-api.service[105994]: DEBUG nova.api.openstack.wsgi [None req-dcce1c48-4c2e-4af3-80bb-1309be6fdc66 tempest-VolumesSnapshotsTestJSON-1007192455 tempest-VolumesSnapshotsTestJSON-1007192455-project] Calling method '.version_select at 0x7effcaa78af0>' {{(pid=105994) _process_stack /opt/stack/nova/nova/api/openstack/wsgi.py:513}}
Jun 11 00:09:40.932358 dv-cinder-786260-5-iscsi devstack@n-api.service[105994]: INFO nova.api.openstack.requestlog [None req-dcce1c48-4c2e-4af3-80bb-1309be6fdc66 tempest-VolumesSnapshotsTestJSON-1007192455 tempest-VolumesSnapshotsTestJSON-1007192455-project] 10.222.0.15 "GET /compute/v2.1/os-volumes/6e03e3dd-6b3d-446d-9a72-19357ef7f045" status: 200 len: 346 microversion: 2.1 time: 0.109856
Jun 11 00:09:40.944645 dv-cinder-786260-5-iscsi devstack@n-api.service[105994]: [pid: 105994|app: 0|req: 4/6] 10.222.0.15 () {58 vars in 1245 bytes} [Fri Jun 11 00:09:40 2021] GET /compute/v2.1/os-volumes/6e03e3dd-6b3d-446d-9a72-19357ef7f045 => generated 346 bytes in 123 msecs (HTTP/1.1 200) 9 headers in 357 bytes (1 switches on core 0)
Jun 11 00:09:40.945363 dv-cinder-786260-5-iscsi devstack@n-api.service[105995]: DEBUG nova.api.openstack.wsgi [None req-95bcb3a2-9f8a-4e5c-8b20-2df7d26e01c9 tempest-VolumesSnapshotsTestJSON-1007192455 tempest-VolumesSnapshotsTestJSON-1007192455-project] Action: 'create', calling method: .version_select at 0x7effcaa771f0>, body: {"snapshot": {"volume_id": "6e03e3dd-6b3d-446d-9a72-19357ef7f045", "display_name": "tempest-VolumesSnapshotsTestJSON-Snapshot-707293077"}} {{(pid=105995) _process_stack /opt/stack/nova/nova/api/openstack/wsgi.py:511}}
Jun 11 00:09:40.956147 dv-cinder-786260-5-iscsi devstack@n-api.service[105994]: DEBUG nova.api.openstack.wsgi [None req-5cfe8a3c-28f1-4088-90b7-5bb16c81f63e tempest-VolumesGetTestJSON-768531218 tempest-VolumesGetTestJSON-768531218-project] Calling method '.version_select at 0x7effcaa78e50>' {{(pid=105994) _process_stack /opt/stack/nova/nova/api/openstack/wsgi.py:513}}
Jun 11 00:09:41.072980 dv-cinder-786260-5-iscsi devstack@n-api.service[105994]: INFO nova.api.openstack.requestlog [None req-5cfe8a3c-28f1-4088-90b7-5bb16c81f63e tempest-VolumesGetTestJSON-768531218 tempest-VolumesGetTestJSON-768531218-project] 10.222.0.15 "GET /compute/v2.1/os-volumes/980b7a5c-cea7-432f-b52c-eaa4c7a5b3a4" status: 200 len: 352 microversion: 2.1 time: 0.122794
Jun 11 00:09:41.081414 dv-cinder-786260-5-iscsi devstack@n-api.service[105994]: [pid: 105994|app: 0|req: 5/7] 10.222.0.15 () {58 vars in 1245 bytes} [Fri Jun 11 00:09:40 2021] GET /compute/v2.1/os-volumes/980b7a5c-cea7-432f-b52c-eaa4c7a5b3a4 => generated 352 bytes in 132 msecs (HTTP/1.1 200) 9 headers in 357 bytes (1 switches on core 0)
Jun 11 00:09:41.087417 dv-cinder-786260-5-iscsi devstack@n-api.service[105994]: DEBUG nova.api.openstack.wsgi [None req-83ef2618-ce44-4f1e-aaa3-9d403a738ffc tempest-VolumesGetTestJSON-768531218 tempest-VolumesGetTestJSON-768531218-project] Calling method '.version_select at 0x7effcaa784c0>' {{(pid=105994) _process_stack /opt/stack/nova/nova/api/openstack/wsgi.py:513}}
Jun 11 00:09:41.179816 dv-cinder-786260-5-iscsi devstack@n-api.service[105994]: INFO nova.api.openstack.requestlog [None req-83ef2618-ce44-4f1e-aaa3-9d403a738ffc tempest-VolumesGetTestJSON-768531218 tempest-VolumesGetTestJSON-768531218-project] 10.222.0.15 "GET /compute/v2.1/os-volumes/980b7a5c-cea7-432f-b52c-eaa4c7a5b3a4" status: 200 len: 352 microversion: 2.1 time: 0.096421
Jun 11 00:09:41.180874 dv-cinder-786260-5-iscsi devstack@n-api.service[105994]: [pid: 105994|app: 0|req: 6/8] 10.222.0.15 () {58 vars in 1245 bytes} [Fri Jun 11 00:09:41 2021] GET /compute/v2.1/os-volumes/980b7a5c-cea7-432f-b52c-eaa4c7a5b3a4 => generated 352 bytes in 99 msecs (HTTP/1.1 200) 9 headers in 357 bytes (1 switches on core 0)
Jun 11 00:09:41.202613 dv-cinder-786260-5-iscsi devstack@n-api.service[105994]: DEBUG nova.api.openstack.wsgi [None req-16326330-e543-48a7-bfc4-451c3795f3e1 tempest-VolumesGetTestJSON-768531218 tempest-VolumesGetTestJSON-768531218-project] Calling method '.version_select at 0x7effcaa66b80>' {{(pid=105994) _process_stack /opt/stack/nova/nova/api/openstack/wsgi.py:513}}
Jun 11 00:09:41.349679 dv-cinder-786260-5-iscsi devstack@n-api.service[105994]: INFO nova.api.openstack.requestlog [None req-16326330-e543-48a7-bfc4-451c3795f3e1 tempest-VolumesGetTestJSON-768531218 tempest-VolumesGetTestJSON-768531218-project] 10.222.0.15 "DELETE /compute/v2.1/os-volumes/980b7a5c-cea7-432f-b52c-eaa4c7a5b3a4" status: 202 len: 0 microversion: 2.1 time: 0.151334
Jun 11 00:09:41.351326 dv-cinder-786260-5-iscsi devstack@n-api.service[105994]: [pid: 105994|app: 0|req: 7/9] 10.222.0.15 () {58 vars in 1248 bytes} [Fri Jun 11 00:09:41 2021] DELETE /compute/v2.1/os-volumes/980b7a5c-cea7-432f-b52c-eaa4c7a5b3a4 => generated 0 bytes in 155 msecs (HTTP/1.1 202) 9 headers in 361 bytes (2 switches on core 0)
Jun 11 00:09:41.367903 dv-cinder-786260-5-iscsi devstack@n-api.service[105995]: INFO nova.api.openstack.requestlog [None req-95bcb3a2-9f8a-4e5c-8b20-2df7d26e01c9 tempest-VolumesSnapshotsTestJSON-1007192455 tempest-VolumesSnapshotsTestJSON-1007192455-project] 10.222.0.15 "POST /compute/v2.1/os-snapshots" status: 200 len: 286 microversion: 2.1 time: 0.426319
Jun 11 00:09:41.368725 dv-cinder-786260-5-iscsi devstack@n-api.service[105995]: [pid: 105995|app: 0|req: 3/10] 10.222.0.15 () {60 vars in 1162 bytes} [Fri Jun 11 00:09:40 2021] POST /compute/v2.1/os-snapshots => generated 286 bytes in 428 msecs (HTTP/1.1 200) 9 headers in 357 bytes (1 switches on core 0)
Jun 11 00:09:41.373791 dv-cinder-786260-5-iscsi devstack@n-api.service[105995]: DEBUG nova.api.openstack.wsgi [None req-5de92f07-1c75-4195-bc59-aac5440ea9a2 tempest-VolumesGetTestJSON-768531218 tempest-VolumesGetTestJSON-768531218-project] Calling method '.version_select at 0x7effcaa77dc0>' {{(pid=105995) _process_stack /opt/stack/nova/nova/api/openstack/wsgi.py:513}}
Jun 11 00:09:41.495721 dv-cinder-786260-5-iscsi devstack@n-api.service[105995]: INFO nova.api.openstack.requestlog [None req-5de92f07-1c75-4195-bc59-aac5440ea9a2 tempest-VolumesGetTestJSON-768531218 tempest-VolumesGetTestJSON-768531218-project] 10.222.0.15 "GET /compute/v2.1/os-volumes/980b7a5c-cea7-432f-b52c-eaa4c7a5b3a4" status: 200 len: 351 microversion: 2.1 time: 0.125133
Jun 11 00:09:41.501915 dv-cinder-786260-5-iscsi devstack@n-api.service[105995]: [pid: 105995|app: 0|req: 4/11] 10.222.0.15 () {58 vars in 1245 bytes} [Fri Jun 11 00:09:41 2021] GET /compute/v2.1/os-volumes/980b7a5c-cea7-432f-b52c-eaa4c7a5b3a4 => generated 351 bytes in 132 msecs (HTTP/1.1 200) 9 headers in 357 bytes (1 switches on core 0)
Jun 11 00:09:41.510142 dv-cinder-786260-5-iscsi devstack@n-api.service[105995]: DEBUG nova.api.openstack.wsgi [None req-d6336ace-4490-400c-a429-a5a82461d8e1 tempest-VolumesSnapshotsTestJSON-1007192455 tempest-VolumesSnapshotsTestJSON-1007192455-project] Calling method '.version_select at 0x7effcaa7e670>' {{(pid=105995) _process_stack /opt/stack/nova/nova/api/openstack/wsgi.py:513}}
Jun 11 00:09:41.551481 dv-cinder-786260-5-iscsi devstack@n-api.service[105995]: INFO nova.api.openstack.requestlog [None req-d6336ace-4490-400c-a429-a5a82461d8e1 tempest-VolumesSnapshotsTestJSON-1007192455 tempest-VolumesSnapshotsTestJSON-1007192455-project] 10.222.0.15 "GET /compute/v2.1/os-snapshots/c02fb6a1-143e-4ffa-8e3f-17b88bcaf4ea" status: 200 len: 286 microversion: 2.1 time: 0.047745
Jun 11 00:09:41.552148 dv-cinder-786260-5-iscsi devstack@n-api.service[105995]: [pid: 105995|app: 0|req: 5/12] 10.222.0.15 () {58 vars in 1251 bytes} [Fri Jun 11 00:09:41 2021] GET /compute/v2.1/os-snapshots/c02fb6a1-143e-4ffa-8e3f-17b88bcaf4ea => generated 286 bytes in 49 msecs (HTTP/1.1 200) 9 headers in 357 bytes (1 switches on core 0)
Jun 11 00:09:41.561932 dv-cinder-786260-5-iscsi devstack@n-api.service[105995]: DEBUG nova.api.openstack.wsgi [None req-fe796637-900a-4610-aebb-5fd930030e00 tempest-VolumesSnapshotsTestJSON-1007192455 tempest-VolumesSnapshotsTestJSON-1007192455-project] Calling method '.version_select at 0x7effcaa77f70>' {{(pid=105995) _process_stack /opt/stack/nova/nova/api/openstack/wsgi.py:513}}
Jun 11 00:09:41.625466 dv-cinder-786260-5-iscsi devstack@n-api.service[105994]: DEBUG nova.api.openstack.wsgi [None req-3d6e2a30-93c0-40b1-9ab2-47a0971f92a0 tempest-DeleteServersTestJSON-454678537 tempest-DeleteServersTestJSON-454678537-project] Action: 'create', calling method: >, body: {"server": {"name": "tempest-DeleteServersTestJSON-server-1818550261", "imageRef": "77d0ce56-0de9-48ec-8a84-162b79049b47", "flavorRef": "452", "networks": [{"uuid": "4b61cfd2-01cc-40ec-96e6-01dfeb1aabc4"}]}} {{(pid=105994) _process_stack /opt/stack/nova/nova/api/openstack/wsgi.py:511}}
Jun 11 00:09:41.660857 dv-cinder-786260-5-iscsi devstack@n-api.service[105995]: INFO nova.api.openstack.requestlog [None req-fe796637-900a-4610-aebb-5fd930030e00 tempest-VolumesSnapshotsTestJSON-1007192455 tempest-VolumesSnapshotsTestJSON-1007192455-project] 10.222.0.15 "GET /compute/v2.1/os-snapshots" status: 200 len: 289 microversion: 2.1 time: 0.102487
Jun 11 00:09:41.661534 dv-cinder-786260-5-iscsi devstack@n-api.service[105995]: [pid: 105995|app: 0|req: 6/13] 10.222.0.15 () {58 vars in 1140 bytes} [Fri Jun 11 00:09:41 2021] GET /compute/v2.1/os-snapshots => generated 289 bytes in 104 msecs (HTTP/1.1 200) 9 headers in 357 bytes (1 switches on core 0)
Jun 11 00:09:41.671482 dv-cinder-786260-5-iscsi devstack@n-api.service[105995]: DEBUG nova.api.openstack.wsgi [None req-adaeaacf-7305-4717-9aa6-d2d87bb92cb2 tempest-VolumesSnapshotsTestJSON-1007192455 tempest-VolumesSnapshotsTestJSON-1007192455-project] Calling method '.version_select at 0x7effcaa64dc0>' {{(pid=105995) _process_stack /opt/stack/nova/nova/api/openstack/wsgi.py:513}}
Jun 11 00:09:41.794354 dv-cinder-786260-5-iscsi devstack@n-api.service[105995]: INFO nova.api.openstack.requestlog [None req-adaeaacf-7305-4717-9aa6-d2d87bb92cb2 tempest-VolumesSnapshotsTestJSON-1007192455 tempest-VolumesSnapshotsTestJSON-1007192455-project] 10.222.0.15 "GET /compute/v2.1/os-snapshots/c02fb6a1-143e-4ffa-8e3f-17b88bcaf4ea" status: 200 len: 286 microversion: 2.1 time: 0.126239
Jun 11 00:09:41.795146 dv-cinder-786260-5-iscsi devstack@n-api.service[105995]: [pid: 105995|app: 0|req: 7/14] 10.222.0.15 () {58 vars in 1251 bytes} [Fri Jun 11 00:09:41 2021] GET /compute/v2.1/os-snapshots/c02fb6a1-143e-4ffa-8e3f-17b88bcaf4ea => generated 286 bytes in 128 msecs (HTTP/1.1 200) 9 headers in 357 bytes (2 switches on core 0)
Jun 11 00:09:41.799634 dv-cinder-786260-5-iscsi devstack@n-api.service[105995]: DEBUG nova.api.openstack.wsgi [None req-b9149814-4f4d-4978-8062-f6fa1d175e00 tempest-VolumesTestJSON-744037243 tempest-VolumesTestJSON-744037243-project] Calling method '.version_select at 0x7effcaa7eca0>' {{(pid=105995) _process_stack /opt/stack/nova/nova/api/openstack/wsgi.py:513}}
Jun 11 00:09:41.877480 dv-cinder-786260-5-iscsi devstack@n-api.service[105994]: DEBUG nova.network.neutron [None req-3d6e2a30-93c0-40b1-9ab2-47a0971f92a0 tempest-DeleteServersTestJSON-454678537 tempest-DeleteServersTestJSON-454678537-project] validate_networks() for [('4b61cfd2-01cc-40ec-96e6-01dfeb1aabc4', None, None, None)] {{(pid=105994) validate_networks /opt/stack/nova/nova/network/neutron.py:2376}}
Jun 11 00:09:41.905999 dv-cinder-786260-5-iscsi devstack@n-api.service[105995]: INFO nova.api.openstack.requestlog [None req-b9149814-4f4d-4978-8062-f6fa1d175e00 tempest-VolumesTestJSON-744037243 tempest-VolumesTestJSON-744037243-project] 10.222.0.15 "GET /compute/v2.1/os-volumes/eb5c2ac8-50b8-4cf3-8e0e-1a5639a9fafe" status: 200 len: 351 microversion: 2.1 time: 0.109549
Jun 11 00:09:41.906811 dv-cinder-786260-5-iscsi devstack@n-api.service[105995]: [pid: 105995|app: 0|req: 8/15] 10.222.0.15 () {58 vars in 1245 bytes} [Fri Jun 11 00:09:41 2021] GET /compute/v2.1/os-volumes/eb5c2ac8-50b8-4cf3-8e0e-1a5639a9fafe => generated 351 bytes in 111 msecs (HTTP/1.1 200) 9 headers in 357 bytes (1 switches on core 0)
Jun 11 00:09:42.507988 dv-cinder-786260-5-iscsi devstack@n-api.service[105995]: DEBUG nova.api.openstack.wsgi [None req-2b0dd8fd-9282-4d8b-8cba-367491c93343 tempest-VolumesGetTestJSON-768531218 tempest-VolumesGetTestJSON-768531218-project] Calling method '.version_select at 0x7effcaa64f70>' {{(pid=105995) _process_stack /opt/stack/nova/nova/api/openstack/wsgi.py:513}}
Jun 11 00:09:42.568007 dv-cinder-786260-5-iscsi devstack@n-api.service[105995]: INFO nova.api.openstack.requestlog [None req-2b0dd8fd-9282-4d8b-8cba-367491c93343 tempest-VolumesGetTestJSON-768531218 tempest-VolumesGetTestJSON-768531218-project] 10.222.0.15 "GET /compute/v2.1/os-volumes/980b7a5c-cea7-432f-b52c-eaa4c7a5b3a4" status: 200 len: 351 microversion: 2.1 time: 0.063638
Jun 11 00:09:42.568765 dv-cinder-786260-5-iscsi devstack@n-api.service[105995]: [pid: 105995|app: 0|req: 9/16] 10.222.0.15 () {58 vars in 1245 bytes} [Fri Jun 11 00:09:42 2021] GET /compute/v2.1/os-volumes/980b7a5c-cea7-432f-b52c-eaa4c7a5b3a4 => generated 351 bytes in 65 msecs (HTTP/1.1 200) 9 headers in 357 bytes (2 switches on core 0)
Jun 11 00:09:42.810993 dv-cinder-786260-5-iscsi devstack@n-api.service[105995]: DEBUG nova.api.openstack.wsgi [None req-960ad073-4c5a-4e24-b822-65bc4ae9bd28 tempest-VolumesSnapshotsTestJSON-1007192455 tempest-VolumesSnapshotsTestJSON-1007192455-project] Calling method '.version_select at 0x7effcaa7e5e0>' {{(pid=105995) _process_stack /opt/stack/nova/nova/api/openstack/wsgi.py:513}}
Jun 11 00:09:42.852278 dv-cinder-786260-5-iscsi devstack@n-api.service[105995]: INFO nova.api.openstack.requestlog [None req-960ad073-4c5a-4e24-b822-65bc4ae9bd28 tempest-VolumesSnapshotsTestJSON-1007192455 tempest-VolumesSnapshotsTestJSON-1007192455-project] 10.222.0.15 "GET /compute/v2.1/os-snapshots/c02fb6a1-143e-4ffa-8e3f-17b88bcaf4ea" status: 200 len: 286 microversion: 2.1 time: 0.049484
Jun 11 00:09:42.853146 dv-cinder-786260-5-iscsi devstack@n-api.service[105995]: [pid: 105995|app: 0|req: 10/17] 10.222.0.15 () {58 vars in 1251 bytes} [Fri Jun 11 00:09:42 2021] GET /compute/v2.1/os-snapshots/c02fb6a1-143e-4ffa-8e3f-17b88bcaf4ea => generated 286 bytes in 51 msecs (HTTP/1.1 200) 9 headers in 357 bytes (1 switches on core 0)
Jun 11 00:09:43.581601 dv-cinder-786260-5-iscsi devstack@n-api.service[105995]: DEBUG nova.api.openstack.wsgi [None req-7677e268-74c3-4c95-b67a-e6e7308ea96e tempest-VolumesGetTestJSON-768531218 tempest-VolumesGetTestJSON-768531218-project] Calling method '.version_select at 0x7effcaa7e4c0>' {{(pid=105995) _process_stack /opt/stack/nova/nova/api/openstack/wsgi.py:513}}
Jun 11 00:09:43.642684 dv-cinder-786260-5-iscsi devstack@n-api.service[105995]: INFO nova.api.openstack.requestlog [None req-7677e268-74c3-4c95-b67a-e6e7308ea96e tempest-VolumesGetTestJSON-768531218 tempest-VolumesGetTestJSON-768531218-project] 10.222.0.15 "GET /compute/v2.1/os-volumes/980b7a5c-cea7-432f-b52c-eaa4c7a5b3a4" status: 200 len: 351 microversion: 2.1 time: 0.065310
Jun 11 00:09:43.643863 dv-cinder-786260-5-iscsi devstack@n-api.service[105995]: [pid: 105995|app: 0|req: 11/18] 10.222.0.15 () {58 vars in 1245 bytes} [Fri Jun 11 00:09:43 2021] GET /compute/v2.1/os-volumes/980b7a5c-cea7-432f-b52c-eaa4c7a5b3a4 => generated 351 bytes in 67 msecs (HTTP/1.1 200) 9 headers in 357 bytes (2 switches on core 0)
Jun 11 00:09:43.772851 dv-cinder-786260-5-iscsi devstack@n-api.service[105994]: DEBUG nova.virt.hardware [None req-3d6e2a30-93c0-40b1-9ab2-47a0971f92a0 tempest-DeleteServersTestJSON-454678537 tempest-DeleteServersTestJSON-454678537-project] Flavor limits 0:0:0 {{(pid=105994) get_cpu_topology_constraints /opt/stack/nova/nova/virt/hardware.py:344}}
Jun 11 00:09:43.773458 dv-cinder-786260-5-iscsi devstack@n-api.service[105994]: DEBUG nova.virt.hardware [None req-3d6e2a30-93c0-40b1-9ab2-47a0971f92a0 tempest-DeleteServersTestJSON-454678537 tempest-DeleteServersTestJSON-454678537-project] Image limits 0:0:0 {{(pid=105994) get_cpu_topology_constraints /opt/stack/nova/nova/virt/hardware.py:348}}
Jun 11 00:09:43.774117 dv-cinder-786260-5-iscsi devstack@n-api.service[105994]: DEBUG nova.virt.hardware [None req-3d6e2a30-93c0-40b1-9ab2-47a0971f92a0 tempest-DeleteServersTestJSON-454678537 tempest-DeleteServersTestJSON-454678537-project] Flavor pref 0:0:0 {{(pid=105994) get_cpu_topology_constraints /opt/stack/nova/nova/virt/hardware.py:384}}
Jun 11 00:09:43.774807 dv-cinder-786260-5-iscsi devstack@n-api.service[105994]: DEBUG nova.virt.hardware [None req-3d6e2a30-93c0-40b1-9ab2-47a0971f92a0 tempest-DeleteServersTestJSON-454678537 tempest-DeleteServersTestJSON-454678537-project] Image pref 0:0:0 {{(pid=105994) get_cpu_topology_constraints /opt/stack/nova/nova/virt/hardware.py:388}}
Jun 11 00:09:43.775564 dv-cinder-786260-5-iscsi devstack@n-api.service[105994]: DEBUG nova.virt.hardware [None req-3d6e2a30-93c0-40b1-9ab2-47a0971f92a0 tempest-DeleteServersTestJSON-454678537 tempest-DeleteServersTestJSON-454678537-project] Chose sockets=0, cores=0, threads=0; limits were sockets=65536, cores=65536, threads=65536 {{(pid=105994) get_cpu_topology_constraints /opt/stack/nova/nova/virt/hardware.py:426}}
Jun 11 00:09:43.788829 dv-cinder-786260-5-iscsi devstack@n-api.service[105994]: /opt/stack/nova/nova/db/sqlalchemy/api.py:2486: SAWarning: TypeDecorator SoftDeleteInteger() will not produce a cache key because the ``cache_ok`` flag is not set to True. Set this flag to True if this type object's state is safe to use in a cache key, or False to disable this warning.
Jun 11 00:09:43.788829 dv-cinder-786260-5-iscsi devstack@n-api.service[105994]: user_quotas = model_query(context, models.ProjectUserQuota,
Jun 11 00:09:43.796860 dv-cinder-786260-5-iscsi devstack@n-api.service[105994]: DEBUG oslo_concurrency.lockutils [None req-3d6e2a30-93c0-40b1-9ab2-47a0971f92a0 tempest-DeleteServersTestJSON-454678537 tempest-DeleteServersTestJSON-454678537-project] Lock "00000000-0000-0000-0000-000000000000" acquired by "nova.context.set_target_cell..get_or_set_cached_cell_and_set_connections" :: waited 0.000s {{(pid=105994) inner /usr/local/lib/python3.8/dist-packages/oslo_concurrency/lockutils.py:355}}
Jun 11 00:09:43.799106 dv-cinder-786260-5-iscsi devstack@n-api.service[105994]: DEBUG oslo_concurrency.lockutils [None req-3d6e2a30-93c0-40b1-9ab2-47a0971f92a0 tempest-DeleteServersTestJSON-454678537 tempest-DeleteServersTestJSON-454678537-project] Lock "00000000-0000-0000-0000-000000000000" released by "nova.context.set_target_cell..get_or_set_cached_cell_and_set_connections" :: held 0.003s {{(pid=105994) inner /usr/local/lib/python3.8/dist-packages/oslo_concurrency/lockutils.py:367}}
Jun 11 00:09:43.800367 dv-cinder-786260-5-iscsi devstack@n-api.service[105994]: DEBUG oslo_concurrency.lockutils [None req-3d6e2a30-93c0-40b1-9ab2-47a0971f92a0 tempest-DeleteServersTestJSON-454678537 tempest-DeleteServersTestJSON-454678537-project] Lock "edd704b8-e7a2-4d0e-87ac-90b97ad50d26" acquired by "nova.context.set_target_cell..get_or_set_cached_cell_and_set_connections" :: waited 0.000s {{(pid=105994) inner /usr/local/lib/python3.8/dist-packages/oslo_concurrency/lockutils.py:355}}
Jun 11 00:09:43.800995 dv-cinder-786260-5-iscsi devstack@n-api.service[105994]: DEBUG oslo_concurrency.lockutils [None req-3d6e2a30-93c0-40b1-9ab2-47a0971f92a0 tempest-DeleteServersTestJSON-454678537 tempest-DeleteServersTestJSON-454678537-project] Lock "edd704b8-e7a2-4d0e-87ac-90b97ad50d26" released by "nova.context.set_target_cell..get_or_set_cached_cell_and_set_connections" :: held 0.001s {{(pid=105994) inner /usr/local/lib/python3.8/dist-packages/oslo_concurrency/lockutils.py:367}}
Jun 11 00:09:43.807201 dv-cinder-786260-5-iscsi devstack@n-api.service[105994]: /opt/stack/nova/nova/objects/instance.py:1535: SAWarning: TypeDecorator SoftDeleteInteger() will not produce a cache key because the ``cache_ok`` flag is not set to True. Set this flag to True if this type object's state is safe to use in a cache key, or False to disable this warning.
Jun 11 00:09:43.807201 dv-cinder-786260-5-iscsi devstack@n-api.service[105994]: project_result = project_query.first()
Jun 11 00:09:43.836345 dv-cinder-786260-5-iscsi devstack@n-api.service[105994]: /opt/stack/nova/nova/db/sqlalchemy/api.py:2503: SAWarning: TypeDecorator SoftDeleteInteger() will not produce a cache key because the ``cache_ok`` flag is not set to True. Set this flag to True if this type object's state is safe to use in a cache key, or False to disable this warning.
Jun 11 00:09:43.836345 dv-cinder-786260-5-iscsi devstack@n-api.service[105994]: rows = model_query(context, models.Quota, read_deleted="no").\
Jun 11 00:09:43.841452 dv-cinder-786260-5-iscsi devstack@n-api.service[105994]: DEBUG nova.quota [None req-3d6e2a30-93c0-40b1-9ab2-47a0971f92a0 tempest-DeleteServersTestJSON-454678537 tempest-DeleteServersTestJSON-454678537-project] Getting quotas for project 72d07555201b4d328ba2460673422b65. Resources: {'instances', 'cores', 'ram'} {{(pid=105994) _get_quotas /opt/stack/nova/nova/quota.py:387}}
Jun 11 00:09:43.850900 dv-cinder-786260-5-iscsi devstack@n-api.service[105994]: DEBUG nova.quota [None req-3d6e2a30-93c0-40b1-9ab2-47a0971f92a0 tempest-DeleteServersTestJSON-454678537 tempest-DeleteServersTestJSON-454678537-project] Getting quotas for user 5e1d6317c57148438dfe48f59194fb71 and project 72d07555201b4d328ba2460673422b65. Resources: {'instances', 'cores', 'ram'} {{(pid=105994) _get_quotas /opt/stack/nova/nova/quota.py:377}}
Jun 11 00:09:43.865012 dv-cinder-786260-5-iscsi devstack@n-api.service[105995]: DEBUG nova.api.openstack.wsgi [None req-820b18ae-3583-44bd-a109-a88071d4a815 tempest-VolumesSnapshotsTestJSON-1007192455 tempest-VolumesSnapshotsTestJSON-1007192455-project] Calling method '.version_select at 0x7effcaa7e0d0>' {{(pid=105995) _process_stack /opt/stack/nova/nova/api/openstack/wsgi.py:513}}
Jun 11 00:09:43.873924 dv-cinder-786260-5-iscsi devstack@n-api.service[105994]: DEBUG nova.compute.api [None req-3d6e2a30-93c0-40b1-9ab2-47a0971f92a0 tempest-DeleteServersTestJSON-454678537 tempest-DeleteServersTestJSON-454678537-project] Going to run 1 instances... {{(pid=105994) _provision_instances /opt/stack/nova/nova/compute/api.py:1282}}
Jun 11 00:09:43.881412 dv-cinder-786260-5-iscsi devstack@n-api.service[105994]: DEBUG nova.compute.api [None req-3d6e2a30-93c0-40b1-9ab2-47a0971f92a0 tempest-DeleteServersTestJSON-454678537 tempest-DeleteServersTestJSON-454678537-project] [instance: 748cf86c-8ee8-477d-9ecb-30f5e75dbddf] block_device_mapping [BlockDeviceMapping(attachment_id=,boot_index=0,connection_info=None,created_at=,delete_on_termination=True,deleted=,deleted_at=,destination_type='local',device_name=None,device_type='disk',disk_bus=None,guest_format=None,id=,image_id='77d0ce56-0de9-48ec-8a84-162b79049b47',instance=,instance_uuid=,no_device=False,snapshot_id=None,source_type='image',tag=None,updated_at=,uuid=,volume_id=None,volume_size=None,volume_type=None)] {{(pid=105994) _bdm_validate_set_size_and_instance /opt/stack/nova/nova/compute/api.py:1687}}
Jun 11 00:09:43.926962 dv-cinder-786260-5-iscsi devstack@n-api.service[105995]: INFO nova.api.openstack.requestlog [None req-820b18ae-3583-44bd-a109-a88071d4a815 tempest-VolumesSnapshotsTestJSON-1007192455 tempest-VolumesSnapshotsTestJSON-1007192455-project] 10.222.0.15 "GET /compute/v2.1/os-snapshots/c02fb6a1-143e-4ffa-8e3f-17b88bcaf4ea" status: 200 len: 286 microversion: 2.1 time: 0.066382
Jun 11 00:09:43.927917 dv-cinder-786260-5-iscsi devstack@n-api.service[105995]: [pid: 105995|app: 0|req: 12/19] 10.222.0.15 () {58 vars in 1251 bytes} [Fri Jun 11 00:09:43 2021] GET /compute/v2.1/os-snapshots/c02fb6a1-143e-4ffa-8e3f-17b88bcaf4ea => generated 286 bytes in 68 msecs (HTTP/1.1 200) 9 headers in 357 bytes (2 switches on core 0)
Jun 11 00:09:44.079316 dv-cinder-786260-5-iscsi devstack@n-api.service[105994]: INFO nova.api.openstack.requestlog [None req-3d6e2a30-93c0-40b1-9ab2-47a0971f92a0 tempest-DeleteServersTestJSON-454678537 tempest-DeleteServersTestJSON-454678537-project] 10.222.0.15 "POST /compute/v2.1/servers" status: 202 len: 380 microversion: 2.1 time: 2.720948
Jun 11 00:09:44.085546 dv-cinder-786260-5-iscsi devstack@n-api.service[105994]: [pid: 105994|app: 0|req: 8/20] 10.222.0.15 () {60 vars in 1147 bytes} [Fri Jun 11 00:09:41 2021] POST /compute/v2.1/servers => generated 380 bytes in 2728 msecs (HTTP/1.1 202) 10 headers in 451 bytes (1 switches on core 0)
Jun 11 00:09:44.090811 dv-cinder-786260-5-iscsi devstack@n-api.service[105995]: DEBUG nova.api.openstack.wsgi [None req-6f75dfb7-9679-408c-9a5f-fd5a780c8d88 tempest-DeleteServersTestJSON-454678537 tempest-DeleteServersTestJSON-454678537-project] Calling method '>' {{(pid=105995) _process_stack /opt/stack/nova/nova/api/openstack/wsgi.py:513}}
Jun 11 00:09:44.091888 dv-cinder-786260-5-iscsi devstack@n-api.service[105995]: DEBUG nova.compute.api [None req-6f75dfb7-9679-408c-9a5f-fd5a780c8d88 tempest-DeleteServersTestJSON-454678537 tempest-DeleteServersTestJSON-454678537-project] [instance: 748cf86c-8ee8-477d-9ecb-30f5e75dbddf] Fetching instance by UUID {{(pid=105995) get /opt/stack/nova/nova/compute/api.py:2795}}
Jun 11 00:09:44.320876 dv-cinder-786260-5-iscsi devstack@n-api.service[105995]: DEBUG nova.policy [None req-6f75dfb7-9679-408c-9a5f-fd5a780c8d88 tempest-DeleteServersTestJSON-454678537 tempest-DeleteServersTestJSON-454678537-project] Policy check for os_compute_api:os-extended-server-attributes failed with credentials {'is_admin': False, 'user_id': '5e1d6317c57148438dfe48f59194fb71', 'user_domain_id': 'default', 'system_scope': None, 'domain_id': None, 'project_id': '72d07555201b4d328ba2460673422b65', 'project_domain_id': 'default', 'roles': ['reader', 'member'], 'is_admin_project': True, 'service_user_id': None, 'service_user_domain_id': None, 'service_project_id': None, 'service_project_domain_id': None, 'service_roles': []} {{(pid=105995) authorize /opt/stack/nova/nova/policy.py:199}}
Jun 11 00:09:44.325769 dv-cinder-786260-5-iscsi devstack@n-api.service[105995]: /opt/stack/nova/nova/db/sqlalchemy/api.py:2775: SAWarning: TypeDecorator SoftDeleteInteger() will not produce a cache key because the ``cache_ok`` flag is not set to True. Set this flag to True if this type object's state is safe to use in a cache key, or False to disable this warning.
Jun 11 00:09:44.325769 dv-cinder-786260-5-iscsi devstack@n-api.service[105995]: return _block_device_mapping_get_query(context).filter(
Jun 11 00:09:44.359216 dv-cinder-786260-5-iscsi devstack@n-api.service[105995]: INFO nova.api.openstack.requestlog [None req-6f75dfb7-9679-408c-9a5f-fd5a780c8d88 tempest-DeleteServersTestJSON-454678537 tempest-DeleteServersTestJSON-454678537-project] 10.222.0.15 "GET /compute/v2.1/servers/748cf86c-8ee8-477d-9ecb-30f5e75dbddf" status: 200 len: 1215 microversion: 2.1 time: 0.269950
Jun 11 00:09:44.361661 dv-cinder-786260-5-iscsi devstack@n-api.service[105995]: [pid: 105995|app: 0|req: 13/21] 10.222.0.15 () {58 vars in 1236 bytes} [Fri Jun 11 00:09:44 2021] GET /compute/v2.1/servers/748cf86c-8ee8-477d-9ecb-30f5e75dbddf => generated 1215 bytes in 276 msecs (HTTP/1.1 200) 9 headers in 358 bytes (1 switches on core 0)
Jun 11 00:09:44.664681 dv-cinder-786260-5-iscsi devstack@n-api.service[105994]: DEBUG nova.api.openstack.wsgi [None req-21666d13-2075-4d54-ac7d-796ce466f196 tempest-VolumesGetTestJSON-768531218 tempest-VolumesGetTestJSON-768531218-project] Calling method '.version_select at 0x7effca988430>' {{(pid=105994) _process_stack /opt/stack/nova/nova/api/openstack/wsgi.py:513}}
Jun 11 00:09:44.930434 dv-cinder-786260-5-iscsi devstack@n-api.service[105994]: INFO nova.api.openstack.requestlog [None req-21666d13-2075-4d54-ac7d-796ce466f196 tempest-VolumesGetTestJSON-768531218 tempest-VolumesGetTestJSON-768531218-project] 10.222.0.15 "GET /compute/v2.1/os-volumes/980b7a5c-cea7-432f-b52c-eaa4c7a5b3a4" status: 200 len: 351 microversion: 2.1 time: 0.276116
Jun 11 00:09:44.931773 dv-cinder-786260-5-iscsi devstack@n-api.service[105994]: [pid: 105994|app: 0|req: 9/22] 10.222.0.15 () {58 vars in 1245 bytes} [Fri Jun 11 00:09:44 2021] GET /compute/v2.1/os-volumes/980b7a5c-cea7-432f-b52c-eaa4c7a5b3a4 => generated 351 bytes in 279 msecs (HTTP/1.1 200) 9 headers in 357 bytes (1 switches on core 0)
Jun 11 00:09:44.946102 dv-cinder-786260-5-iscsi devstack@n-api.service[105995]: DEBUG nova.api.openstack.wsgi [None req-0f794cad-c436-47e9-9bf5-a0f7ca09f8d9 tempest-VolumesSnapshotsTestJSON-1007192455 tempest-VolumesSnapshotsTestJSON-1007192455-project] Calling method '.version_select at 0x7effcaa9e550>' {{(pid=105995) _process_stack /opt/stack/nova/nova/api/openstack/wsgi.py:513}}
Jun 11 00:09:45.067899 dv-cinder-786260-5-iscsi devstack@n-api.service[105995]: INFO nova.api.openstack.requestlog [None req-0f794cad-c436-47e9-9bf5-a0f7ca09f8d9 tempest-VolumesSnapshotsTestJSON-1007192455 tempest-VolumesSnapshotsTestJSON-1007192455-project] 10.222.0.15 "GET /compute/v2.1/os-snapshots/c02fb6a1-143e-4ffa-8e3f-17b88bcaf4ea" status: 200 len: 286 microversion: 2.1 time: 0.128047
Jun 11 00:09:45.068905 dv-cinder-786260-5-iscsi devstack@n-api.service[105995]: [pid: 105995|app: 0|req: 14/23] 10.222.0.15 () {58 vars in 1251 bytes} [Fri Jun 11 00:09:44 2021] GET /compute/v2.1/os-snapshots/c02fb6a1-143e-4ffa-8e3f-17b88bcaf4ea => generated 286 bytes in 131 msecs (HTTP/1.1 200) 9 headers in 357 bytes (1 switches on core 0)
Jun 11 00:09:45.379183 dv-cinder-786260-5-iscsi devstack@n-api.service[105994]: DEBUG nova.api.openstack.wsgi [None req-fdba2947-3ea9-46bb-8fd1-e87a2fd1e72c tempest-DeleteServersTestJSON-454678537 tempest-DeleteServersTestJSON-454678537-project] Calling method '>' {{(pid=105994) _process_stack /opt/stack/nova/nova/api/openstack/wsgi.py:513}}
Jun 11 00:09:45.380415 dv-cinder-786260-5-iscsi devstack@n-api.service[105994]: DEBUG nova.compute.api [None req-fdba2947-3ea9-46bb-8fd1-e87a2fd1e72c tempest-DeleteServersTestJSON-454678537 tempest-DeleteServersTestJSON-454678537-project] [instance: 748cf86c-8ee8-477d-9ecb-30f5e75dbddf] Fetching instance by UUID {{(pid=105994) get /opt/stack/nova/nova/compute/api.py:2795}}
Jun 11 00:09:45.477092 dv-cinder-786260-5-iscsi devstack@n-api.service[105994]: DEBUG nova.policy [None req-fdba2947-3ea9-46bb-8fd1-e87a2fd1e72c tempest-DeleteServersTestJSON-454678537 tempest-DeleteServersTestJSON-454678537-project] Policy check for os_compute_api:os-extended-server-attributes failed with credentials {'is_admin': False, 'user_id': '5e1d6317c57148438dfe48f59194fb71', 'user_domain_id': 'default', 'system_scope': None, 'domain_id': None, 'project_id': '72d07555201b4d328ba2460673422b65', 'project_domain_id': 'default', 'roles': ['reader', 'member'], 'is_admin_project': True, 'service_user_id': None, 'service_user_domain_id': None, 'service_project_id': None, 'service_project_domain_id': None, 'service_roles': []} {{(pid=105994) authorize /opt/stack/nova/nova/policy.py:199}}
Jun 11 00:09:45.482636 dv-cinder-786260-5-iscsi devstack@n-api.service[105994]: /opt/stack/nova/nova/db/sqlalchemy/api.py:2775: SAWarning: TypeDecorator SoftDeleteInteger() will not produce a cache key because the ``cache_ok`` flag is not set to True. Set this flag to True if this type object's state is safe to use in a cache key, or False to disable this warning.
Jun 11 00:09:45.482636 dv-cinder-786260-5-iscsi devstack@n-api.service[105994]: return _block_device_mapping_get_query(context).filter(
Jun 11 00:09:45.495185 dv-cinder-786260-5-iscsi devstack@n-api.service[105994]: INFO nova.api.openstack.requestlog [None req-fdba2947-3ea9-46bb-8fd1-e87a2fd1e72c tempest-DeleteServersTestJSON-454678537 tempest-DeleteServersTestJSON-454678537-project] 10.222.0.15 "GET /compute/v2.1/servers/748cf86c-8ee8-477d-9ecb-30f5e75dbddf" status: 200 len: 1215 microversion: 2.1 time: 0.121086
Jun 11 00:09:45.496691 dv-cinder-786260-5-iscsi devstack@n-api.service[105994]: [pid: 105994|app: 0|req: 10/24] 10.222.0.15 () {58 vars in 1236 bytes} [Fri Jun 11 00:09:45 2021] GET /compute/v2.1/servers/748cf86c-8ee8-477d-9ecb-30f5e75dbddf => generated 1215 bytes in 123 msecs (HTTP/1.1 200) 9 headers in 358 bytes (1 switches on core 0)
