Jun 11 00:10:35.614308 dv-cinder-786260-5-iscsi devstack@c-api.service[98681]: DEBUG cinder.api.openstack.wsgi [None req-52bbd73f-f007-4342-bfe0-675f1ee0d904 tempest-SnapshotsActionsTest-1168721982 tempest-SnapshotsActionsTest-1168721982-project] Calling method 'show' {{(pid=98681) _process_stack /opt/stack/cinder/cinder/api/openstack/wsgi.py:866}}
Jun 11 00:10:35.621726 dv-cinder-786260-5-iscsi devstack@c-api.service[98680]: INFO cinder.api.openstack.wsgi [None req-5e218e69-328c-4c0c-bfc7-68c5decba5b6 tempest-VolumesServicesTestJSON-988503336 tempest-VolumesServicesTestJSON-988503336-project-admin] http://10.222.0.15/volume/v3/28012ae513634940abe54123fae02538/os-services returned with HTTP 200
Jun 11 00:10:35.622582 dv-cinder-786260-5-iscsi devstack@c-api.service[98680]: [pid: 98680|app: 0|req: 214/436] 10.222.0.15 () {58 vars in 1226 bytes} [Fri Jun 11 00:10:35 2021] GET /volume/v3/28012ae513634940abe54123fae02538/os-services => generated 642 bytes in 17 msecs (HTTP/1.1 200) 7 headers in 285 bytes (1 switches on core 0)
Jun 11 00:10:35.624807 dv-cinder-786260-5-iscsi devstack@c-api.service[98681]: /usr/local/lib/python3.8/dist-packages/oslo_context/context.py:105: DeprecationWarning: Policy enforcement is depending on the value of is_admin. This key is deprecated. Please update your policy file to use the standard policy values.
Jun 11 00:10:35.624807 dv-cinder-786260-5-iscsi devstack@c-api.service[98681]: warnings.warn('Policy enforcement is depending on the value of '
Jun 11 00:10:35.625789 dv-cinder-786260-5-iscsi devstack@c-api.service[98681]: INFO cinder.volume.api [None req-52bbd73f-f007-4342-bfe0-675f1ee0d904 tempest-SnapshotsActionsTest-1168721982 tempest-SnapshotsActionsTest-1168721982-project] Snapshot retrieved successfully.
Jun 11 00:10:35.626947 dv-cinder-786260-5-iscsi devstack@c-api.service[98680]: INFO cinder.api.openstack.wsgi [None req-3f0a1ed8-2ac3-4515-8cf2-b2f9f86624db tempest-VolumesTransfersTest-85980478 tempest-VolumesTransfersTest-85980478-project] GET http://10.222.0.15/volume/v3/f743b7a309dc43999a6debc21f9afdab/volumes/839c5c04-13e2-480c-940c-84432163f502
Jun 11 00:10:35.627908 dv-cinder-786260-5-iscsi devstack@c-api.service[98680]: DEBUG cinder.api.openstack.wsgi [None req-3f0a1ed8-2ac3-4515-8cf2-b2f9f86624db tempest-VolumesTransfersTest-85980478 tempest-VolumesTransfersTest-85980478-project] Empty body provided in request {{(pid=98680) get_body /opt/stack/cinder/cinder/api/openstack/wsgi.py:713}}
Jun 11 00:10:35.629598 dv-cinder-786260-5-iscsi devstack@c-api.service[98681]: INFO cinder.api.openstack.wsgi [None req-52bbd73f-f007-4342-bfe0-675f1ee0d904 tempest-SnapshotsActionsTest-1168721982 tempest-SnapshotsActionsTest-1168721982-project] http://10.222.0.15/volume/v3/bfe73e090abe4e4193103a91e3445686/snapshots/2a6afeec-773a-483f-8002-1a2ae5f5ab6c returned with HTTP 200
Jun 11 00:10:35.629598 dv-cinder-786260-5-iscsi devstack@c-api.service[98681]: [pid: 98681|app: 0|req: 223/437] 10.222.0.15 () {58 vars in 1331 bytes} [Fri Jun 11 00:10:35 2021] GET /volume/v3/bfe73e090abe4e4193103a91e3445686/snapshots/2a6afeec-773a-483f-8002-1a2ae5f5ab6c => generated 439 bytes in 25 msecs (HTTP/1.1 200) 7 headers in 285 bytes (1 switches on core 0)
Jun 11 00:10:35.630397 dv-cinder-786260-5-iscsi devstack@c-api.service[98680]: DEBUG cinder.api.openstack.wsgi [None req-3f0a1ed8-2ac3-4515-8cf2-b2f9f86624db tempest-VolumesTransfersTest-85980478 tempest-VolumesTransfersTest-85980478-project] Calling method 'show' {{(pid=98680) _process_stack /opt/stack/cinder/cinder/api/openstack/wsgi.py:866}}
Jun 11 00:10:35.633050 dv-cinder-786260-5-iscsi devstack@c-api.service[98681]: INFO cinder.api.openstack.wsgi [None req-4c84ed65-54fe-4f2c-89cb-1830a318ea77 tempest-VolumesServicesTestJSON-143063747 tempest-VolumesServicesTestJSON-143063747-project] DELETE http://10.222.0.15/volume/v3/8bcd0004bc364a2db5460b204e7feba0/volumes/f8f1dc85-2866-40a6-b719-dc7bfb6aef9f
Jun 11 00:10:35.633549 dv-cinder-786260-5-iscsi devstack@c-api.service[98681]: DEBUG cinder.api.openstack.wsgi [None req-4c84ed65-54fe-4f2c-89cb-1830a318ea77 tempest-VolumesServicesTestJSON-143063747 tempest-VolumesServicesTestJSON-143063747-project] Empty body provided in request {{(pid=98681) get_body /opt/stack/cinder/cinder/api/openstack/wsgi.py:713}}
Jun 11 00:10:35.633721 dv-cinder-786260-5-iscsi devstack@c-api.service[98681]: /usr/local/lib/python3.8/dist-packages/webob/acceptparse.py:1047: DeprecationWarning: The behavior of AcceptValidHeader.best_match is currently being maintained for backward compatibility, but it will be deprecated in the future, as it does not conform to the RFC.
Jun 11 00:10:35.633721 dv-cinder-786260-5-iscsi devstack@c-api.service[98681]: warnings.warn(
Jun 11 00:10:35.634047 dv-cinder-786260-5-iscsi devstack@c-api.service[98681]: DEBUG cinder.api.openstack.wsgi [None req-4c84ed65-54fe-4f2c-89cb-1830a318ea77 tempest-VolumesServicesTestJSON-143063747 tempest-VolumesServicesTestJSON-143063747-project] Calling method 'delete' {{(pid=98681) _process_stack /opt/stack/cinder/cinder/api/openstack/wsgi.py:866}}
Jun 11 00:10:35.634600 dv-cinder-786260-5-iscsi devstack@c-api.service[98681]: INFO cinder.api.v3.volumes [None req-4c84ed65-54fe-4f2c-89cb-1830a318ea77 tempest-VolumesServicesTestJSON-143063747 tempest-VolumesServicesTestJSON-143063747-project] Delete volume with id: f8f1dc85-2866-40a6-b719-dc7bfb6aef9f
Jun 11 00:10:35.648559 dv-cinder-786260-5-iscsi devstack@c-api.service[98680]: /usr/local/lib/python3.8/dist-packages/oslo_context/context.py:105: DeprecationWarning: Policy enforcement is depending on the value of is_admin. This key is deprecated. Please update your policy file to use the standard policy values.
Jun 11 00:10:35.648559 dv-cinder-786260-5-iscsi devstack@c-api.service[98680]: warnings.warn('Policy enforcement is depending on the value of '
Jun 11 00:10:35.654621 dv-cinder-786260-5-iscsi devstack@c-api.service[98681]: /usr/local/lib/python3.8/dist-packages/oslo_context/context.py:105: DeprecationWarning: Policy enforcement is depending on the value of is_admin. This key is deprecated. Please update your policy file to use the standard policy values.
Jun 11 00:10:35.654621 dv-cinder-786260-5-iscsi devstack@c-api.service[98681]: warnings.warn('Policy enforcement is depending on the value of '
Jun 11 00:10:35.656103 dv-cinder-786260-5-iscsi devstack@c-api.service[98681]: INFO cinder.volume.api [None req-4c84ed65-54fe-4f2c-89cb-1830a318ea77 tempest-VolumesServicesTestJSON-143063747 tempest-VolumesServicesTestJSON-143063747-project] Volume info retrieved successfully.
Jun 11 00:10:35.657482 dv-cinder-786260-5-iscsi devstack@c-api.service[98680]: INFO cinder.volume.api [None req-3f0a1ed8-2ac3-4515-8cf2-b2f9f86624db tempest-VolumesTransfersTest-85980478 tempest-VolumesTransfersTest-85980478-project] Volume info retrieved successfully.
Jun 11 00:10:35.672974 dv-cinder-786260-5-iscsi devstack@c-api.service[98680]: INFO cinder.api.openstack.wsgi [None req-3f0a1ed8-2ac3-4515-8cf2-b2f9f86624db tempest-VolumesTransfersTest-85980478 tempest-VolumesTransfersTest-85980478-project] http://10.222.0.15/volume/v3/f743b7a309dc43999a6debc21f9afdab/volumes/839c5c04-13e2-480c-940c-84432163f502 returned with HTTP 200
Jun 11 00:10:35.673855 dv-cinder-786260-5-iscsi devstack@c-api.service[98680]: [pid: 98680|app: 0|req: 215/438] 10.222.0.15 () {58 vars in 1325 bytes} [Fri Jun 11 00:10:35 2021] GET /volume/v3/f743b7a309dc43999a6debc21f9afdab/volumes/839c5c04-13e2-480c-940c-84432163f502 => generated 921 bytes in 51 msecs (HTTP/1.1 200) 7 headers in 285 bytes (1 switches on core 0)
Jun 11 00:10:35.690091 dv-cinder-786260-5-iscsi devstack@c-api.service[98680]: INFO cinder.api.openstack.wsgi [None req-5451ac6a-ca2d-4daf-81f0-940170d3b255 tempest-VolumesTransfersTest-85980478 tempest-VolumesTransfersTest-85980478-project] GET http://10.222.0.15/volume/v3/f743b7a309dc43999a6debc21f9afdab/os-volume-transfer/40b82e4c-3ba1-4498-a4b4-eeac3ed661d0
Jun 11 00:10:35.690769 dv-cinder-786260-5-iscsi devstack@c-api.service[98680]: DEBUG cinder.api.openstack.wsgi [None req-5451ac6a-ca2d-4daf-81f0-940170d3b255 tempest-VolumesTransfersTest-85980478 tempest-VolumesTransfersTest-85980478-project] Empty body provided in request {{(pid=98680) get_body /opt/stack/cinder/cinder/api/openstack/wsgi.py:713}}
Jun 11 00:10:35.690966 dv-cinder-786260-5-iscsi devstack@c-api.service[98680]: /usr/local/lib/python3.8/dist-packages/webob/acceptparse.py:1047: DeprecationWarning: The behavior of AcceptValidHeader.best_match is currently being maintained for backward compatibility, but it will be deprecated in the future, as it does not conform to the RFC.
Jun 11 00:10:35.690966 dv-cinder-786260-5-iscsi devstack@c-api.service[98680]: warnings.warn(
Jun 11 00:10:35.691567 dv-cinder-786260-5-iscsi devstack@c-api.service[98680]: DEBUG cinder.api.openstack.wsgi [None req-5451ac6a-ca2d-4daf-81f0-940170d3b255 tempest-VolumesTransfersTest-85980478 tempest-VolumesTransfersTest-85980478-project] Calling method 'show' {{(pid=98680) _process_stack /opt/stack/cinder/cinder/api/openstack/wsgi.py:866}}
Jun 11 00:10:35.696275 dv-cinder-786260-5-iscsi devstack@c-api.service[98681]: INFO cinder.volume.api [None req-4c84ed65-54fe-4f2c-89cb-1830a318ea77 tempest-VolumesServicesTestJSON-143063747 tempest-VolumesServicesTestJSON-143063747-project] Delete volume request issued successfully.
Jun 11 00:10:35.696830 dv-cinder-786260-5-iscsi devstack@c-api.service[98681]: INFO cinder.api.openstack.wsgi [None req-4c84ed65-54fe-4f2c-89cb-1830a318ea77 tempest-VolumesServicesTestJSON-143063747 tempest-VolumesServicesTestJSON-143063747-project] http://10.222.0.15/volume/v3/8bcd0004bc364a2db5460b204e7feba0/volumes/f8f1dc85-2866-40a6-b719-dc7bfb6aef9f returned with HTTP 202
Jun 11 00:10:35.698199 dv-cinder-786260-5-iscsi devstack@c-api.service[98681]: [pid: 98681|app: 0|req: 224/439] 10.222.0.15 () {58 vars in 1328 bytes} [Fri Jun 11 00:10:35 2021] DELETE /volume/v3/8bcd0004bc364a2db5460b204e7feba0/volumes/f8f1dc85-2866-40a6-b719-dc7bfb6aef9f => generated 0 bytes in 68 msecs (HTTP/1.1 202) 6 headers in 233 bytes (2 switches on core 0)
Jun 11 00:10:35.703487 dv-cinder-786260-5-iscsi devstack@c-api.service[98680]: INFO cinder.api.openstack.wsgi [None req-5451ac6a-ca2d-4daf-81f0-940170d3b255 tempest-VolumesTransfersTest-85980478 tempest-VolumesTransfersTest-85980478-project] http://10.222.0.15/volume/v3/f743b7a309dc43999a6debc21f9afdab/os-volume-transfer/40b82e4c-3ba1-4498-a4b4-eeac3ed661d0 returned with HTTP 200
Jun 11 00:10:35.704502 dv-cinder-786260-5-iscsi devstack@c-api.service[98680]: [pid: 98680|app: 0|req: 216/440] 10.222.0.15 () {58 vars in 1358 bytes} [Fri Jun 11 00:10:35 2021] GET /volume/v3/f743b7a309dc43999a6debc21f9afdab/os-volume-transfer/40b82e4c-3ba1-4498-a4b4-eeac3ed661d0 => generated 475 bytes in 20 msecs (HTTP/1.1 200) 7 headers in 285 bytes (2 switches on core 0)
Jun 11 00:10:35.704737 dv-cinder-786260-5-iscsi devstack@c-api.service[98681]: INFO cinder.api.openstack.wsgi [None req-d007ebc7-55ea-41b9-8a05-69d6f3096afb tempest-VolumesServicesTestJSON-143063747 tempest-VolumesServicesTestJSON-143063747-project] GET http://10.222.0.15/volume/v3/8bcd0004bc364a2db5460b204e7feba0/volumes/f8f1dc85-2866-40a6-b719-dc7bfb6aef9f
Jun 11 00:10:35.705268 dv-cinder-786260-5-iscsi devstack@c-api.service[98681]: DEBUG cinder.api.openstack.wsgi [None req-d007ebc7-55ea-41b9-8a05-69d6f3096afb tempest-VolumesServicesTestJSON-143063747 tempest-VolumesServicesTestJSON-143063747-project] Empty body provided in request {{(pid=98681) get_body /opt/stack/cinder/cinder/api/openstack/wsgi.py:713}}
Jun 11 00:10:35.705518 dv-cinder-786260-5-iscsi devstack@c-api.service[98681]: /usr/local/lib/python3.8/dist-packages/webob/acceptparse.py:1047: DeprecationWarning: The behavior of AcceptValidHeader.best_match is currently being maintained for backward compatibility, but it will be deprecated in the future, as it does not conform to the RFC.
Jun 11 00:10:35.705518 dv-cinder-786260-5-iscsi devstack@c-api.service[98681]: warnings.warn(
Jun 11 00:10:35.705956 dv-cinder-786260-5-iscsi devstack@c-api.service[98681]: DEBUG cinder.api.openstack.wsgi [None req-d007ebc7-55ea-41b9-8a05-69d6f3096afb tempest-VolumesServicesTestJSON-143063747 tempest-VolumesServicesTestJSON-143063747-project] Calling method 'show' {{(pid=98681) _process_stack /opt/stack/cinder/cinder/api/openstack/wsgi.py:866}}
Jun 11 00:10:35.719490 dv-cinder-786260-5-iscsi devstack@c-api.service[98680]: INFO cinder.api.openstack.wsgi [None req-aa207261-98bf-411d-9d48-0d6f69d9c28a tempest-VolumesTransfersTest-85980478 tempest-VolumesTransfersTest-85980478-project] GET http://10.222.0.15/volume/v3/f743b7a309dc43999a6debc21f9afdab/os-volume-transfer
Jun 11 00:10:35.720129 dv-cinder-786260-5-iscsi devstack@c-api.service[98681]: /usr/local/lib/python3.8/dist-packages/oslo_context/context.py:105: DeprecationWarning: Policy enforcement is depending on the value of is_admin. This key is deprecated. Please update your policy file to use the standard policy values.
Jun 11 00:10:35.720129 dv-cinder-786260-5-iscsi devstack@c-api.service[98681]: warnings.warn('Policy enforcement is depending on the value of '
Jun 11 00:10:35.720506 dv-cinder-786260-5-iscsi devstack@c-api.service[98680]: DEBUG cinder.api.openstack.wsgi [None req-aa207261-98bf-411d-9d48-0d6f69d9c28a tempest-VolumesTransfersTest-85980478 tempest-VolumesTransfersTest-85980478-project] Empty body provided in request {{(pid=98680) get_body /opt/stack/cinder/cinder/api/openstack/wsgi.py:713}}
Jun 11 00:10:35.721195 dv-cinder-786260-5-iscsi devstack@c-api.service[98680]: DEBUG cinder.api.openstack.wsgi [None req-aa207261-98bf-411d-9d48-0d6f69d9c28a tempest-VolumesTransfersTest-85980478 tempest-VolumesTransfersTest-85980478-project] Calling method 'index' {{(pid=98680) _process_stack /opt/stack/cinder/cinder/api/openstack/wsgi.py:866}}
Jun 11 00:10:35.721645 dv-cinder-786260-5-iscsi devstack@c-api.service[98680]: DEBUG cinder.api.contrib.volume_transfer [None req-aa207261-98bf-411d-9d48-0d6f69d9c28a tempest-VolumesTransfersTest-85980478 tempest-VolumesTransfersTest-85980478-project] Listing volume transfers {{(pid=98680) _get_transfers /opt/stack/cinder/cinder/api/contrib/volume_transfer.py:63}}
Jun 11 00:10:35.730738 dv-cinder-786260-5-iscsi devstack@c-api.service[98681]: INFO cinder.volume.api [None req-d007ebc7-55ea-41b9-8a05-69d6f3096afb tempest-VolumesServicesTestJSON-143063747 tempest-VolumesServicesTestJSON-143063747-project] Volume info retrieved successfully.
Jun 11 00:10:35.734123 dv-cinder-786260-5-iscsi devstack@c-api.service[98680]: INFO cinder.api.openstack.wsgi [None req-aa207261-98bf-411d-9d48-0d6f69d9c28a tempest-VolumesTransfersTest-85980478 tempest-VolumesTransfersTest-85980478-project] http://10.222.0.15/volume/v3/f743b7a309dc43999a6debc21f9afdab/os-volume-transfer returned with HTTP 200
Jun 11 00:10:35.735164 dv-cinder-786260-5-iscsi devstack@c-api.service[98680]: [pid: 98680|app: 0|req: 217/441] 10.222.0.15 () {58 vars in 1247 bytes} [Fri Jun 11 00:10:35 2021] GET /volume/v3/f743b7a309dc43999a6debc21f9afdab/os-volume-transfer => generated 434 bytes in 25 msecs (HTTP/1.1 200) 7 headers in 285 bytes (1 switches on core 0)
Jun 11 00:10:35.752723 dv-cinder-786260-5-iscsi devstack@c-api.service[98681]: INFO cinder.api.openstack.wsgi [None req-d007ebc7-55ea-41b9-8a05-69d6f3096afb tempest-VolumesServicesTestJSON-143063747 tempest-VolumesServicesTestJSON-143063747-project] http://10.222.0.15/volume/v3/8bcd0004bc364a2db5460b204e7feba0/volumes/f8f1dc85-2866-40a6-b719-dc7bfb6aef9f returned with HTTP 200
Jun 11 00:10:35.753637 dv-cinder-786260-5-iscsi devstack@c-api.service[98681]: [pid: 98681|app: 0|req: 225/442] 10.222.0.15 () {58 vars in 1325 bytes} [Fri Jun 11 00:10:35 2021] GET /volume/v3/8bcd0004bc364a2db5460b204e7feba0/volumes/f8f1dc85-2866-40a6-b719-dc7bfb6aef9f => generated 915 bytes in 52 msecs (HTTP/1.1 200) 7 headers in 285 bytes (2 switches on core 0)
Jun 11 00:10:35.835394 dv-cinder-786260-5-iscsi devstack@c-api.service[98680]: INFO cinder.api.openstack.wsgi [None req-f08df231-c420-4596-9149-f24587724cd4 tempest-VolumesTransfersTest-1689942710 tempest-VolumesTransfersTest-1689942710-project] POST http://10.222.0.15/volume/v3/aa2d03a68df5412d84b4354682c9e5c5/os-volume-transfer/40b82e4c-3ba1-4498-a4b4-eeac3ed661d0/accept
Jun 11 00:10:35.836695 dv-cinder-786260-5-iscsi devstack@c-api.service[98680]: DEBUG cinder.api.openstack.wsgi [None req-f08df231-c420-4596-9149-f24587724cd4 tempest-VolumesTransfersTest-1689942710 tempest-VolumesTransfersTest-1689942710-project] Action: 'accept', calling method: accept, body: {"accept": {"auth_key": "a050d37ccc144d40"}} {{(pid=98680) _process_stack /opt/stack/cinder/cinder/api/openstack/wsgi.py:864}}
Jun 11 00:10:35.837469 dv-cinder-786260-5-iscsi devstack@c-api.service[98680]: DEBUG cinder.api.contrib.volume_transfer [None req-f08df231-c420-4596-9149-f24587724cd4 tempest-VolumesTransfersTest-1689942710 tempest-VolumesTransfersTest-1689942710-project] Accepting volume transfer 40b82e4c-3ba1-4498-a4b4-eeac3ed661d0 {{(pid=98680) accept /opt/stack/cinder/cinder/api/contrib/volume_transfer.py:115}}
Jun 11 00:10:35.837793 dv-cinder-786260-5-iscsi devstack@c-api.service[98680]: INFO cinder.api.contrib.volume_transfer [None req-f08df231-c420-4596-9149-f24587724cd4 tempest-VolumesTransfersTest-1689942710 tempest-VolumesTransfersTest-1689942710-project] Accepting transfer 40b82e4c-3ba1-4498-a4b4-eeac3ed661d0
Jun 11 00:10:35.941066 dv-cinder-786260-5-iscsi devstack@c-api.service[98680]: DEBUG cinder.quota [None req-f08df231-c420-4596-9149-f24587724cd4 tempest-VolumesTransfersTest-1689942710 tempest-VolumesTransfersTest-1689942710-project] Created reservations ['929b579a-8fdd-4429-afd6-3984837201b0', '65c28af3-135a-43f1-8950-feaec65b0a52', '8620395f-8301-46f0-87f0-77dff2161def', '5897bf5a-d13f-4e98-ac53-3e457923a9ee'] {{(pid=98680) reserve /opt/stack/cinder/cinder/quota.py:755}}
Jun 11 00:10:35.980741 dv-cinder-786260-5-iscsi devstack@c-api.service[98680]: DEBUG cinder.quota [None req-f08df231-c420-4596-9149-f24587724cd4 tempest-VolumesTransfersTest-1689942710 tempest-VolumesTransfersTest-1689942710-project] Created reservations ['f4ad6263-fc54-49c3-8f88-1bdfa10cd2df', '3326fc7e-444d-4164-b375-52999a04e29e', '97348487-cc98-4f00-8f05-d53de1d825a1', 'b1104293-b354-4aa2-a2bc-a6740f48a6d6'] {{(pid=98680) reserve /opt/stack/cinder/cinder/quota.py:755}}
Jun 11 00:10:36.053099 dv-cinder-786260-5-iscsi devstack@c-api.service[98680]: DEBUG cinder.quota [None req-f08df231-c420-4596-9149-f24587724cd4 tempest-VolumesTransfersTest-1689942710 tempest-VolumesTransfersTest-1689942710-project] Created reservations ['509233ff-3258-446d-a912-1df4e7d3c0b2', 'fb8793ee-7009-4bef-a4c2-cc0c52a614bd', 'd70394c1-dced-4bf0-b31e-ad7c0ad562e9', '67a5e548-48bc-4bcb-9148-d33d22778aa4'] {{(pid=98680) reserve /opt/stack/cinder/cinder/quota.py:755}}
Jun 11 00:10:36.150817 dv-cinder-786260-5-iscsi devstack@c-api.service[98680]: DEBUG cinder.quota [None req-f08df231-c420-4596-9149-f24587724cd4 tempest-VolumesTransfersTest-1689942710 tempest-VolumesTransfersTest-1689942710-project] Created reservations ['cb94a9fb-a161-4e14-8b0d-3df854c94a0b', '25f81041-8bf0-4c4a-b3fc-efd5d8a05e8f', 'e9a45f9b-5d3f-4c4a-ad47-ed4c2c214dea', '1ebd0af1-1773-4005-bf44-2e83de2bb8a9'] {{(pid=98680) reserve /opt/stack/cinder/cinder/quota.py:755}}
Jun 11 00:10:36.155184 dv-cinder-786260-5-iscsi devstack@c-api.service[98680]: /usr/local/lib/python3.8/dist-packages/oslo_context/context.py:105: DeprecationWarning: Policy enforcement is depending on the value of is_admin. This key is deprecated. Please update your policy file to use the standard policy values.
Jun 11 00:10:36.155184 dv-cinder-786260-5-iscsi devstack@c-api.service[98680]: warnings.warn('Policy enforcement is depending on the value of '
Jun 11 00:10:36.613474 dv-cinder-786260-5-iscsi devstack@c-api.service[98681]: INFO cinder.api.openstack.wsgi [None req-1dbdcd64-5324-46e5-bd1d-12471fa46674 tempest-SnapshotMetadataTestJSON-106808798 tempest-SnapshotMetadataTestJSON-106808798-project] GET http://10.222.0.15/volume/v3/4bf2b92f8da64d498fec0400806d4f36/snapshots/24f42651-955e-45ff-bc79-e986e1ef122c
Jun 11 00:10:36.613994 dv-cinder-786260-5-iscsi devstack@c-api.service[98681]: DEBUG cinder.api.openstack.wsgi [None req-1dbdcd64-5324-46e5-bd1d-12471fa46674 tempest-SnapshotMetadataTestJSON-106808798 tempest-SnapshotMetadataTestJSON-106808798-project] Empty body provided in request {{(pid=98681) get_body /opt/stack/cinder/cinder/api/openstack/wsgi.py:713}}
Jun 11 00:10:36.614085 dv-cinder-786260-5-iscsi devstack@c-api.service[98681]: /usr/local/lib/python3.8/dist-packages/webob/acceptparse.py:1047: DeprecationWarning: The behavior of AcceptValidHeader.best_match is currently being maintained for backward compatibility, but it will be deprecated in the future, as it does not conform to the RFC.
Jun 11 00:10:36.614085 dv-cinder-786260-5-iscsi devstack@c-api.service[98681]: warnings.warn(
Jun 11 00:10:36.614418 dv-cinder-786260-5-iscsi devstack@c-api.service[98681]: DEBUG cinder.api.openstack.wsgi [None req-1dbdcd64-5324-46e5-bd1d-12471fa46674 tempest-SnapshotMetadataTestJSON-106808798 tempest-SnapshotMetadataTestJSON-106808798-project] Calling method 'show' {{(pid=98681) _process_stack /opt/stack/cinder/cinder/api/openstack/wsgi.py:866}}
Jun 11 00:10:36.621806 dv-cinder-786260-5-iscsi devstack@c-api.service[98681]: INFO cinder.api.openstack.wsgi [None req-1dbdcd64-5324-46e5-bd1d-12471fa46674 tempest-SnapshotMetadataTestJSON-106808798 tempest-SnapshotMetadataTestJSON-106808798-project] http://10.222.0.15/volume/v3/4bf2b92f8da64d498fec0400806d4f36/snapshots/24f42651-955e-45ff-bc79-e986e1ef122c returned with HTTP 404
Jun 11 00:10:36.622650 dv-cinder-786260-5-iscsi devstack@c-api.service[98681]: [pid: 98681|app: 0|req: 226/443] 10.222.0.15 () {58 vars in 1331 bytes} [Fri Jun 11 00:10:36 2021] GET /volume/v3/4bf2b92f8da64d498fec0400806d4f36/snapshots/24f42651-955e-45ff-bc79-e986e1ef122c => generated 111 bytes in 13 msecs (HTTP/1.1 404) 7 headers in 292 bytes (2 switches on core 0)
Jun 11 00:10:36.628837 dv-cinder-786260-5-iscsi devstack@c-api.service[98681]: INFO cinder.api.openstack.wsgi [None req-3bec8088-b454-454c-85a5-5687b7d3eea7 tempest-SnapshotMetadataTestJSON-106808798 tempest-SnapshotMetadataTestJSON-106808798-project] DELETE http://10.222.0.15/volume/v3/4bf2b92f8da64d498fec0400806d4f36/volumes/6ba9ec3c-c253-41d0-801f-bc39698642a2
Jun 11 00:10:36.629276 dv-cinder-786260-5-iscsi devstack@c-api.service[98681]: DEBUG cinder.api.openstack.wsgi [None req-3bec8088-b454-454c-85a5-5687b7d3eea7 tempest-SnapshotMetadataTestJSON-106808798 tempest-SnapshotMetadataTestJSON-106808798-project] Empty body provided in request {{(pid=98681) get_body /opt/stack/cinder/cinder/api/openstack/wsgi.py:713}}
Jun 11 00:10:36.629676 dv-cinder-786260-5-iscsi devstack@c-api.service[98681]: DEBUG cinder.api.openstack.wsgi [None req-3bec8088-b454-454c-85a5-5687b7d3eea7 tempest-SnapshotMetadataTestJSON-106808798 tempest-SnapshotMetadataTestJSON-106808798-project] Calling method 'delete' {{(pid=98681) _process_stack /opt/stack/cinder/cinder/api/openstack/wsgi.py:866}}
Jun 11 00:10:36.630070 dv-cinder-786260-5-iscsi devstack@c-api.service[98681]: INFO cinder.api.v3.volumes [None req-3bec8088-b454-454c-85a5-5687b7d3eea7 tempest-SnapshotMetadataTestJSON-106808798 tempest-SnapshotMetadataTestJSON-106808798-project] Delete volume with id: 6ba9ec3c-c253-41d0-801f-bc39698642a2
Jun 11 00:10:36.643245 dv-cinder-786260-5-iscsi devstack@c-api.service[98681]: /usr/local/lib/python3.8/dist-packages/oslo_context/context.py:105: DeprecationWarning: Policy enforcement is depending on the value of is_admin. This key is deprecated. Please update your policy file to use the standard policy values.
Jun 11 00:10:36.643245 dv-cinder-786260-5-iscsi devstack@c-api.service[98681]: warnings.warn('Policy enforcement is depending on the value of '
Jun 11 00:10:36.644227 dv-cinder-786260-5-iscsi devstack@c-api.service[98681]: INFO cinder.volume.api [None req-3bec8088-b454-454c-85a5-5687b7d3eea7 tempest-SnapshotMetadataTestJSON-106808798 tempest-SnapshotMetadataTestJSON-106808798-project] Volume info retrieved successfully.
Jun 11 00:10:36.669750 dv-cinder-786260-5-iscsi devstack@c-api.service[98681]: INFO cinder.volume.api [None req-3bec8088-b454-454c-85a5-5687b7d3eea7 tempest-SnapshotMetadataTestJSON-106808798 tempest-SnapshotMetadataTestJSON-106808798-project] Delete volume request issued successfully.
Jun 11 00:10:36.670085 dv-cinder-786260-5-iscsi devstack@c-api.service[98681]: INFO cinder.api.openstack.wsgi [None req-3bec8088-b454-454c-85a5-5687b7d3eea7 tempest-SnapshotMetadataTestJSON-106808798 tempest-SnapshotMetadataTestJSON-106808798-project] http://10.222.0.15/volume/v3/4bf2b92f8da64d498fec0400806d4f36/volumes/6ba9ec3c-c253-41d0-801f-bc39698642a2 returned with HTTP 202
Jun 11 00:10:36.670821 dv-cinder-786260-5-iscsi devstack@c-api.service[98681]: [pid: 98681|app: 0|req: 227/444] 10.222.0.15 () {58 vars in 1328 bytes} [Fri Jun 11 00:10:36 2021] DELETE /volume/v3/4bf2b92f8da64d498fec0400806d4f36/volumes/6ba9ec3c-c253-41d0-801f-bc39698642a2 => generated 0 bytes in 45 msecs (HTTP/1.1 202) 6 headers in 233 bytes (2 switches on core 0)
Jun 11 00:10:36.675094 dv-cinder-786260-5-iscsi devstack@c-api.service[98681]: INFO cinder.api.openstack.wsgi [None req-02df6f51-0dc3-4f97-aaa4-2cf644e20ffa tempest-SnapshotsActionsTest-1168721982 tempest-SnapshotsActionsTest-1168721982-project] GET http://10.222.0.15/volume/v3/bfe73e090abe4e4193103a91e3445686/snapshots/2a6afeec-773a-483f-8002-1a2ae5f5ab6c
Jun 11 00:10:36.675579 dv-cinder-786260-5-iscsi devstack@c-api.service[98681]: DEBUG cinder.api.openstack.wsgi [None req-02df6f51-0dc3-4f97-aaa4-2cf644e20ffa tempest-SnapshotsActionsTest-1168721982 tempest-SnapshotsActionsTest-1168721982-project] Empty body provided in request {{(pid=98681) get_body /opt/stack/cinder/cinder/api/openstack/wsgi.py:713}}
Jun 11 00:10:36.675748 dv-cinder-786260-5-iscsi devstack@c-api.service[98681]: /usr/local/lib/python3.8/dist-packages/webob/acceptparse.py:1047: DeprecationWarning: The behavior of AcceptValidHeader.best_match is currently being maintained for backward compatibility, but it will be deprecated in the future, as it does not conform to the RFC.
Jun 11 00:10:36.675748 dv-cinder-786260-5-iscsi devstack@c-api.service[98681]: warnings.warn(
Jun 11 00:10:36.676081 dv-cinder-786260-5-iscsi devstack@c-api.service[98681]: DEBUG cinder.api.openstack.wsgi [None req-02df6f51-0dc3-4f97-aaa4-2cf644e20ffa tempest-SnapshotsActionsTest-1168721982 tempest-SnapshotsActionsTest-1168721982-project] Calling method 'show' {{(pid=98681) _process_stack /opt/stack/cinder/cinder/api/openstack/wsgi.py:866}}
Jun 11 00:10:36.685240 dv-cinder-786260-5-iscsi devstack@c-api.service[98681]: /usr/local/lib/python3.8/dist-packages/oslo_context/context.py:105: DeprecationWarning: Policy enforcement is depending on the value of is_admin. This key is deprecated. Please update your policy file to use the standard policy values.
Jun 11 00:10:36.685240 dv-cinder-786260-5-iscsi devstack@c-api.service[98681]: warnings.warn('Policy enforcement is depending on the value of '
Jun 11 00:10:36.686172 dv-cinder-786260-5-iscsi devstack@c-api.service[98681]: INFO cinder.volume.api [None req-02df6f51-0dc3-4f97-aaa4-2cf644e20ffa tempest-SnapshotsActionsTest-1168721982 tempest-SnapshotsActionsTest-1168721982-project] Snapshot retrieved successfully.
Jun 11 00:10:36.687978 dv-cinder-786260-5-iscsi devstack@c-api.service[98681]: INFO cinder.api.openstack.wsgi [None req-02df6f51-0dc3-4f97-aaa4-2cf644e20ffa tempest-SnapshotsActionsTest-1168721982 tempest-SnapshotsActionsTest-1168721982-project] http://10.222.0.15/volume/v3/bfe73e090abe4e4193103a91e3445686/snapshots/2a6afeec-773a-483f-8002-1a2ae5f5ab6c returned with HTTP 200
Jun 11 00:10:36.688697 dv-cinder-786260-5-iscsi devstack@c-api.service[98681]: [pid: 98681|app: 0|req: 228/445] 10.222.0.15 () {58 vars in 1331 bytes} [Fri Jun 11 00:10:36 2021] GET /volume/v3/bfe73e090abe4e4193103a91e3445686/snapshots/2a6afeec-773a-483f-8002-1a2ae5f5ab6c => generated 439 bytes in 17 msecs (HTTP/1.1 200) 7 headers in 285 bytes (1 switches on core 0)
Jun 11 00:10:36.692010 dv-cinder-786260-5-iscsi devstack@c-api.service[98681]: INFO cinder.api.openstack.wsgi [None req-fe9516f5-a9d5-4236-9df7-c91ff91a5e3d tempest-SnapshotMetadataTestJSON-106808798 tempest-SnapshotMetadataTestJSON-106808798-project] GET http://10.222.0.15/volume/v3/4bf2b92f8da64d498fec0400806d4f36/volumes/6ba9ec3c-c253-41d0-801f-bc39698642a2
Jun 11 00:10:36.692461 dv-cinder-786260-5-iscsi devstack@c-api.service[98681]: DEBUG cinder.api.openstack.wsgi [None req-fe9516f5-a9d5-4236-9df7-c91ff91a5e3d tempest-SnapshotMetadataTestJSON-106808798 tempest-SnapshotMetadataTestJSON-106808798-project] Empty body provided in request {{(pid=98681) get_body /opt/stack/cinder/cinder/api/openstack/wsgi.py:713}}
Jun 11 00:10:36.692614 dv-cinder-786260-5-iscsi devstack@c-api.service[98681]: /usr/local/lib/python3.8/dist-packages/webob/acceptparse.py:1047: DeprecationWarning: The behavior of AcceptValidHeader.best_match is currently being maintained for backward compatibility, but it will be deprecated in the future, as it does not conform to the RFC.
Jun 11 00:10:36.692614 dv-cinder-786260-5-iscsi devstack@c-api.service[98681]: warnings.warn(
Jun 11 00:10:36.692939 dv-cinder-786260-5-iscsi devstack@c-api.service[98681]: DEBUG cinder.api.openstack.wsgi [None req-fe9516f5-a9d5-4236-9df7-c91ff91a5e3d tempest-SnapshotMetadataTestJSON-106808798 tempest-SnapshotMetadataTestJSON-106808798-project] Calling method 'show' {{(pid=98681) _process_stack /opt/stack/cinder/cinder/api/openstack/wsgi.py:866}}
Jun 11 00:10:36.706671 dv-cinder-786260-5-iscsi devstack@c-api.service[98681]: /usr/local/lib/python3.8/dist-packages/oslo_context/context.py:105: DeprecationWarning: Policy enforcement is depending on the value of is_admin. This key is deprecated. Please update your policy file to use the standard policy values.
Jun 11 00:10:36.706671 dv-cinder-786260-5-iscsi devstack@c-api.service[98681]: warnings.warn('Policy enforcement is depending on the value of '
Jun 11 00:10:36.713263 dv-cinder-786260-5-iscsi devstack@c-api.service[98681]: INFO cinder.volume.api [None req-fe9516f5-a9d5-4236-9df7-c91ff91a5e3d tempest-SnapshotMetadataTestJSON-106808798 tempest-SnapshotMetadataTestJSON-106808798-project] Volume info retrieved successfully.
Jun 11 00:10:36.726378 dv-cinder-786260-5-iscsi devstack@c-api.service[98681]: INFO cinder.api.openstack.wsgi [None req-fe9516f5-a9d5-4236-9df7-c91ff91a5e3d tempest-SnapshotMetadataTestJSON-106808798 tempest-SnapshotMetadataTestJSON-106808798-project] http://10.222.0.15/volume/v3/4bf2b92f8da64d498fec0400806d4f36/volumes/6ba9ec3c-c253-41d0-801f-bc39698642a2 returned with HTTP 200
Jun 11 00:10:36.727085 dv-cinder-786260-5-iscsi devstack@c-api.service[98681]: [pid: 98681|app: 0|req: 229/446] 10.222.0.15 () {58 vars in 1325 bytes} [Fri Jun 11 00:10:36 2021] GET /volume/v3/4bf2b92f8da64d498fec0400806d4f36/volumes/6ba9ec3c-c253-41d0-801f-bc39698642a2 => generated 915 bytes in 38 msecs (HTTP/1.1 200) 7 headers in 285 bytes (1 switches on core 0)
Jun 11 00:10:36.768117 dv-cinder-786260-5-iscsi devstack@c-api.service[98681]: INFO cinder.api.openstack.wsgi [None req-e70a74d8-8065-443a-a2e6-685fa900eb32 tempest-VolumesServicesTestJSON-143063747 tempest-VolumesServicesTestJSON-143063747-project] GET http://10.222.0.15/volume/v3/8bcd0004bc364a2db5460b204e7feba0/volumes/f8f1dc85-2866-40a6-b719-dc7bfb6aef9f
Jun 11 00:10:36.768570 dv-cinder-786260-5-iscsi devstack@c-api.service[98681]: DEBUG cinder.api.openstack.wsgi [None req-e70a74d8-8065-443a-a2e6-685fa900eb32 tempest-VolumesServicesTestJSON-143063747 tempest-VolumesServicesTestJSON-143063747-project] Empty body provided in request {{(pid=98681) get_body /opt/stack/cinder/cinder/api/openstack/wsgi.py:713}}
Jun 11 00:10:36.768734 dv-cinder-786260-5-iscsi devstack@c-api.service[98681]: /usr/local/lib/python3.8/dist-packages/webob/acceptparse.py:1047: DeprecationWarning: The behavior of AcceptValidHeader.best_match is currently being maintained for backward compatibility, but it will be deprecated in the future, as it does not conform to the RFC.
Jun 11 00:10:36.768734 dv-cinder-786260-5-iscsi devstack@c-api.service[98681]: warnings.warn(
Jun 11 00:10:36.769058 dv-cinder-786260-5-iscsi devstack@c-api.service[98681]: DEBUG cinder.api.openstack.wsgi [None req-e70a74d8-8065-443a-a2e6-685fa900eb32 tempest-VolumesServicesTestJSON-143063747 tempest-VolumesServicesTestJSON-143063747-project] Calling method 'show' {{(pid=98681) _process_stack /opt/stack/cinder/cinder/api/openstack/wsgi.py:866}}
Jun 11 00:10:36.781702 dv-cinder-786260-5-iscsi devstack@c-api.service[98681]: /usr/local/lib/python3.8/dist-packages/oslo_context/context.py:105: DeprecationWarning: Policy enforcement is depending on the value of is_admin. This key is deprecated. Please update your policy file to use the standard policy values.
Jun 11 00:10:36.781702 dv-cinder-786260-5-iscsi devstack@c-api.service[98681]: warnings.warn('Policy enforcement is depending on the value of '
Jun 11 00:10:36.788183 dv-cinder-786260-5-iscsi devstack@c-api.service[98681]: INFO cinder.volume.api [None req-e70a74d8-8065-443a-a2e6-685fa900eb32 tempest-VolumesServicesTestJSON-143063747 tempest-VolumesServicesTestJSON-143063747-project] Volume info retrieved successfully.
Jun 11 00:10:36.801304 dv-cinder-786260-5-iscsi devstack@c-api.service[98681]: INFO cinder.api.openstack.wsgi [None req-e70a74d8-8065-443a-a2e6-685fa900eb32 tempest-VolumesServicesTestJSON-143063747 tempest-VolumesServicesTestJSON-143063747-project] http://10.222.0.15/volume/v3/8bcd0004bc364a2db5460b204e7feba0/volumes/f8f1dc85-2866-40a6-b719-dc7bfb6aef9f returned with HTTP 200
Jun 11 00:10:36.801990 dv-cinder-786260-5-iscsi devstack@c-api.service[98681]: [pid: 98681|app: 0|req: 230/447] 10.222.0.15 () {58 vars in 1325 bytes} [Fri Jun 11 00:10:36 2021] GET /volume/v3/8bcd0004bc364a2db5460b204e7feba0/volumes/f8f1dc85-2866-40a6-b719-dc7bfb6aef9f => generated 915 bytes in 37 msecs (HTTP/1.1 200) 7 headers in 285 bytes (2 switches on core 0)
Jun 11 00:10:36.921104 dv-cinder-786260-5-iscsi devstack@c-api.service[98680]: INFO cinder.volume.api [None req-f08df231-c420-4596-9149-f24587724cd4 tempest-VolumesTransfersTest-1689942710 tempest-VolumesTransfersTest-1689942710-project] Transfer volume completed successfully.
Jun 11 00:10:37.021448 dv-cinder-786260-5-iscsi devstack@c-api.service[98680]: INFO cinder.transfer.api [None req-f08df231-c420-4596-9149-f24587724cd4 tempest-VolumesTransfersTest-1689942710 tempest-VolumesTransfersTest-1689942710-project] Volume 839c5c04-13e2-480c-940c-84432163f502 has been transferred.
Jun 11 00:10:37.034504 dv-cinder-786260-5-iscsi devstack@c-api.service[98680]: INFO cinder.api.openstack.wsgi [None req-f08df231-c420-4596-9149-f24587724cd4 tempest-VolumesTransfersTest-1689942710 tempest-VolumesTransfersTest-1689942710-project] http://10.222.0.15/volume/v3/aa2d03a68df5412d84b4354682c9e5c5/os-volume-transfer/40b82e4c-3ba1-4498-a4b4-eeac3ed661d0/accept returned with HTTP 202
Jun 11 00:10:37.035275 dv-cinder-786260-5-iscsi devstack@c-api.service[98680]: [pid: 98680|app: 0|req: 218/448] 10.222.0.15 () {60 vars in 1400 bytes} [Fri Jun 11 00:10:35 2021] POST /volume/v3/aa2d03a68df5412d84b4354682c9e5c5/os-volume-transfer/40b82e4c-3ba1-4498-a4b4-eeac3ed661d0/accept => generated 431 bytes in 1294 msecs (HTTP/1.1 202) 7 headers in 291 bytes (1 switches on core 0)
Jun 11 00:10:37.044937 dv-cinder-786260-5-iscsi devstack@c-api.service[98681]: INFO cinder.api.openstack.wsgi [None req-645c3589-fafb-4f10-9f31-711f5f27adb7 tempest-VolumesTransfersTest-1689942710 tempest-VolumesTransfersTest-1689942710-project] GET http://10.222.0.15/volume/v3/aa2d03a68df5412d84b4354682c9e5c5/volumes/839c5c04-13e2-480c-940c-84432163f502
Jun 11 00:10:37.045400 dv-cinder-786260-5-iscsi devstack@c-api.service[98681]: DEBUG cinder.api.openstack.wsgi [None req-645c3589-fafb-4f10-9f31-711f5f27adb7 tempest-VolumesTransfersTest-1689942710 tempest-VolumesTransfersTest-1689942710-project] Empty body provided in request {{(pid=98681) get_body /opt/stack/cinder/cinder/api/openstack/wsgi.py:713}}
Jun 11 00:10:37.045575 dv-cinder-786260-5-iscsi devstack@c-api.service[98681]: /usr/local/lib/python3.8/dist-packages/webob/acceptparse.py:1047: DeprecationWarning: The behavior of AcceptValidHeader.best_match is currently being maintained for backward compatibility, but it will be deprecated in the future, as it does not conform to the RFC.
Jun 11 00:10:37.045575 dv-cinder-786260-5-iscsi devstack@c-api.service[98681]: warnings.warn(
Jun 11 00:10:37.045902 dv-cinder-786260-5-iscsi devstack@c-api.service[98681]: DEBUG cinder.api.openstack.wsgi [None req-645c3589-fafb-4f10-9f31-711f5f27adb7 tempest-VolumesTransfersTest-1689942710 tempest-VolumesTransfersTest-1689942710-project] Calling method 'show' {{(pid=98681) _process_stack /opt/stack/cinder/cinder/api/openstack/wsgi.py:866}}
Jun 11 00:10:37.059676 dv-cinder-786260-5-iscsi devstack@c-api.service[98681]: /usr/local/lib/python3.8/dist-packages/oslo_context/context.py:105: DeprecationWarning: Policy enforcement is depending on the value of is_admin. This key is deprecated. Please update your policy file to use the standard policy values.
Jun 11 00:10:37.059676 dv-cinder-786260-5-iscsi devstack@c-api.service[98681]: warnings.warn('Policy enforcement is depending on the value of '
Jun 11 00:10:37.066151 dv-cinder-786260-5-iscsi devstack@c-api.service[98681]: INFO cinder.volume.api [None req-645c3589-fafb-4f10-9f31-711f5f27adb7 tempest-VolumesTransfersTest-1689942710 tempest-VolumesTransfersTest-1689942710-project] Volume info retrieved successfully.
Jun 11 00:10:37.079588 dv-cinder-786260-5-iscsi devstack@c-api.service[98681]: INFO cinder.api.openstack.wsgi [None req-645c3589-fafb-4f10-9f31-711f5f27adb7 tempest-VolumesTransfersTest-1689942710 tempest-VolumesTransfersTest-1689942710-project] http://10.222.0.15/volume/v3/aa2d03a68df5412d84b4354682c9e5c5/volumes/839c5c04-13e2-480c-940c-84432163f502 returned with HTTP 200
Jun 11 00:10:37.080295 dv-cinder-786260-5-iscsi devstack@c-api.service[98681]: [pid: 98681|app: 0|req: 231/449] 10.222.0.15 () {58 vars in 1325 bytes} [Fri Jun 11 00:10:37 2021] GET /volume/v3/aa2d03a68df5412d84b4354682c9e5c5/volumes/839c5c04-13e2-480c-940c-84432163f502 => generated 913 bytes in 39 msecs (HTTP/1.1 200) 7 headers in 285 bytes (1 switches on core 0)
Jun 11 00:10:37.093777 dv-cinder-786260-5-iscsi devstack@c-api.service[98680]: INFO cinder.api.openstack.wsgi [None req-6df13ee0-4085-4b45-8bfe-d93bc82f2214 tempest-VolumesTransfersTest-1689942710 tempest-VolumesTransfersTest-1689942710-project] GET http://10.222.0.15/volume/v3/aa2d03a68df5412d84b4354682c9e5c5/volumes/839c5c04-13e2-480c-940c-84432163f502
Jun 11 00:10:37.094227 dv-cinder-786260-5-iscsi devstack@c-api.service[98680]: DEBUG cinder.api.openstack.wsgi [None req-6df13ee0-4085-4b45-8bfe-d93bc82f2214 tempest-VolumesTransfersTest-1689942710 tempest-VolumesTransfersTest-1689942710-project] Empty body provided in request {{(pid=98680) get_body /opt/stack/cinder/cinder/api/openstack/wsgi.py:713}}
Jun 11 00:10:37.094407 dv-cinder-786260-5-iscsi devstack@c-api.service[98680]: /usr/local/lib/python3.8/dist-packages/webob/acceptparse.py:1047: DeprecationWarning: The behavior of AcceptValidHeader.best_match is currently being maintained for backward compatibility, but it will be deprecated in the future, as it does not conform to the RFC.
Jun 11 00:10:37.094407 dv-cinder-786260-5-iscsi devstack@c-api.service[98680]: warnings.warn(
Jun 11 00:10:37.094728 dv-cinder-786260-5-iscsi devstack@c-api.service[98680]: DEBUG cinder.api.openstack.wsgi [None req-6df13ee0-4085-4b45-8bfe-d93bc82f2214 tempest-VolumesTransfersTest-1689942710 tempest-VolumesTransfersTest-1689942710-project] Calling method 'show' {{(pid=98680) _process_stack /opt/stack/cinder/cinder/api/openstack/wsgi.py:866}}
Jun 11 00:10:37.108504 dv-cinder-786260-5-iscsi devstack@c-api.service[98680]: /usr/local/lib/python3.8/dist-packages/oslo_context/context.py:105: DeprecationWarning: Policy enforcement is depending on the value of is_admin. This key is deprecated. Please update your policy file to use the standard policy values.
Jun 11 00:10:37.108504 dv-cinder-786260-5-iscsi devstack@c-api.service[98680]: warnings.warn('Policy enforcement is depending on the value of '
Jun 11 00:10:37.114999 dv-cinder-786260-5-iscsi devstack@c-api.service[98680]: INFO cinder.volume.api [None req-6df13ee0-4085-4b45-8bfe-d93bc82f2214 tempest-VolumesTransfersTest-1689942710 tempest-VolumesTransfersTest-1689942710-project] Volume info retrieved successfully.
Jun 11 00:10:37.129899 dv-cinder-786260-5-iscsi devstack@c-api.service[98680]: INFO cinder.api.openstack.wsgi [None req-6df13ee0-4085-4b45-8bfe-d93bc82f2214 tempest-VolumesTransfersTest-1689942710 tempest-VolumesTransfersTest-1689942710-project] http://10.222.0.15/volume/v3/aa2d03a68df5412d84b4354682c9e5c5/volumes/839c5c04-13e2-480c-940c-84432163f502 returned with HTTP 200
Jun 11 00:10:37.130648 dv-cinder-786260-5-iscsi devstack@c-api.service[98680]: [pid: 98680|app: 0|req: 219/450] 10.222.0.15 () {58 vars in 1325 bytes} [Fri Jun 11 00:10:37 2021] GET /volume/v3/aa2d03a68df5412d84b4354682c9e5c5/volumes/839c5c04-13e2-480c-940c-84432163f502 => generated 913 bytes in 40 msecs (HTTP/1.1 200) 7 headers in 285 bytes (1 switches on core 0)
Jun 11 00:10:37.145868 dv-cinder-786260-5-iscsi devstack@c-api.service[98681]: INFO cinder.api.openstack.wsgi [None req-7bc27805-ee69-45aa-8004-1033c62c9b62 tempest-VolumesTransfersTest-85980478 tempest-VolumesTransfersTest-85980478-project] DELETE http://10.222.0.15/volume/v3/f743b7a309dc43999a6debc21f9afdab/os-volume-transfer/40b82e4c-3ba1-4498-a4b4-eeac3ed661d0
Jun 11 00:10:37.146327 dv-cinder-786260-5-iscsi devstack@c-api.service[98681]: DEBUG cinder.api.openstack.wsgi [None req-7bc27805-ee69-45aa-8004-1033c62c9b62 tempest-VolumesTransfersTest-85980478 tempest-VolumesTransfersTest-85980478-project] Empty body provided in request {{(pid=98681) get_body /opt/stack/cinder/cinder/api/openstack/wsgi.py:713}}
Jun 11 00:10:37.146499 dv-cinder-786260-5-iscsi devstack@c-api.service[98681]: /usr/local/lib/python3.8/dist-packages/webob/acceptparse.py:1047: DeprecationWarning: The behavior of AcceptValidHeader.best_match is currently being maintained for backward compatibility, but it will be deprecated in the future, as it does not conform to the RFC.
Jun 11 00:10:37.146499 dv-cinder-786260-5-iscsi devstack@c-api.service[98681]: warnings.warn(
Jun 11 00:10:37.146826 dv-cinder-786260-5-iscsi devstack@c-api.service[98681]: DEBUG cinder.api.openstack.wsgi [None req-7bc27805-ee69-45aa-8004-1033c62c9b62 tempest-VolumesTransfersTest-85980478 tempest-VolumesTransfersTest-85980478-project] Calling method 'delete' {{(pid=98681) _process_stack /opt/stack/cinder/cinder/api/openstack/wsgi.py:866}}
Jun 11 00:10:37.147148 dv-cinder-786260-5-iscsi devstack@c-api.service[98681]: INFO cinder.api.contrib.volume_transfer [None req-7bc27805-ee69-45aa-8004-1033c62c9b62 tempest-VolumesTransfersTest-85980478 tempest-VolumesTransfersTest-85980478-project] Delete transfer with id: 40b82e4c-3ba1-4498-a4b4-eeac3ed661d0
Jun 11 00:10:37.155638 dv-cinder-786260-5-iscsi devstack@c-api.service[98681]: INFO cinder.api.openstack.wsgi [None req-7bc27805-ee69-45aa-8004-1033c62c9b62 tempest-VolumesTransfersTest-85980478 tempest-VolumesTransfersTest-85980478-project] http://10.222.0.15/volume/v3/f743b7a309dc43999a6debc21f9afdab/os-volume-transfer/40b82e4c-3ba1-4498-a4b4-eeac3ed661d0 returned with HTTP 404
Jun 11 00:10:37.156552 dv-cinder-786260-5-iscsi devstack@c-api.service[98681]: [pid: 98681|app: 0|req: 232/451] 10.222.0.15 () {58 vars in 1361 bytes} [Fri Jun 11 00:10:37 2021] DELETE /volume/v3/f743b7a309dc43999a6debc21f9afdab/os-volume-transfer/40b82e4c-3ba1-4498-a4b4-eeac3ed661d0 => generated 111 bytes in 16 msecs (HTTP/1.1 404) 7 headers in 292 bytes (1 switches on core 0)
Jun 11 00:10:37.204295 dv-cinder-786260-5-iscsi devstack@c-api.service[98680]: INFO cinder.api.openstack.wsgi [None req-c452ec3d-aae2-492f-9eb2-a613251ca15c tempest-VolumesTransfersTest-764433517 tempest-VolumesTransfersTest-764433517-project-admin] DELETE http://10.222.0.15/volume/v3/9a30c607ca6742099257865a3ea87818/volumes/839c5c04-13e2-480c-940c-84432163f502
Jun 11 00:10:37.204765 dv-cinder-786260-5-iscsi devstack@c-api.service[98680]: DEBUG cinder.api.openstack.wsgi [None req-c452ec3d-aae2-492f-9eb2-a613251ca15c tempest-VolumesTransfersTest-764433517 tempest-VolumesTransfersTest-764433517-project-admin] Empty body provided in request {{(pid=98680) get_body /opt/stack/cinder/cinder/api/openstack/wsgi.py:713}}
Jun 11 00:10:37.204937 dv-cinder-786260-5-iscsi devstack@c-api.service[98680]: /usr/local/lib/python3.8/dist-packages/webob/acceptparse.py:1047: DeprecationWarning: The behavior of AcceptValidHeader.best_match is currently being maintained for backward compatibility, but it will be deprecated in the future, as it does not conform to the RFC.
Jun 11 00:10:37.204937 dv-cinder-786260-5-iscsi devstack@c-api.service[98680]: warnings.warn(
Jun 11 00:10:37.205263 dv-cinder-786260-5-iscsi devstack@c-api.service[98680]: DEBUG cinder.api.openstack.wsgi [None req-c452ec3d-aae2-492f-9eb2-a613251ca15c tempest-VolumesTransfersTest-764433517 tempest-VolumesTransfersTest-764433517-project-admin] Calling method 'delete' {{(pid=98680) _process_stack /opt/stack/cinder/cinder/api/openstack/wsgi.py:866}}
Jun 11 00:10:37.205676 dv-cinder-786260-5-iscsi devstack@c-api.service[98680]: INFO cinder.api.v3.volumes [None req-c452ec3d-aae2-492f-9eb2-a613251ca15c tempest-VolumesTransfersTest-764433517 tempest-VolumesTransfersTest-764433517-project-admin] Delete volume with id: 839c5c04-13e2-480c-940c-84432163f502
Jun 11 00:10:37.219572 dv-cinder-786260-5-iscsi devstack@c-api.service[98680]: /usr/local/lib/python3.8/dist-packages/oslo_context/context.py:105: DeprecationWarning: Policy enforcement is depending on the value of is_admin. This key is deprecated. Please update your policy file to use the standard policy values.
Jun 11 00:10:37.219572 dv-cinder-786260-5-iscsi devstack@c-api.service[98680]: warnings.warn('Policy enforcement is depending on the value of '
Jun 11 00:10:37.220350 dv-cinder-786260-5-iscsi devstack@c-api.service[98680]: INFO cinder.volume.api [None req-c452ec3d-aae2-492f-9eb2-a613251ca15c tempest-VolumesTransfersTest-764433517 tempest-VolumesTransfersTest-764433517-project-admin] Volume info retrieved successfully.
Jun 11 00:10:37.248094 dv-cinder-786260-5-iscsi devstack@c-api.service[98680]: INFO cinder.volume.api [None req-c452ec3d-aae2-492f-9eb2-a613251ca15c tempest-VolumesTransfersTest-764433517 tempest-VolumesTransfersTest-764433517-project-admin] Delete volume request issued successfully.
Jun 11 00:10:37.248521 dv-cinder-786260-5-iscsi devstack@c-api.service[98680]: INFO cinder.api.openstack.wsgi [None req-c452ec3d-aae2-492f-9eb2-a613251ca15c tempest-VolumesTransfersTest-764433517 tempest-VolumesTransfersTest-764433517-project-admin] http://10.222.0.15/volume/v3/9a30c607ca6742099257865a3ea87818/volumes/839c5c04-13e2-480c-940c-84432163f502 returned with HTTP 202
Jun 11 00:10:37.249281 dv-cinder-786260-5-iscsi devstack@c-api.service[98680]: [pid: 98680|app: 0|req: 220/452] 10.222.0.15 () {58 vars in 1328 bytes} [Fri Jun 11 00:10:37 2021] DELETE /volume/v3/9a30c607ca6742099257865a3ea87818/volumes/839c5c04-13e2-480c-940c-84432163f502 => generated 0 bytes in 89 msecs (HTTP/1.1 202) 6 headers in 233 bytes (1 switches on core 0)
Jun 11 00:10:37.256324 dv-cinder-786260-5-iscsi devstack@c-api.service[98681]: INFO cinder.api.openstack.wsgi [None req-970eed86-1ab6-47c3-8c87-4db96a3e6c1c tempest-VolumesTransfersTest-764433517 tempest-VolumesTransfersTest-764433517-project-admin] GET http://10.222.0.15/volume/v3/9a30c607ca6742099257865a3ea87818/volumes/839c5c04-13e2-480c-940c-84432163f502
Jun 11 00:10:37.256783 dv-cinder-786260-5-iscsi devstack@c-api.service[98681]: DEBUG cinder.api.openstack.wsgi [None req-970eed86-1ab6-47c3-8c87-4db96a3e6c1c tempest-VolumesTransfersTest-764433517 tempest-VolumesTransfersTest-764433517-project-admin] Empty body provided in request {{(pid=98681) get_body /opt/stack/cinder/cinder/api/openstack/wsgi.py:713}}
Jun 11 00:10:37.257217 dv-cinder-786260-5-iscsi devstack@c-api.service[98681]: DEBUG cinder.api.openstack.wsgi [None req-970eed86-1ab6-47c3-8c87-4db96a3e6c1c tempest-VolumesTransfersTest-764433517 tempest-VolumesTransfersTest-764433517-project-admin] Calling method 'show' {{(pid=98681) _process_stack /opt/stack/cinder/cinder/api/openstack/wsgi.py:866}}
Jun 11 00:10:37.271611 dv-cinder-786260-5-iscsi devstack@c-api.service[98681]: /usr/local/lib/python3.8/dist-packages/oslo_context/context.py:105: DeprecationWarning: Policy enforcement is depending on the value of is_admin. This key is deprecated. Please update your policy file to use the standard policy values.
Jun 11 00:10:37.271611 dv-cinder-786260-5-iscsi devstack@c-api.service[98681]: warnings.warn('Policy enforcement is depending on the value of '
Jun 11 00:10:37.278079 dv-cinder-786260-5-iscsi devstack@c-api.service[98681]: INFO cinder.volume.api [None req-970eed86-1ab6-47c3-8c87-4db96a3e6c1c tempest-VolumesTransfersTest-764433517 tempest-VolumesTransfersTest-764433517-project-admin] Volume info retrieved successfully.
Jun 11 00:10:37.291091 dv-cinder-786260-5-iscsi devstack@c-api.service[98681]: INFO cinder.api.openstack.wsgi [None req-970eed86-1ab6-47c3-8c87-4db96a3e6c1c tempest-VolumesTransfersTest-764433517 tempest-VolumesTransfersTest-764433517-project-admin] http://10.222.0.15/volume/v3/9a30c607ca6742099257865a3ea87818/volumes/839c5c04-13e2-480c-940c-84432163f502 returned with HTTP 200
