Jun 11 00:10:10.909570 dv-cinder-786260-5-iscsi devstack@c-api.service[98680]: warnings.warn(
Jun 11 00:10:10.909907 dv-cinder-786260-5-iscsi devstack@c-api.service[98680]: DEBUG cinder.api.openstack.wsgi [None req-596023c2-b1bd-457a-8414-7ef9a618c960 tempest-UserMessagesTest-1701829040 tempest-UserMessagesTest-1701829040-project-admin] Calling method 'show' {{(pid=98680) _process_stack /opt/stack/cinder/cinder/api/openstack/wsgi.py:866}}
Jun 11 00:10:10.913995 dv-cinder-786260-5-iscsi devstack@c-api.service[98681]: INFO cinder.volume.api [None req-8f9c3530-a02d-4266-b0be-6a11af9afca6 tempest-VolumeTypesAccessTest-305960409 tempest-VolumeTypesAccessTest-305960409-project] Volume info retrieved successfully.
Jun 11 00:10:10.916620 dv-cinder-786260-5-iscsi devstack@c-api.service[98680]: INFO cinder.api.openstack.wsgi [None req-596023c2-b1bd-457a-8414-7ef9a618c960 tempest-UserMessagesTest-1701829040 tempest-UserMessagesTest-1701829040-project-admin] http://10.222.0.15/volume/v3/efe9f79c74a641c8a0336af610ace178/types/5c7ca578-4d17-4e1f-877b-5887dfcf5438 returned with HTTP 404
Jun 11 00:10:10.918870 dv-cinder-786260-5-iscsi devstack@c-api.service[98680]: [pid: 98680|app: 0|req: 94/182] 10.222.0.15 () {58 vars in 1319 bytes} [Fri Jun 11 00:10:10 2021] GET /volume/v3/efe9f79c74a641c8a0336af610ace178/types/5c7ca578-4d17-4e1f-877b-5887dfcf5438 => generated 114 bytes in 14 msecs (HTTP/1.1 404) 7 headers in 292 bytes (1 switches on core 0)
Jun 11 00:10:10.923094 dv-cinder-786260-5-iscsi devstack@c-api.service[98680]: INFO cinder.api.openstack.wsgi [None req-abbc82ea-e9a5-4de2-afa4-a2e3bdd6a294 tempest-VolumeTypesTest-1377452962 tempest-VolumeTypesTest-1377452962-project] POST http://10.222.0.15/volume/v3/c539fc3fdade470bb9e642e7cc3dc55f/volumes/30884909-b130-415b-aed9-63150d5d7477/action
Jun 11 00:10:10.923926 dv-cinder-786260-5-iscsi devstack@c-api.service[98680]: DEBUG cinder.api.openstack.wsgi [None req-abbc82ea-e9a5-4de2-afa4-a2e3bdd6a294 tempest-VolumeTypesTest-1377452962 tempest-VolumeTypesTest-1377452962-project] Action body: b'{"os-retype": {"new_type": "1938a324-3fde-4524-bcc9-6448b4aff28e"}}' {{(pid=98680) get_method /opt/stack/cinder/cinder/api/openstack/wsgi.py:981}}
Jun 11 00:10:10.924652 dv-cinder-786260-5-iscsi devstack@c-api.service[98680]: DEBUG cinder.api.openstack.wsgi [None req-abbc82ea-e9a5-4de2-afa4-a2e3bdd6a294 tempest-VolumeTypesTest-1377452962 tempest-VolumeTypesTest-1377452962-project] Action: 'action', calling method: _retype, body: {"os-retype": {"new_type": "1938a324-3fde-4524-bcc9-6448b4aff28e"}} {{(pid=98680) _process_stack /opt/stack/cinder/cinder/api/openstack/wsgi.py:864}}
Jun 11 00:10:10.934698 dv-cinder-786260-5-iscsi devstack@c-api.service[98681]: INFO cinder.api.openstack.wsgi [None req-8f9c3530-a02d-4266-b0be-6a11af9afca6 tempest-VolumeTypesAccessTest-305960409 tempest-VolumeTypesAccessTest-305960409-project] http://10.222.0.15/volume/v3/faa7d882049447a391c598e3d86c8758/volumes/fe18a54a-5950-4853-8270-f9c0c94ca1f2 returned with HTTP 200
Jun 11 00:10:10.941943 dv-cinder-786260-5-iscsi devstack@c-api.service[98680]: /usr/local/lib/python3.8/dist-packages/oslo_context/context.py:105: DeprecationWarning: Policy enforcement is depending on the value of is_admin. This key is deprecated. Please update your policy file to use the standard policy values.
Jun 11 00:10:10.941943 dv-cinder-786260-5-iscsi devstack@c-api.service[98680]: warnings.warn('Policy enforcement is depending on the value of '
Jun 11 00:10:10.942400 dv-cinder-786260-5-iscsi devstack@c-api.service[98681]: [pid: 98681|app: 0|req: 89/183] 10.222.0.15 () {58 vars in 1325 bytes} [Fri Jun 11 00:10:10 2021] GET /volume/v3/faa7d882049447a391c598e3d86c8758/volumes/fe18a54a-5950-4853-8270-f9c0c94ca1f2 => generated 954 bytes in 66 msecs (HTTP/1.1 200) 7 headers in 285 bytes (1 switches on core 0)
Jun 11 00:10:10.943017 dv-cinder-786260-5-iscsi devstack@c-api.service[98680]: INFO cinder.volume.api [None req-abbc82ea-e9a5-4de2-afa4-a2e3bdd6a294 tempest-VolumeTypesTest-1377452962 tempest-VolumeTypesTest-1377452962-project] Volume info retrieved successfully.
Jun 11 00:10:10.949636 dv-cinder-786260-5-iscsi devstack@c-api.service[98681]: INFO cinder.api.openstack.wsgi [None req-2f520cd8-6ea2-4f07-8a1c-4bb32657bad8 tempest-GroupsV314Test-1861502777 tempest-GroupsV314Test-1861502777-project] GET http://10.222.0.15/volume/v3/36065c7281b04bc0a818e0ba834f00ea/volumes/155fe95e-a27e-4fbd-a94d-a6f26dde7c9e
Jun 11 00:10:10.950810 dv-cinder-786260-5-iscsi devstack@c-api.service[98681]: DEBUG cinder.api.openstack.wsgi [None req-2f520cd8-6ea2-4f07-8a1c-4bb32657bad8 tempest-GroupsV314Test-1861502777 tempest-GroupsV314Test-1861502777-project] Empty body provided in request {{(pid=98681) get_body /opt/stack/cinder/cinder/api/openstack/wsgi.py:713}}
Jun 11 00:10:10.950810 dv-cinder-786260-5-iscsi devstack@c-api.service[98681]: /usr/local/lib/python3.8/dist-packages/webob/acceptparse.py:1047: DeprecationWarning: The behavior of AcceptValidHeader.best_match is currently being maintained for backward compatibility, but it will be deprecated in the future, as it does not conform to the RFC.
Jun 11 00:10:10.950810 dv-cinder-786260-5-iscsi devstack@c-api.service[98681]: warnings.warn(
Jun 11 00:10:10.950810 dv-cinder-786260-5-iscsi devstack@c-api.service[98681]: DEBUG cinder.api.openstack.wsgi [None req-2f520cd8-6ea2-4f07-8a1c-4bb32657bad8 tempest-GroupsV314Test-1861502777 tempest-GroupsV314Test-1861502777-project] Calling method 'show' {{(pid=98681) _process_stack /opt/stack/cinder/cinder/api/openstack/wsgi.py:866}}
Jun 11 00:10:10.965849 dv-cinder-786260-5-iscsi devstack@c-api.service[98681]: INFO cinder.api.openstack.wsgi [None req-2f520cd8-6ea2-4f07-8a1c-4bb32657bad8 tempest-GroupsV314Test-1861502777 tempest-GroupsV314Test-1861502777-project] http://10.222.0.15/volume/v3/36065c7281b04bc0a818e0ba834f00ea/volumes/155fe95e-a27e-4fbd-a94d-a6f26dde7c9e returned with HTTP 404
Jun 11 00:10:10.967799 dv-cinder-786260-5-iscsi devstack@c-api.service[98681]: [pid: 98681|app: 0|req: 90/184] 10.222.0.15 () {60 vars in 1366 bytes} [Fri Jun 11 00:10:10 2021] GET /volume/v3/36065c7281b04bc0a818e0ba834f00ea/volumes/155fe95e-a27e-4fbd-a94d-a6f26dde7c9e => generated 109 bytes in 25 msecs (HTTP/1.1 404) 7 headers in 293 bytes (1 switches on core 0)
Jun 11 00:10:10.975615 dv-cinder-786260-5-iscsi devstack@c-api.service[98681]: INFO cinder.api.openstack.wsgi [None req-d7bf3273-d9b7-40d3-97f6-f913cb898d87 tempest-GroupsV314Test-1861502777 tempest-GroupsV314Test-1861502777-project] GET http://10.222.0.15/volume/v3/36065c7281b04bc0a818e0ba834f00ea/groups/191bdc2b-69a8-4fcb-919e-72f3b987bc27
Jun 11 00:10:10.976144 dv-cinder-786260-5-iscsi devstack@c-api.service[98681]: DEBUG cinder.api.openstack.wsgi [None req-d7bf3273-d9b7-40d3-97f6-f913cb898d87 tempest-GroupsV314Test-1861502777 tempest-GroupsV314Test-1861502777-project] Empty body provided in request {{(pid=98681) get_body /opt/stack/cinder/cinder/api/openstack/wsgi.py:713}}
Jun 11 00:10:10.976572 dv-cinder-786260-5-iscsi devstack@c-api.service[98681]: DEBUG cinder.api.openstack.wsgi [None req-d7bf3273-d9b7-40d3-97f6-f913cb898d87 tempest-GroupsV314Test-1861502777 tempest-GroupsV314Test-1861502777-project] Calling method 'version_select' {{(pid=98681) _process_stack /opt/stack/cinder/cinder/api/openstack/wsgi.py:866}}
Jun 11 00:10:10.977258 dv-cinder-786260-5-iscsi devstack@c-api.service[98681]: DEBUG cinder.api.v3.groups [None req-d7bf3273-d9b7-40d3-97f6-f913cb898d87 tempest-GroupsV314Test-1861502777 tempest-GroupsV314Test-1861502777-project] show called for member 191bdc2b-69a8-4fcb-919e-72f3b987bc27 {{(pid=98681) show /opt/stack/cinder/cinder/api/v3/groups.py:58}}
Jun 11 00:10:10.979527 dv-cinder-786260-5-iscsi devstack@c-api.service[98680]: WARNING cinder.quota [None req-abbc82ea-e9a5-4de2-afa4-a2e3bdd6a294 tempest-VolumeTypesTest-1377452962 tempest-VolumeTypesTest-1377452962-project] Deprecated: Default quota for resource: volumes_tempest-VolumeTypesTest-volume-type-501118173 is set by the default quota flag: quota_volumes_tempest-VolumeTypesTest-volume-type-501118173, it is now deprecated. Please use the default quota class for default quota.
Jun 11 00:10:10.980688 dv-cinder-786260-5-iscsi devstack@c-api.service[98680]: WARNING cinder.quota [None req-abbc82ea-e9a5-4de2-afa4-a2e3bdd6a294 tempest-VolumeTypesTest-1377452962 tempest-VolumeTypesTest-1377452962-project] Deprecated: Default quota for resource: gigabytes_tempest-VolumeTypesTest-volume-type-501118173 is set by the default quota flag: quota_gigabytes_tempest-VolumeTypesTest-volume-type-501118173, it is now deprecated. Please use the default quota class for default quota.
Jun 11 00:10:10.983477 dv-cinder-786260-5-iscsi devstack@c-api.service[98681]: INFO cinder.api.openstack.wsgi [None req-d7bf3273-d9b7-40d3-97f6-f913cb898d87 tempest-GroupsV314Test-1861502777 tempest-GroupsV314Test-1861502777-project] http://10.222.0.15/volume/v3/36065c7281b04bc0a818e0ba834f00ea/groups/191bdc2b-69a8-4fcb-919e-72f3b987bc27 returned with HTTP 404
Jun 11 00:10:10.988608 dv-cinder-786260-5-iscsi devstack@c-api.service[98681]: [pid: 98681|app: 0|req: 91/185] 10.222.0.15 () {60 vars in 1363 bytes} [Fri Jun 11 00:10:10 2021] GET /volume/v3/36065c7281b04bc0a818e0ba834f00ea/groups/191bdc2b-69a8-4fcb-919e-72f3b987bc27 => generated 108 bytes in 17 msecs (HTTP/1.1 404) 7 headers in 293 bytes (1 switches on core 0)
Jun 11 00:10:10.992905 dv-cinder-786260-5-iscsi devstack@c-api.service[98681]: INFO cinder.api.openstack.wsgi [None req-a40b8cc6-3fdb-48ec-bf7e-49a809f8a7d7 tempest-GroupsV314Test-1861502777 tempest-GroupsV314Test-1861502777-project] GET http://10.222.0.15/volume/v3/36065c7281b04bc0a818e0ba834f00ea/volumes/detail
Jun 11 00:10:10.993439 dv-cinder-786260-5-iscsi devstack@c-api.service[98681]: DEBUG cinder.api.openstack.wsgi [None req-a40b8cc6-3fdb-48ec-bf7e-49a809f8a7d7 tempest-GroupsV314Test-1861502777 tempest-GroupsV314Test-1861502777-project] Empty body provided in request {{(pid=98681) get_body /opt/stack/cinder/cinder/api/openstack/wsgi.py:713}}
Jun 11 00:10:10.993872 dv-cinder-786260-5-iscsi devstack@c-api.service[98681]: DEBUG cinder.api.openstack.wsgi [None req-a40b8cc6-3fdb-48ec-bf7e-49a809f8a7d7 tempest-GroupsV314Test-1861502777 tempest-GroupsV314Test-1861502777-project] Calling method 'detail' {{(pid=98681) _process_stack /opt/stack/cinder/cinder/api/openstack/wsgi.py:866}}
Jun 11 00:10:10.994986 dv-cinder-786260-5-iscsi devstack@c-api.service[98681]: DEBUG cinder.api.api_utils [None req-a40b8cc6-3fdb-48ec-bf7e-49a809f8a7d7 tempest-GroupsV314Test-1861502777 tempest-GroupsV314Test-1861502777-project] Removing options '' from query. {{(pid=98681) remove_invalid_filter_options /opt/stack/cinder/cinder/api/api_utils.py:73}}
Jun 11 00:10:10.996612 dv-cinder-786260-5-iscsi devstack@c-api.service[98681]: DEBUG cinder.volume.api [None req-a40b8cc6-3fdb-48ec-bf7e-49a809f8a7d7 tempest-GroupsV314Test-1861502777 tempest-GroupsV314Test-1861502777-project] Searching by: MultiDict([('no_migration_targets', True)]). {{(pid=98681) get_all /opt/stack/cinder/cinder/volume/api.py:617}}
Jun 11 00:10:11.039153 dv-cinder-786260-5-iscsi devstack@c-api.service[98680]: DEBUG cinder.quota [None req-abbc82ea-e9a5-4de2-afa4-a2e3bdd6a294 tempest-VolumeTypesTest-1377452962 tempest-VolumeTypesTest-1377452962-project] Created reservations ['e3304e64-2392-45b2-8fef-1f93918ef79e', '75ede189-5628-4516-9233-3e7301e94034'] {{(pid=98680) reserve /opt/stack/cinder/cinder/quota.py:755}}
Jun 11 00:10:11.076659 dv-cinder-786260-5-iscsi devstack@c-api.service[98681]: INFO cinder.volume.api [None req-a40b8cc6-3fdb-48ec-bf7e-49a809f8a7d7 tempest-GroupsV314Test-1861502777 tempest-GroupsV314Test-1861502777-project] Get all volumes completed successfully.
Jun 11 00:10:11.078862 dv-cinder-786260-5-iscsi devstack@c-api.service[98681]: WARNING stevedore.named [None req-a40b8cc6-3fdb-48ec-bf7e-49a809f8a7d7 tempest-GroupsV314Test-1861502777 tempest-GroupsV314Test-1861502777-project] Could not load cinder.keymgr.conf_key_mgr.ConfKeyManager
Jun 11 00:10:11.079407 dv-cinder-786260-5-iscsi devstack@c-api.service[98681]: WARNING castellan.key_manager [None req-a40b8cc6-3fdb-48ec-bf7e-49a809f8a7d7 tempest-GroupsV314Test-1861502777 tempest-GroupsV314Test-1861502777-project] Deprecation Warning : cinder.keymgr.conf_key_mgr.ConfKeyManager is not a stevedore based driver, trying to load it as a class: stevedore.exception.NoMatches: No 'castellan.drivers' driver found, looking for 'cinder.keymgr.conf_key_mgr.ConfKeyManager'
Jun 11 00:10:11.092363 dv-cinder-786260-5-iscsi devstack@c-api.service[98680]: WARNING cinder.quota [None req-abbc82ea-e9a5-4de2-afa4-a2e3bdd6a294 tempest-VolumeTypesTest-1377452962 tempest-VolumeTypesTest-1377452962-project] Deprecated: Default quota for resource: volumes_tempest-VolumeTypesTest-volume-type-157003051 is set by the default quota flag: quota_volumes_tempest-VolumeTypesTest-volume-type-157003051, it is now deprecated. Please use the default quota class for default quota.
Jun 11 00:10:11.093154 dv-cinder-786260-5-iscsi devstack@c-api.service[98680]: WARNING cinder.quota [None req-abbc82ea-e9a5-4de2-afa4-a2e3bdd6a294 tempest-VolumeTypesTest-1377452962 tempest-VolumeTypesTest-1377452962-project] Deprecated: Default quota for resource: gigabytes_tempest-VolumeTypesTest-volume-type-157003051 is set by the default quota flag: quota_gigabytes_tempest-VolumeTypesTest-volume-type-157003051, it is now deprecated. Please use the default quota class for default quota.
Jun 11 00:10:11.094570 dv-cinder-786260-5-iscsi devstack@c-api.service[98681]: DEBUG oslo_db.sqlalchemy.engines [None req-a40b8cc6-3fdb-48ec-bf7e-49a809f8a7d7 tempest-GroupsV314Test-1861502777 tempest-GroupsV314Test-1861502777-project] MySQL server mode set to STRICT_TRANS_TABLES,STRICT_ALL_TABLES,NO_ZERO_IN_DATE,NO_ZERO_DATE,ERROR_FOR_DIVISION_BY_ZERO,TRADITIONAL,NO_ENGINE_SUBSTITUTION {{(pid=98681) _check_effective_sql_mode /usr/local/lib/python3.8/dist-packages/oslo_db/sqlalchemy/engines.py:314}}
Jun 11 00:10:11.113465 dv-cinder-786260-5-iscsi devstack@c-api.service[98681]: /usr/local/lib/python3.8/dist-packages/oslo_context/context.py:105: DeprecationWarning: Policy enforcement is depending on the value of is_admin. This key is deprecated. Please update your policy file to use the standard policy values.
Jun 11 00:10:11.113465 dv-cinder-786260-5-iscsi devstack@c-api.service[98681]: warnings.warn('Policy enforcement is depending on the value of '
Jun 11 00:10:11.135993 dv-cinder-786260-5-iscsi devstack@c-api.service[98680]: DEBUG cinder.quota [None req-abbc82ea-e9a5-4de2-afa4-a2e3bdd6a294 tempest-VolumeTypesTest-1377452962 tempest-VolumeTypesTest-1377452962-project] Created reservations ['7e8c81fd-a8f0-4eb3-b04f-55d85a0ef65e', 'f5de921b-fdae-40c7-bd2f-16d9377cddbb'] {{(pid=98680) reserve /opt/stack/cinder/cinder/quota.py:755}}
Jun 11 00:10:11.137249 dv-cinder-786260-5-iscsi devstack@c-api.service[98680]: /opt/stack/cinder/cinder/db/sqlalchemy/api.py:2715: SADeprecationWarning: The SelectBase.as_scalar() method is deprecated and will be removed in a future release. Please refer to SelectBase.scalar_subquery(). (deprecated since: 1.4)
Jun 11 00:10:11.137249 dv-cinder-786260-5-iscsi devstack@c-api.service[98680]: models.VolumeType.qos_specs_id == q.as_scalar())),
Jun 11 00:10:11.163700 dv-cinder-786260-5-iscsi devstack@c-api.service[98681]: INFO cinder.api.openstack.wsgi [None req-a40b8cc6-3fdb-48ec-bf7e-49a809f8a7d7 tempest-GroupsV314Test-1861502777 tempest-GroupsV314Test-1861502777-project] http://10.222.0.15/volume/v3/36065c7281b04bc0a818e0ba834f00ea/volumes/detail returned with HTTP 200
Jun 11 00:10:11.189462 dv-cinder-786260-5-iscsi devstack@c-api.service[98681]: [pid: 98681|app: 0|req: 92/186] 10.222.0.15 () {60 vars in 1276 bytes} [Fri Jun 11 00:10:10 2021] GET /volume/v3/36065c7281b04bc0a818e0ba834f00ea/volumes/detail => generated 995 bytes in 200 msecs (HTTP/1.1 200) 7 headers in 286 bytes (1 switches on core 0)
Jun 11 00:10:11.193896 dv-cinder-786260-5-iscsi devstack@c-api.service[98681]: INFO cinder.api.openstack.wsgi [None req-25b1d57b-02bf-4ab0-885d-41c70ad1a8d1 tempest-GroupsV314Test-1861502777 tempest-GroupsV314Test-1861502777-project] POST http://10.222.0.15/volume/v3/36065c7281b04bc0a818e0ba834f00ea/groups/9b28f03a-5bd3-4de6-9f34-46fc6b7ecb81/action
Jun 11 00:10:11.194881 dv-cinder-786260-5-iscsi devstack@c-api.service[98681]: /usr/local/lib/python3.8/dist-packages/webob/acceptparse.py:1047: DeprecationWarning: The behavior of AcceptValidHeader.best_match is currently being maintained for backward compatibility, but it will be deprecated in the future, as it does not conform to the RFC.
Jun 11 00:10:11.194881 dv-cinder-786260-5-iscsi devstack@c-api.service[98681]: warnings.warn(
Jun 11 00:10:11.195401 dv-cinder-786260-5-iscsi devstack@c-api.service[98681]: DEBUG cinder.api.openstack.wsgi [None req-25b1d57b-02bf-4ab0-885d-41c70ad1a8d1 tempest-GroupsV314Test-1861502777 tempest-GroupsV314Test-1861502777-project] Action body: b'{"delete": {"delete-volumes": true}}' {{(pid=98681) get_method /opt/stack/cinder/cinder/api/openstack/wsgi.py:981}}
Jun 11 00:10:11.195764 dv-cinder-786260-5-iscsi devstack@c-api.service[98681]: DEBUG cinder.api.openstack.wsgi [None req-25b1d57b-02bf-4ab0-885d-41c70ad1a8d1 tempest-GroupsV314Test-1861502777 tempest-GroupsV314Test-1861502777-project] Action: 'action', calling method: delete_group, body: {"delete": {"delete-volumes": true}} {{(pid=98681) _process_stack /opt/stack/cinder/cinder/api/openstack/wsgi.py:864}}
Jun 11 00:10:11.197012 dv-cinder-786260-5-iscsi devstack@c-api.service[98681]: DEBUG cinder.api.v3.groups [None req-25b1d57b-02bf-4ab0-885d-41c70ad1a8d1 tempest-GroupsV314Test-1861502777 tempest-GroupsV314Test-1861502777-project] delete called for group 9b28f03a-5bd3-4de6-9f34-46fc6b7ecb81 {{(pid=98681) _delete /opt/stack/cinder/cinder/api/v3/groups.py:117}}
Jun 11 00:10:11.197311 dv-cinder-786260-5-iscsi devstack@c-api.service[98681]: INFO cinder.api.v3.groups [None req-25b1d57b-02bf-4ab0-885d-41c70ad1a8d1 tempest-GroupsV314Test-1861502777 tempest-GroupsV314Test-1861502777-project] Delete group with id: 9b28f03a-5bd3-4de6-9f34-46fc6b7ecb81
Jun 11 00:10:11.204606 dv-cinder-786260-5-iscsi devstack@c-api.service[98681]: /usr/local/lib/python3.8/dist-packages/oslo_context/context.py:105: DeprecationWarning: Policy enforcement is depending on the value of is_admin. This key is deprecated. Please update your policy file to use the standard policy values.
Jun 11 00:10:11.204606 dv-cinder-786260-5-iscsi devstack@c-api.service[98681]: warnings.warn('Policy enforcement is depending on the value of '
Jun 11 00:10:11.225190 dv-cinder-786260-5-iscsi devstack@c-api.service[98680]: INFO cinder.volume.api [None req-abbc82ea-e9a5-4de2-afa4-a2e3bdd6a294 tempest-VolumeTypesTest-1377452962 tempest-VolumeTypesTest-1377452962-project] Retype volume request issued successfully.
Jun 11 00:10:11.225710 dv-cinder-786260-5-iscsi devstack@c-api.service[98680]: INFO cinder.api.openstack.wsgi [None req-abbc82ea-e9a5-4de2-afa4-a2e3bdd6a294 tempest-VolumeTypesTest-1377452962 tempest-VolumeTypesTest-1377452962-project] http://10.222.0.15/volume/v3/c539fc3fdade470bb9e642e7cc3dc55f/volumes/30884909-b130-415b-aed9-63150d5d7477/action returned with HTTP 202
Jun 11 00:10:11.227110 dv-cinder-786260-5-iscsi devstack@c-api.service[98680]: [pid: 98680|app: 0|req: 95/187] 10.222.0.15 () {60 vars in 1367 bytes} [Fri Jun 11 00:10:10 2021] POST /volume/v3/c539fc3fdade470bb9e642e7cc3dc55f/volumes/30884909-b130-415b-aed9-63150d5d7477/action => generated 0 bytes in 307 msecs (HTTP/1.1 202) 7 headers in 289 bytes (1 switches on core 0)
Jun 11 00:10:11.233908 dv-cinder-786260-5-iscsi devstack@c-api.service[98680]: INFO cinder.api.openstack.wsgi [None req-3a2683bc-d720-4d13-87ef-939dca83ea97 tempest-VolumeTypesTest-1377452962 tempest-VolumeTypesTest-1377452962-project] GET http://10.222.0.15/volume/v3/c539fc3fdade470bb9e642e7cc3dc55f/volumes/30884909-b130-415b-aed9-63150d5d7477
Jun 11 00:10:11.234373 dv-cinder-786260-5-iscsi devstack@c-api.service[98680]: DEBUG cinder.api.openstack.wsgi [None req-3a2683bc-d720-4d13-87ef-939dca83ea97 tempest-VolumeTypesTest-1377452962 tempest-VolumeTypesTest-1377452962-project] Empty body provided in request {{(pid=98680) get_body /opt/stack/cinder/cinder/api/openstack/wsgi.py:713}}
Jun 11 00:10:11.234549 dv-cinder-786260-5-iscsi devstack@c-api.service[98680]: /usr/local/lib/python3.8/dist-packages/webob/acceptparse.py:1047: DeprecationWarning: The behavior of AcceptValidHeader.best_match is currently being maintained for backward compatibility, but it will be deprecated in the future, as it does not conform to the RFC.
Jun 11 00:10:11.234549 dv-cinder-786260-5-iscsi devstack@c-api.service[98680]: warnings.warn(
Jun 11 00:10:11.235017 dv-cinder-786260-5-iscsi devstack@c-api.service[98680]: DEBUG cinder.api.openstack.wsgi [None req-3a2683bc-d720-4d13-87ef-939dca83ea97 tempest-VolumeTypesTest-1377452962 tempest-VolumeTypesTest-1377452962-project] Calling method 'show' {{(pid=98680) _process_stack /opt/stack/cinder/cinder/api/openstack/wsgi.py:866}}
Jun 11 00:10:11.266947 dv-cinder-786260-5-iscsi devstack@c-api.service[98680]: /usr/local/lib/python3.8/dist-packages/oslo_context/context.py:105: DeprecationWarning: Policy enforcement is depending on the value of is_admin. This key is deprecated. Please update your policy file to use the standard policy values.
Jun 11 00:10:11.266947 dv-cinder-786260-5-iscsi devstack@c-api.service[98680]: warnings.warn('Policy enforcement is depending on the value of '
Jun 11 00:10:11.285975 dv-cinder-786260-5-iscsi devstack@c-api.service[98680]: INFO cinder.volume.api [None req-3a2683bc-d720-4d13-87ef-939dca83ea97 tempest-VolumeTypesTest-1377452962 tempest-VolumeTypesTest-1377452962-project] Volume info retrieved successfully.
Jun 11 00:10:11.313518 dv-cinder-786260-5-iscsi devstack@c-api.service[98681]: INFO cinder.api.openstack.wsgi [None req-25b1d57b-02bf-4ab0-885d-41c70ad1a8d1 tempest-GroupsV314Test-1861502777 tempest-GroupsV314Test-1861502777-project] http://10.222.0.15/volume/v3/36065c7281b04bc0a818e0ba834f00ea/groups/9b28f03a-5bd3-4de6-9f34-46fc6b7ecb81/action returned with HTTP 202
Jun 11 00:10:11.314880 dv-cinder-786260-5-iscsi devstack@c-api.service[98681]: [pid: 98681|app: 0|req: 93/188] 10.222.0.15 () {62 vars in 1405 bytes} [Fri Jun 11 00:10:11 2021] POST /volume/v3/36065c7281b04bc0a818e0ba834f00ea/groups/9b28f03a-5bd3-4de6-9f34-46fc6b7ecb81/action => generated 0 bytes in 125 msecs (HTTP/1.1 202) 6 headers in 234 bytes (1 switches on core 0)
Jun 11 00:10:11.323157 dv-cinder-786260-5-iscsi devstack@c-api.service[98681]: INFO cinder.api.openstack.wsgi [None req-fea0c161-32b7-4e93-9d82-e7a536ae310c tempest-GroupsV314Test-1861502777 tempest-GroupsV314Test-1861502777-project] GET http://10.222.0.15/volume/v3/36065c7281b04bc0a818e0ba834f00ea/volumes/238e9617-ccff-42eb-bdfa-01656d6a3abb
Jun 11 00:10:11.323751 dv-cinder-786260-5-iscsi devstack@c-api.service[98681]: DEBUG cinder.api.openstack.wsgi [None req-fea0c161-32b7-4e93-9d82-e7a536ae310c tempest-GroupsV314Test-1861502777 tempest-GroupsV314Test-1861502777-project] Empty body provided in request {{(pid=98681) get_body /opt/stack/cinder/cinder/api/openstack/wsgi.py:713}}
Jun 11 00:10:11.324169 dv-cinder-786260-5-iscsi devstack@c-api.service[98681]: /usr/local/lib/python3.8/dist-packages/webob/acceptparse.py:1047: DeprecationWarning: The behavior of AcceptValidHeader.best_match is currently being maintained for backward compatibility, but it will be deprecated in the future, as it does not conform to the RFC.
Jun 11 00:10:11.324169 dv-cinder-786260-5-iscsi devstack@c-api.service[98681]: warnings.warn(
Jun 11 00:10:11.324707 dv-cinder-786260-5-iscsi devstack@c-api.service[98681]: DEBUG cinder.api.openstack.wsgi [None req-fea0c161-32b7-4e93-9d82-e7a536ae310c tempest-GroupsV314Test-1861502777 tempest-GroupsV314Test-1861502777-project] Calling method 'show' {{(pid=98681) _process_stack /opt/stack/cinder/cinder/api/openstack/wsgi.py:866}}
Jun 11 00:10:11.333294 dv-cinder-786260-5-iscsi devstack@c-api.service[98680]: INFO cinder.api.openstack.wsgi [None req-3a2683bc-d720-4d13-87ef-939dca83ea97 tempest-VolumeTypesTest-1377452962 tempest-VolumeTypesTest-1377452962-project] http://10.222.0.15/volume/v3/c539fc3fdade470bb9e642e7cc3dc55f/volumes/30884909-b130-415b-aed9-63150d5d7477 returned with HTTP 200
Jun 11 00:10:11.343299 dv-cinder-786260-5-iscsi devstack@c-api.service[98681]: /usr/local/lib/python3.8/dist-packages/oslo_context/context.py:105: DeprecationWarning: Policy enforcement is depending on the value of is_admin. This key is deprecated. Please update your policy file to use the standard policy values.
Jun 11 00:10:11.343299 dv-cinder-786260-5-iscsi devstack@c-api.service[98681]: warnings.warn('Policy enforcement is depending on the value of '
Jun 11 00:10:11.344799 dv-cinder-786260-5-iscsi devstack@c-api.service[98680]: [pid: 98680|app: 0|req: 96/189] 10.222.0.15 () {58 vars in 1325 bytes} [Fri Jun 11 00:10:11 2021] GET /volume/v3/c539fc3fdade470bb9e642e7cc3dc55f/volumes/30884909-b130-415b-aed9-63150d5d7477 => generated 941 bytes in 114 msecs (HTTP/1.1 200) 7 headers in 285 bytes (1 switches on core 0)
Jun 11 00:10:11.354926 dv-cinder-786260-5-iscsi devstack@c-api.service[98681]: INFO cinder.volume.api [None req-fea0c161-32b7-4e93-9d82-e7a536ae310c tempest-GroupsV314Test-1861502777 tempest-GroupsV314Test-1861502777-project] Volume info retrieved successfully.
Jun 11 00:10:11.365716 dv-cinder-786260-5-iscsi devstack@c-api.service[98681]: WARNING stevedore.named [None req-fea0c161-32b7-4e93-9d82-e7a536ae310c tempest-GroupsV314Test-1861502777 tempest-GroupsV314Test-1861502777-project] Could not load cinder.keymgr.conf_key_mgr.ConfKeyManager
Jun 11 00:10:11.366385 dv-cinder-786260-5-iscsi devstack@c-api.service[98681]: WARNING castellan.key_manager [None req-fea0c161-32b7-4e93-9d82-e7a536ae310c tempest-GroupsV314Test-1861502777 tempest-GroupsV314Test-1861502777-project] Deprecation Warning : cinder.keymgr.conf_key_mgr.ConfKeyManager is not a stevedore based driver, trying to load it as a class: stevedore.exception.NoMatches: No 'castellan.drivers' driver found, looking for 'cinder.keymgr.conf_key_mgr.ConfKeyManager'
Jun 11 00:10:11.387881 dv-cinder-786260-5-iscsi devstack@c-api.service[98681]: DEBUG oslo_db.sqlalchemy.engines [None req-fea0c161-32b7-4e93-9d82-e7a536ae310c tempest-GroupsV314Test-1861502777 tempest-GroupsV314Test-1861502777-project] MySQL server mode set to STRICT_TRANS_TABLES,STRICT_ALL_TABLES,NO_ZERO_IN_DATE,NO_ZERO_DATE,ERROR_FOR_DIVISION_BY_ZERO,TRADITIONAL,NO_ENGINE_SUBSTITUTION {{(pid=98681) _check_effective_sql_mode /usr/local/lib/python3.8/dist-packages/oslo_db/sqlalchemy/engines.py:314}}
Jun 11 00:10:11.396208 dv-cinder-786260-5-iscsi devstack@c-api.service[98681]: /usr/local/lib/python3.8/dist-packages/oslo_context/context.py:105: DeprecationWarning: Policy enforcement is depending on the value of is_admin. This key is deprecated. Please update your policy file to use the standard policy values.
Jun 11 00:10:11.396208 dv-cinder-786260-5-iscsi devstack@c-api.service[98681]: warnings.warn('Policy enforcement is depending on the value of '
Jun 11 00:10:11.414575 dv-cinder-786260-5-iscsi devstack@c-api.service[98681]: INFO cinder.api.openstack.wsgi [None req-fea0c161-32b7-4e93-9d82-e7a536ae310c tempest-GroupsV314Test-1861502777 tempest-GroupsV314Test-1861502777-project] http://10.222.0.15/volume/v3/36065c7281b04bc0a818e0ba834f00ea/volumes/238e9617-ccff-42eb-bdfa-01656d6a3abb returned with HTTP 200
Jun 11 00:10:11.416667 dv-cinder-786260-5-iscsi devstack@c-api.service[98681]: [pid: 98681|app: 0|req: 94/190] 10.222.0.15 () {60 vars in 1366 bytes} [Fri Jun 11 00:10:11 2021] GET /volume/v3/36065c7281b04bc0a818e0ba834f00ea/volumes/238e9617-ccff-42eb-bdfa-01656d6a3abb => generated 991 bytes in 98 msecs (HTTP/1.1 200) 7 headers in 286 bytes (2 switches on core 0)
Jun 11 00:10:11.842136 dv-cinder-786260-5-iscsi devstack@c-api.service[98680]: INFO cinder.api.openstack.wsgi [None req-c9eb5762-1d1c-48bb-8b1e-db4ca303897b tempest-GroupsTest-1684188903 tempest-GroupsTest-1684188903-project] GET http://10.222.0.15/volume/v3/8d5a01ec5a76488095800e7b26bd065f/volumes/56cee3fc-a1d8-4ed6-967a-fd644e276715
Jun 11 00:10:11.843325 dv-cinder-786260-5-iscsi devstack@c-api.service[98680]: DEBUG cinder.api.openstack.wsgi [None req-c9eb5762-1d1c-48bb-8b1e-db4ca303897b tempest-GroupsTest-1684188903 tempest-GroupsTest-1684188903-project] Empty body provided in request {{(pid=98680) get_body /opt/stack/cinder/cinder/api/openstack/wsgi.py:713}}
Jun 11 00:10:11.843325 dv-cinder-786260-5-iscsi devstack@c-api.service[98680]: /usr/local/lib/python3.8/dist-packages/webob/acceptparse.py:1047: DeprecationWarning: The behavior of AcceptValidHeader.best_match is currently being maintained for backward compatibility, but it will be deprecated in the future, as it does not conform to the RFC.
Jun 11 00:10:11.843325 dv-cinder-786260-5-iscsi devstack@c-api.service[98680]: warnings.warn(
Jun 11 00:10:11.844956 dv-cinder-786260-5-iscsi devstack@c-api.service[98680]: DEBUG cinder.api.openstack.wsgi [None req-c9eb5762-1d1c-48bb-8b1e-db4ca303897b tempest-GroupsTest-1684188903 tempest-GroupsTest-1684188903-project] Calling method 'show' {{(pid=98680) _process_stack /opt/stack/cinder/cinder/api/openstack/wsgi.py:866}}
Jun 11 00:10:11.862270 dv-cinder-786260-5-iscsi devstack@c-api.service[98680]: /usr/local/lib/python3.8/dist-packages/oslo_context/context.py:105: DeprecationWarning: Policy enforcement is depending on the value of is_admin. This key is deprecated. Please update your policy file to use the standard policy values.
Jun 11 00:10:11.862270 dv-cinder-786260-5-iscsi devstack@c-api.service[98680]: warnings.warn('Policy enforcement is depending on the value of '
Jun 11 00:10:11.871402 dv-cinder-786260-5-iscsi devstack@c-api.service[98680]: INFO cinder.volume.api [None req-c9eb5762-1d1c-48bb-8b1e-db4ca303897b tempest-GroupsTest-1684188903 tempest-GroupsTest-1684188903-project] Volume info retrieved successfully.
Jun 11 00:10:11.889300 dv-cinder-786260-5-iscsi devstack@c-api.service[98680]: WARNING stevedore.named [None req-c9eb5762-1d1c-48bb-8b1e-db4ca303897b tempest-GroupsTest-1684188903 tempest-GroupsTest-1684188903-project] Could not load cinder.keymgr.conf_key_mgr.ConfKeyManager
Jun 11 00:10:11.889834 dv-cinder-786260-5-iscsi devstack@c-api.service[98680]: WARNING castellan.key_manager [None req-c9eb5762-1d1c-48bb-8b1e-db4ca303897b tempest-GroupsTest-1684188903 tempest-GroupsTest-1684188903-project] Deprecation Warning : cinder.keymgr.conf_key_mgr.ConfKeyManager is not a stevedore based driver, trying to load it as a class: stevedore.exception.NoMatches: No 'castellan.drivers' driver found, looking for 'cinder.keymgr.conf_key_mgr.ConfKeyManager'
Jun 11 00:10:11.899718 dv-cinder-786260-5-iscsi devstack@c-api.service[98680]: DEBUG oslo_db.sqlalchemy.engines [None req-c9eb5762-1d1c-48bb-8b1e-db4ca303897b tempest-GroupsTest-1684188903 tempest-GroupsTest-1684188903-project] MySQL server mode set to STRICT_TRANS_TABLES,STRICT_ALL_TABLES,NO_ZERO_IN_DATE,NO_ZERO_DATE,ERROR_FOR_DIVISION_BY_ZERO,TRADITIONAL,NO_ENGINE_SUBSTITUTION {{(pid=98680) _check_effective_sql_mode /usr/local/lib/python3.8/dist-packages/oslo_db/sqlalchemy/engines.py:314}}
Jun 11 00:10:11.905530 dv-cinder-786260-5-iscsi devstack@c-api.service[98680]: /usr/local/lib/python3.8/dist-packages/oslo_context/context.py:105: DeprecationWarning: Policy enforcement is depending on the value of is_admin. This key is deprecated. Please update your policy file to use the standard policy values.
Jun 11 00:10:11.905530 dv-cinder-786260-5-iscsi devstack@c-api.service[98680]: warnings.warn('Policy enforcement is depending on the value of '
Jun 11 00:10:11.921924 dv-cinder-786260-5-iscsi devstack@c-api.service[98680]: INFO cinder.api.openstack.wsgi [None req-c9eb5762-1d1c-48bb-8b1e-db4ca303897b tempest-GroupsTest-1684188903 tempest-GroupsTest-1684188903-project] http://10.222.0.15/volume/v3/8d5a01ec5a76488095800e7b26bd065f/volumes/56cee3fc-a1d8-4ed6-967a-fd644e276715 returned with HTTP 200
Jun 11 00:10:11.922909 dv-cinder-786260-5-iscsi devstack@c-api.service[98680]: [pid: 98680|app: 0|req: 97/191] 10.222.0.15 () {60 vars in 1366 bytes} [Fri Jun 11 00:10:11 2021] GET /volume/v3/8d5a01ec5a76488095800e7b26bd065f/volumes/56cee3fc-a1d8-4ed6-967a-fd644e276715 => generated 972 bytes in 85 msecs (HTTP/1.1 200) 7 headers in 286 bytes (1 switches on core 0)
Jun 11 00:10:11.937375 dv-cinder-786260-5-iscsi devstack@c-api.service[98681]: INFO cinder.api.openstack.wsgi [None req-b24bfb57-7f6c-4e50-917b-592365785001 tempest-GroupsTest-1684188903 tempest-GroupsTest-1684188903-project] GET http://10.222.0.15/volume/v3/8d5a01ec5a76488095800e7b26bd065f/groups/d189fa07-bfa5-4989-880d-7a836284d2a7
Jun 11 00:10:11.937375 dv-cinder-786260-5-iscsi devstack@c-api.service[98681]: DEBUG cinder.api.openstack.wsgi [None req-b24bfb57-7f6c-4e50-917b-592365785001 tempest-GroupsTest-1684188903 tempest-GroupsTest-1684188903-project] Empty body provided in request {{(pid=98681) get_body /opt/stack/cinder/cinder/api/openstack/wsgi.py:713}}
Jun 11 00:10:11.937643 dv-cinder-786260-5-iscsi devstack@c-api.service[98681]: /usr/local/lib/python3.8/dist-packages/webob/acceptparse.py:1047: DeprecationWarning: The behavior of AcceptValidHeader.best_match is currently being maintained for backward compatibility, but it will be deprecated in the future, as it does not conform to the RFC.
Jun 11 00:10:11.937643 dv-cinder-786260-5-iscsi devstack@c-api.service[98681]: warnings.warn(
Jun 11 00:10:11.937866 dv-cinder-786260-5-iscsi devstack@c-api.service[98681]: DEBUG cinder.api.openstack.wsgi [None req-b24bfb57-7f6c-4e50-917b-592365785001 tempest-GroupsTest-1684188903 tempest-GroupsTest-1684188903-project] Calling method 'version_select' {{(pid=98681) _process_stack /opt/stack/cinder/cinder/api/openstack/wsgi.py:866}}
Jun 11 00:10:11.938493 dv-cinder-786260-5-iscsi devstack@c-api.service[98681]: DEBUG cinder.api.v3.groups [None req-b24bfb57-7f6c-4e50-917b-592365785001 tempest-GroupsTest-1684188903 tempest-GroupsTest-1684188903-project] show called for member d189fa07-bfa5-4989-880d-7a836284d2a7 {{(pid=98681) show /opt/stack/cinder/cinder/api/v3/groups.py:58}}
Jun 11 00:10:11.945331 dv-cinder-786260-5-iscsi devstack@c-api.service[98681]: /usr/local/lib/python3.8/dist-packages/oslo_context/context.py:105: DeprecationWarning: Policy enforcement is depending on the value of is_admin. This key is deprecated. Please update your policy file to use the standard policy values.
Jun 11 00:10:11.945331 dv-cinder-786260-5-iscsi devstack@c-api.service[98681]: warnings.warn('Policy enforcement is depending on the value of '
Jun 11 00:10:11.953709 dv-cinder-786260-5-iscsi devstack@c-api.service[98680]: INFO cinder.api.openstack.wsgi [None req-082652d5-b989-4917-a7af-6cbff2974528 tempest-VolumeTypesAccessTest-305960409 tempest-VolumeTypesAccessTest-305960409-project] GET http://10.222.0.15/volume/v3/faa7d882049447a391c598e3d86c8758/volumes/fe18a54a-5950-4853-8270-f9c0c94ca1f2
Jun 11 00:10:11.956041 dv-cinder-786260-5-iscsi devstack@c-api.service[98680]: DEBUG cinder.api.openstack.wsgi [None req-082652d5-b989-4917-a7af-6cbff2974528 tempest-VolumeTypesAccessTest-305960409 tempest-VolumeTypesAccessTest-305960409-project] Empty body provided in request {{(pid=98680) get_body /opt/stack/cinder/cinder/api/openstack/wsgi.py:713}}
Jun 11 00:10:11.956332 dv-cinder-786260-5-iscsi devstack@c-api.service[98680]: /usr/local/lib/python3.8/dist-packages/webob/acceptparse.py:1047: DeprecationWarning: The behavior of AcceptValidHeader.best_match is currently being maintained for backward compatibility, but it will be deprecated in the future, as it does not conform to the RFC.
Jun 11 00:10:11.956332 dv-cinder-786260-5-iscsi devstack@c-api.service[98680]: warnings.warn(
Jun 11 00:10:11.956812 dv-cinder-786260-5-iscsi devstack@c-api.service[98680]: DEBUG cinder.api.openstack.wsgi [None req-082652d5-b989-4917-a7af-6cbff2974528 tempest-VolumeTypesAccessTest-305960409 tempest-VolumeTypesAccessTest-305960409-project] Calling method 'show' {{(pid=98680) _process_stack /opt/stack/cinder/cinder/api/openstack/wsgi.py:866}}
Jun 11 00:10:11.971863 dv-cinder-786260-5-iscsi devstack@c-api.service[98681]: INFO cinder.api.openstack.wsgi [None req-b24bfb57-7f6c-4e50-917b-592365785001 tempest-GroupsTest-1684188903 tempest-GroupsTest-1684188903-project] http://10.222.0.15/volume/v3/8d5a01ec5a76488095800e7b26bd065f/groups/d189fa07-bfa5-4989-880d-7a836284d2a7 returned with HTTP 200
Jun 11 00:10:11.979797 dv-cinder-786260-5-iscsi devstack@c-api.service[98681]: [pid: 98681|app: 0|req: 95/192] 10.222.0.15 () {60 vars in 1363 bytes} [Fri Jun 11 00:10:11 2021] GET /volume/v3/8d5a01ec5a76488095800e7b26bd065f/groups/d189fa07-bfa5-4989-880d-7a836284d2a7 => generated 322 bytes in 47 msecs (HTTP/1.1 200) 7 headers in 286 bytes (1 switches on core 0)
Jun 11 00:10:11.980949 dv-cinder-786260-5-iscsi devstack@c-api.service[98680]: INFO cinder.api.openstack.wsgi [None req-082652d5-b989-4917-a7af-6cbff2974528 tempest-VolumeTypesAccessTest-305960409 tempest-VolumeTypesAccessTest-305960409-project] http://10.222.0.15/volume/v3/faa7d882049447a391c598e3d86c8758/volumes/fe18a54a-5950-4853-8270-f9c0c94ca1f2 returned with HTTP 404
Jun 11 00:10:11.984819 dv-cinder-786260-5-iscsi devstack@c-api.service[98680]: [pid: 98680|app: 0|req: 98/193] 10.222.0.15 () {58 vars in 1325 bytes} [Fri Jun 11 00:10:11 2021] GET /volume/v3/faa7d882049447a391c598e3d86c8758/volumes/fe18a54a-5950-4853-8270-f9c0c94ca1f2 => generated 109 bytes in 35 msecs (HTTP/1.1 404) 7 headers in 292 bytes (2 switches on core 0)
Jun 11 00:10:11.984969 dv-cinder-786260-5-iscsi devstack@c-api.service[98681]: INFO cinder.api.openstack.wsgi [None req-fd08904a-95fd-4204-a700-5b037b9e8324 tempest-GroupsTest-1684188903 tempest-GroupsTest-1684188903-project] GET http://10.222.0.15/volume/v3/8d5a01ec5a76488095800e7b26bd065f/groups/f850c583-5933-4053-ba6c-95cfc14c861e
Jun 11 00:10:11.985277 dv-cinder-786260-5-iscsi devstack@c-api.service[98681]: DEBUG cinder.api.openstack.wsgi [None req-fd08904a-95fd-4204-a700-5b037b9e8324 tempest-GroupsTest-1684188903 tempest-GroupsTest-1684188903-project] Empty body provided in request {{(pid=98681) get_body /opt/stack/cinder/cinder/api/openstack/wsgi.py:713}}
Jun 11 00:10:11.985537 dv-cinder-786260-5-iscsi devstack@c-api.service[98681]: /usr/local/lib/python3.8/dist-packages/webob/acceptparse.py:1047: DeprecationWarning: The behavior of AcceptValidHeader.best_match is currently being maintained for backward compatibility, but it will be deprecated in the future, as it does not conform to the RFC.
Jun 11 00:10:11.985537 dv-cinder-786260-5-iscsi devstack@c-api.service[98681]: warnings.warn(
Jun 11 00:10:11.986020 dv-cinder-786260-5-iscsi devstack@c-api.service[98681]: DEBUG cinder.api.openstack.wsgi [None req-fd08904a-95fd-4204-a700-5b037b9e8324 tempest-GroupsTest-1684188903 tempest-GroupsTest-1684188903-project] Calling method 'version_select' {{(pid=98681) _process_stack /opt/stack/cinder/cinder/api/openstack/wsgi.py:866}}
Jun 11 00:10:11.986475 dv-cinder-786260-5-iscsi devstack@c-api.service[98681]: DEBUG cinder.api.v3.groups [None req-fd08904a-95fd-4204-a700-5b037b9e8324 tempest-GroupsTest-1684188903 tempest-GroupsTest-1684188903-project] show called for member f850c583-5933-4053-ba6c-95cfc14c861e {{(pid=98681) show /opt/stack/cinder/cinder/api/v3/groups.py:58}}
Jun 11 00:10:11.990585 dv-cinder-786260-5-iscsi devstack@c-api.service[98680]: INFO cinder.api.openstack.wsgi [None req-03532212-2b70-4d9a-b7bc-ad285608132f tempest-VolumeTypesAccessTest-252324062 tempest-VolumeTypesAccessTest-252324062-project-admin] DELETE http://10.222.0.15/volume/v3/28422b49a58e418abdef75c6ddec0e66/types/1f33c0e1-962a-4d05-ab48-6e88548ca2b3
Jun 11 00:10:11.991299 dv-cinder-786260-5-iscsi devstack@c-api.service[98680]: DEBUG cinder.api.openstack.wsgi [None req-03532212-2b70-4d9a-b7bc-ad285608132f tempest-VolumeTypesAccessTest-252324062 tempest-VolumeTypesAccessTest-252324062-project-admin] Empty body provided in request {{(pid=98680) get_body /opt/stack/cinder/cinder/api/openstack/wsgi.py:713}}
Jun 11 00:10:11.991924 dv-cinder-786260-5-iscsi devstack@c-api.service[98680]: DEBUG cinder.api.openstack.wsgi [None req-03532212-2b70-4d9a-b7bc-ad285608132f tempest-VolumeTypesAccessTest-252324062 tempest-VolumeTypesAccessTest-252324062-project-admin] Calling method '_delete' {{(pid=98680) _process_stack /opt/stack/cinder/cinder/api/openstack/wsgi.py:866}}
Jun 11 00:10:11.992551 dv-cinder-786260-5-iscsi devstack@c-api.service[98681]: /usr/local/lib/python3.8/dist-packages/oslo_context/context.py:105: DeprecationWarning: Policy enforcement is depending on the value of is_admin. This key is deprecated. Please update your policy file to use the standard policy values.
Jun 11 00:10:11.992551 dv-cinder-786260-5-iscsi devstack@c-api.service[98681]: warnings.warn('Policy enforcement is depending on the value of '
Jun 11 00:10:12.007278 dv-cinder-786260-5-iscsi devstack@c-api.service[98681]: INFO cinder.api.openstack.wsgi [None req-fd08904a-95fd-4204-a700-5b037b9e8324 tempest-GroupsTest-1684188903 tempest-GroupsTest-1684188903-project] http://10.222.0.15/volume/v3/8d5a01ec5a76488095800e7b26bd065f/groups/f850c583-5933-4053-ba6c-95cfc14c861e returned with HTTP 200
Jun 11 00:10:12.007953 dv-cinder-786260-5-iscsi devstack@c-api.service[98681]: [pid: 98681|app: 0|req: 96/194] 10.222.0.15 () {60 vars in 1363 bytes} [Fri Jun 11 00:10:11 2021] GET /volume/v3/8d5a01ec5a76488095800e7b26bd065f/groups/f850c583-5933-4053-ba6c-95cfc14c861e => generated 323 bytes in 27 msecs (HTTP/1.1 200) 7 headers in 286 bytes (1 switches on core 0)
Jun 11 00:10:12.017720 dv-cinder-786260-5-iscsi devstack@c-api.service[98681]: INFO cinder.api.openstack.wsgi [None req-e5b548e5-6a66-46cd-bc0b-42fe6af8d365 tempest-GroupsTest-1684188903 tempest-GroupsTest-1684188903-project] GET http://10.222.0.15/volume/v3/8d5a01ec5a76488095800e7b26bd065f/groups/detail
Jun 11 00:10:12.018656 dv-cinder-786260-5-iscsi devstack@c-api.service[98681]: DEBUG cinder.api.openstack.wsgi [None req-e5b548e5-6a66-46cd-bc0b-42fe6af8d365 tempest-GroupsTest-1684188903 tempest-GroupsTest-1684188903-project] Empty body provided in request {{(pid=98681) get_body /opt/stack/cinder/cinder/api/openstack/wsgi.py:713}}
Jun 11 00:10:12.019031 dv-cinder-786260-5-iscsi devstack@c-api.service[98681]: /usr/local/lib/python3.8/dist-packages/webob/acceptparse.py:1047: DeprecationWarning: The behavior of AcceptValidHeader.best_match is currently being maintained for backward compatibility, but it will be deprecated in the future, as it does not conform to the RFC.
Jun 11 00:10:12.019031 dv-cinder-786260-5-iscsi devstack@c-api.service[98681]: warnings.warn(
Jun 11 00:10:12.019548 dv-cinder-786260-5-iscsi devstack@c-api.service[98681]: DEBUG cinder.api.openstack.wsgi [None req-e5b548e5-6a66-46cd-bc0b-42fe6af8d365 tempest-GroupsTest-1684188903 tempest-GroupsTest-1684188903-project] Calling method 'version_select' {{(pid=98681) _process_stack /opt/stack/cinder/cinder/api/openstack/wsgi.py:866}}
Jun 11 00:10:12.020759 dv-cinder-786260-5-iscsi devstack@c-api.service[98681]: /usr/local/lib/python3.8/dist-packages/oslo_context/context.py:105: DeprecationWarning: Policy enforcement is depending on the value of is_admin. This key is deprecated. Please update your policy file to use the standard policy values.
Jun 11 00:10:12.020759 dv-cinder-786260-5-iscsi devstack@c-api.service[98681]: warnings.warn('Policy enforcement is depending on the value of '
Jun 11 00:10:12.057884 dv-cinder-786260-5-iscsi devstack@c-api.service[98681]: INFO cinder.api.openstack.wsgi [None req-e5b548e5-6a66-46cd-bc0b-42fe6af8d365 tempest-GroupsTest-1684188903 tempest-GroupsTest-1684188903-project] http://10.222.0.15/volume/v3/8d5a01ec5a76488095800e7b26bd065f/groups/detail returned with HTTP 200
Jun 11 00:10:12.065187 dv-cinder-786260-5-iscsi devstack@c-api.service[98681]: [pid: 98681|app: 0|req: 97/195] 10.222.0.15 () {60 vars in 1273 bytes} [Fri Jun 11 00:10:12 2021] GET /volume/v3/8d5a01ec5a76488095800e7b26bd065f/groups/detail => generated 639 bytes in 51 msecs (HTTP/1.1 200) 7 headers in 286 bytes (1 switches on core 0)
Jun 11 00:10:12.069051 dv-cinder-786260-5-iscsi devstack@c-api.service[98681]: INFO cinder.api.openstack.wsgi [None req-1f2ce607-411b-4608-a775-f2c7b826d072 tempest-GroupsTest-1684188903 tempest-GroupsTest-1684188903-project] GET http://10.222.0.15/volume/v3/8d5a01ec5a76488095800e7b26bd065f/volumes/detail
Jun 11 00:10:12.069731 dv-cinder-786260-5-iscsi devstack@c-api.service[98681]: DEBUG cinder.api.openstack.wsgi [None req-1f2ce607-411b-4608-a775-f2c7b826d072 tempest-GroupsTest-1684188903 tempest-GroupsTest-1684188903-project] Empty body provided in request {{(pid=98681) get_body /opt/stack/cinder/cinder/api/openstack/wsgi.py:713}}
Jun 11 00:10:12.069890 dv-cinder-786260-5-iscsi devstack@c-api.service[98681]: /usr/local/lib/python3.8/dist-packages/webob/acceptparse.py:1047: DeprecationWarning: The behavior of AcceptValidHeader.best_match is currently being maintained for backward compatibility, but it will be deprecated in the future, as it does not conform to the RFC.
Jun 11 00:10:12.069890 dv-cinder-786260-5-iscsi devstack@c-api.service[98681]: warnings.warn(
Jun 11 00:10:12.070427 dv-cinder-786260-5-iscsi devstack@c-api.service[98681]: DEBUG cinder.api.openstack.wsgi [None req-1f2ce607-411b-4608-a775-f2c7b826d072 tempest-GroupsTest-1684188903 tempest-GroupsTest-1684188903-project] Calling method 'detail' {{(pid=98681) _process_stack /opt/stack/cinder/cinder/api/openstack/wsgi.py:866}}
Jun 11 00:10:12.071197 dv-cinder-786260-5-iscsi devstack@c-api.service[98681]: DEBUG cinder.api.api_utils [None req-1f2ce607-411b-4608-a775-f2c7b826d072 tempest-GroupsTest-1684188903 tempest-GroupsTest-1684188903-project] Removing options '' from query. {{(pid=98681) remove_invalid_filter_options /opt/stack/cinder/cinder/api/api_utils.py:73}}
Jun 11 00:10:12.072480 dv-cinder-786260-5-iscsi devstack@c-api.service[98681]: /usr/local/lib/python3.8/dist-packages/oslo_context/context.py:105: DeprecationWarning: Policy enforcement is depending on the value of is_admin. This key is deprecated. Please update your policy file to use the standard policy values.
Jun 11 00:10:12.072480 dv-cinder-786260-5-iscsi devstack@c-api.service[98681]: warnings.warn('Policy enforcement is depending on the value of '
Jun 11 00:10:12.073708 dv-cinder-786260-5-iscsi devstack@c-api.service[98681]: DEBUG cinder.volume.api [None req-1f2ce607-411b-4608-a775-f2c7b826d072 tempest-GroupsTest-1684188903 tempest-GroupsTest-1684188903-project] Searching by: MultiDict([('no_migration_targets', True)]). {{(pid=98681) get_all /opt/stack/cinder/cinder/volume/api.py:617}}
Jun 11 00:10:12.074956 dv-cinder-786260-5-iscsi devstack@c-api.service[98680]: INFO cinder.api.openstack.wsgi [None req-03532212-2b70-4d9a-b7bc-ad285608132f tempest-VolumeTypesAccessTest-252324062 tempest-VolumeTypesAccessTest-252324062-project-admin] http://10.222.0.15/volume/v3/28422b49a58e418abdef75c6ddec0e66/types/1f33c0e1-962a-4d05-ab48-6e88548ca2b3 returned with HTTP 202
Jun 11 00:10:12.079293 dv-cinder-786260-5-iscsi devstack@c-api.service[98680]: [pid: 98680|app: 0|req: 99/196] 10.222.0.15 () {58 vars in 1322 bytes} [Fri Jun 11 00:10:11 2021] DELETE /volume/v3/28422b49a58e418abdef75c6ddec0e66/types/1f33c0e1-962a-4d05-ab48-6e88548ca2b3 => generated 0 bytes in 93 msecs (HTTP/1.1 202) 6 headers in 233 bytes (1 switches on core 0)
Jun 11 00:10:12.084610 dv-cinder-786260-5-iscsi devstack@c-api.service[98680]: INFO cinder.api.openstack.wsgi [None req-e9a453ec-d460-440a-8861-545d41f5bf04 tempest-VolumeTypesAccessTest-252324062 tempest-VolumeTypesAccessTest-252324062-project-admin] GET http://10.222.0.15/volume/v3/28422b49a58e418abdef75c6ddec0e66/types/1f33c0e1-962a-4d05-ab48-6e88548ca2b3
Jun 11 00:10:12.085306 dv-cinder-786260-5-iscsi devstack@c-api.service[98680]: DEBUG cinder.api.openstack.wsgi [None req-e9a453ec-d460-440a-8861-545d41f5bf04 tempest-VolumeTypesAccessTest-252324062 tempest-VolumeTypesAccessTest-252324062-project-admin] Empty body provided in request {{(pid=98680) get_body /opt/stack/cinder/cinder/api/openstack/wsgi.py:713}}
Jun 11 00:10:12.085892 dv-cinder-786260-5-iscsi devstack@c-api.service[98680]: DEBUG cinder.api.openstack.wsgi [None req-e9a453ec-d460-440a-8861-545d41f5bf04 tempest-VolumeTypesAccessTest-252324062 tempest-VolumeTypesAccessTest-252324062-project-admin] Calling method 'show' {{(pid=98680) _process_stack /opt/stack/cinder/cinder/api/openstack/wsgi.py:866}}
Jun 11 00:10:12.092807 dv-cinder-786260-5-iscsi devstack@c-api.service[98680]: INFO cinder.api.openstack.wsgi [None req-e9a453ec-d460-440a-8861-545d41f5bf04 tempest-VolumeTypesAccessTest-252324062 tempest-VolumeTypesAccessTest-252324062-project-admin] http://10.222.0.15/volume/v3/28422b49a58e418abdef75c6ddec0e66/types/1f33c0e1-962a-4d05-ab48-6e88548ca2b3 returned with HTTP 404
Jun 11 00:10:12.094032 dv-cinder-786260-5-iscsi devstack@c-api.service[98680]: [pid: 98680|app: 0|req: 100/197] 10.222.0.15 () {58 vars in 1319 bytes} [Fri Jun 11 00:10:12 2021] GET /volume/v3/28422b49a58e418abdef75c6ddec0e66/types/1f33c0e1-962a-4d05-ab48-6e88548ca2b3 => generated 114 bytes in 14 msecs (HTTP/1.1 404) 7 headers in 292 bytes (1 switches on core 0)
Jun 11 00:10:12.130807 dv-cinder-786260-5-iscsi devstack@c-api.service[98681]: INFO cinder.volume.api [None req-1f2ce607-411b-4608-a775-f2c7b826d072 tempest-GroupsTest-1684188903 tempest-GroupsTest-1684188903-project] Get all volumes completed successfully.
