Jun 06 11:52:15.793119 dv-cinder-786260-3-iscsi devstack@c-api.service[98497]: DEBUG cinder.api.openstack.wsgi [None req-497a5f6d-a8bf-4beb-87d6-ccd902edbad4 tempest-AttachVolumeNegativeTest-1698503967 tempest-AttachVolumeNegativeTest-1698503967-project] Calling method 'show' {{(pid=98497) _process_stack /opt/stack/cinder/cinder/api/openstack/wsgi.py:866}}
Jun 06 11:52:15.895774 dv-cinder-786260-3-iscsi devstack@c-api.service[98497]: /usr/local/lib/python3.8/dist-packages/oslo_context/context.py:105: DeprecationWarning: Policy enforcement is depending on the value of is_admin. This key is deprecated. Please update your policy file to use the standard policy values.
Jun 06 11:52:15.895774 dv-cinder-786260-3-iscsi devstack@c-api.service[98497]: warnings.warn('Policy enforcement is depending on the value of '
Jun 06 11:52:15.915087 dv-cinder-786260-3-iscsi devstack@c-api.service[98497]: INFO cinder.volume.api [None req-497a5f6d-a8bf-4beb-87d6-ccd902edbad4 tempest-AttachVolumeNegativeTest-1698503967 tempest-AttachVolumeNegativeTest-1698503967-project] Volume info retrieved successfully.
Jun 06 11:52:15.952269 dv-cinder-786260-3-iscsi devstack@c-api.service[98497]: INFO cinder.api.openstack.wsgi [None req-497a5f6d-a8bf-4beb-87d6-ccd902edbad4 tempest-AttachVolumeNegativeTest-1698503967 tempest-AttachVolumeNegativeTest-1698503967-project] http://10.222.0.46/volume/v3/53014cfd1d5b4ea5b9d78120d23fd44c/volumes/6379944d-8c12-4f13-9710-ac911789f5c3 returned with HTTP 200
Jun 06 11:52:15.960545 dv-cinder-786260-3-iscsi devstack@c-api.service[98496]: INFO cinder.api.openstack.wsgi [None req-661cfa93-093b-472b-992a-5cef237229ae tempest-VolumeQuotasNegativeTestJSON-717670932 tempest-VolumeQuotasNegativeTestJSON-717670932-project-admin] GET http://10.222.0.46/volume/v3/f1c85f628cb6452bb4e4822163c09f4b/os-quota-sets/e4adbf8f11c94922b29e726fbb626cd2
Jun 06 11:52:15.961051 dv-cinder-786260-3-iscsi devstack@c-api.service[98496]: DEBUG cinder.api.openstack.wsgi [None req-661cfa93-093b-472b-992a-5cef237229ae tempest-VolumeQuotasNegativeTestJSON-717670932 tempest-VolumeQuotasNegativeTestJSON-717670932-project-admin] Empty body provided in request {{(pid=98496) get_body /opt/stack/cinder/cinder/api/openstack/wsgi.py:713}}
Jun 06 11:52:15.961680 dv-cinder-786260-3-iscsi devstack@c-api.service[98496]: DEBUG cinder.api.openstack.wsgi [None req-661cfa93-093b-472b-992a-5cef237229ae tempest-VolumeQuotasNegativeTestJSON-717670932 tempest-VolumeQuotasNegativeTestJSON-717670932-project-admin] Calling method 'show' {{(pid=98496) _process_stack /opt/stack/cinder/cinder/api/openstack/wsgi.py:866}}
Jun 06 11:52:15.965106 dv-cinder-786260-3-iscsi devstack@c-api.service[98497]: [pid: 98497|app: 0|req: 80/169] 10.222.0.46 () {58 vars in 1325 bytes} [Sun Jun 6 11:52:15 2021] GET /volume/v3/53014cfd1d5b4ea5b9d78120d23fd44c/volumes/6379944d-8c12-4f13-9710-ac911789f5c3 => generated 892 bytes in 181 msecs (HTTP/1.1 200) 7 headers in 285 bytes (1 switches on core 0)
Jun 06 11:52:16.040559 dv-cinder-786260-3-iscsi devstack@c-api.service[98496]: INFO cinder.api.openstack.wsgi [None req-661cfa93-093b-472b-992a-5cef237229ae tempest-VolumeQuotasNegativeTestJSON-717670932 tempest-VolumeQuotasNegativeTestJSON-717670932-project-admin] http://10.222.0.46/volume/v3/f1c85f628cb6452bb4e4822163c09f4b/os-quota-sets/e4adbf8f11c94922b29e726fbb626cd2 returned with HTTP 200
Jun 06 11:52:16.041823 dv-cinder-786260-3-iscsi devstack@c-api.service[98496]: [pid: 98496|app: 0|req: 90/170] 10.222.0.46 () {58 vars in 1331 bytes} [Sun Jun 6 11:52:15 2021] GET /volume/v3/f1c85f628cb6452bb4e4822163c09f4b/os-quota-sets/e4adbf8f11c94922b29e726fbb626cd2 => generated 361 bytes in 552 msecs (HTTP/1.1 200) 7 headers in 285 bytes (1 switches on core 0)
Jun 06 11:52:16.283800 dv-cinder-786260-3-iscsi devstack@c-api.service[98497]: INFO cinder.api.openstack.wsgi [None req-6c1b1cf7-a058-4f9c-90fd-307904d128b9 tempest-VolumeQuotasNegativeTestJSON-1277998253 tempest-VolumeQuotasNegativeTestJSON-1277998253-project] POST http://10.222.0.46/volume/v3/e4adbf8f11c94922b29e726fbb626cd2/volumes
Jun 06 11:52:16.284222 dv-cinder-786260-3-iscsi devstack@c-api.service[98497]: /usr/local/lib/python3.8/dist-packages/webob/acceptparse.py:1047: DeprecationWarning: The behavior of AcceptValidHeader.best_match is currently being maintained for backward compatibility, but it will be deprecated in the future, as it does not conform to the RFC.
Jun 06 11:52:16.284222 dv-cinder-786260-3-iscsi devstack@c-api.service[98497]: warnings.warn(
Jun 06 11:52:16.284569 dv-cinder-786260-3-iscsi devstack@c-api.service[98497]: DEBUG cinder.api.openstack.wsgi [None req-6c1b1cf7-a058-4f9c-90fd-307904d128b9 tempest-VolumeQuotasNegativeTestJSON-1277998253 tempest-VolumeQuotasNegativeTestJSON-1277998253-project] Action: 'create', calling method: create, body: {"volume": {"size": 1, "name": "tempest-VolumeQuotasNegativeTestJSON-Volume-1212436578"}} {{(pid=98497) _process_stack /opt/stack/cinder/cinder/api/openstack/wsgi.py:864}}
Jun 06 11:52:16.285549 dv-cinder-786260-3-iscsi devstack@c-api.service[98497]: DEBUG cinder.api.v3.volumes [None req-6c1b1cf7-a058-4f9c-90fd-307904d128b9 tempest-VolumeQuotasNegativeTestJSON-1277998253 tempest-VolumeQuotasNegativeTestJSON-1277998253-project] Create volume request body: {'volume': {'size': 1, 'name': 'tempest-VolumeQuotasNegativeTestJSON-Volume-1212436578'}} {{(pid=98497) create /opt/stack/cinder/cinder/api/v3/volumes.py:289}}
Jun 06 11:52:16.285870 dv-cinder-786260-3-iscsi devstack@c-api.service[98497]: INFO cinder.api.v3.volumes [None req-6c1b1cf7-a058-4f9c-90fd-307904d128b9 tempest-VolumeQuotasNegativeTestJSON-1277998253 tempest-VolumeQuotasNegativeTestJSON-1277998253-project] Create volume of 1 GB
Jun 06 11:52:16.299911 dv-cinder-786260-3-iscsi devstack@c-api.service[98497]: INFO cinder.volume.api [None req-6c1b1cf7-a058-4f9c-90fd-307904d128b9 tempest-VolumeQuotasNegativeTestJSON-1277998253 tempest-VolumeQuotasNegativeTestJSON-1277998253-project] Availability Zones retrieved successfully.
Jun 06 11:52:16.317442 dv-cinder-786260-3-iscsi devstack@c-api.service[98497]: DEBUG cinder.volume.api [None req-6c1b1cf7-a058-4f9c-90fd-307904d128b9 tempest-VolumeQuotasNegativeTestJSON-1277998253 tempest-VolumeQuotasNegativeTestJSON-1277998253-project] Flow 'volume_create_api' (c8fbdaae-1b2c-42ef-8e78-d3d85b8e2082) transitioned into state 'RUNNING' from state 'PENDING' {{(pid=98497) _flow_receiver /usr/local/lib/python3.8/dist-packages/taskflow/listeners/logging.py:141}}
Jun 06 11:52:16.321137 dv-cinder-786260-3-iscsi devstack@c-api.service[98497]: DEBUG cinder.volume.api [None req-6c1b1cf7-a058-4f9c-90fd-307904d128b9 tempest-VolumeQuotasNegativeTestJSON-1277998253 tempest-VolumeQuotasNegativeTestJSON-1277998253-project] Task 'cinder.volume.flows.api.create_volume.ExtractVolumeRequestTask;volume:create' (a233a822-7ca9-478f-b6c5-9a53f8090b31) transitioned into state 'RUNNING' from state 'PENDING' {{(pid=98497) _task_receiver /usr/local/lib/python3.8/dist-packages/taskflow/listeners/logging.py:190}}
Jun 06 11:52:16.323736 dv-cinder-786260-3-iscsi devstack@c-api.service[98497]: DEBUG cinder.volume.flows.api.create_volume [None req-6c1b1cf7-a058-4f9c-90fd-307904d128b9 tempest-VolumeQuotasNegativeTestJSON-1277998253 tempest-VolumeQuotasNegativeTestJSON-1277998253-project] Validating volume size '1' using validate_int {{(pid=98497) _extract_size /opt/stack/cinder/cinder/volume/flows/api/create_volume.py:201}}
Jun 06 11:52:16.385576 dv-cinder-786260-3-iscsi devstack@c-api.service[98497]: DEBUG cinder.volume.api [None req-6c1b1cf7-a058-4f9c-90fd-307904d128b9 tempest-VolumeQuotasNegativeTestJSON-1277998253 tempest-VolumeQuotasNegativeTestJSON-1277998253-project] Task 'cinder.volume.flows.api.create_volume.ExtractVolumeRequestTask;volume:create' (a233a822-7ca9-478f-b6c5-9a53f8090b31) transitioned into state 'SUCCESS' from state 'RUNNING' with result '{'size': 1, 'snapshot_id': None, 'source_volid': None, 'volume_type': VolumeType(created_at=2021-06-06T11:42:41Z,deleted=False,deleted_at=None,description='Default Volume Type',extra_specs={},id=5e1f731b-37f8-4983-9b95-34d47a62c2ce,is_public=True,name='__DEFAULT__',projects=[],qos_specs=,qos_specs_id=None,updated_at=2021-06-06T11:42:41Z), 'volume_type_id': '5e1f731b-37f8-4983-9b95-34d47a62c2ce', 'encryption_key_id': None, 'qos_specs': None, 'consistencygroup_id': None, 'cgsnapshot_id': None, 'group_id': None, 'replication_status': 'disabled', 'refresh_az': False, 'backup_id': None, 'multiattach': False, 'availability_zones': ['nova']}' {{(pid=98497) _task_receiver /usr/local/lib/python3.8/dist-packages/taskflow/listeners/logging.py:178}}
Jun 06 11:52:16.387587 dv-cinder-786260-3-iscsi devstack@c-api.service[98497]: DEBUG cinder.volume.api [None req-6c1b1cf7-a058-4f9c-90fd-307904d128b9 tempest-VolumeQuotasNegativeTestJSON-1277998253 tempest-VolumeQuotasNegativeTestJSON-1277998253-project] Task 'cinder.volume.flows.api.create_volume.QuotaReserveTask;volume:create' (ca84278c-bd88-43a3-a213-0d24c8246cf5) transitioned into state 'RUNNING' from state 'PENDING' {{(pid=98497) _task_receiver /usr/local/lib/python3.8/dist-packages/taskflow/listeners/logging.py:190}}
Jun 06 11:52:16.558879 dv-cinder-786260-3-iscsi devstack@c-api.service[98497]: DEBUG cinder.quota [None req-6c1b1cf7-a058-4f9c-90fd-307904d128b9 tempest-VolumeQuotasNegativeTestJSON-1277998253 tempest-VolumeQuotasNegativeTestJSON-1277998253-project] Created reservations ['e18e5310-c784-4ac5-9349-32c8ac46cf01', '6979543c-99d4-4639-93dc-c1b50bc8e0b4', '98e8e44a-39fa-49a2-be1f-3ddd6acd6fb2', 'da0c72af-b35e-4b23-8c27-98b8fb5099df'] {{(pid=98497) reserve /opt/stack/cinder/cinder/quota.py:755}}
Jun 06 11:52:16.560653 dv-cinder-786260-3-iscsi devstack@c-api.service[98497]: DEBUG cinder.volume.api [None req-6c1b1cf7-a058-4f9c-90fd-307904d128b9 tempest-VolumeQuotasNegativeTestJSON-1277998253 tempest-VolumeQuotasNegativeTestJSON-1277998253-project] Task 'cinder.volume.flows.api.create_volume.QuotaReserveTask;volume:create' (ca84278c-bd88-43a3-a213-0d24c8246cf5) transitioned into state 'SUCCESS' from state 'RUNNING' with result '{'reservations': ['e18e5310-c784-4ac5-9349-32c8ac46cf01', '6979543c-99d4-4639-93dc-c1b50bc8e0b4', '98e8e44a-39fa-49a2-be1f-3ddd6acd6fb2', 'da0c72af-b35e-4b23-8c27-98b8fb5099df']}' {{(pid=98497) _task_receiver /usr/local/lib/python3.8/dist-packages/taskflow/listeners/logging.py:178}}
Jun 06 11:52:16.563349 dv-cinder-786260-3-iscsi devstack@c-api.service[98497]: DEBUG cinder.volume.api [None req-6c1b1cf7-a058-4f9c-90fd-307904d128b9 tempest-VolumeQuotasNegativeTestJSON-1277998253 tempest-VolumeQuotasNegativeTestJSON-1277998253-project] Task 'cinder.volume.flows.api.create_volume.EntryCreateTask;volume:create' (cb4acf56-54c4-441c-98ba-380410199e6b) transitioned into state 'RUNNING' from state 'PENDING' {{(pid=98497) _task_receiver /usr/local/lib/python3.8/dist-packages/taskflow/listeners/logging.py:190}}
Jun 06 11:52:16.678052 dv-cinder-786260-3-iscsi devstack@c-api.service[98497]: DEBUG cinder.volume.api [None req-6c1b1cf7-a058-4f9c-90fd-307904d128b9 tempest-VolumeQuotasNegativeTestJSON-1277998253 tempest-VolumeQuotasNegativeTestJSON-1277998253-project] Task 'cinder.volume.flows.api.create_volume.EntryCreateTask;volume:create' (cb4acf56-54c4-441c-98ba-380410199e6b) transitioned into state 'SUCCESS' from state 'RUNNING' with result '{'volume_id': '8a1b08b0-eb37-4cbe-bb68-52b7626cf182', 'volume_properties': VolumeProperties(attach_status='detached',availability_zone='nova',cgsnapshot_id=None,consistencygroup_id=None,display_description=None,display_name='tempest-VolumeQuotasNegativeTestJSON-Volume-1212436578',encryption_key_id=None,group_id=None,group_type_id=,metadata={},multiattach=False,project_id='e4adbf8f11c94922b29e726fbb626cd2',qos_specs=None,replication_status=,reservations=['e18e5310-c784-4ac5-9349-32c8ac46cf01','6979543c-99d4-4639-93dc-c1b50bc8e0b4','98e8e44a-39fa-49a2-be1f-3ddd6acd6fb2','da0c72af-b35e-4b23-8c27-98b8fb5099df'],size=1,snapshot_id=None,source_replicaid=,source_volid=None,status='creating',user_id='df94ff852d0d492c9013c3e22a74af5f',volume_type_id=5e1f731b-37f8-4983-9b95-34d47a62c2ce), 'volume': Volume(_name_id=None,admin_metadata=,attach_status='detached',availability_zone='nova',bootable=False,cluster=,cluster_name=None,consistencygroup=,consistencygroup_id=None,created_at=2021-06-06T11:52:16Z,deleted=False,deleted_at=None,display_description=None,display_name='tempest-VolumeQuotasNegativeTestJSON-Volume-1212436578',ec2_id=None,encryption_key_id=None,glance_metadata=,group=,group_id=None,host=None,id=8a1b08b0-eb37-4cbe-bb68-52b7626cf182,launched_at=None,metadata={},migration_status=None,multiattach=False,previous_status=None,project_id='e4adbf8f11c94922b29e726fbb626cd2',provider_auth=None,provider_geometry=None,provider_id=None,provider_location=None,replication_driver_data=None,replication_extended_status=None,replication_status=None,scheduled_at=None,service_uuid=None,shared_targets=True,size=1,snapshot_id=None,snapshots=,source_volid=None,status='creating',terminated_at=None,updated_at=None,user_id='df94ff852d0d492c9013c3e22a74af5f',volume_attachment=,volume_type=VolumeType(5e1f731b-37f8-4983-9b95-34d47a62c2ce),volume_type_id=5e1f731b-37f8-4983-9b95-34d47a62c2ce)}' {{(pid=98497) _task_receiver /usr/local/lib/python3.8/dist-packages/taskflow/listeners/logging.py:178}}
Jun 06 11:52:16.680819 dv-cinder-786260-3-iscsi devstack@c-api.service[98497]: DEBUG cinder.volume.api [None req-6c1b1cf7-a058-4f9c-90fd-307904d128b9 tempest-VolumeQuotasNegativeTestJSON-1277998253 tempest-VolumeQuotasNegativeTestJSON-1277998253-project] Task 'cinder.volume.flows.api.create_volume.QuotaCommitTask;volume:create' (5cf2ea75-2112-4847-b3ef-fed2e001bd59) transitioned into state 'RUNNING' from state 'PENDING' {{(pid=98497) _task_receiver /usr/local/lib/python3.8/dist-packages/taskflow/listeners/logging.py:190}}
Jun 06 11:52:16.717891 dv-cinder-786260-3-iscsi devstack@c-api.service[98497]: DEBUG cinder.volume.api [None req-6c1b1cf7-a058-4f9c-90fd-307904d128b9 tempest-VolumeQuotasNegativeTestJSON-1277998253 tempest-VolumeQuotasNegativeTestJSON-1277998253-project] Task 'cinder.volume.flows.api.create_volume.QuotaCommitTask;volume:create' (5cf2ea75-2112-4847-b3ef-fed2e001bd59) transitioned into state 'SUCCESS' from state 'RUNNING' with result '{'volume_properties': VolumeProperties(attach_status='detached',availability_zone='nova',cgsnapshot_id=None,consistencygroup_id=None,display_description=None,display_name='tempest-VolumeQuotasNegativeTestJSON-Volume-1212436578',encryption_key_id=None,group_id=None,group_type_id=,metadata={},multiattach=False,project_id='e4adbf8f11c94922b29e726fbb626cd2',qos_specs=None,replication_status=,reservations=['e18e5310-c784-4ac5-9349-32c8ac46cf01','6979543c-99d4-4639-93dc-c1b50bc8e0b4','98e8e44a-39fa-49a2-be1f-3ddd6acd6fb2','da0c72af-b35e-4b23-8c27-98b8fb5099df'],size=1,snapshot_id=None,source_replicaid=,source_volid=None,status='creating',user_id='df94ff852d0d492c9013c3e22a74af5f',volume_type_id=5e1f731b-37f8-4983-9b95-34d47a62c2ce)}' {{(pid=98497) _task_receiver /usr/local/lib/python3.8/dist-packages/taskflow/listeners/logging.py:178}}
Jun 06 11:52:16.722807 dv-cinder-786260-3-iscsi devstack@c-api.service[98497]: DEBUG cinder.volume.api [None req-6c1b1cf7-a058-4f9c-90fd-307904d128b9 tempest-VolumeQuotasNegativeTestJSON-1277998253 tempest-VolumeQuotasNegativeTestJSON-1277998253-project] Task 'cinder.volume.flows.api.create_volume.VolumeCastTask;volume:create' (443f9dd4-f26b-45f6-a801-96f27ee7a2ca) transitioned into state 'RUNNING' from state 'PENDING' {{(pid=98497) _task_receiver /usr/local/lib/python3.8/dist-packages/taskflow/listeners/logging.py:190}}
Jun 06 11:52:16.773098 dv-cinder-786260-3-iscsi devstack@c-api.service[98497]: DEBUG cinder.volume.api [None req-6c1b1cf7-a058-4f9c-90fd-307904d128b9 tempest-VolumeQuotasNegativeTestJSON-1277998253 tempest-VolumeQuotasNegativeTestJSON-1277998253-project] Task 'cinder.volume.flows.api.create_volume.VolumeCastTask;volume:create' (443f9dd4-f26b-45f6-a801-96f27ee7a2ca) transitioned into state 'SUCCESS' from state 'RUNNING' with result 'None' {{(pid=98497) _task_receiver /usr/local/lib/python3.8/dist-packages/taskflow/listeners/logging.py:178}}
Jun 06 11:52:16.791961 dv-cinder-786260-3-iscsi devstack@c-api.service[98497]: DEBUG cinder.volume.api [None req-6c1b1cf7-a058-4f9c-90fd-307904d128b9 tempest-VolumeQuotasNegativeTestJSON-1277998253 tempest-VolumeQuotasNegativeTestJSON-1277998253-project] Flow 'volume_create_api' (c8fbdaae-1b2c-42ef-8e78-d3d85b8e2082) transitioned into state 'SUCCESS' from state 'RUNNING' {{(pid=98497) _flow_receiver /usr/local/lib/python3.8/dist-packages/taskflow/listeners/logging.py:141}}
Jun 06 11:52:16.800822 dv-cinder-786260-3-iscsi devstack@c-api.service[98497]: INFO cinder.volume.api [None req-6c1b1cf7-a058-4f9c-90fd-307904d128b9 tempest-VolumeQuotasNegativeTestJSON-1277998253 tempest-VolumeQuotasNegativeTestJSON-1277998253-project] Create volume request issued successfully.
Jun 06 11:52:16.822120 dv-cinder-786260-3-iscsi devstack@c-api.service[98497]: INFO cinder.api.openstack.wsgi [None req-6c1b1cf7-a058-4f9c-90fd-307904d128b9 tempest-VolumeQuotasNegativeTestJSON-1277998253 tempest-VolumeQuotasNegativeTestJSON-1277998253-project] http://10.222.0.46/volume/v3/e4adbf8f11c94922b29e726fbb626cd2/volumes returned with HTTP 202
Jun 06 11:52:16.832197 dv-cinder-786260-3-iscsi devstack@c-api.service[98497]: [pid: 98497|app: 0|req: 81/171] 10.222.0.46 () {60 vars in 1235 bytes} [Sun Jun 6 11:52:16 2021] POST /volume/v3/e4adbf8f11c94922b29e726fbb626cd2/volumes => generated 828 bytes in 776 msecs (HTTP/1.1 202) 7 headers in 291 bytes (1 switches on core 0)
Jun 06 11:52:16.839559 dv-cinder-786260-3-iscsi devstack@c-api.service[98496]: INFO cinder.api.openstack.wsgi [None req-7fe926ac-a8ad-4ff0-9acb-a3b5f9bf8479 tempest-VolumeQuotasNegativeTestJSON-1277998253 tempest-VolumeQuotasNegativeTestJSON-1277998253-project] GET http://10.222.0.46/volume/v3/e4adbf8f11c94922b29e726fbb626cd2/volumes/8a1b08b0-eb37-4cbe-bb68-52b7626cf182
Jun 06 11:52:16.840121 dv-cinder-786260-3-iscsi devstack@c-api.service[98496]: DEBUG cinder.api.openstack.wsgi [None req-7fe926ac-a8ad-4ff0-9acb-a3b5f9bf8479 tempest-VolumeQuotasNegativeTestJSON-1277998253 tempest-VolumeQuotasNegativeTestJSON-1277998253-project] Empty body provided in request {{(pid=98496) get_body /opt/stack/cinder/cinder/api/openstack/wsgi.py:713}}
Jun 06 11:52:16.840591 dv-cinder-786260-3-iscsi devstack@c-api.service[98496]: DEBUG cinder.api.openstack.wsgi [None req-7fe926ac-a8ad-4ff0-9acb-a3b5f9bf8479 tempest-VolumeQuotasNegativeTestJSON-1277998253 tempest-VolumeQuotasNegativeTestJSON-1277998253-project] Calling method 'show' {{(pid=98496) _process_stack /opt/stack/cinder/cinder/api/openstack/wsgi.py:866}}
Jun 06 11:52:16.948180 dv-cinder-786260-3-iscsi devstack@c-api.service[98496]: /usr/local/lib/python3.8/dist-packages/oslo_context/context.py:105: DeprecationWarning: Policy enforcement is depending on the value of is_admin. This key is deprecated. Please update your policy file to use the standard policy values.
Jun 06 11:52:16.948180 dv-cinder-786260-3-iscsi devstack@c-api.service[98496]: warnings.warn('Policy enforcement is depending on the value of '
Jun 06 11:52:16.960033 dv-cinder-786260-3-iscsi devstack@c-api.service[98496]: INFO cinder.volume.api [None req-7fe926ac-a8ad-4ff0-9acb-a3b5f9bf8479 tempest-VolumeQuotasNegativeTestJSON-1277998253 tempest-VolumeQuotasNegativeTestJSON-1277998253-project] Volume info retrieved successfully.
Jun 06 11:52:16.970995 dv-cinder-786260-3-iscsi devstack@c-api.service[98497]: INFO cinder.api.openstack.wsgi [None req-3ba405aa-4fd4-482e-9083-e629606be405 tempest-AttachVolumeNegativeTest-1698503967 tempest-AttachVolumeNegativeTest-1698503967-project] GET http://10.222.0.46/volume/v3/53014cfd1d5b4ea5b9d78120d23fd44c/volumes/6379944d-8c12-4f13-9710-ac911789f5c3
Jun 06 11:52:16.971598 dv-cinder-786260-3-iscsi devstack@c-api.service[98497]: DEBUG cinder.api.openstack.wsgi [None req-3ba405aa-4fd4-482e-9083-e629606be405 tempest-AttachVolumeNegativeTest-1698503967 tempest-AttachVolumeNegativeTest-1698503967-project] Empty body provided in request {{(pid=98497) get_body /opt/stack/cinder/cinder/api/openstack/wsgi.py:713}}
Jun 06 11:52:16.971785 dv-cinder-786260-3-iscsi devstack@c-api.service[98497]: /usr/local/lib/python3.8/dist-packages/webob/acceptparse.py:1047: DeprecationWarning: The behavior of AcceptValidHeader.best_match is currently being maintained for backward compatibility, but it will be deprecated in the future, as it does not conform to the RFC.
Jun 06 11:52:16.971785 dv-cinder-786260-3-iscsi devstack@c-api.service[98497]: warnings.warn(
Jun 06 11:52:16.972117 dv-cinder-786260-3-iscsi devstack@c-api.service[98497]: DEBUG cinder.api.openstack.wsgi [None req-3ba405aa-4fd4-482e-9083-e629606be405 tempest-AttachVolumeNegativeTest-1698503967 tempest-AttachVolumeNegativeTest-1698503967-project] Calling method 'show' {{(pid=98497) _process_stack /opt/stack/cinder/cinder/api/openstack/wsgi.py:866}}
Jun 06 11:52:17.036203 dv-cinder-786260-3-iscsi devstack@c-api.service[98496]: INFO cinder.api.openstack.wsgi [None req-7fe926ac-a8ad-4ff0-9acb-a3b5f9bf8479 tempest-VolumeQuotasNegativeTestJSON-1277998253 tempest-VolumeQuotasNegativeTestJSON-1277998253-project] http://10.222.0.46/volume/v3/e4adbf8f11c94922b29e726fbb626cd2/volumes/8a1b08b0-eb37-4cbe-bb68-52b7626cf182 returned with HTTP 200
Jun 06 11:52:17.047166 dv-cinder-786260-3-iscsi devstack@c-api.service[98496]: [pid: 98496|app: 0|req: 91/172] 10.222.0.46 () {58 vars in 1325 bytes} [Sun Jun 6 11:52:16 2021] GET /volume/v3/e4adbf8f11c94922b29e726fbb626cd2/volumes/8a1b08b0-eb37-4cbe-bb68-52b7626cf182 => generated 896 bytes in 206 msecs (HTTP/1.1 200) 7 headers in 285 bytes (1 switches on core 0)
Jun 06 11:52:17.078183 dv-cinder-786260-3-iscsi devstack@c-api.service[98497]: /usr/local/lib/python3.8/dist-packages/oslo_context/context.py:105: DeprecationWarning: Policy enforcement is depending on the value of is_admin. This key is deprecated. Please update your policy file to use the standard policy values.
Jun 06 11:52:17.078183 dv-cinder-786260-3-iscsi devstack@c-api.service[98497]: warnings.warn('Policy enforcement is depending on the value of '
Jun 06 11:52:17.088047 dv-cinder-786260-3-iscsi devstack@c-api.service[98497]: INFO cinder.volume.api [None req-3ba405aa-4fd4-482e-9083-e629606be405 tempest-AttachVolumeNegativeTest-1698503967 tempest-AttachVolumeNegativeTest-1698503967-project] Volume info retrieved successfully.
Jun 06 11:52:17.116999 dv-cinder-786260-3-iscsi devstack@c-api.service[98497]: INFO cinder.api.openstack.wsgi [None req-3ba405aa-4fd4-482e-9083-e629606be405 tempest-AttachVolumeNegativeTest-1698503967 tempest-AttachVolumeNegativeTest-1698503967-project] http://10.222.0.46/volume/v3/53014cfd1d5b4ea5b9d78120d23fd44c/volumes/6379944d-8c12-4f13-9710-ac911789f5c3 returned with HTTP 200
Jun 06 11:52:17.130362 dv-cinder-786260-3-iscsi devstack@c-api.service[98497]: [pid: 98497|app: 0|req: 82/173] 10.222.0.46 () {58 vars in 1325 bytes} [Sun Jun 6 11:52:16 2021] GET /volume/v3/53014cfd1d5b4ea5b9d78120d23fd44c/volumes/6379944d-8c12-4f13-9710-ac911789f5c3 => generated 917 bytes in 166 msecs (HTTP/1.1 200) 7 headers in 285 bytes (2 switches on core 0)
Jun 06 11:52:17.516473 dv-cinder-786260-3-iscsi devstack@c-api.service[98496]: INFO cinder.api.openstack.wsgi [req-25cdd1b6-d5d8-4f2e-91d9-59f0dbc4494e req-2d9e3e1e-0e87-41b1-b3f6-aaa4288740c9 tempest-AttachVolumeNegativeTest-1698503967 tempest-AttachVolumeNegativeTest-1698503967-project] GET http://10.222.0.46/volume/v3/53014cfd1d5b4ea5b9d78120d23fd44c/volumes/6379944d-8c12-4f13-9710-ac911789f5c3
Jun 06 11:52:17.517260 dv-cinder-786260-3-iscsi devstack@c-api.service[98496]: DEBUG cinder.api.openstack.wsgi [req-25cdd1b6-d5d8-4f2e-91d9-59f0dbc4494e req-2d9e3e1e-0e87-41b1-b3f6-aaa4288740c9 tempest-AttachVolumeNegativeTest-1698503967 tempest-AttachVolumeNegativeTest-1698503967-project] Empty body provided in request {{(pid=98496) get_body /opt/stack/cinder/cinder/api/openstack/wsgi.py:713}}
Jun 06 11:52:17.517660 dv-cinder-786260-3-iscsi devstack@c-api.service[98496]: /usr/local/lib/python3.8/dist-packages/webob/acceptparse.py:1047: DeprecationWarning: The behavior of AcceptValidHeader.best_match is currently being maintained for backward compatibility, but it will be deprecated in the future, as it does not conform to the RFC.
Jun 06 11:52:17.517660 dv-cinder-786260-3-iscsi devstack@c-api.service[98496]: warnings.warn(
Jun 06 11:52:17.518305 dv-cinder-786260-3-iscsi devstack@c-api.service[98496]: DEBUG cinder.api.openstack.wsgi [req-25cdd1b6-d5d8-4f2e-91d9-59f0dbc4494e req-2d9e3e1e-0e87-41b1-b3f6-aaa4288740c9 tempest-AttachVolumeNegativeTest-1698503967 tempest-AttachVolumeNegativeTest-1698503967-project] Calling method 'show' {{(pid=98496) _process_stack /opt/stack/cinder/cinder/api/openstack/wsgi.py:866}}
Jun 06 11:52:17.574742 dv-cinder-786260-3-iscsi devstack@c-api.service[98496]: /usr/local/lib/python3.8/dist-packages/oslo_context/context.py:105: DeprecationWarning: Policy enforcement is depending on the value of is_admin. This key is deprecated. Please update your policy file to use the standard policy values.
Jun 06 11:52:17.574742 dv-cinder-786260-3-iscsi devstack@c-api.service[98496]: warnings.warn('Policy enforcement is depending on the value of '
Jun 06 11:52:17.585222 dv-cinder-786260-3-iscsi devstack@c-api.service[98496]: INFO cinder.volume.api [req-25cdd1b6-d5d8-4f2e-91d9-59f0dbc4494e req-2d9e3e1e-0e87-41b1-b3f6-aaa4288740c9 tempest-AttachVolumeNegativeTest-1698503967 tempest-AttachVolumeNegativeTest-1698503967-project] Volume info retrieved successfully.
Jun 06 11:52:17.620625 dv-cinder-786260-3-iscsi devstack@c-api.service[98496]: INFO cinder.api.openstack.wsgi [req-25cdd1b6-d5d8-4f2e-91d9-59f0dbc4494e req-2d9e3e1e-0e87-41b1-b3f6-aaa4288740c9 tempest-AttachVolumeNegativeTest-1698503967 tempest-AttachVolumeNegativeTest-1698503967-project] http://10.222.0.46/volume/v3/53014cfd1d5b4ea5b9d78120d23fd44c/volumes/6379944d-8c12-4f13-9710-ac911789f5c3 returned with HTTP 200
Jun 06 11:52:17.624181 dv-cinder-786260-3-iscsi devstack@c-api.service[98496]: [pid: 98496|app: 0|req: 92/174] 10.222.0.46 () {60 vars in 1579 bytes} [Sun Jun 6 11:52:17 2021] GET /volume/v3/53014cfd1d5b4ea5b9d78120d23fd44c/volumes/6379944d-8c12-4f13-9710-ac911789f5c3 => generated 917 bytes in 109 msecs (HTTP/1.1 200) 7 headers in 285 bytes (1 switches on core 0)
Jun 06 11:52:17.823550 dv-cinder-786260-3-iscsi devstack@c-api.service[98497]: INFO cinder.api.openstack.wsgi [None req-3ba405aa-4fd4-482e-9083-e629606be405 tempest-AttachVolumeNegativeTest-1698503967 tempest-AttachVolumeNegativeTest-1698503967-project] GET http://10.222.0.46/volume//
Jun 06 11:52:17.824020 dv-cinder-786260-3-iscsi devstack@c-api.service[98497]: DEBUG cinder.api.openstack.wsgi [None req-3ba405aa-4fd4-482e-9083-e629606be405 tempest-AttachVolumeNegativeTest-1698503967 tempest-AttachVolumeNegativeTest-1698503967-project] Empty body provided in request {{(pid=98497) get_body /opt/stack/cinder/cinder/api/openstack/wsgi.py:713}}
Jun 06 11:52:17.824182 dv-cinder-786260-3-iscsi devstack@c-api.service[98497]: /usr/local/lib/python3.8/dist-packages/webob/acceptparse.py:1047: DeprecationWarning: The behavior of AcceptValidHeader.best_match is currently being maintained for backward compatibility, but it will be deprecated in the future, as it does not conform to the RFC.
Jun 06 11:52:17.824182 dv-cinder-786260-3-iscsi devstack@c-api.service[98497]: warnings.warn(
Jun 06 11:52:17.824775 dv-cinder-786260-3-iscsi devstack@c-api.service[98497]: DEBUG cinder.api.openstack.wsgi [None req-3ba405aa-4fd4-482e-9083-e629606be405 tempest-AttachVolumeNegativeTest-1698503967 tempest-AttachVolumeNegativeTest-1698503967-project] Calling method 'all' {{(pid=98497) _process_stack /opt/stack/cinder/cinder/api/openstack/wsgi.py:866}}
Jun 06 11:52:17.826197 dv-cinder-786260-3-iscsi devstack@c-api.service[98497]: INFO cinder.api.openstack.wsgi [None req-3ba405aa-4fd4-482e-9083-e629606be405 tempest-AttachVolumeNegativeTest-1698503967 tempest-AttachVolumeNegativeTest-1698503967-project] http://10.222.0.46/volume// returned with HTTP 300
Jun 06 11:52:17.827256 dv-cinder-786260-3-iscsi devstack@c-api.service[98497]: [pid: 98497|app: 0|req: 83/175] 10.222.0.46 () {58 vars in 1299 bytes} [Sun Jun 6 11:52:17 2021] GET /volume/ => generated 754 bytes in 5 msecs (HTTP/1.1 300) 5 headers in 169 bytes (2 switches on core 0)
Jun 06 11:52:17.847033 dv-cinder-786260-3-iscsi devstack@c-api.service[98496]: INFO cinder.api.openstack.wsgi [req-25cdd1b6-d5d8-4f2e-91d9-59f0dbc4494e req-1896e3ba-44d7-479f-aaaa-dd562d5f5e00 tempest-AttachVolumeNegativeTest-1698503967 tempest-AttachVolumeNegativeTest-1698503967-project] POST http://10.222.0.46/volume/v3/53014cfd1d5b4ea5b9d78120d23fd44c/attachments
Jun 06 11:52:17.847571 dv-cinder-786260-3-iscsi devstack@c-api.service[98496]: /usr/local/lib/python3.8/dist-packages/webob/acceptparse.py:1047: DeprecationWarning: The behavior of AcceptValidHeader.best_match is currently being maintained for backward compatibility, but it will be deprecated in the future, as it does not conform to the RFC.
Jun 06 11:52:17.847571 dv-cinder-786260-3-iscsi devstack@c-api.service[98496]: warnings.warn(
Jun 06 11:52:17.848019 dv-cinder-786260-3-iscsi devstack@c-api.service[98496]: DEBUG cinder.api.openstack.wsgi [req-25cdd1b6-d5d8-4f2e-91d9-59f0dbc4494e req-1896e3ba-44d7-479f-aaaa-dd562d5f5e00 tempest-AttachVolumeNegativeTest-1698503967 tempest-AttachVolumeNegativeTest-1698503967-project] Action: 'create', calling method: version_select, body: {"attachment": {"volume_uuid": "6379944d-8c12-4f13-9710-ac911789f5c3", "instance_uuid": "58b7d9c0-1f22-4a10-8e60-a0ccc4f43f84", "connector": null}} {{(pid=98496) _process_stack /opt/stack/cinder/cinder/api/openstack/wsgi.py:864}}
Jun 06 11:52:17.936368 dv-cinder-786260-3-iscsi devstack@c-api.service[98496]: /usr/local/lib/python3.8/dist-packages/oslo_context/context.py:105: DeprecationWarning: Policy enforcement is depending on the value of is_admin. This key is deprecated. Please update your policy file to use the standard policy values.
Jun 06 11:52:17.936368 dv-cinder-786260-3-iscsi devstack@c-api.service[98496]: warnings.warn('Policy enforcement is depending on the value of '
Jun 06 11:52:18.059271 dv-cinder-786260-3-iscsi devstack@c-api.service[98497]: INFO cinder.api.openstack.wsgi [None req-342b29d4-11f1-42cd-8451-2d3e43548c71 tempest-VolumeQuotasNegativeTestJSON-1277998253 tempest-VolumeQuotasNegativeTestJSON-1277998253-project] GET http://10.222.0.46/volume/v3/e4adbf8f11c94922b29e726fbb626cd2/volumes/8a1b08b0-eb37-4cbe-bb68-52b7626cf182
Jun 06 11:52:18.061058 dv-cinder-786260-3-iscsi devstack@c-api.service[98497]: DEBUG cinder.api.openstack.wsgi [None req-342b29d4-11f1-42cd-8451-2d3e43548c71 tempest-VolumeQuotasNegativeTestJSON-1277998253 tempest-VolumeQuotasNegativeTestJSON-1277998253-project] Empty body provided in request {{(pid=98497) get_body /opt/stack/cinder/cinder/api/openstack/wsgi.py:713}}
Jun 06 11:52:18.061736 dv-cinder-786260-3-iscsi devstack@c-api.service[98497]: DEBUG cinder.api.openstack.wsgi [None req-342b29d4-11f1-42cd-8451-2d3e43548c71 tempest-VolumeQuotasNegativeTestJSON-1277998253 tempest-VolumeQuotasNegativeTestJSON-1277998253-project] Calling method 'show' {{(pid=98497) _process_stack /opt/stack/cinder/cinder/api/openstack/wsgi.py:866}}
Jun 06 11:52:18.065695 dv-cinder-786260-3-iscsi devstack@c-api.service[98496]: INFO cinder.api.openstack.wsgi [req-25cdd1b6-d5d8-4f2e-91d9-59f0dbc4494e req-1896e3ba-44d7-479f-aaaa-dd562d5f5e00 tempest-AttachVolumeNegativeTest-1698503967 tempest-AttachVolumeNegativeTest-1698503967-project] http://10.222.0.46/volume/v3/53014cfd1d5b4ea5b9d78120d23fd44c/attachments returned with HTTP 200
Jun 06 11:52:18.068156 dv-cinder-786260-3-iscsi devstack@c-api.service[98496]: [pid: 98496|app: 0|req: 93/176] 10.222.0.46 () {66 vars in 1575 bytes} [Sun Jun 6 11:52:17 2021] POST /volume/v3/53014cfd1d5b4ea5b9d78120d23fd44c/attachments => generated 273 bytes in 227 msecs (HTTP/1.1 200) 7 headers in 286 bytes (1 switches on core 0)
Jun 06 11:52:18.163726 dv-cinder-786260-3-iscsi devstack@c-api.service[98496]: INFO cinder.api.openstack.wsgi [None req-6cf8d0a8-6535-41a0-a4e6-db5d1dccfe81 tempest-AttachVolumeNegativeTest-1698503967 tempest-AttachVolumeNegativeTest-1698503967-project] GET http://10.222.0.46/volume/v3/53014cfd1d5b4ea5b9d78120d23fd44c/volumes/6379944d-8c12-4f13-9710-ac911789f5c3
Jun 06 11:52:18.164198 dv-cinder-786260-3-iscsi devstack@c-api.service[98496]: DEBUG cinder.api.openstack.wsgi [None req-6cf8d0a8-6535-41a0-a4e6-db5d1dccfe81 tempest-AttachVolumeNegativeTest-1698503967 tempest-AttachVolumeNegativeTest-1698503967-project] Empty body provided in request {{(pid=98496) get_body /opt/stack/cinder/cinder/api/openstack/wsgi.py:713}}
Jun 06 11:52:18.164371 dv-cinder-786260-3-iscsi devstack@c-api.service[98496]: /usr/local/lib/python3.8/dist-packages/webob/acceptparse.py:1047: DeprecationWarning: The behavior of AcceptValidHeader.best_match is currently being maintained for backward compatibility, but it will be deprecated in the future, as it does not conform to the RFC.
Jun 06 11:52:18.164371 dv-cinder-786260-3-iscsi devstack@c-api.service[98496]: warnings.warn(
Jun 06 11:52:18.164841 dv-cinder-786260-3-iscsi devstack@c-api.service[98496]: DEBUG cinder.api.openstack.wsgi [None req-6cf8d0a8-6535-41a0-a4e6-db5d1dccfe81 tempest-AttachVolumeNegativeTest-1698503967 tempest-AttachVolumeNegativeTest-1698503967-project] Calling method 'show' {{(pid=98496) _process_stack /opt/stack/cinder/cinder/api/openstack/wsgi.py:866}}
Jun 06 11:52:18.210110 dv-cinder-786260-3-iscsi devstack@c-api.service[98497]: /usr/local/lib/python3.8/dist-packages/oslo_context/context.py:105: DeprecationWarning: Policy enforcement is depending on the value of is_admin. This key is deprecated. Please update your policy file to use the standard policy values.
Jun 06 11:52:18.210110 dv-cinder-786260-3-iscsi devstack@c-api.service[98497]: warnings.warn('Policy enforcement is depending on the value of '
Jun 06 11:52:18.218320 dv-cinder-786260-3-iscsi devstack@c-api.service[98497]: INFO cinder.volume.api [None req-342b29d4-11f1-42cd-8451-2d3e43548c71 tempest-VolumeQuotasNegativeTestJSON-1277998253 tempest-VolumeQuotasNegativeTestJSON-1277998253-project] Volume info retrieved successfully.
Jun 06 11:52:18.228758 dv-cinder-786260-3-iscsi devstack@c-api.service[98496]: /usr/local/lib/python3.8/dist-packages/oslo_context/context.py:105: DeprecationWarning: Policy enforcement is depending on the value of is_admin. This key is deprecated. Please update your policy file to use the standard policy values.
Jun 06 11:52:18.228758 dv-cinder-786260-3-iscsi devstack@c-api.service[98496]: warnings.warn('Policy enforcement is depending on the value of '
Jun 06 11:52:18.239182 dv-cinder-786260-3-iscsi devstack@c-api.service[98496]: INFO cinder.volume.api [None req-6cf8d0a8-6535-41a0-a4e6-db5d1dccfe81 tempest-AttachVolumeNegativeTest-1698503967 tempest-AttachVolumeNegativeTest-1698503967-project] Volume info retrieved successfully.
Jun 06 11:52:18.239743 dv-cinder-786260-3-iscsi devstack@c-api.service[98497]: INFO cinder.api.openstack.wsgi [None req-342b29d4-11f1-42cd-8451-2d3e43548c71 tempest-VolumeQuotasNegativeTestJSON-1277998253 tempest-VolumeQuotasNegativeTestJSON-1277998253-project] http://10.222.0.46/volume/v3/e4adbf8f11c94922b29e726fbb626cd2/volumes/8a1b08b0-eb37-4cbe-bb68-52b7626cf182 returned with HTTP 200
Jun 06 11:52:18.240497 dv-cinder-786260-3-iscsi devstack@c-api.service[98497]: [pid: 98497|app: 0|req: 84/177] 10.222.0.46 () {58 vars in 1325 bytes} [Sun Jun 6 11:52:18 2021] GET /volume/v3/e4adbf8f11c94922b29e726fbb626cd2/volumes/8a1b08b0-eb37-4cbe-bb68-52b7626cf182 => generated 921 bytes in 190 msecs (HTTP/1.1 200) 7 headers in 285 bytes (1 switches on core 0)
Jun 06 11:52:18.244499 dv-cinder-786260-3-iscsi devstack@c-api.service[98497]: INFO cinder.api.openstack.wsgi [None req-342b29d4-11f1-42cd-8451-2d3e43548c71 tempest-VolumeQuotasNegativeTestJSON-1277998253 tempest-VolumeQuotasNegativeTestJSON-1277998253-project] GET http://10.222.0.46/volume//
Jun 06 11:52:18.244499 dv-cinder-786260-3-iscsi devstack@c-api.service[98497]: DEBUG cinder.api.openstack.wsgi [None req-342b29d4-11f1-42cd-8451-2d3e43548c71 tempest-VolumeQuotasNegativeTestJSON-1277998253 tempest-VolumeQuotasNegativeTestJSON-1277998253-project] Empty body provided in request {{(pid=98497) get_body /opt/stack/cinder/cinder/api/openstack/wsgi.py:713}}
Jun 06 11:52:18.244499 dv-cinder-786260-3-iscsi devstack@c-api.service[98497]: /usr/local/lib/python3.8/dist-packages/webob/acceptparse.py:1047: DeprecationWarning: The behavior of AcceptValidHeader.best_match is currently being maintained for backward compatibility, but it will be deprecated in the future, as it does not conform to the RFC.
Jun 06 11:52:18.244499 dv-cinder-786260-3-iscsi devstack@c-api.service[98497]: warnings.warn(
Jun 06 11:52:18.244499 dv-cinder-786260-3-iscsi devstack@c-api.service[98497]: DEBUG cinder.api.openstack.wsgi [None req-342b29d4-11f1-42cd-8451-2d3e43548c71 tempest-VolumeQuotasNegativeTestJSON-1277998253 tempest-VolumeQuotasNegativeTestJSON-1277998253-project] Calling method 'all' {{(pid=98497) _process_stack /opt/stack/cinder/cinder/api/openstack/wsgi.py:866}}
Jun 06 11:52:18.244499 dv-cinder-786260-3-iscsi devstack@c-api.service[98497]: INFO cinder.api.openstack.wsgi [None req-342b29d4-11f1-42cd-8451-2d3e43548c71 tempest-VolumeQuotasNegativeTestJSON-1277998253 tempest-VolumeQuotasNegativeTestJSON-1277998253-project] http://10.222.0.46/volume// returned with HTTP 300
Jun 06 11:52:18.244499 dv-cinder-786260-3-iscsi devstack@c-api.service[98497]: [pid: 98497|app: 0|req: 85/178] 10.222.0.16 () {56 vars in 1099 bytes} [Sun Jun 6 11:52:18 2021] GET /volume/ => generated 754 bytes in 3 msecs (HTTP/1.1 300) 5 headers in 169 bytes (1 switches on core 0)
Jun 06 11:52:18.264362 dv-cinder-786260-3-iscsi devstack@c-api.service[98497]: INFO cinder.api.openstack.wsgi [None req-61fa2d5a-fb99-453a-a18c-c9cb40f2919c tempest-VolumeQuotasNegativeTestJSON-717670932 tempest-VolumeQuotasNegativeTestJSON-717670932-project-admin] PUT http://10.222.0.46/volume/v3/f1c85f628cb6452bb4e4822163c09f4b/os-quota-sets/e4adbf8f11c94922b29e726fbb626cd2
Jun 06 11:52:18.264362 dv-cinder-786260-3-iscsi devstack@c-api.service[98497]: DEBUG cinder.api.openstack.wsgi [None req-61fa2d5a-fb99-453a-a18c-c9cb40f2919c tempest-VolumeQuotasNegativeTestJSON-717670932 tempest-VolumeQuotasNegativeTestJSON-717670932-project-admin] Action: 'update', calling method: update, body: {"quota_set": {"gigabytes": 1, "volumes": -1}} {{(pid=98497) _process_stack /opt/stack/cinder/cinder/api/openstack/wsgi.py:864}}
Jun 06 11:52:18.294480 dv-cinder-786260-3-iscsi devstack@c-api.service[98496]: /usr/local/lib/python3.8/dist-packages/oslo_context/context.py:105: DeprecationWarning: Policy enforcement is depending on the value of is_admin. This key is deprecated. Please update your policy file to use the standard policy values.
Jun 06 11:52:18.294480 dv-cinder-786260-3-iscsi devstack@c-api.service[98496]: warnings.warn('Policy enforcement is depending on the value of '
Jun 06 11:52:18.320884 dv-cinder-786260-3-iscsi devstack@c-api.service[98496]: INFO cinder.api.openstack.wsgi [None req-6cf8d0a8-6535-41a0-a4e6-db5d1dccfe81 tempest-AttachVolumeNegativeTest-1698503967 tempest-AttachVolumeNegativeTest-1698503967-project] http://10.222.0.46/volume/v3/53014cfd1d5b4ea5b9d78120d23fd44c/volumes/6379944d-8c12-4f13-9710-ac911789f5c3 returned with HTTP 200
Jun 06 11:52:18.321694 dv-cinder-786260-3-iscsi devstack@c-api.service[98496]: [pid: 98496|app: 0|req: 94/179] 10.222.0.46 () {58 vars in 1325 bytes} [Sun Jun 6 11:52:18 2021] GET /volume/v3/53014cfd1d5b4ea5b9d78120d23fd44c/volumes/6379944d-8c12-4f13-9710-ac911789f5c3 => generated 916 bytes in 162 msecs (HTTP/1.1 200) 7 headers in 285 bytes (1 switches on core 0)
Jun 06 11:52:18.334839 dv-cinder-786260-3-iscsi devstack@c-api.service[98496]: INFO cinder.api.openstack.wsgi [req-25cdd1b6-d5d8-4f2e-91d9-59f0dbc4494e req-6ab9a53c-4dc5-4f4c-a3ca-eb4402a88b8f tempest-AttachVolumeNegativeTest-1698503967 tempest-AttachVolumeNegativeTest-1698503967-project] GET http://10.222.0.46/volume/v3/53014cfd1d5b4ea5b9d78120d23fd44c/volumes/6379944d-8c12-4f13-9710-ac911789f5c3
Jun 06 11:52:18.335856 dv-cinder-786260-3-iscsi devstack@c-api.service[98496]: DEBUG cinder.api.openstack.wsgi [req-25cdd1b6-d5d8-4f2e-91d9-59f0dbc4494e req-6ab9a53c-4dc5-4f4c-a3ca-eb4402a88b8f tempest-AttachVolumeNegativeTest-1698503967 tempest-AttachVolumeNegativeTest-1698503967-project] Empty body provided in request {{(pid=98496) get_body /opt/stack/cinder/cinder/api/openstack/wsgi.py:713}}
Jun 06 11:52:18.337525 dv-cinder-786260-3-iscsi devstack@c-api.service[98496]: /usr/local/lib/python3.8/dist-packages/webob/acceptparse.py:1047: DeprecationWarning: The behavior of AcceptValidHeader.best_match is currently being maintained for backward compatibility, but it will be deprecated in the future, as it does not conform to the RFC.
Jun 06 11:52:18.337525 dv-cinder-786260-3-iscsi devstack@c-api.service[98496]: warnings.warn(
Jun 06 11:52:18.337923 dv-cinder-786260-3-iscsi devstack@c-api.service[98496]: DEBUG cinder.api.openstack.wsgi [req-25cdd1b6-d5d8-4f2e-91d9-59f0dbc4494e req-6ab9a53c-4dc5-4f4c-a3ca-eb4402a88b8f tempest-AttachVolumeNegativeTest-1698503967 tempest-AttachVolumeNegativeTest-1698503967-project] Calling method 'show' {{(pid=98496) _process_stack /opt/stack/cinder/cinder/api/openstack/wsgi.py:866}}
Jun 06 11:52:18.499628 dv-cinder-786260-3-iscsi devstack@c-api.service[98496]: /usr/local/lib/python3.8/dist-packages/oslo_context/context.py:105: DeprecationWarning: Policy enforcement is depending on the value of is_admin. This key is deprecated. Please update your policy file to use the standard policy values.
Jun 06 11:52:18.499628 dv-cinder-786260-3-iscsi devstack@c-api.service[98496]: warnings.warn('Policy enforcement is depending on the value of '
Jun 06 11:52:18.505541 dv-cinder-786260-3-iscsi devstack@c-api.service[98497]: INFO cinder.api.openstack.wsgi [None req-61fa2d5a-fb99-453a-a18c-c9cb40f2919c tempest-VolumeQuotasNegativeTestJSON-717670932 tempest-VolumeQuotasNegativeTestJSON-717670932-project-admin] http://10.222.0.46/volume/v3/f1c85f628cb6452bb4e4822163c09f4b/os-quota-sets/e4adbf8f11c94922b29e726fbb626cd2 returned with HTTP 200
Jun 06 11:52:18.511112 dv-cinder-786260-3-iscsi devstack@c-api.service[98496]: INFO cinder.volume.api [req-25cdd1b6-d5d8-4f2e-91d9-59f0dbc4494e req-6ab9a53c-4dc5-4f4c-a3ca-eb4402a88b8f tempest-AttachVolumeNegativeTest-1698503967 tempest-AttachVolumeNegativeTest-1698503967-project] Volume info retrieved successfully.
Jun 06 11:52:18.511458 dv-cinder-786260-3-iscsi devstack@c-api.service[98497]: [pid: 98497|app: 0|req: 86/180] 10.222.0.46 () {60 vars in 1351 bytes} [Sun Jun 6 11:52:18 2021] PUT /volume/v3/f1c85f628cb6452bb4e4822163c09f4b/os-quota-sets/e4adbf8f11c94922b29e726fbb626cd2 => generated 316 bytes in 255 msecs (HTTP/1.1 200) 7 headers in 285 bytes (1 switches on core 0)
Jun 06 11:52:18.519344 dv-cinder-786260-3-iscsi devstack@c-api.service[98497]: INFO cinder.api.openstack.wsgi [None req-4f185a93-ca1c-4e67-9c8b-33e8709bc9bb tempest-VolumeQuotasNegativeTestJSON-1277998253 tempest-VolumeQuotasNegativeTestJSON-1277998253-project] POST http://10.222.0.46/volume/v3/e4adbf8f11c94922b29e726fbb626cd2/volumes
Jun 06 11:52:18.520131 dv-cinder-786260-3-iscsi devstack@c-api.service[98497]: DEBUG cinder.api.openstack.wsgi [None req-4f185a93-ca1c-4e67-9c8b-33e8709bc9bb tempest-VolumeQuotasNegativeTestJSON-1277998253 tempest-VolumeQuotasNegativeTestJSON-1277998253-project] Action: 'create', calling method: create, body: {"volume": {"size": 2}} {{(pid=98497) _process_stack /opt/stack/cinder/cinder/api/openstack/wsgi.py:864}}
Jun 06 11:52:18.523697 dv-cinder-786260-3-iscsi devstack@c-api.service[98497]: DEBUG cinder.api.v3.volumes [None req-4f185a93-ca1c-4e67-9c8b-33e8709bc9bb tempest-VolumeQuotasNegativeTestJSON-1277998253 tempest-VolumeQuotasNegativeTestJSON-1277998253-project] Create volume request body: {'volume': {'size': 2}} {{(pid=98497) create /opt/stack/cinder/cinder/api/v3/volumes.py:289}}
Jun 06 11:52:18.523697 dv-cinder-786260-3-iscsi devstack@c-api.service[98497]: INFO cinder.api.v3.volumes [None req-4f185a93-ca1c-4e67-9c8b-33e8709bc9bb tempest-VolumeQuotasNegativeTestJSON-1277998253 tempest-VolumeQuotasNegativeTestJSON-1277998253-project] Create volume of 2 GB
Jun 06 11:52:18.536523 dv-cinder-786260-3-iscsi devstack@c-api.service[98496]: /usr/local/lib/python3.8/dist-packages/oslo_context/context.py:105: DeprecationWarning: Policy enforcement is depending on the value of is_admin. This key is deprecated. Please update your policy file to use the standard policy values.
Jun 06 11:52:18.536523 dv-cinder-786260-3-iscsi devstack@c-api.service[98496]: warnings.warn('Policy enforcement is depending on the value of '
Jun 06 11:52:18.537114 dv-cinder-786260-3-iscsi devstack@c-api.service[98497]: INFO cinder.volume.api [None req-4f185a93-ca1c-4e67-9c8b-33e8709bc9bb tempest-VolumeQuotasNegativeTestJSON-1277998253 tempest-VolumeQuotasNegativeTestJSON-1277998253-project] Availability Zones retrieved successfully.
Jun 06 11:52:18.551149 dv-cinder-786260-3-iscsi devstack@c-api.service[98496]: INFO cinder.api.openstack.wsgi [req-25cdd1b6-d5d8-4f2e-91d9-59f0dbc4494e req-6ab9a53c-4dc5-4f4c-a3ca-eb4402a88b8f tempest-AttachVolumeNegativeTest-1698503967 tempest-AttachVolumeNegativeTest-1698503967-project] http://10.222.0.46/volume/v3/53014cfd1d5b4ea5b9d78120d23fd44c/volumes/6379944d-8c12-4f13-9710-ac911789f5c3 returned with HTTP 200
Jun 06 11:52:18.553226 dv-cinder-786260-3-iscsi devstack@c-api.service[98496]: [pid: 98496|app: 0|req: 95/181] 10.222.0.16 () {60 vars in 1413 bytes} [Sun Jun 6 11:52:18 2021] GET /volume/v3/53014cfd1d5b4ea5b9d78120d23fd44c/volumes/6379944d-8c12-4f13-9710-ac911789f5c3 => generated 1014 bytes in 231 msecs (HTTP/1.1 200) 7 headers in 287 bytes (1 switches on core 0)
Jun 06 11:52:18.585691 dv-cinder-786260-3-iscsi devstack@c-api.service[98497]: DEBUG cinder.volume.api [None req-4f185a93-ca1c-4e67-9c8b-33e8709bc9bb tempest-VolumeQuotasNegativeTestJSON-1277998253 tempest-VolumeQuotasNegativeTestJSON-1277998253-project] Flow 'volume_create_api' (48d8d0c0-5d57-473c-bb6c-e16001fc3c29) transitioned into state 'RUNNING' from state 'PENDING' {{(pid=98497) _flow_receiver /usr/local/lib/python3.8/dist-packages/taskflow/listeners/logging.py:141}}
Jun 06 11:52:18.590578 dv-cinder-786260-3-iscsi devstack@c-api.service[98497]: DEBUG cinder.volume.api [None req-4f185a93-ca1c-4e67-9c8b-33e8709bc9bb tempest-VolumeQuotasNegativeTestJSON-1277998253 tempest-VolumeQuotasNegativeTestJSON-1277998253-project] Task 'cinder.volume.flows.api.create_volume.ExtractVolumeRequestTask;volume:create' (7c9fe96e-e55f-4b6a-a2c9-039236fbc7f6) transitioned into state 'RUNNING' from state 'PENDING' {{(pid=98497) _task_receiver /usr/local/lib/python3.8/dist-packages/taskflow/listeners/logging.py:190}}
Jun 06 11:52:18.593572 dv-cinder-786260-3-iscsi devstack@c-api.service[98497]: DEBUG cinder.volume.flows.api.create_volume [None req-4f185a93-ca1c-4e67-9c8b-33e8709bc9bb tempest-VolumeQuotasNegativeTestJSON-1277998253 tempest-VolumeQuotasNegativeTestJSON-1277998253-project] Validating volume size '2' using validate_int {{(pid=98497) _extract_size /opt/stack/cinder/cinder/volume/flows/api/create_volume.py:201}}
Jun 06 11:52:18.612391 dv-cinder-786260-3-iscsi devstack@c-api.service[98496]: INFO cinder.api.openstack.wsgi [req-25cdd1b6-d5d8-4f2e-91d9-59f0dbc4494e req-35f9b320-dde8-4fd5-b791-4e99a67c1955 tempest-AttachVolumeNegativeTest-1698503967 tempest-AttachVolumeNegativeTest-1698503967-project] PUT http://10.222.0.46/volume/v3/53014cfd1d5b4ea5b9d78120d23fd44c/attachments/d72e7008-1446-4759-90c2-e847a920acea
Jun 06 11:52:18.612881 dv-cinder-786260-3-iscsi devstack@c-api.service[98496]: /usr/local/lib/python3.8/dist-packages/webob/acceptparse.py:1047: DeprecationWarning: The behavior of AcceptValidHeader.best_match is currently being maintained for backward compatibility, but it will be deprecated in the future, as it does not conform to the RFC.
Jun 06 11:52:18.612881 dv-cinder-786260-3-iscsi devstack@c-api.service[98496]: warnings.warn(
Jun 06 11:52:18.613264 dv-cinder-786260-3-iscsi devstack@c-api.service[98496]: DEBUG cinder.api.openstack.wsgi [req-25cdd1b6-d5d8-4f2e-91d9-59f0dbc4494e req-35f9b320-dde8-4fd5-b791-4e99a67c1955 tempest-AttachVolumeNegativeTest-1698503967 tempest-AttachVolumeNegativeTest-1698503967-project] Action: 'update', calling method: version_select, body: {"attachment": {"connector": {"platform": "AMD64", "os_type": "win32", "ip": "10.222.0.16", "host": "hv-cinder-78626", "multipath": false, "initiator": "iqn.1991-05.com.microsoft:hv-cinder-78626", "mountpoint": "/dev/sdb"}}} {{(pid=98496) _process_stack /opt/stack/cinder/cinder/api/openstack/wsgi.py:864}}
Jun 06 11:52:18.650313 dv-cinder-786260-3-iscsi devstack@c-api.service[98496]: /usr/local/lib/python3.8/dist-packages/tenacity/__init__.py:333: DeprecationWarning: "retry" function must accept single "retry_state" parameter, please update tooz._retry.retry..
Jun 06 11:52:18.650313 dv-cinder-786260-3-iscsi devstack@c-api.service[98496]: return self(f, *args, **kw)
