Jul 28 03:23:38.822840 dv-cinder-786260-14-smb neutron-server[93058]: DEBUG neutron.db.provisioning_blocks [None req-75e875df-74f3-4a78-b698-52eac1c46c9c None None] Provisioning complete for port e1d46d5d-4334-4655-873e-ba225063d1bb triggered by entity L2. {{(pid=93058) provisioning_complete /opt/stack/neutron/neutron/db/provisioning_blocks.py:139}}
Jul 28 03:23:38.823216 dv-cinder-786260-14-smb neutron-server[93058]: DEBUG neutron_lib.callbacks.manager [None req-75e875df-74f3-4a78-b698-52eac1c46c9c None None] Notify callbacks ['neutron.plugins.ml2.plugin.Ml2Plugin._port_provisioned-722791'] for port, provisioning_complete {{(pid=93058) _notify_loop /usr/local/lib/python3.8/dist-packages/neutron_lib/callbacks/manager.py:192}}
Jul 28 03:23:38.948681 dv-cinder-786260-14-smb neutron-server[93056]: INFO neutron.wsgi [req-31e72f9c-2ac6-41cd-bf16-428f66ff659c req-c8bde270-62fe-4107-b9b6-22e7b1c54174 service neutron] 10.222.0.11 "GET /v2.0/floatingips?fixed_ip_address=172.20.0.13&port_id=a843dcec-8109-45ca-95ce-9038913b4013 HTTP/1.1" status: 200 len: 217 time: 0.1169114
Jul 28 03:23:39.012082 dv-cinder-786260-14-smb neutron-server[93057]: DEBUG neutron_lib.callbacks.manager [None req-7ebcf5af-909d-48b4-9dbb-1e90e3246940 admin admin] Notify callbacks ['neutron.plugins.ml2.ovo_rpc._ObjectChangeHandler.handle_event-7911934'] for security_group, after_delete {{(pid=93057) _notify_loop /usr/local/lib/python3.8/dist-packages/neutron_lib/callbacks/manager.py:192}}
Jul 28 03:23:39.027248 dv-cinder-786260-14-smb neutron-server[93057]: DEBUG neutron_lib.callbacks.manager [None req-7ebcf5af-909d-48b4-9dbb-1e90e3246940 admin admin] Notify callbacks [] for security_group, before_response {{(pid=93057) _notify_loop /usr/local/lib/python3.8/dist-packages/neutron_lib/callbacks/manager.py:192}}
Jul 28 03:23:39.030259 dv-cinder-786260-14-smb neutron-server[93057]: INFO neutron.wsgi [None req-7ebcf5af-909d-48b4-9dbb-1e90e3246940 admin admin] 10.222.0.18 "DELETE /v2.0/security-groups/9b5c1c64-581f-4ea5-9246-0c8571c4a217 HTTP/1.1" status: 204 len: 168 time: 0.8174009
Jul 28 03:23:39.032668 dv-cinder-786260-14-smb neutron-server[93056]: INFO neutron.wsgi [req-47b030b9-683f-43ef-8d83-aafa3ff3998a req-16fe531b-332b-48d8-bffd-51031b53fc56 tempest-ServerRescueNegativeTestJSON-1633766977 tempest-ServerRescueNegativeTestJSON-1633766977-project] 10.222.0.18 "GET /v2.0/ports?tenant_id=22fcd7043c644701abeac365aeb34040&fields=id HTTP/1.1" status: 200 len: 255 time: 0.4086475
Jul 28 03:23:39.041300 dv-cinder-786260-14-smb neutron-server[93056]: DEBUG neutron_lib.callbacks.manager [None req-d4f8b12d-610b-48dd-af80-a027f01accfd admin admin] Notify callbacks ['neutron.plugins.ml2.ovo_rpc._ObjectChangeHandler.handle_event-7911934'] for security_group, after_delete {{(pid=93056) _notify_loop /usr/local/lib/python3.8/dist-packages/neutron_lib/callbacks/manager.py:192}}
Jul 28 03:23:39.043836 dv-cinder-786260-14-smb neutron-server[93056]: DEBUG neutron_lib.callbacks.manager [None req-d4f8b12d-610b-48dd-af80-a027f01accfd admin admin] Notify callbacks [] for security_group, before_response {{(pid=93056) _notify_loop /usr/local/lib/python3.8/dist-packages/neutron_lib/callbacks/manager.py:192}}
Jul 28 03:23:39.044952 dv-cinder-786260-14-smb neutron-server[93056]: INFO neutron.wsgi [None req-d4f8b12d-610b-48dd-af80-a027f01accfd admin admin] 10.222.0.18 "DELETE /v2.0/security-groups/27f5ee5f-28a8-4986-a759-fb272483736f HTTP/1.1" status: 204 len: 168 time: 1.4843497
Jul 28 03:23:39.067308 dv-cinder-786260-14-smb neutron-server[93057]: DEBUG neutron.api.rpc.handlers.resources_rpc [None req-7ebcf5af-909d-48b4-9dbb-1e90e3246940 admin admin] Pushing event deleted for resources: {'SecurityGroup': ['ID=9b5c1c64-581f-4ea5-9246-0c8571c4a217,revision_number=None']} {{(pid=93057) push /opt/stack/neutron/neutron/api/rpc/handlers/resources_rpc.py:237}}
Jul 28 03:23:39.193508 dv-cinder-786260-14-smb neutron-server[93058]: DEBUG neutron_lib.callbacks.manager [None req-378b42e3-277f-4519-a63d-47d47fda194f None None] Notify callbacks ['neutron.services.segments.db._update_segment_host_mapping_for_agent-8759263232543', 'neutron.plugins.ml2.plugin.Ml2Plugin._retry_binding_revived_agents-722742'] for agent, after_update {{(pid=93058) _notify_loop /usr/local/lib/python3.8/dist-packages/neutron_lib/callbacks/manager.py:192}}
Jul 28 03:23:39.264412 dv-cinder-786260-14-smb neutron-server[93056]: INFO neutron.wsgi [req-47b030b9-683f-43ef-8d83-aafa3ff3998a req-04ad8c6f-de9b-488e-b7cf-595dd8726dd2 service neutron] 10.222.0.18 "GET /v2.0/networks/64e89a5b-7382-4e55-8f3a-1fcddf635924?fields=segments HTTP/1.1" status: 200 len: 212 time: 0.1965709
Jul 28 03:23:39.290308 dv-cinder-786260-14-smb neutron-server[93058]: DEBUG neutron_lib.callbacks.manager [None req-227b02bf-e64f-4100-95a9-727b8735fd33 None None] Notify callbacks ['neutron.services.segments.db._update_segment_host_mapping_for_agent-8759263232543', 'neutron.plugins.ml2.plugin.Ml2Plugin._retry_binding_revived_agents-722742'] for agent, after_update {{(pid=93058) _notify_loop /usr/local/lib/python3.8/dist-packages/neutron_lib/callbacks/manager.py:192}}
Jul 28 03:23:39.308219 dv-cinder-786260-14-smb neutron-server[93056]: DEBUG neutron.pecan_wsgi.hooks.policy_enforcement [req-31e72f9c-2ac6-41cd-bf16-428f66ff659c req-092b6f5a-890a-42a5-bf61-c06619bbef3f service neutron] Attributes excluded by policy engine: ['standard_attr_id', 'shared'] {{(pid=93056) _exclude_attributes_by_policy /opt/stack/neutron/neutron/pecan_wsgi/hooks/policy_enforcement.py:255}}
Jul 28 03:23:39.310434 dv-cinder-786260-14-smb neutron-server[93056]: INFO neutron.wsgi [req-31e72f9c-2ac6-41cd-bf16-428f66ff659c req-092b6f5a-890a-42a5-bf61-c06619bbef3f service neutron] 10.222.0.11 "GET /v2.0/subnets?id=e8508674-89eb-4830-8d14-8f3c0796c81e HTTP/1.1" status: 200 len: 852 time: 0.2768905
Jul 28 03:23:39.323360 dv-cinder-786260-14-smb neutron-server[93056]: DEBUG neutron.api.rpc.handlers.resources_rpc [None req-d4f8b12d-610b-48dd-af80-a027f01accfd admin admin] Pushing event deleted for resources: {'SecurityGroup': ['ID=27f5ee5f-28a8-4986-a759-fb272483736f,revision_number=None']} {{(pid=93056) push /opt/stack/neutron/neutron/api/rpc/handlers/resources_rpc.py:237}}
Jul 28 03:23:39.445741 dv-cinder-786260-14-smb neutron-server[93056]: INFO neutron.wsgi [req-1238c5b2-30d4-43de-9295-6ab3caa058c9 req-79733465-fac0-4018-9cd5-ac4dabc3ae9a tempest-AttachVolumeTestJSON-710884604 tempest-AttachVolumeTestJSON-710884604-project] 10.222.0.18 "GET /v2.0/security-groups?name=tempest-securitygroup--2109682257&fields=id&tenant_id=fddb169b20b8433e89a69d19f2130877 HTTP/1.1" status: 200 len: 267 time: 0.2561550
Jul 28 03:23:39.612434 dv-cinder-786260-14-smb neutron-server[93056]: DEBUG neutron.pecan_wsgi.hooks.policy_enforcement [req-1238c5b2-30d4-43de-9295-6ab3caa058c9 req-3509b3fb-fdfe-4130-b74f-05a8669b279e tempest-AttachVolumeTestJSON-710884604 tempest-AttachVolumeTestJSON-710884604-project] Attributes excluded by policy engine: ['standard_attr_id', 'vlan_transparent', 'provider:network_type', 'provider:physical_network', 'provider:segmentation_id'] {{(pid=93056) _exclude_attributes_by_policy /opt/stack/neutron/neutron/pecan_wsgi/hooks/policy_enforcement.py:255}}
Jul 28 03:23:39.614110 dv-cinder-786260-14-smb neutron-server[93056]: INFO neutron.wsgi [req-1238c5b2-30d4-43de-9295-6ab3caa058c9 req-3509b3fb-fdfe-4130-b74f-05a8669b279e tempest-AttachVolumeTestJSON-710884604 tempest-AttachVolumeTestJSON-710884604-project] 10.222.0.18 "GET /v2.0/networks?id=183d55f8-e4eb-41ce-99d7-9817dd925104 HTTP/1.1" status: 200 len: 811 time: 0.1564643
Jul 28 03:23:39.667074 dv-cinder-786260-14-smb neutron-server[93056]: INFO neutron.wsgi [req-47b030b9-683f-43ef-8d83-aafa3ff3998a req-6726a80d-7f2f-452f-a253-d430b7f590f2 service neutron] 10.222.0.18 "GET /v2.0/networks/64e89a5b-7382-4e55-8f3a-1fcddf635924?fields=provider%3Aphysical_network&fields=provider%3Anetwork_type HTTP/1.1" status: 200 len: 281 time: 0.4011548
Jul 28 03:23:39.672101 dv-cinder-786260-14-smb neutron-server[93056]: INFO neutron.wsgi [req-1238c5b2-30d4-43de-9295-6ab3caa058c9 req-8ad0f40b-26e0-4bde-84b8-a195080f19a8 tempest-AttachVolumeTestJSON-710884604 tempest-AttachVolumeTestJSON-710884604-project] 10.222.0.18 "GET /v2.0/quotas/fddb169b20b8433e89a69d19f2130877 HTTP/1.1" status: 200 len: 375 time: 0.0504057
Jul 28 03:23:39.711336 dv-cinder-786260-14-smb neutron-server[93057]: DEBUG neutron.wsgi [-] (93057) accepted ('10.222.0.18', 45628) {{(pid=93057) server /usr/local/lib/python3.8/dist-packages/eventlet/wsgi.py:982}}
Jul 28 03:23:39.838169 dv-cinder-786260-14-smb neutron-server[93056]: INFO neutron.wsgi [req-1238c5b2-30d4-43de-9295-6ab3caa058c9 req-6b2c403c-bd11-49b1-8a23-7745df67b146 tempest-AttachVolumeTestJSON-710884604 tempest-AttachVolumeTestJSON-710884604-project] 10.222.0.18 "GET /v2.0/ports?tenant_id=fddb169b20b8433e89a69d19f2130877&fields=id HTTP/1.1" status: 200 len: 348 time: 0.1603031
Jul 28 03:23:40.018315 dv-cinder-786260-14-smb neutron-server[93057]: DEBUG neutron.wsgi [-] (93057) accepted ('10.222.0.18', 45640) {{(pid=93057) server /usr/local/lib/python3.8/dist-packages/eventlet/wsgi.py:982}}
Jul 28 03:23:40.036771 dv-cinder-786260-14-smb neutron-server[93056]: INFO neutron.wsgi [req-1238c5b2-30d4-43de-9295-6ab3caa058c9 req-39293e95-8264-4015-b039-07f68a7200df service neutron] 10.222.0.18 "GET /v2.0/networks/183d55f8-e4eb-41ce-99d7-9817dd925104?fields=segments HTTP/1.1" status: 200 len: 212 time: 0.1964238
Jul 28 03:23:40.069433 dv-cinder-786260-14-smb neutron-server[93057]: DEBUG neutron_lib.callbacks.manager [None req-905ea2b0-e971-42f3-8320-afabb026008a admin admin] Notify callbacks [] for security_group, before_create {{(pid=93057) _notify_loop /usr/local/lib/python3.8/dist-packages/neutron_lib/callbacks/manager.py:192}}
Jul 28 03:23:40.241683 dv-cinder-786260-14-smb neutron-server[93057]: DEBUG neutron_lib.callbacks.manager [None req-905ea2b0-e971-42f3-8320-afabb026008a admin admin] Notify callbacks [] for security_group, precommit_create {{(pid=93057) _notify_loop /usr/local/lib/python3.8/dist-packages/neutron_lib/callbacks/manager.py:192}}
Jul 28 03:23:40.252540 dv-cinder-786260-14-smb neutron-server[93057]: DEBUG neutron_lib.callbacks.manager [None req-905ea2b0-e971-42f3-8320-afabb026008a admin admin] Notify callbacks ['neutron.plugins.ml2.ovo_rpc._ObjectChangeHandler.handle_event-7911934'] for security_group, after_create {{(pid=93057) _notify_loop /usr/local/lib/python3.8/dist-packages/neutron_lib/callbacks/manager.py:192}}
Jul 28 03:23:40.309678 dv-cinder-786260-14-smb neutron-server[93057]: INFO neutron.wsgi [None req-905ea2b0-e971-42f3-8320-afabb026008a admin admin] 10.222.0.18 "GET /v2.0/security-groups?tenant_id=64d316cadcdf4ba78256f34a1b8c20be&name=default HTTP/1.1" status: 200 len: 2979 time: 0.2902217
Jul 28 03:23:40.336452 dv-cinder-786260-14-smb neutron-server[93057]: DEBUG neutron.wsgi [-] (93057) accepted ('10.222.0.18', 45646) {{(pid=93057) server /usr/local/lib/python3.8/dist-packages/eventlet/wsgi.py:982}}
Jul 28 03:23:40.366345 dv-cinder-786260-14-smb neutron-server[93057]: DEBUG neutron_lib.callbacks.manager [None req-2b494cd5-ab85-4b1a-b53e-684fc2e8b184 admin admin] Notify callbacks [] for security_group, before_create {{(pid=93057) _notify_loop /usr/local/lib/python3.8/dist-packages/neutron_lib/callbacks/manager.py:192}}
Jul 28 03:23:40.395353 dv-cinder-786260-14-smb neutron-server[93057]: DEBUG neutron.wsgi [-] (93057) accepted ('10.222.0.18', 45648) {{(pid=93057) server /usr/local/lib/python3.8/dist-packages/eventlet/wsgi.py:982}}
Jul 28 03:23:40.418797 dv-cinder-786260-14-smb neutron-server[93057]: DEBUG neutron_lib.callbacks.manager [None req-6cdafcb6-1075-41f0-9514-8ddb4a74bfc8 admin admin] Notify callbacks [] for security_group, before_create {{(pid=93057) _notify_loop /usr/local/lib/python3.8/dist-packages/neutron_lib/callbacks/manager.py:192}}
Jul 28 03:23:40.538458 dv-cinder-786260-14-smb neutron-server[93057]: DEBUG neutron.api.rpc.handlers.resources_rpc [None req-905ea2b0-e971-42f3-8320-afabb026008a admin admin] Pushing event updated for resources: {'SecurityGroup': ['ID=8b929180-11f4-4a6d-853c-09e1a3c17bad,revision_number=1']} {{(pid=93057) push /opt/stack/neutron/neutron/api/rpc/handlers/resources_rpc.py:237}}
Jul 28 03:23:40.562163 dv-cinder-786260-14-smb neutron-server[93056]: DEBUG neutron.wsgi [-] (93056) accepted ('10.222.0.11', 53114) {{(pid=93056) server /usr/local/lib/python3.8/dist-packages/eventlet/wsgi.py:982}}
Jul 28 03:23:40.632304 dv-cinder-786260-14-smb neutron-server[93057]: DEBUG neutron_lib.callbacks.manager [None req-2b494cd5-ab85-4b1a-b53e-684fc2e8b184 admin admin] Notify callbacks [] for security_group, precommit_create {{(pid=93057) _notify_loop /usr/local/lib/python3.8/dist-packages/neutron_lib/callbacks/manager.py:192}}
Jul 28 03:23:40.642470 dv-cinder-786260-14-smb neutron-server[93057]: DEBUG neutron_lib.callbacks.manager [None req-2b494cd5-ab85-4b1a-b53e-684fc2e8b184 admin admin] Notify callbacks ['neutron.plugins.ml2.ovo_rpc._ObjectChangeHandler.handle_event-7911934'] for security_group, after_create {{(pid=93057) _notify_loop /usr/local/lib/python3.8/dist-packages/neutron_lib/callbacks/manager.py:192}}
Jul 28 03:23:40.689160 dv-cinder-786260-14-smb neutron-server[93057]: DEBUG neutron.api.rpc.handlers.resources_rpc [None req-2b494cd5-ab85-4b1a-b53e-684fc2e8b184 admin admin] Pushing event updated for resources: {'SecurityGroup': ['ID=f9b57cbf-d056-4bd1-abe7-297ef8378f64,revision_number=1']} {{(pid=93057) push /opt/stack/neutron/neutron/api/rpc/handlers/resources_rpc.py:237}}
Jul 28 03:23:40.737408 dv-cinder-786260-14-smb neutron-server[93056]: INFO neutron.wsgi [req-31e72f9c-2ac6-41cd-bf16-428f66ff659c req-7051ec78-14c1-4130-a2c9-38d37ebe1628 service neutron] 10.222.0.11 "GET /v2.0/ports?network_id=ea127d59-c711-4f1e-9959-e94e2b03f442&device_owner=network%3Adhcp HTTP/1.1" status: 200 len: 210 time: 0.1755760
Jul 28 03:23:40.751807 dv-cinder-786260-14-smb neutron-server[93057]: DEBUG neutron_lib.callbacks.manager [None req-da9a5f64-ff7f-48c0-b0cd-a39aa1fa4d32 admin admin] Notify callbacks [] for security_group, before_delete {{(pid=93057) _notify_loop /usr/local/lib/python3.8/dist-packages/neutron_lib/callbacks/manager.py:192}}
Jul 28 03:23:40.766613 dv-cinder-786260-14-smb neutron-server[93057]: INFO neutron.wsgi [None req-2b494cd5-ab85-4b1a-b53e-684fc2e8b184 admin admin] 10.222.0.18 "GET /v2.0/security-groups?tenant_id=2f315eb06dec4e61bff00e1ea0639a94&name=default HTTP/1.1" status: 200 len: 2979 time: 1.0535362
Jul 28 03:23:40.788137 dv-cinder-786260-14-smb neutron-server[93057]: DEBUG neutron.wsgi [-] (93057) accepted ('10.222.0.18', 45658) {{(pid=93057) server /usr/local/lib/python3.8/dist-packages/eventlet/wsgi.py:982}}
Jul 28 03:23:40.860512 dv-cinder-786260-14-smb neutron-server[93057]: DEBUG neutron_lib.callbacks.manager [None req-da9a5f64-ff7f-48c0-b0cd-a39aa1fa4d32 admin admin] Notify callbacks [] for security_group, precommit_delete {{(pid=93057) _notify_loop /usr/local/lib/python3.8/dist-packages/neutron_lib/callbacks/manager.py:192}}
Jul 28 03:23:40.954057 dv-cinder-786260-14-smb neutron-server[93058]: DEBUG neutron_lib.callbacks.manager [None req-a20b28e4-c1db-4ea9-8724-f133cfb670bb None None] Notify callbacks ['neutron.services.segments.db._update_segment_host_mapping_for_agent-8759263232543', 'neutron.plugins.ml2.plugin.Ml2Plugin._retry_binding_revived_agents-722742'] for agent, after_update {{(pid=93058) _notify_loop /usr/local/lib/python3.8/dist-packages/neutron_lib/callbacks/manager.py:192}}
Jul 28 03:23:40.992378 dv-cinder-786260-14-smb neutron-server[93057]: DEBUG neutron_lib.callbacks.manager [None req-f566fec3-05ab-4337-8b74-0b516f8386eb admin admin] Notify callbacks [] for security_group, before_delete {{(pid=93057) _notify_loop /usr/local/lib/python3.8/dist-packages/neutron_lib/callbacks/manager.py:192}}
Jul 28 03:23:41.050440 dv-cinder-786260-14-smb neutron-server[93056]: DEBUG neutron.pecan_wsgi.hooks.policy_enforcement [req-138457cb-5f9c-4999-9831-578f91b71827 req-9b515ce8-f6c4-4484-8816-7e851ff7c9a2 tempest-DeleteServersTestJSON-1994043437 tempest-DeleteServersTestJSON-1994043437-project] Attributes excluded by policy engine: ['standard_attr_id', 'binding:profile', 'binding:host_id', 'binding:vif_type', 'binding:vif_details'] {{(pid=93056) _exclude_attributes_by_policy /opt/stack/neutron/neutron/pecan_wsgi/hooks/policy_enforcement.py:255}}
Jul 28 03:23:41.052291 dv-cinder-786260-14-smb neutron-server[93056]: INFO neutron.wsgi [req-138457cb-5f9c-4999-9831-578f91b71827 req-9b515ce8-f6c4-4484-8816-7e851ff7c9a2 tempest-DeleteServersTestJSON-1994043437 tempest-DeleteServersTestJSON-1994043437-project] 10.222.0.18 "GET /v2.0/ports?device_id=c52bc82b-4598-4d76-960a-a13609e65db0 HTTP/1.1" status: 200 len: 944 time: 0.4920444
Jul 28 03:23:41.086640 dv-cinder-786260-14-smb neutron-server[93056]: INFO neutron.wsgi [req-1238c5b2-30d4-43de-9295-6ab3caa058c9 req-4d4a24bf-e065-4f89-ac3d-1dcbc4a1a24c service neutron] 10.222.0.18 "GET /v2.0/networks/183d55f8-e4eb-41ce-99d7-9817dd925104?fields=provider%3Aphysical_network&fields=provider%3Anetwork_type HTTP/1.1" status: 200 len: 281 time: 1.0431337
Jul 28 03:23:41.176241 dv-cinder-786260-14-smb neutron-server[93057]: DEBUG neutron_lib.callbacks.manager [None req-f566fec3-05ab-4337-8b74-0b516f8386eb admin admin] Notify callbacks [] for security_group, precommit_delete {{(pid=93057) _notify_loop /usr/local/lib/python3.8/dist-packages/neutron_lib/callbacks/manager.py:192}}
Jul 28 03:23:41.192616 dv-cinder-786260-14-smb neutron-server[93056]: DEBUG neutron.pecan_wsgi.hooks.policy_enforcement [req-3bce652c-e7df-48b4-ab60-0427d5ab4476 req-86f0d47e-00be-442d-b2a8-c1be99ed7e80 tempest-ServerRescueNegativeTestJSON-1633766977 tempest-ServerRescueNegativeTestJSON-1633766977-project] Attributes excluded by policy engine: ['standard_attr_id', 'vlan_transparent', 'provider:network_type', 'provider:physical_network', 'provider:segmentation_id'] {{(pid=93056) _exclude_attributes_by_policy /opt/stack/neutron/neutron/pecan_wsgi/hooks/policy_enforcement.py:255}}
Jul 28 03:23:41.196908 dv-cinder-786260-14-smb neutron-server[93056]: INFO neutron.wsgi [req-3bce652c-e7df-48b4-ab60-0427d5ab4476 req-86f0d47e-00be-442d-b2a8-c1be99ed7e80 tempest-ServerRescueNegativeTestJSON-1633766977 tempest-ServerRescueNegativeTestJSON-1633766977-project] 10.222.0.11 "GET /v2.0/networks?id=64e89a5b-7382-4e55-8f3a-1fcddf635924 HTTP/1.1" status: 200 len: 819 time: 0.5381014
Jul 28 03:23:41.263267 dv-cinder-786260-14-smb neutron-server[93056]: INFO neutron.wsgi [req-138457cb-5f9c-4999-9831-578f91b71827 req-2761ba25-c8e5-43a2-af43-1e153c3bde4e tempest-DeleteServersTestJSON-1994043437 tempest-DeleteServersTestJSON-1994043437-project] 10.222.0.18 "GET /v2.0/security-groups?id=a1b88a77-4296-453c-9455-9c6636d0de1c&fields=id&fields=name HTTP/1.1" status: 200 len: 286 time: 0.1916924
Jul 28 03:23:41.283875 dv-cinder-786260-14-smb neutron-server[93056]: INFO neutron.wsgi [req-31e72f9c-2ac6-41cd-bf16-428f66ff659c req-74a1003b-105f-4c87-8f35-36860c4082fb service neutron] 10.222.0.11 "GET /v2.0/networks/ea127d59-c711-4f1e-9959-e94e2b03f442?fields=segments HTTP/1.1" status: 200 len: 212 time: 0.4659970
Jul 28 03:23:41.356944 dv-cinder-786260-14-smb neutron-server[93057]: DEBUG neutron_lib.callbacks.manager [None req-6cdafcb6-1075-41f0-9514-8ddb4a74bfc8 admin admin] Notify callbacks [] for security_group, precommit_create {{(pid=93057) _notify_loop /usr/local/lib/python3.8/dist-packages/neutron_lib/callbacks/manager.py:192}}
Jul 28 03:23:41.433065 dv-cinder-786260-14-smb neutron-server[93057]: DEBUG neutron_lib.callbacks.manager [None req-6cdafcb6-1075-41f0-9514-8ddb4a74bfc8 admin admin] Notify callbacks ['neutron.plugins.ml2.ovo_rpc._ObjectChangeHandler.handle_event-7911934'] for security_group, after_create {{(pid=93057) _notify_loop /usr/local/lib/python3.8/dist-packages/neutron_lib/callbacks/manager.py:192}}
Jul 28 03:23:41.439547 dv-cinder-786260-14-smb neutron-server[93057]: DEBUG neutron_lib.callbacks.manager [None req-f566fec3-05ab-4337-8b74-0b516f8386eb admin admin] Notify callbacks ['neutron.plugins.ml2.ovo_rpc._ObjectChangeHandler.handle_event-7911934'] for security_group, after_delete {{(pid=93057) _notify_loop /usr/local/lib/python3.8/dist-packages/neutron_lib/callbacks/manager.py:192}}
Jul 28 03:23:41.442116 dv-cinder-786260-14-smb neutron-server[93057]: DEBUG neutron_lib.callbacks.manager [None req-f566fec3-05ab-4337-8b74-0b516f8386eb admin admin] Notify callbacks [] for security_group, before_response {{(pid=93057) _notify_loop /usr/local/lib/python3.8/dist-packages/neutron_lib/callbacks/manager.py:192}}
Jul 28 03:23:41.443336 dv-cinder-786260-14-smb neutron-server[93057]: INFO neutron.wsgi [None req-f566fec3-05ab-4337-8b74-0b516f8386eb admin admin] 10.222.0.18 "DELETE /v2.0/security-groups/f9b57cbf-d056-4bd1-abe7-297ef8378f64 HTTP/1.1" status: 204 len: 168 time: 0.6527607
Jul 28 03:23:41.444577 dv-cinder-786260-14-smb neutron-server[93057]: DEBUG neutron_lib.callbacks.manager [None req-da9a5f64-ff7f-48c0-b0cd-a39aa1fa4d32 admin admin] Notify callbacks ['neutron.plugins.ml2.ovo_rpc._ObjectChangeHandler.handle_event-7911934'] for security_group, after_delete {{(pid=93057) _notify_loop /usr/local/lib/python3.8/dist-packages/neutron_lib/callbacks/manager.py:192}}
Jul 28 03:23:41.447361 dv-cinder-786260-14-smb neutron-server[93057]: DEBUG neutron_lib.callbacks.manager [None req-da9a5f64-ff7f-48c0-b0cd-a39aa1fa4d32 admin admin] Notify callbacks [] for security_group, before_response {{(pid=93057) _notify_loop /usr/local/lib/python3.8/dist-packages/neutron_lib/callbacks/manager.py:192}}
Jul 28 03:23:41.451711 dv-cinder-786260-14-smb neutron-server[93057]: INFO neutron.wsgi [None req-da9a5f64-ff7f-48c0-b0cd-a39aa1fa4d32 admin admin] 10.222.0.18 "DELETE /v2.0/security-groups/8b929180-11f4-4a6d-853c-09e1a3c17bad HTTP/1.1" status: 204 len: 168 time: 1.1096332
Jul 28 03:23:41.482580 dv-cinder-786260-14-smb neutron-server[93057]: INFO neutron.wsgi [None req-6cdafcb6-1075-41f0-9514-8ddb4a74bfc8 admin admin] 10.222.0.18 "GET /v2.0/security-groups?tenant_id=9de021e167c549d19bb69acc55d323ef&name=default HTTP/1.1" status: 200 len: 2979 time: 1.0826826
Jul 28 03:23:41.485111 dv-cinder-786260-14-smb neutron-server[93057]: DEBUG neutron.wsgi [-] (93057) accepted ('10.222.0.18', 45698) {{(pid=93057) server /usr/local/lib/python3.8/dist-packages/eventlet/wsgi.py:982}}
Jul 28 03:23:41.505096 dv-cinder-786260-14-smb neutron-server[93057]: DEBUG neutron.api.rpc.handlers.resources_rpc [None req-6cdafcb6-1075-41f0-9514-8ddb4a74bfc8 admin admin] Pushing event updated for resources: {'SecurityGroup': ['ID=ea804fb7-dc08-4d6c-81aa-626a3441315d,revision_number=1']} {{(pid=93057) push /opt/stack/neutron/neutron/api/rpc/handlers/resources_rpc.py:237}}
Jul 28 03:23:41.603017 dv-cinder-786260-14-smb neutron-server[93057]: DEBUG neutron.api.rpc.handlers.resources_rpc [None req-f566fec3-05ab-4337-8b74-0b516f8386eb admin admin] Pushing event deleted for resources: {'SecurityGroup': ['ID=f9b57cbf-d056-4bd1-abe7-297ef8378f64,revision_number=None']} {{(pid=93057) push /opt/stack/neutron/neutron/api/rpc/handlers/resources_rpc.py:237}}
Jul 28 03:23:41.605573 dv-cinder-786260-14-smb neutron-server[93056]: INFO neutron.wsgi [req-2c68f6b0-fcf1-4bbf-aa40-b0bd00fd73ef req-1453a053-1d4c-44b8-b87f-ef1894b1cf90 tempest-AttachVolumeTestJSON-710884604 tempest-AttachVolumeTestJSON-710884604-project] 10.222.0.18 "GET /v2.0/ports?device_id=57c5ebe9-b696-4db4-bf43-7965a2b10b45 HTTP/1.1" status: 200 len: 210 time: 0.2050655
Jul 28 03:23:41.609248 dv-cinder-786260-14-smb neutron-server[93056]: DEBUG neutron.api.v2.base [req-3bce652c-e7df-48b4-ab60-0427d5ab4476 req-d920d781-d1fc-4117-a004-542f77c311dd tempest-ServerRescueNegativeTestJSON-1633766977 tempest-ServerRescueNegativeTestJSON-1633766977-project] Request body: {'port': {'device_id': '0504b910-75c7-45c3-b329-bdeb74729190', 'network_id': '64e89a5b-7382-4e55-8f3a-1fcddf635924', 'admin_state_up': True, 'tenant_id': '22fcd7043c644701abeac365aeb34040'}} {{(pid=93056) prepare_request_body /opt/stack/neutron/neutron/api/v2/base.py:729}}
Jul 28 03:23:41.683835 dv-cinder-786260-14-smb neutron-server[93057]: DEBUG neutron_lib.callbacks.manager [None req-cd7ffede-37bd-4835-a79f-b78628d3afe2 admin admin] Notify callbacks [] for security_group, before_delete {{(pid=93057) _notify_loop /usr/local/lib/python3.8/dist-packages/neutron_lib/callbacks/manager.py:192}}
Jul 28 03:23:41.731149 dv-cinder-786260-14-smb neutron-server[93057]: DEBUG neutron.api.rpc.handlers.resources_rpc [None req-da9a5f64-ff7f-48c0-b0cd-a39aa1fa4d32 admin admin] Pushing event deleted for resources: {'SecurityGroup': ['ID=8b929180-11f4-4a6d-853c-09e1a3c17bad,revision_number=None']} {{(pid=93057) push /opt/stack/neutron/neutron/api/rpc/handlers/resources_rpc.py:237}}
Jul 28 03:23:41.758923 dv-cinder-786260-14-smb neutron-server[93057]: DEBUG neutron_lib.callbacks.manager [None req-cd7ffede-37bd-4835-a79f-b78628d3afe2 admin admin] Notify callbacks [] for security_group, precommit_delete {{(pid=93057) _notify_loop /usr/local/lib/python3.8/dist-packages/neutron_lib/callbacks/manager.py:192}}
Jul 28 03:23:41.839166 dv-cinder-786260-14-smb neutron-server[93057]: DEBUG neutron_lib.callbacks.manager [None req-cd7ffede-37bd-4835-a79f-b78628d3afe2 admin admin] Notify callbacks ['neutron.plugins.ml2.ovo_rpc._ObjectChangeHandler.handle_event-7911934'] for security_group, after_delete {{(pid=93057) _notify_loop /usr/local/lib/python3.8/dist-packages/neutron_lib/callbacks/manager.py:192}}
Jul 28 03:23:41.845958 dv-cinder-786260-14-smb neutron-server[93057]: DEBUG neutron_lib.callbacks.manager [None req-cd7ffede-37bd-4835-a79f-b78628d3afe2 admin admin] Notify callbacks [] for security_group, before_response {{(pid=93057) _notify_loop /usr/local/lib/python3.8/dist-packages/neutron_lib/callbacks/manager.py:192}}
Jul 28 03:23:41.849579 dv-cinder-786260-14-smb neutron-server[93057]: INFO neutron.wsgi [None req-cd7ffede-37bd-4835-a79f-b78628d3afe2 admin admin] 10.222.0.18 "DELETE /v2.0/security-groups/ea804fb7-dc08-4d6c-81aa-626a3441315d HTTP/1.1" status: 204 len: 168 time: 0.3625445
Jul 28 03:23:41.890462 dv-cinder-786260-14-smb neutron-server[93057]: DEBUG neutron.api.rpc.handlers.resources_rpc [None req-cd7ffede-37bd-4835-a79f-b78628d3afe2 admin admin] Pushing event deleted for resources: {'SecurityGroup': ['ID=ea804fb7-dc08-4d6c-81aa-626a3441315d,revision_number=None']} {{(pid=93057) push /opt/stack/neutron/neutron/api/rpc/handlers/resources_rpc.py:237}}
Jul 28 03:23:41.998421 dv-cinder-786260-14-smb neutron-server[93056]: INFO neutron.wsgi [req-d8cd64e5-4734-4978-83e6-147eeb64a9d0 req-3fc53ed1-4abe-4c63-97ee-651273b52822 tempest-ServerRescueNegativeTestJSON-1633766977 tempest-ServerRescueNegativeTestJSON-1633766977-project] 10.222.0.18 "GET /v2.0/ports?device_id=f4b494a0-c4de-4967-905b-a754460c3ab6 HTTP/1.1" status: 200 len: 210 time: 0.5965800
Jul 28 03:23:42.245999 dv-cinder-786260-14-smb neutron-server[93056]: DEBUG neutron.pecan_wsgi.hooks.quota_enforcement [req-3bce652c-e7df-48b4-ab60-0427d5ab4476 req-d920d781-d1fc-4117-a004-542f77c311dd tempest-ServerRescueNegativeTestJSON-1633766977 tempest-ServerRescueNegativeTestJSON-1633766977-project] Made reservation on behalf of 22fcd7043c644701abeac365aeb34040 for: {'port': 1} {{(pid=93056) before /opt/stack/neutron/neutron/pecan_wsgi/hooks/quota_enforcement.py:53}}
Jul 28 03:23:42.251993 dv-cinder-786260-14-smb neutron-server[93056]: DEBUG neutron_lib.callbacks.manager [req-3bce652c-e7df-48b4-ab60-0427d5ab4476 req-d920d781-d1fc-4117-a004-542f77c311dd tempest-ServerRescueNegativeTestJSON-1633766977 tempest-ServerRescueNegativeTestJSON-1633766977-project] Notify callbacks ['neutron.plugins.ml2.plugin.SecurityGroupDbMixin._ensure_default_security_group_handler-566820'] for port, before_create {{(pid=93056) _notify_loop /usr/local/lib/python3.8/dist-packages/neutron_lib/callbacks/manager.py:192}}
Jul 28 03:23:42.293121 dv-cinder-786260-14-smb neutron-server[93056]: INFO neutron.wsgi [req-31e72f9c-2ac6-41cd-bf16-428f66ff659c req-223eb72e-4f6a-4fa5-ba87-e5f54a900d45 service neutron] 10.222.0.11 "GET /v2.0/networks/ea127d59-c711-4f1e-9959-e94e2b03f442?fields=provider%3Aphysical_network&fields=provider%3Anetwork_type HTTP/1.1" status: 200 len: 281 time: 0.7019229
Jul 28 03:23:42.502347 dv-cinder-786260-14-smb neutron-server[93056]: DEBUG neutron.pecan_wsgi.hooks.policy_enforcement [req-7bb86ab2-df06-44e3-8c3c-c5d8b4633161 req-84fa641d-a922-4916-a0c9-f0b139128c1c tempest-DeleteServersTestJSON-1994043437 tempest-DeleteServersTestJSON-1994043437-project] Attributes excluded by policy engine: ['standard_attr_id', 'binding:profile', 'binding:host_id', 'binding:vif_type', 'binding:vif_details'] {{(pid=93056) _exclude_attributes_by_policy /opt/stack/neutron/neutron/pecan_wsgi/hooks/policy_enforcement.py:255}}
Jul 28 03:23:42.503836 dv-cinder-786260-14-smb neutron-server[93056]: INFO neutron.wsgi [req-7bb86ab2-df06-44e3-8c3c-c5d8b4633161 req-84fa641d-a922-4916-a0c9-f0b139128c1c tempest-DeleteServersTestJSON-1994043437 tempest-DeleteServersTestJSON-1994043437-project] 10.222.0.18 "GET /v2.0/ports?device_id=c52bc82b-4598-4d76-960a-a13609e65db0 HTTP/1.1" status: 200 len: 944 time: 0.1001244
Jul 28 03:23:42.508786 dv-cinder-786260-14-smb neutron-server[93056]: DEBUG neutron.db.db_base_plugin_common [req-3bce652c-e7df-48b4-ab60-0427d5ab4476 req-d920d781-d1fc-4117-a004-542f77c311dd tempest-ServerRescueNegativeTestJSON-1633766977 tempest-ServerRescueNegativeTestJSON-1633766977-project] Allocated IP 172.20.0.7 (64e89a5b-7382-4e55-8f3a-1fcddf635924/8ee50358-cbe2-4eb9-8f53-46a9d60a587f/1e8e4297-9f71-4745-b3c2-98e22ee3e3a4) {{(pid=93056) _store_ip_allocation /opt/stack/neutron/neutron/db/db_base_plugin_common.py:131}}
Jul 28 03:23:42.523563 dv-cinder-786260-14-smb neutron-server[93057]: DEBUG neutron.wsgi [-] (93057) accepted ('10.222.0.18', 45724) {{(pid=93057) server /usr/local/lib/python3.8/dist-packages/eventlet/wsgi.py:982}}
Jul 28 03:23:42.590357 dv-cinder-786260-14-smb neutron-server[93056]: INFO neutron.wsgi [req-7bb86ab2-df06-44e3-8c3c-c5d8b4633161 req-f4d7cec0-d6d1-4d60-ba05-ed1e43f34d80 tempest-DeleteServersTestJSON-1994043437 tempest-DeleteServersTestJSON-1994043437-project] 10.222.0.18 "GET /v2.0/security-groups?id=a1b88a77-4296-453c-9455-9c6636d0de1c&fields=id&fields=name HTTP/1.1" status: 200 len: 286 time: 0.0752962
Jul 28 03:23:42.693992 dv-cinder-786260-14-smb neutron-server[93057]: DEBUG neutron_lib.callbacks.manager [None req-8dd00a76-81fc-4a6d-b831-1d4ff5b4bdcc admin admin] Notify callbacks [] for security_group, before_create {{(pid=93057) _notify_loop /usr/local/lib/python3.8/dist-packages/neutron_lib/callbacks/manager.py:192}}
Jul 28 03:23:42.759203 dv-cinder-786260-14-smb neutron-server[93056]: INFO neutron.wsgi [req-2d56597c-d68c-45e0-b631-1106465386c9 req-76fdbd26-93c9-4b5b-8da5-e462f11ceab2 tempest-AttachVolumeTestJSON-710884604 tempest-AttachVolumeTestJSON-710884604-project] 10.222.0.18 "GET /v2.0/ports?device_id=57c5ebe9-b696-4db4-bf43-7965a2b10b45 HTTP/1.1" status: 200 len: 210 time: 0.0489340
Jul 28 03:23:42.765252 dv-cinder-786260-14-smb neutron-server[93056]: DEBUG neutron_lib.callbacks.manager [req-3bce652c-e7df-48b4-ab60-0427d5ab4476 req-d920d781-d1fc-4117-a004-542f77c311dd tempest-ServerRescueNegativeTestJSON-1633766977 tempest-ServerRescueNegativeTestJSON-1633766977-project] Notify callbacks [] for port, precommit_create {{(pid=93056) _notify_loop /usr/local/lib/python3.8/dist-packages/neutron_lib/callbacks/manager.py:192}}
Jul 28 03:23:42.828444 dv-cinder-786260-14-smb neutron-server[93056]: DEBUG neutron_lib.callbacks.manager [req-3bce652c-e7df-48b4-ab60-0427d5ab4476 req-d920d781-d1fc-4117-a004-542f77c311dd tempest-ServerRescueNegativeTestJSON-1633766977 tempest-ServerRescueNegativeTestJSON-1633766977-project] Notify callbacks ['neutron.plugins.ml2.plugin.SecurityGroupServerNotifierRpcMixin._notify_sg_on_port_change-566505', 'neutron.plugins.ml2.ovo_rpc._ObjectChangeHandler.handle_event-179581', 'neutron.api.rpc.agentnotifiers.dhcp_rpc_agent_api.DhcpAgentNotifyAPI._native_event_send_dhcp_notification-7928505', 'neutron.db.l3_dvrscheduler_db._notify_l3_agent_new_port-8759262752022'] for port, after_create {{(pid=93056) _notify_loop /usr/local/lib/python3.8/dist-packages/neutron_lib/callbacks/manager.py:192}}
Jul 28 03:23:42.836104 dv-cinder-786260-14-smb neutron-server[93057]: DEBUG neutron_lib.callbacks.manager [None req-8dd00a76-81fc-4a6d-b831-1d4ff5b4bdcc admin admin] Notify callbacks [] for security_group, precommit_create {{(pid=93057) _notify_loop /usr/local/lib/python3.8/dist-packages/neutron_lib/callbacks/manager.py:192}}
Jul 28 03:23:42.841334 dv-cinder-786260-14-smb neutron-server[93057]: DEBUG neutron_lib.callbacks.manager [None req-8dd00a76-81fc-4a6d-b831-1d4ff5b4bdcc admin admin] Notify callbacks ['neutron.plugins.ml2.ovo_rpc._ObjectChangeHandler.handle_event-7911934'] for security_group, after_create {{(pid=93057) _notify_loop /usr/local/lib/python3.8/dist-packages/neutron_lib/callbacks/manager.py:192}}
Jul 28 03:23:42.877825 dv-cinder-786260-14-smb neutron-server[93056]: DEBUG neutron.scheduler.dhcp_agent_scheduler [req-3bce652c-e7df-48b4-ab60-0427d5ab4476 req-d920d781-d1fc-4117-a004-542f77c311dd tempest-ServerRescueNegativeTestJSON-1633766977 tempest-ServerRescueNegativeTestJSON-1633766977-project] Network 64e89a5b-7382-4e55-8f3a-1fcddf635924 is already hosted by enough agents. {{(pid=93056) _get_dhcp_agents_hosting_network /opt/stack/neutron/neutron/scheduler/dhcp_agent_scheduler.py:275}}
Jul 28 03:23:42.881170 dv-cinder-786260-14-smb neutron-server[93056]: DEBUG neutron.scheduler.base_scheduler [req-3bce652c-e7df-48b4-ab60-0427d5ab4476 req-d920d781-d1fc-4117-a004-542f77c311dd tempest-ServerRescueNegativeTestJSON-1633766977 tempest-ServerRescueNegativeTestJSON-1633766977-project] Resources bound (agent type, host, resource id): {{(pid=93056) schedule /opt/stack/neutron/neutron/scheduler/base_scheduler.py:57}}
Jul 28 03:23:42.882590 dv-cinder-786260-14-smb neutron-server[93057]: INFO neutron.wsgi [None req-8dd00a76-81fc-4a6d-b831-1d4ff5b4bdcc admin admin] 10.222.0.18 "GET /v2.0/security-groups?tenant_id=0371bf1345484807a2cec618100ac78a&name=default HTTP/1.1" status: 200 len: 2979 time: 0.3573928
Jul 28 03:23:42.885898 dv-cinder-786260-14-smb neutron-server[93056]: DEBUG neutron.wsgi [-] (93056) accepted ('10.222.0.18', 45752) {{(pid=93056) server /usr/local/lib/python3.8/dist-packages/eventlet/wsgi.py:982}}
Jul 28 03:23:42.901927 dv-cinder-786260-14-smb neutron-server[93056]: DEBUG neutron.db.l3_dvrscheduler_db [req-3bce652c-e7df-48b4-ab60-0427d5ab4476 req-d920d781-d1fc-4117-a004-542f77c311dd tempest-ServerRescueNegativeTestJSON-1633766977 tempest-ServerRescueNegativeTestJSON-1633766977-project] Received port after_create {{(pid=93056) _notify_l3_agent_new_port /opt/stack/neutron/neutron/db/l3_dvrscheduler_db.py:535}}
Jul 28 03:23:42.908321 dv-cinder-786260-14-smb neutron-server[93056]: DEBUG neutron.pecan_wsgi.hooks.policy_enforcement [req-3bce652c-e7df-48b4-ab60-0427d5ab4476 req-d920d781-d1fc-4117-a004-542f77c311dd tempest-ServerRescueNegativeTestJSON-1633766977 tempest-ServerRescueNegativeTestJSON-1633766977-project] Attributes excluded by policy engine: ['standard_attr_id', 'binding:profile', 'binding:host_id', 'binding:vif_type', 'binding:vif_details', 'network'] {{(pid=93056) _exclude_attributes_by_policy /opt/stack/neutron/neutron/pecan_wsgi/hooks/policy_enforcement.py:255}}
Jul 28 03:23:42.909035 dv-cinder-786260-14-smb neutron-server[93056]: DEBUG neutron_lib.callbacks.manager [req-3bce652c-e7df-48b4-ab60-0427d5ab4476 req-d920d781-d1fc-4117-a004-542f77c311dd tempest-ServerRescueNegativeTestJSON-1633766977 tempest-ServerRescueNegativeTestJSON-1633766977-project] Notify callbacks ['neutron.notifiers.nova.Notifier._send_nova_notification-214049', 'neutron.api.rpc.agentnotifiers.dhcp_rpc_agent_api.DhcpAgentNotifyAPI._send_dhcp_notification-7928455'] for port, before_response {{(pid=93056) _notify_loop /usr/local/lib/python3.8/dist-packages/neutron_lib/callbacks/manager.py:192}}
Jul 28 03:23:42.916026 dv-cinder-786260-14-smb neutron-server[93057]: DEBUG neutron.api.rpc.handlers.resources_rpc [None req-8dd00a76-81fc-4a6d-b831-1d4ff5b4bdcc admin admin] Pushing event updated for resources: {'SecurityGroup': ['ID=12844081-3b4a-4cbf-8f86-59106d125568,revision_number=1']} {{(pid=93057) push /opt/stack/neutron/neutron/api/rpc/handlers/resources_rpc.py:237}}
Jul 28 03:23:42.921821 dv-cinder-786260-14-smb neutron-server[93056]: DEBUG neutron.api.rpc.handlers.resources_rpc [None req-d920d781-d1fc-4117-a004-542f77c311dd tempest-ServerRescueNegativeTestJSON-1633766977 tempest-ServerRescueNegativeTestJSON-1633766977-project] Pushing event updated for resources: {'Port': ['ID=1e8e4297-9f71-4745-b3c2-98e22ee3e3a4,revision_number=1']} {{(pid=93056) push /opt/stack/neutron/neutron/api/rpc/handlers/resources_rpc.py:237}}
Jul 28 03:23:42.942801 dv-cinder-786260-14-smb neutron-server[93056]: INFO neutron.wsgi [req-3bce652c-e7df-48b4-ab60-0427d5ab4476 req-d920d781-d1fc-4117-a004-542f77c311dd tempest-ServerRescueNegativeTestJSON-1633766977 tempest-ServerRescueNegativeTestJSON-1633766977-project] 10.222.0.11 "POST /v2.0/ports HTTP/1.1" status: 201 len: 933 time: 1.3533719
Jul 28 03:23:42.962442 dv-cinder-786260-14-smb neutron-server[93056]: DEBUG neutron.api.v2.base [req-3bce652c-e7df-48b4-ab60-0427d5ab4476 req-d3aa48d3-ae46-4ae5-aade-923681972c7b service neutron] Request body: {'port': {'device_id': '0504b910-75c7-45c3-b329-bdeb74729190', 'device_owner': 'compute:nova', 'binding:host_id': 'hv-cinder-78626'}} {{(pid=93056) prepare_request_body /opt/stack/neutron/neutron/api/v2/base.py:729}}
Jul 28 03:23:43.008897 dv-cinder-786260-14-smb neutron-server[93056]: DEBUG neutron_lib.callbacks.manager [None req-7ff72e73-271e-4fb2-81a9-d8ba2b1d346d admin admin] Notify callbacks [] for security_group, before_delete {{(pid=93056) _notify_loop /usr/local/lib/python3.8/dist-packages/neutron_lib/callbacks/manager.py:192}}
Jul 28 03:23:43.084024 dv-cinder-786260-14-smb neutron-server[93056]: DEBUG neutron_lib.callbacks.manager [None req-7ff72e73-271e-4fb2-81a9-d8ba2b1d346d admin admin] Notify callbacks [] for security_group, precommit_delete {{(pid=93056) _notify_loop /usr/local/lib/python3.8/dist-packages/neutron_lib/callbacks/manager.py:192}}
Jul 28 03:23:43.123943 dv-cinder-786260-14-smb neutron-server[93056]: INFO neutron.wsgi [req-11f49674-eeb9-49c7-877a-9e822590276f req-bbe2ea21-462a-445d-b559-ff0f1a54e10f tempest-ServerRescueNegativeTestJSON-1633766977 tempest-ServerRescueNegativeTestJSON-1633766977-project] 10.222.0.18 "GET /v2.0/ports?device_id=f4b494a0-c4de-4967-905b-a754460c3ab6 HTTP/1.1" status: 200 len: 210 time: 0.0288386
Jul 28 03:23:43.124620 dv-cinder-786260-14-smb neutron-server[93056]: DEBUG neutron_lib.callbacks.manager [req-3bce652c-e7df-48b4-ab60-0427d5ab4476 req-d3aa48d3-ae46-4ae5-aade-923681972c7b service neutron] Notify callbacks ['neutron.plugins.ml2.plugin.SecurityGroupDbMixin._ensure_default_security_group_handler-566820'] for port, before_update {{(pid=93056) _notify_loop /usr/local/lib/python3.8/dist-packages/neutron_lib/callbacks/manager.py:192}}
Jul 28 03:23:43.284534 dv-cinder-786260-14-smb neutron-server[93056]: DEBUG neutron_lib.callbacks.manager [None req-7ff72e73-271e-4fb2-81a9-d8ba2b1d346d admin admin] Notify callbacks ['neutron.plugins.ml2.ovo_rpc._ObjectChangeHandler.handle_event-7911934'] for security_group, after_delete {{(pid=93056) _notify_loop /usr/local/lib/python3.8/dist-packages/neutron_lib/callbacks/manager.py:192}}
Jul 28 03:23:43.288256 dv-cinder-786260-14-smb neutron-server[93056]: DEBUG neutron_lib.callbacks.manager [None req-7ff72e73-271e-4fb2-81a9-d8ba2b1d346d admin admin] Notify callbacks [] for security_group, before_response {{(pid=93056) _notify_loop /usr/local/lib/python3.8/dist-packages/neutron_lib/callbacks/manager.py:192}}
Jul 28 03:23:43.289743 dv-cinder-786260-14-smb neutron-server[93056]: INFO neutron.wsgi [None req-7ff72e73-271e-4fb2-81a9-d8ba2b1d346d admin admin] 10.222.0.18 "DELETE /v2.0/security-groups/12844081-3b4a-4cbf-8f86-59106d125568 HTTP/1.1" status: 204 len: 168 time: 0.4010251
Jul 28 03:23:43.320565 dv-cinder-786260-14-smb neutron-server[93056]: DEBUG neutron.api.rpc.handlers.resources_rpc [None req-7ff72e73-271e-4fb2-81a9-d8ba2b1d346d admin admin] Pushing event deleted for resources: {'SecurityGroup': ['ID=12844081-3b4a-4cbf-8f86-59106d125568,revision_number=None']} {{(pid=93056) push /opt/stack/neutron/neutron/api/rpc/handlers/resources_rpc.py:237}}
Jul 28 03:23:43.500163 dv-cinder-786260-14-smb neutron-server[93056]: DEBUG neutron.pecan_wsgi.hooks.policy_enforcement [req-47b030b9-683f-43ef-8d83-aafa3ff3998a req-acfc2c5e-56f7-4bba-8111-7252e9232e8a tempest-ServerRescueNegativeTestJSON-1633766977 tempest-ServerRescueNegativeTestJSON-1633766977-project] Attributes excluded by policy engine: ['standard_attr_id', 'vlan_transparent', 'provider:network_type', 'provider:physical_network', 'provider:segmentation_id'] {{(pid=93056) _exclude_attributes_by_policy /opt/stack/neutron/neutron/pecan_wsgi/hooks/policy_enforcement.py:255}}
Jul 28 03:23:43.501708 dv-cinder-786260-14-smb neutron-server[93056]: INFO neutron.wsgi [req-47b030b9-683f-43ef-8d83-aafa3ff3998a req-acfc2c5e-56f7-4bba-8111-7252e9232e8a tempest-ServerRescueNegativeTestJSON-1633766977 tempest-ServerRescueNegativeTestJSON-1633766977-project] 10.222.0.11 "GET /v2.0/networks?id=64e89a5b-7382-4e55-8f3a-1fcddf635924 HTTP/1.1" status: 200 len: 819 time: 0.2106943
Jul 28 03:23:43.517676 dv-cinder-786260-14-smb neutron-server[93056]: DEBUG neutron.api.v2.base [req-47b030b9-683f-43ef-8d83-aafa3ff3998a req-74059d7a-a346-43de-8361-28284563f5fb tempest-ServerRescueNegativeTestJSON-1633766977 tempest-ServerRescueNegativeTestJSON-1633766977-project] Request body: {'port': {'device_id': 'f4b494a0-c4de-4967-905b-a754460c3ab6', 'network_id': '64e89a5b-7382-4e55-8f3a-1fcddf635924', 'admin_state_up': True, 'tenant_id': '22fcd7043c644701abeac365aeb34040'}} {{(pid=93056) prepare_request_body /opt/stack/neutron/neutron/api/v2/base.py:729}}
Jul 28 03:23:43.711367 dv-cinder-786260-14-smb neutron-server[93056]: DEBUG neutron.notifiers.nova [req-3bce652c-e7df-48b4-ab60-0427d5ab4476 req-d3aa48d3-ae46-4ae5-aade-923681972c7b service neutron] Ignoring state change previous_port_status: DOWN current_port_status: DOWN port_id 1e8e4297-9f71-4745-b3c2-98e22ee3e3a4 {{(pid=93056) record_port_status_changed /opt/stack/neutron/neutron/notifiers/nova.py:224}}
Jul 28 03:23:43.723673 dv-cinder-786260-14-smb neutron-server[93056]: DEBUG neutron_lib.callbacks.manager [req-3bce652c-e7df-48b4-ab60-0427d5ab4476 req-d3aa48d3-ae46-4ae5-aade-923681972c7b service neutron] Notify callbacks [] for port, precommit_update {{(pid=93056) _notify_loop /usr/local/lib/python3.8/dist-packages/neutron_lib/callbacks/manager.py:192}}
Jul 28 03:23:43.750812 dv-cinder-786260-14-smb neutron-server[93056]: DEBUG neutron.db.provisioning_blocks [req-3bce652c-e7df-48b4-ab60-0427d5ab4476 req-d3aa48d3-ae46-4ae5-aade-923681972c7b service neutron] Transition to ACTIVE for port object 1e8e4297-9f71-4745-b3c2-98e22ee3e3a4 will not be triggered until provisioned by entity L2. {{(pid=93056) add_provisioning_component /opt/stack/neutron/neutron/db/provisioning_blocks.py:73}}
Jul 28 03:23:43.757384 dv-cinder-786260-14-smb neutron-server[93056]: DEBUG neutron_lib.callbacks.manager [req-3bce652c-e7df-48b4-ab60-0427d5ab4476 req-d3aa48d3-ae46-4ae5-aade-923681972c7b service neutron] Notify callbacks ['neutron.plugins.ml2.plugin.SecurityGroupServerNotifierRpcMixin._notify_sg_on_port_change-566505', 'neutron.plugins.ml2.ovo_rpc._ObjectChangeHandler.handle_event-179581', 'neutron.api.rpc.agentnotifiers.dhcp_rpc_agent_api.DhcpAgentNotifyAPI._native_event_send_dhcp_notification-7928505', 'neutron.db.l3_db.L3RpcNotifierMixin._notify_gateway_port_ip_changed-8759263157297', 'neutron.db.l3_dvrscheduler_db._notify_l3_agent_port_update-8759262752040', 'neutron.db.l3_hascheduler_db._notify_l3_agent_ha_port_update-8759262752058'] for port, after_update {{(pid=93056) _notify_loop /usr/local/lib/python3.8/dist-packages/neutron_lib/callbacks/manager.py:192}}
Jul 28 03:23:43.798441 dv-cinder-786260-14-smb neutron-server[93056]: DEBUG neutron.pecan_wsgi.hooks.policy_enforcement [req-8d634b95-2663-46b2-b79a-9843ffba8729 req-b453f873-841c-4d6a-b201-99cb893a1b84 tempest-DeleteServersTestJSON-1994043437 tempest-DeleteServersTestJSON-1994043437-project] Attributes excluded by policy engine: ['standard_attr_id', 'binding:profile', 'binding:host_id', 'binding:vif_type', 'binding:vif_details'] {{(pid=93056) _exclude_attributes_by_policy /opt/stack/neutron/neutron/pecan_wsgi/hooks/policy_enforcement.py:255}}
Jul 28 03:23:43.799958 dv-cinder-786260-14-smb neutron-server[93056]: INFO neutron.wsgi [req-8d634b95-2663-46b2-b79a-9843ffba8729 req-b453f873-841c-4d6a-b201-99cb893a1b84 tempest-DeleteServersTestJSON-1994043437 tempest-DeleteServersTestJSON-1994043437-project] 10.222.0.18 "GET /v2.0/ports?device_id=c52bc82b-4598-4d76-960a-a13609e65db0 HTTP/1.1" status: 200 len: 944 time: 0.1272633
Jul 28 03:23:43.800556 dv-cinder-786260-14-smb neutron-server[93056]: DEBUG neutron.pecan_wsgi.hooks.quota_enforcement [req-47b030b9-683f-43ef-8d83-aafa3ff3998a req-74059d7a-a346-43de-8361-28284563f5fb tempest-ServerRescueNegativeTestJSON-1633766977 tempest-ServerRescueNegativeTestJSON-1633766977-project] Made reservation on behalf of 22fcd7043c644701abeac365aeb34040 for: {'port': 1} {{(pid=93056) before /opt/stack/neutron/neutron/pecan_wsgi/hooks/quota_enforcement.py:53}}
Jul 28 03:23:43.804450 dv-cinder-786260-14-smb neutron-server[93056]: DEBUG neutron_lib.callbacks.manager [req-47b030b9-683f-43ef-8d83-aafa3ff3998a req-74059d7a-a346-43de-8361-28284563f5fb tempest-ServerRescueNegativeTestJSON-1633766977 tempest-ServerRescueNegativeTestJSON-1633766977-project] Notify callbacks ['neutron.plugins.ml2.plugin.SecurityGroupDbMixin._ensure_default_security_group_handler-566820'] for port, before_create {{(pid=93056) _notify_loop /usr/local/lib/python3.8/dist-packages/neutron_lib/callbacks/manager.py:192}}
Jul 28 03:23:43.876548 dv-cinder-786260-14-smb neutron-server[93056]: DEBUG neutron.api.rpc.handlers.resources_rpc [None req-d3aa48d3-ae46-4ae5-aade-923681972c7b service neutron] Pushing event updated for resources: {'Port': ['ID=1e8e4297-9f71-4745-b3c2-98e22ee3e3a4,revision_number=2']} {{(pid=93056) push /opt/stack/neutron/neutron/api/rpc/handlers/resources_rpc.py:237}}
Jul 28 03:23:43.895471 dv-cinder-786260-14-smb neutron-server[93057]: DEBUG neutron.wsgi [-] (93057) accepted ('10.222.0.11', 53126) {{(pid=93057) server /usr/local/lib/python3.8/dist-packages/eventlet/wsgi.py:982}}
Jul 28 03:23:43.917952 dv-cinder-786260-14-smb neutron-server[93057]: DEBUG neutron.wsgi [-] (93057) accepted ('10.222.0.18', 45808) {{(pid=93057) server /usr/local/lib/python3.8/dist-packages/eventlet/wsgi.py:982}}
Jul 28 03:23:43.984762 dv-cinder-786260-14-smb neutron-server[93056]: INFO neutron.wsgi [req-8d634b95-2663-46b2-b79a-9843ffba8729 req-556c1400-f3fa-4c21-90f0-6e78b3764950 tempest-DeleteServersTestJSON-1994043437 tempest-DeleteServersTestJSON-1994043437-project] 10.222.0.18 "GET /v2.0/security-groups?id=a1b88a77-4296-453c-9455-9c6636d0de1c&fields=id&fields=name HTTP/1.1" status: 200 len: 286 time: 0.1746943
Jul 28 03:23:44.016329 dv-cinder-786260-14-smb neutron-server[93056]: INFO neutron.wsgi [req-ef17daa8-ff99-4bef-9593-4de2d254f271 req-ded35d47-926e-4266-af4e-0dd2785270aa tempest-AttachVolumeTestJSON-710884604 tempest-AttachVolumeTestJSON-710884604-project] 10.222.0.18 "GET /v2.0/ports?device_id=57c5ebe9-b696-4db4-bf43-7965a2b10b45 HTTP/1.1" status: 200 len: 210 time: 0.0705082
Jul 28 03:23:44.017003 dv-cinder-786260-14-smb neutron-server[93056]: DEBUG neutron.plugins.ml2.managers [req-3bce652c-e7df-48b4-ab60-0427d5ab4476 req-d3aa48d3-ae46-4ae5-aade-923681972c7b service neutron] Attempting to bind port 1e8e4297-9f71-4745-b3c2-98e22ee3e3a4 on host hv-cinder-78626 for vnic_type normal with profile {{(pid=93056) bind_port /opt/stack/neutron/neutron/plugins/ml2/managers.py:790}}
Jul 28 03:23:44.017333 dv-cinder-786260-14-smb neutron-server[93056]: DEBUG neutron.plugins.ml2.managers [req-3bce652c-e7df-48b4-ab60-0427d5ab4476 req-d3aa48d3-ae46-4ae5-aade-923681972c7b service neutron] Attempting to bind port 1e8e4297-9f71-4745-b3c2-98e22ee3e3a4 by drivers openvswitch,hyperv on host hv-cinder-78626 at level 0 using segments [{'id': 'fb5c2930-f2a5-4f8b-8f1e-5183096ece7a', 'network_type': 'vlan', 'physical_network': 'physnet1', 'segmentation_id': 95, 'network_id': '64e89a5b-7382-4e55-8f3a-1fcddf635924'}] {{(pid=93056) _bind_port_level /opt/stack/neutron/neutron/plugins/ml2/managers.py:815}}
Jul 28 03:23:44.017680 dv-cinder-786260-14-smb neutron-server[93056]: DEBUG neutron.plugins.ml2.drivers.mech_agent [req-3bce652c-e7df-48b4-ab60-0427d5ab4476 req-d3aa48d3-ae46-4ae5-aade-923681972c7b service neutron] Attempting to bind port 1e8e4297-9f71-4745-b3c2-98e22ee3e3a4 on network 64e89a5b-7382-4e55-8f3a-1fcddf635924 {{(pid=93056) bind_port /opt/stack/neutron/neutron/plugins/ml2/drivers/mech_agent.py:85}}
Jul 28 03:23:44.030851 dv-cinder-786260-14-smb neutron-server[93056]: DEBUG neutron.plugins.ml2.drivers.mech_agent [req-3bce652c-e7df-48b4-ab60-0427d5ab4476 req-d3aa48d3-ae46-4ae5-aade-923681972c7b service neutron] Port 1e8e4297-9f71-4745-b3c2-98e22ee3e3a4 on network 64e89a5b-7382-4e55-8f3a-1fcddf635924 not bound, no agent of type Open vSwitch agent registered on host hv-cinder-78626 {{(pid=93056) bind_port /opt/stack/neutron/neutron/plugins/ml2/drivers/mech_agent.py:97}}
