Jul 27 17:59:06.029378 dv-cinder-786260-13-iscsi devstack@c-api.service[99873]: INFO cinder.api.openstack.wsgi [None req-6f0081e1-08a7-441f-922a-f913e2af0708 tempest-QosSpecsTestJSON-1222604509 tempest-QosSpecsTestJSON-1222604509-project-admin] http://10.222.0.47/volume/v3/f2942750e8a04c7b8932e66d3ed30ab4/qos-specs/e2305a88-aaf1-4f29-9e6c-f98191b02e21 returned with HTTP 200
Jul 27 17:59:06.032731 dv-cinder-786260-13-iscsi devstack@c-api.service[99873]: [pid: 99873|app: 0|req: 57/115] 10.222.0.47 () {58 vars in 1331 bytes} [Tue Jul 27 17:59:05 2021] GET /volume/v3/f2942750e8a04c7b8932e66d3ed30ab4/qos-specs/e2305a88-aaf1-4f29-9e6c-f98191b02e21 => generated 458 bytes in 36 msecs (HTTP/1.1 200) 7 headers in 285 bytes (1 switches on core 0)
Jul 27 17:59:06.043805 dv-cinder-786260-13-iscsi devstack@c-api.service[99874]: INFO cinder.api.openstack.wsgi [None req-d86ff136-13d0-4e48-a3de-9adfa5007249 tempest-UserMessagesTest-493763605 tempest-UserMessagesTest-493763605-project] http://10.222.0.47/volume/v3/e28ab31c95aa46a19c682f65cda492b5/messages/f2f3c6b6-384b-4586-8b6e-9b923c3395f0 returned with HTTP 204
Jul 27 17:59:06.045063 dv-cinder-786260-13-iscsi devstack@c-api.service[99874]: [pid: 99874|app: 0|req: 59/116] 10.222.0.47 () {60 vars in 1371 bytes} [Tue Jul 27 17:59:05 2021] DELETE /volume/v3/e28ab31c95aa46a19c682f65cda492b5/messages/f2f3c6b6-384b-4586-8b6e-9b923c3395f0 => generated 0 bytes in 78 msecs (HTTP/1.1 204) 6 headers in 235 bytes (1 switches on core 0)
Jul 27 17:59:06.052476 dv-cinder-786260-13-iscsi devstack@c-api.service[99874]: INFO cinder.api.openstack.wsgi [None req-ce91099c-9125-4c71-9e46-b083bfb986f6 tempest-UserMessagesTest-493763605 tempest-UserMessagesTest-493763605-project] GET http://10.222.0.47/volume/v3/e28ab31c95aa46a19c682f65cda492b5/messages/f2f3c6b6-384b-4586-8b6e-9b923c3395f0
Jul 27 17:59:06.053033 dv-cinder-786260-13-iscsi devstack@c-api.service[99874]: DEBUG cinder.api.openstack.wsgi [None req-ce91099c-9125-4c71-9e46-b083bfb986f6 tempest-UserMessagesTest-493763605 tempest-UserMessagesTest-493763605-project] Empty body provided in request {{(pid=99874) get_body /opt/stack/cinder/cinder/api/openstack/wsgi.py:703}}
Jul 27 17:59:06.053403 dv-cinder-786260-13-iscsi devstack@c-api.service[99874]: DEBUG cinder.api.openstack.wsgi [None req-ce91099c-9125-4c71-9e46-b083bfb986f6 tempest-UserMessagesTest-493763605 tempest-UserMessagesTest-493763605-project] Calling method 'version_select' {{(pid=99874) _process_stack /opt/stack/cinder/cinder/api/openstack/wsgi.py:856}}
Jul 27 17:59:06.055035 dv-cinder-786260-13-iscsi devstack@c-api.service[99873]: INFO cinder.api.openstack.wsgi [None req-a0d47a8a-cfb3-4c98-abd6-86982d2fee7b tempest-QosSpecsTestJSON-1222604509 tempest-QosSpecsTestJSON-1222604509-project-admin] GET http://10.222.0.47/volume/v3/f2942750e8a04c7b8932e66d3ed30ab4/qos-specs
Jul 27 17:59:06.058395 dv-cinder-786260-13-iscsi devstack@c-api.service[99873]: DEBUG cinder.api.openstack.wsgi [None req-a0d47a8a-cfb3-4c98-abd6-86982d2fee7b tempest-QosSpecsTestJSON-1222604509 tempest-QosSpecsTestJSON-1222604509-project-admin] Empty body provided in request {{(pid=99873) get_body /opt/stack/cinder/cinder/api/openstack/wsgi.py:703}}
Jul 27 17:59:06.058639 dv-cinder-786260-13-iscsi devstack@c-api.service[99873]: /usr/local/lib/python3.8/dist-packages/webob/acceptparse.py:1047: DeprecationWarning: The behavior of AcceptValidHeader.best_match is currently being maintained for backward compatibility, but it will be deprecated in the future, as it does not conform to the RFC.
Jul 27 17:59:06.058639 dv-cinder-786260-13-iscsi devstack@c-api.service[99873]: warnings.warn(
Jul 27 17:59:06.058923 dv-cinder-786260-13-iscsi devstack@c-api.service[99873]: DEBUG cinder.api.openstack.wsgi [None req-a0d47a8a-cfb3-4c98-abd6-86982d2fee7b tempest-QosSpecsTestJSON-1222604509 tempest-QosSpecsTestJSON-1222604509-project-admin] Calling method 'index' {{(pid=99873) _process_stack /opt/stack/cinder/cinder/api/openstack/wsgi.py:856}}
Jul 27 17:59:06.059636 dv-cinder-786260-13-iscsi devstack@c-api.service[99873]: /usr/local/lib/python3.8/dist-packages/oslo_context/context.py:105: DeprecationWarning: Policy enforcement is depending on the value of is_admin. This key is deprecated. Please update your policy file to use the standard policy values.
Jul 27 17:59:06.059636 dv-cinder-786260-13-iscsi devstack@c-api.service[99873]: warnings.warn('Policy enforcement is depending on the value of '
Jul 27 17:59:06.066037 dv-cinder-786260-13-iscsi devstack@c-api.service[99874]: INFO cinder.api.openstack.wsgi [None req-ce91099c-9125-4c71-9e46-b083bfb986f6 tempest-UserMessagesTest-493763605 tempest-UserMessagesTest-493763605-project] http://10.222.0.47/volume/v3/e28ab31c95aa46a19c682f65cda492b5/messages/f2f3c6b6-384b-4586-8b6e-9b923c3395f0 returned with HTTP 404
Jul 27 17:59:06.071614 dv-cinder-786260-13-iscsi devstack@c-api.service[99874]: [pid: 99874|app: 0|req: 60/117] 10.222.0.47 () {60 vars in 1368 bytes} [Tue Jul 27 17:59:06 2021] GET /volume/v3/e28ab31c95aa46a19c682f65cda492b5/messages/f2f3c6b6-384b-4586-8b6e-9b923c3395f0 => generated 110 bytes in 18 msecs (HTTP/1.1 404) 7 headers in 292 bytes (2 switches on core 0)
Jul 27 17:59:06.086696 dv-cinder-786260-13-iscsi devstack@c-api.service[99873]: INFO cinder.api.openstack.wsgi [None req-a0d47a8a-cfb3-4c98-abd6-86982d2fee7b tempest-QosSpecsTestJSON-1222604509 tempest-QosSpecsTestJSON-1222604509-project-admin] http://10.222.0.47/volume/v3/f2942750e8a04c7b8932e66d3ed30ab4/qos-specs returned with HTTP 200
Jul 27 17:59:06.087495 dv-cinder-786260-13-iscsi devstack@c-api.service[99873]: [pid: 99873|app: 0|req: 58/118] 10.222.0.47 () {58 vars in 1220 bytes} [Tue Jul 27 17:59:06 2021] GET /volume/v3/f2942750e8a04c7b8932e66d3ed30ab4/qos-specs => generated 174 bytes in 50 msecs (HTTP/1.1 200) 7 headers in 285 bytes (1 switches on core 0)
Jul 27 17:59:06.102106 dv-cinder-786260-13-iscsi devstack@c-api.service[99874]: INFO cinder.api.openstack.wsgi [None req-e2ed7fad-5593-43c1-a510-03f9bfa87ed5 tempest-UserMessagesTest-1818923210 tempest-UserMessagesTest-1818923210-project-admin] POST http://10.222.0.47/volume/v3/ed977c56db8c481c8c7fe0d42143e8f6/types
Jul 27 17:59:06.103145 dv-cinder-786260-13-iscsi devstack@c-api.service[99874]: DEBUG cinder.api.openstack.wsgi [None req-e2ed7fad-5593-43c1-a510-03f9bfa87ed5 tempest-UserMessagesTest-1818923210 tempest-UserMessagesTest-1818923210-project-admin] Action: 'create', calling method: _create, body: {"volume_type": {"name": "tempest-UserMessagesTest-volume-type-1522867701", "extra_specs": {"storage_protocol": "tempest-storage_protocol-798699916", "vendor_name": "tempest-vendor_name-1605275690"}}} {{(pid=99874) _process_stack /opt/stack/cinder/cinder/api/openstack/wsgi.py:854}}
Jul 27 17:59:06.107468 dv-cinder-786260-13-iscsi devstack@c-api.service[99873]: INFO cinder.api.openstack.wsgi [None req-b25e826b-0264-4a85-b3fa-46dbcbaaeb8b tempest-QosSpecsTestJSON-1222604509 tempest-QosSpecsTestJSON-1222604509-project-admin] PUT http://10.222.0.47/volume/v3/f2942750e8a04c7b8932e66d3ed30ab4/qos-specs/e2305a88-aaf1-4f29-9e6c-f98191b02e21
Jul 27 17:59:06.107864 dv-cinder-786260-13-iscsi devstack@c-api.service[99873]: /usr/local/lib/python3.8/dist-packages/webob/acceptparse.py:1047: DeprecationWarning: The behavior of AcceptValidHeader.best_match is currently being maintained for backward compatibility, but it will be deprecated in the future, as it does not conform to the RFC.
Jul 27 17:59:06.107864 dv-cinder-786260-13-iscsi devstack@c-api.service[99873]: warnings.warn(
Jul 27 17:59:06.108225 dv-cinder-786260-13-iscsi devstack@c-api.service[99873]: DEBUG cinder.api.openstack.wsgi [None req-b25e826b-0264-4a85-b3fa-46dbcbaaeb8b tempest-QosSpecsTestJSON-1222604509 tempest-QosSpecsTestJSON-1222604509-project-admin] Action: 'update', calling method: update, body: {"qos_specs": {"iops_bytes": "500"}} {{(pid=99873) _process_stack /opt/stack/cinder/cinder/api/openstack/wsgi.py:854}}
Jul 27 17:59:06.113719 dv-cinder-786260-13-iscsi devstack@c-api.service[99873]: /usr/local/lib/python3.8/dist-packages/oslo_context/context.py:105: DeprecationWarning: Policy enforcement is depending on the value of is_admin. This key is deprecated. Please update your policy file to use the standard policy values.
Jul 27 17:59:06.113719 dv-cinder-786260-13-iscsi devstack@c-api.service[99873]: warnings.warn('Policy enforcement is depending on the value of '
Jul 27 17:59:06.133673 dv-cinder-786260-13-iscsi devstack@c-api.service[99873]: DEBUG cinder.volume.qos_specs [None req-b25e826b-0264-4a85-b3fa-46dbcbaaeb8b tempest-QosSpecsTestJSON-1222604509 tempest-QosSpecsTestJSON-1222604509-project-admin] qos_specs.update(): specs {'iops_bytes': '500'} {{(pid=99873) update /opt/stack/cinder/cinder/volume/qos_specs.py:79}}
Jul 27 17:59:06.158898 dv-cinder-786260-13-iscsi devstack@c-api.service[99873]: DEBUG cinder.db.sqlalchemy.api [None req-b25e826b-0264-4a85-b3fa-46dbcbaaeb8b tempest-QosSpecsTestJSON-1222604509 tempest-QosSpecsTestJSON-1222604509-project-admin] qos_specs_update() value: {'id': 'a6ad708c-11d9-4972-ad15-d6127be75824', 'key': 'iops_bytes', 'value': '500', 'specs_id': 'e2305a88-aaf1-4f29-9e6c-f98191b02e21', 'deleted': False} {{(pid=99873) qos_specs_update /opt/stack/cinder/cinder/db/sqlalchemy/api.py:4919}}
Jul 27 17:59:06.171453 dv-cinder-786260-13-iscsi devstack@c-api.service[99873]: INFO cinder.api.openstack.wsgi [None req-b25e826b-0264-4a85-b3fa-46dbcbaaeb8b tempest-QosSpecsTestJSON-1222604509 tempest-QosSpecsTestJSON-1222604509-project-admin] http://10.222.0.47/volume/v3/f2942750e8a04c7b8932e66d3ed30ab4/qos-specs/e2305a88-aaf1-4f29-9e6c-f98191b02e21 returned with HTTP 200
Jul 27 17:59:06.172264 dv-cinder-786260-13-iscsi devstack@c-api.service[99873]: [pid: 99873|app: 0|req: 59/119] 10.222.0.47 () {60 vars in 1351 bytes} [Tue Jul 27 17:59:06 2021] PUT /volume/v3/f2942750e8a04c7b8932e66d3ed30ab4/qos-specs/e2305a88-aaf1-4f29-9e6c-f98191b02e21 => generated 36 bytes in 78 msecs (HTTP/1.1 200) 7 headers in 284 bytes (2 switches on core 0)
Jul 27 17:59:06.189618 dv-cinder-786260-13-iscsi devstack@c-api.service[99874]: INFO cinder.api.openstack.wsgi [None req-e2ed7fad-5593-43c1-a510-03f9bfa87ed5 tempest-UserMessagesTest-1818923210 tempest-UserMessagesTest-1818923210-project-admin] http://10.222.0.47/volume/v3/ed977c56db8c481c8c7fe0d42143e8f6/types returned with HTTP 200
Jul 27 17:59:06.196016 dv-cinder-786260-13-iscsi devstack@c-api.service[99874]: [pid: 99874|app: 0|req: 61/120] 10.222.0.47 () {60 vars in 1230 bytes} [Tue Jul 27 17:59:06 2021] POST /volume/v3/ed977c56db8c481c8c7fe0d42143e8f6/types => generated 327 bytes in 122 msecs (HTTP/1.1 200) 7 headers in 285 bytes (2 switches on core 0)
Jul 27 17:59:06.209209 dv-cinder-786260-13-iscsi devstack@c-api.service[99873]: INFO cinder.api.openstack.wsgi [None req-c3ca16b2-0ce7-4795-8424-edf6c6171dac tempest-QosSpecsTestJSON-1222604509 tempest-QosSpecsTestJSON-1222604509-project-admin] GET http://10.222.0.47/volume/v3/f2942750e8a04c7b8932e66d3ed30ab4/qos-specs/e2305a88-aaf1-4f29-9e6c-f98191b02e21
Jul 27 17:59:06.209676 dv-cinder-786260-13-iscsi devstack@c-api.service[99873]: DEBUG cinder.api.openstack.wsgi [None req-c3ca16b2-0ce7-4795-8424-edf6c6171dac tempest-QosSpecsTestJSON-1222604509 tempest-QosSpecsTestJSON-1222604509-project-admin] Empty body provided in request {{(pid=99873) get_body /opt/stack/cinder/cinder/api/openstack/wsgi.py:703}}
Jul 27 17:59:06.213789 dv-cinder-786260-13-iscsi devstack@c-api.service[99873]: /usr/local/lib/python3.8/dist-packages/webob/acceptparse.py:1047: DeprecationWarning: The behavior of AcceptValidHeader.best_match is currently being maintained for backward compatibility, but it will be deprecated in the future, as it does not conform to the RFC.
Jul 27 17:59:06.213789 dv-cinder-786260-13-iscsi devstack@c-api.service[99873]: warnings.warn(
Jul 27 17:59:06.215915 dv-cinder-786260-13-iscsi devstack@c-api.service[99873]: DEBUG cinder.api.openstack.wsgi [None req-c3ca16b2-0ce7-4795-8424-edf6c6171dac tempest-QosSpecsTestJSON-1222604509 tempest-QosSpecsTestJSON-1222604509-project-admin] Calling method 'show' {{(pid=99873) _process_stack /opt/stack/cinder/cinder/api/openstack/wsgi.py:856}}
Jul 27 17:59:06.218822 dv-cinder-786260-13-iscsi devstack@c-api.service[99873]: /usr/local/lib/python3.8/dist-packages/oslo_context/context.py:105: DeprecationWarning: Policy enforcement is depending on the value of is_admin. This key is deprecated. Please update your policy file to use the standard policy values.
Jul 27 17:59:06.218822 dv-cinder-786260-13-iscsi devstack@c-api.service[99873]: warnings.warn('Policy enforcement is depending on the value of '
Jul 27 17:59:06.220327 dv-cinder-786260-13-iscsi devstack@c-api.service[99874]: INFO cinder.api.openstack.wsgi [None req-7fa23acd-2f49-4e35-9591-729efecdba88 tempest-UserMessagesTest-493763605 tempest-UserMessagesTest-493763605-project] POST http://10.222.0.47/volume/v3/e28ab31c95aa46a19c682f65cda492b5/volumes
Jul 27 17:59:06.221039 dv-cinder-786260-13-iscsi devstack@c-api.service[99874]: DEBUG cinder.api.openstack.wsgi [None req-7fa23acd-2f49-4e35-9591-729efecdba88 tempest-UserMessagesTest-493763605 tempest-UserMessagesTest-493763605-project] Action: 'create', calling method: create, body: {"volume": {"volume_type": "6e7798f8-4251-408b-aab5-a95550926450", "size": 1, "name": "tempest-UserMessagesTest-Volume-1937950383"}} {{(pid=99874) _process_stack /opt/stack/cinder/cinder/api/openstack/wsgi.py:854}}
Jul 27 17:59:06.222005 dv-cinder-786260-13-iscsi devstack@c-api.service[99874]: DEBUG cinder.api.v3.volumes [None req-7fa23acd-2f49-4e35-9591-729efecdba88 tempest-UserMessagesTest-493763605 tempest-UserMessagesTest-493763605-project] Create volume request body: {'volume': {'volume_type': '6e7798f8-4251-408b-aab5-a95550926450', 'size': 1, 'name': 'tempest-UserMessagesTest-Volume-1937950383'}} {{(pid=99874) create /opt/stack/cinder/cinder/api/v3/volumes.py:290}}
Jul 27 17:59:06.240415 dv-cinder-786260-13-iscsi devstack@c-api.service[99873]: INFO cinder.api.openstack.wsgi [None req-c3ca16b2-0ce7-4795-8424-edf6c6171dac tempest-QosSpecsTestJSON-1222604509 tempest-QosSpecsTestJSON-1222604509-project-admin] http://10.222.0.47/volume/v3/f2942750e8a04c7b8932e66d3ed30ab4/qos-specs/e2305a88-aaf1-4f29-9e6c-f98191b02e21 returned with HTTP 200
Jul 27 17:59:06.248226 dv-cinder-786260-13-iscsi devstack@c-api.service[99873]: [pid: 99873|app: 0|req: 60/121] 10.222.0.47 () {58 vars in 1331 bytes} [Tue Jul 27 17:59:06 2021] GET /volume/v3/f2942750e8a04c7b8932e66d3ed30ab4/qos-specs/e2305a88-aaf1-4f29-9e6c-f98191b02e21 => generated 479 bytes in 71 msecs (HTTP/1.1 200) 7 headers in 285 bytes (1 switches on core 0)
Jul 27 17:59:06.255223 dv-cinder-786260-13-iscsi devstack@c-api.service[99873]: INFO cinder.api.openstack.wsgi [None req-e0424500-2f0f-4b1f-818c-dd2b6f2f1a6e tempest-GroupSnapshotsTest-1173858169 tempest-GroupSnapshotsTest-1173858169-project] GET http://10.222.0.47/volume/v3/fe54809d25604445b543acfe65708e17/group_snapshots/7da03309-7f71-415d-af2a-c743a0a933b4
Jul 27 17:59:06.258603 dv-cinder-786260-13-iscsi devstack@c-api.service[99873]: DEBUG cinder.api.openstack.wsgi [None req-e0424500-2f0f-4b1f-818c-dd2b6f2f1a6e tempest-GroupSnapshotsTest-1173858169 tempest-GroupSnapshotsTest-1173858169-project] Empty body provided in request {{(pid=99873) get_body /opt/stack/cinder/cinder/api/openstack/wsgi.py:703}}
Jul 27 17:59:06.262291 dv-cinder-786260-13-iscsi devstack@c-api.service[99873]: /usr/local/lib/python3.8/dist-packages/webob/acceptparse.py:1047: DeprecationWarning: The behavior of AcceptValidHeader.best_match is currently being maintained for backward compatibility, but it will be deprecated in the future, as it does not conform to the RFC.
Jul 27 17:59:06.262291 dv-cinder-786260-13-iscsi devstack@c-api.service[99873]: warnings.warn(
Jul 27 17:59:06.263137 dv-cinder-786260-13-iscsi devstack@c-api.service[99873]: DEBUG cinder.api.openstack.wsgi [None req-e0424500-2f0f-4b1f-818c-dd2b6f2f1a6e tempest-GroupSnapshotsTest-1173858169 tempest-GroupSnapshotsTest-1173858169-project] Calling method 'version_select' {{(pid=99873) _process_stack /opt/stack/cinder/cinder/api/openstack/wsgi.py:856}}
Jul 27 17:59:06.263805 dv-cinder-786260-13-iscsi devstack@c-api.service[99873]: DEBUG cinder.api.v3.group_snapshots [None req-e0424500-2f0f-4b1f-818c-dd2b6f2f1a6e tempest-GroupSnapshotsTest-1173858169 tempest-GroupSnapshotsTest-1173858169-project] show called for member 7da03309-7f71-415d-af2a-c743a0a933b4 {{(pid=99873) show /opt/stack/cinder/cinder/api/v3/group_snapshots.py:58}}
Jul 27 17:59:06.270544 dv-cinder-786260-13-iscsi devstack@c-api.service[99874]: INFO cinder.api.v3.volumes [None req-7fa23acd-2f49-4e35-9591-729efecdba88 tempest-UserMessagesTest-493763605 tempest-UserMessagesTest-493763605-project] Create volume of 1 GB
Jul 27 17:59:06.271682 dv-cinder-786260-13-iscsi devstack@c-api.service[99874]: /usr/local/lib/python3.8/dist-packages/oslo_context/context.py:105: DeprecationWarning: Policy enforcement is depending on the value of is_admin. This key is deprecated. Please update your policy file to use the standard policy values.
Jul 27 17:59:06.271682 dv-cinder-786260-13-iscsi devstack@c-api.service[99874]: warnings.warn('Policy enforcement is depending on the value of '
Jul 27 17:59:06.272716 dv-cinder-786260-13-iscsi devstack@c-api.service[99874]: INFO cinder.volume.api [None req-7fa23acd-2f49-4e35-9591-729efecdba88 tempest-UserMessagesTest-493763605 tempest-UserMessagesTest-493763605-project] Availability Zones retrieved successfully.
Jul 27 17:59:06.276491 dv-cinder-786260-13-iscsi devstack@c-api.service[99873]: /usr/local/lib/python3.8/dist-packages/oslo_context/context.py:105: DeprecationWarning: Policy enforcement is depending on the value of is_admin. This key is deprecated. Please update your policy file to use the standard policy values.
Jul 27 17:59:06.276491 dv-cinder-786260-13-iscsi devstack@c-api.service[99873]: warnings.warn('Policy enforcement is depending on the value of '
Jul 27 17:59:06.297876 dv-cinder-786260-13-iscsi devstack@c-api.service[99873]: INFO cinder.api.openstack.wsgi [None req-e0424500-2f0f-4b1f-818c-dd2b6f2f1a6e tempest-GroupSnapshotsTest-1173858169 tempest-GroupSnapshotsTest-1173858169-project] http://10.222.0.47/volume/v3/fe54809d25604445b543acfe65708e17/group_snapshots/7da03309-7f71-415d-af2a-c743a0a933b4 returned with HTTP 200
Jul 27 17:59:06.310885 dv-cinder-786260-13-iscsi devstack@c-api.service[99873]: [pid: 99873|app: 0|req: 61/122] 10.222.0.47 () {60 vars in 1390 bytes} [Tue Jul 27 17:59:06 2021] GET /volume/v3/fe54809d25604445b543acfe65708e17/group_snapshots/7da03309-7f71-415d-af2a-c743a0a933b4 => generated 306 bytes in 59 msecs (HTTP/1.1 200) 7 headers in 286 bytes (1 switches on core 0)
Jul 27 17:59:06.330774 dv-cinder-786260-13-iscsi devstack@c-api.service[99873]: INFO cinder.api.openstack.wsgi [None req-2a4955f3-bd49-42a9-9173-816a52332df0 tempest-QosSpecsTestJSON-1222604509 tempest-QosSpecsTestJSON-1222604509-project-admin] PUT http://10.222.0.47/volume/v3/f2942750e8a04c7b8932e66d3ed30ab4/qos-specs/e2305a88-aaf1-4f29-9e6c-f98191b02e21/delete_keys
Jul 27 17:59:06.333933 dv-cinder-786260-13-iscsi devstack@c-api.service[99873]: /usr/local/lib/python3.8/dist-packages/webob/acceptparse.py:1047: DeprecationWarning: The behavior of AcceptValidHeader.best_match is currently being maintained for backward compatibility, but it will be deprecated in the future, as it does not conform to the RFC.
Jul 27 17:59:06.333933 dv-cinder-786260-13-iscsi devstack@c-api.service[99873]: warnings.warn(
Jul 27 17:59:06.334650 dv-cinder-786260-13-iscsi devstack@c-api.service[99873]: DEBUG cinder.api.openstack.wsgi [None req-2a4955f3-bd49-42a9-9173-816a52332df0 tempest-QosSpecsTestJSON-1222604509 tempest-QosSpecsTestJSON-1222604509-project-admin] Action: 'delete_keys', calling method: delete_keys, body: {"keys": ["iops_bytes"]} {{(pid=99873) _process_stack /opt/stack/cinder/cinder/api/openstack/wsgi.py:854}}
Jul 27 17:59:06.342065 dv-cinder-786260-13-iscsi devstack@c-api.service[99873]: DEBUG cinder.api.contrib.qos_specs_manage [None req-2a4955f3-bd49-42a9-9173-816a52332df0 tempest-QosSpecsTestJSON-1222604509 tempest-QosSpecsTestJSON-1222604509-project-admin] Delete_key spec: e2305a88-aaf1-4f29-9e6c-f98191b02e21, keys: ['iops_bytes'] {{(pid=99873) delete_keys /opt/stack/cinder/cinder/api/contrib/qos_specs_manage.py:207}}
Jul 27 17:59:06.373538 dv-cinder-786260-13-iscsi devstack@c-api.service[99874]: DEBUG cinder.volume.api [None req-7fa23acd-2f49-4e35-9591-729efecdba88 tempest-UserMessagesTest-493763605 tempest-UserMessagesTest-493763605-project] Flow 'volume_create_api' (8676e184-dca4-4180-a2a7-d20d2c3efba9) transitioned into state 'RUNNING' from state 'PENDING' {{(pid=99874) _flow_receiver /usr/local/lib/python3.8/dist-packages/taskflow/listeners/logging.py:141}}
Jul 27 17:59:06.393910 dv-cinder-786260-13-iscsi devstack@c-api.service[99874]: DEBUG cinder.volume.api [None req-7fa23acd-2f49-4e35-9591-729efecdba88 tempest-UserMessagesTest-493763605 tempest-UserMessagesTest-493763605-project] Task 'cinder.volume.flows.api.create_volume.ExtractVolumeRequestTask;volume:create' (903f604b-59d2-4ab8-924d-02bb42cde53d) transitioned into state 'RUNNING' from state 'PENDING' {{(pid=99874) _task_receiver /usr/local/lib/python3.8/dist-packages/taskflow/listeners/logging.py:190}}
Jul 27 17:59:06.400466 dv-cinder-786260-13-iscsi devstack@c-api.service[99873]: INFO cinder.api.openstack.wsgi [None req-2a4955f3-bd49-42a9-9173-816a52332df0 tempest-QosSpecsTestJSON-1222604509 tempest-QosSpecsTestJSON-1222604509-project-admin] http://10.222.0.47/volume/v3/f2942750e8a04c7b8932e66d3ed30ab4/qos-specs/e2305a88-aaf1-4f29-9e6c-f98191b02e21/delete_keys returned with HTTP 202
Jul 27 17:59:06.407597 dv-cinder-786260-13-iscsi devstack@c-api.service[99874]: DEBUG cinder.volume.flows.api.create_volume [None req-7fa23acd-2f49-4e35-9591-729efecdba88 tempest-UserMessagesTest-493763605 tempest-UserMessagesTest-493763605-project] Validating volume size '1' using validate_int {{(pid=99874) _extract_size /opt/stack/cinder/cinder/volume/flows/api/create_volume.py:201}}
Jul 27 17:59:06.413050 dv-cinder-786260-13-iscsi devstack@c-api.service[99873]: [pid: 99873|app: 0|req: 62/123] 10.222.0.47 () {60 vars in 1387 bytes} [Tue Jul 27 17:59:06 2021] PUT /volume/v3/f2942750e8a04c7b8932e66d3ed30ab4/qos-specs/e2305a88-aaf1-4f29-9e6c-f98191b02e21/delete_keys => generated 0 bytes in 101 msecs (HTTP/1.1 202) 6 headers in 233 bytes (1 switches on core 0)
Jul 27 17:59:06.420154 dv-cinder-786260-13-iscsi devstack@c-api.service[99873]: INFO cinder.api.openstack.wsgi [None req-8db99cc2-af0c-4dff-ac09-e0e4f68f07cd tempest-QosSpecsTestJSON-1222604509 tempest-QosSpecsTestJSON-1222604509-project-admin] GET http://10.222.0.47/volume/v3/f2942750e8a04c7b8932e66d3ed30ab4/qos-specs/e2305a88-aaf1-4f29-9e6c-f98191b02e21
Jul 27 17:59:06.424123 dv-cinder-786260-13-iscsi devstack@c-api.service[99873]: DEBUG cinder.api.openstack.wsgi [None req-8db99cc2-af0c-4dff-ac09-e0e4f68f07cd tempest-QosSpecsTestJSON-1222604509 tempest-QosSpecsTestJSON-1222604509-project-admin] Empty body provided in request {{(pid=99873) get_body /opt/stack/cinder/cinder/api/openstack/wsgi.py:703}}
Jul 27 17:59:06.427276 dv-cinder-786260-13-iscsi devstack@c-api.service[99873]: /usr/local/lib/python3.8/dist-packages/webob/acceptparse.py:1047: DeprecationWarning: The behavior of AcceptValidHeader.best_match is currently being maintained for backward compatibility, but it will be deprecated in the future, as it does not conform to the RFC.
Jul 27 17:59:06.427276 dv-cinder-786260-13-iscsi devstack@c-api.service[99873]: warnings.warn(
Jul 27 17:59:06.428012 dv-cinder-786260-13-iscsi devstack@c-api.service[99873]: DEBUG cinder.api.openstack.wsgi [None req-8db99cc2-af0c-4dff-ac09-e0e4f68f07cd tempest-QosSpecsTestJSON-1222604509 tempest-QosSpecsTestJSON-1222604509-project-admin] Calling method 'show' {{(pid=99873) _process_stack /opt/stack/cinder/cinder/api/openstack/wsgi.py:856}}
Jul 27 17:59:06.428853 dv-cinder-786260-13-iscsi devstack@c-api.service[99873]: /usr/local/lib/python3.8/dist-packages/oslo_context/context.py:105: DeprecationWarning: Policy enforcement is depending on the value of is_admin. This key is deprecated. Please update your policy file to use the standard policy values.
Jul 27 17:59:06.428853 dv-cinder-786260-13-iscsi devstack@c-api.service[99873]: warnings.warn('Policy enforcement is depending on the value of '
Jul 27 17:59:06.451782 dv-cinder-786260-13-iscsi devstack@c-api.service[99873]: INFO cinder.api.openstack.wsgi [None req-8db99cc2-af0c-4dff-ac09-e0e4f68f07cd tempest-QosSpecsTestJSON-1222604509 tempest-QosSpecsTestJSON-1222604509-project-admin] http://10.222.0.47/volume/v3/f2942750e8a04c7b8932e66d3ed30ab4/qos-specs/e2305a88-aaf1-4f29-9e6c-f98191b02e21 returned with HTTP 200
Jul 27 17:59:06.455982 dv-cinder-786260-13-iscsi devstack@c-api.service[99873]: [pid: 99873|app: 0|req: 63/124] 10.222.0.47 () {58 vars in 1331 bytes} [Tue Jul 27 17:59:06 2021] GET /volume/v3/f2942750e8a04c7b8932e66d3ed30ab4/qos-specs/e2305a88-aaf1-4f29-9e6c-f98191b02e21 => generated 458 bytes in 42 msecs (HTTP/1.1 200) 7 headers in 285 bytes (1 switches on core 0)
Jul 27 17:59:06.473969 dv-cinder-786260-13-iscsi devstack@c-api.service[99873]: INFO cinder.api.openstack.wsgi [None req-e1a760ea-61ea-4dc4-b260-ed73853e7b29 tempest-QosSpecsTestJSON-1222604509 tempest-QosSpecsTestJSON-1222604509-project-admin] GET http://10.222.0.47/volume/v3/f2942750e8a04c7b8932e66d3ed30ab4/qos-specs/e2305a88-aaf1-4f29-9e6c-f98191b02e21
Jul 27 17:59:06.474532 dv-cinder-786260-13-iscsi devstack@c-api.service[99873]: DEBUG cinder.api.openstack.wsgi [None req-e1a760ea-61ea-4dc4-b260-ed73853e7b29 tempest-QosSpecsTestJSON-1222604509 tempest-QosSpecsTestJSON-1222604509-project-admin] Empty body provided in request {{(pid=99873) get_body /opt/stack/cinder/cinder/api/openstack/wsgi.py:703}}
Jul 27 17:59:06.474803 dv-cinder-786260-13-iscsi devstack@c-api.service[99873]: /usr/local/lib/python3.8/dist-packages/webob/acceptparse.py:1047: DeprecationWarning: The behavior of AcceptValidHeader.best_match is currently being maintained for backward compatibility, but it will be deprecated in the future, as it does not conform to the RFC.
Jul 27 17:59:06.474803 dv-cinder-786260-13-iscsi devstack@c-api.service[99873]: warnings.warn(
Jul 27 17:59:06.475460 dv-cinder-786260-13-iscsi devstack@c-api.service[99873]: DEBUG cinder.api.openstack.wsgi [None req-e1a760ea-61ea-4dc4-b260-ed73853e7b29 tempest-QosSpecsTestJSON-1222604509 tempest-QosSpecsTestJSON-1222604509-project-admin] Calling method 'show' {{(pid=99873) _process_stack /opt/stack/cinder/cinder/api/openstack/wsgi.py:856}}
Jul 27 17:59:06.476661 dv-cinder-786260-13-iscsi devstack@c-api.service[99873]: /usr/local/lib/python3.8/dist-packages/oslo_context/context.py:105: DeprecationWarning: Policy enforcement is depending on the value of is_admin. This key is deprecated. Please update your policy file to use the standard policy values.
Jul 27 17:59:06.476661 dv-cinder-786260-13-iscsi devstack@c-api.service[99873]: warnings.warn('Policy enforcement is depending on the value of '
Jul 27 17:59:06.497211 dv-cinder-786260-13-iscsi devstack@c-api.service[99873]: INFO cinder.api.openstack.wsgi [None req-e1a760ea-61ea-4dc4-b260-ed73853e7b29 tempest-QosSpecsTestJSON-1222604509 tempest-QosSpecsTestJSON-1222604509-project-admin] http://10.222.0.47/volume/v3/f2942750e8a04c7b8932e66d3ed30ab4/qos-specs/e2305a88-aaf1-4f29-9e6c-f98191b02e21 returned with HTTP 200
Jul 27 17:59:06.498386 dv-cinder-786260-13-iscsi devstack@c-api.service[99873]: [pid: 99873|app: 0|req: 64/125] 10.222.0.47 () {58 vars in 1331 bytes} [Tue Jul 27 17:59:06 2021] GET /volume/v3/f2942750e8a04c7b8932e66d3ed30ab4/qos-specs/e2305a88-aaf1-4f29-9e6c-f98191b02e21 => generated 458 bytes in 30 msecs (HTTP/1.1 200) 7 headers in 285 bytes (2 switches on core 0)
Jul 27 17:59:06.530077 dv-cinder-786260-13-iscsi devstack@c-api.service[99873]: INFO cinder.api.openstack.wsgi [None req-b118a3f0-c741-4eae-aef5-afa2126ef9fe tempest-QosSpecsTestJSON-1222604509 tempest-QosSpecsTestJSON-1222604509-project-admin] DELETE http://10.222.0.47/volume/v3/f2942750e8a04c7b8932e66d3ed30ab4/qos-specs/d096e866-27e8-4108-a59a-ba109741c26b?force=False
Jul 27 17:59:06.530639 dv-cinder-786260-13-iscsi devstack@c-api.service[99873]: DEBUG cinder.api.openstack.wsgi [None req-b118a3f0-c741-4eae-aef5-afa2126ef9fe tempest-QosSpecsTestJSON-1222604509 tempest-QosSpecsTestJSON-1222604509-project-admin] Empty body provided in request {{(pid=99873) get_body /opt/stack/cinder/cinder/api/openstack/wsgi.py:703}}
Jul 27 17:59:06.541824 dv-cinder-786260-13-iscsi devstack@c-api.service[99873]: /usr/local/lib/python3.8/dist-packages/webob/acceptparse.py:1047: DeprecationWarning: The behavior of AcceptValidHeader.best_match is currently being maintained for backward compatibility, but it will be deprecated in the future, as it does not conform to the RFC.
Jul 27 17:59:06.541824 dv-cinder-786260-13-iscsi devstack@c-api.service[99873]: warnings.warn(
Jul 27 17:59:06.542605 dv-cinder-786260-13-iscsi devstack@c-api.service[99873]: DEBUG cinder.api.openstack.wsgi [None req-b118a3f0-c741-4eae-aef5-afa2126ef9fe tempest-QosSpecsTestJSON-1222604509 tempest-QosSpecsTestJSON-1222604509-project-admin] Calling method 'delete' {{(pid=99873) _process_stack /opt/stack/cinder/cinder/api/openstack/wsgi.py:856}}
Jul 27 17:59:06.544906 dv-cinder-786260-13-iscsi devstack@c-api.service[99873]: /usr/local/lib/python3.8/dist-packages/oslo_context/context.py:105: DeprecationWarning: Policy enforcement is depending on the value of is_admin. This key is deprecated. Please update your policy file to use the standard policy values.
Jul 27 17:59:06.544906 dv-cinder-786260-13-iscsi devstack@c-api.service[99873]: warnings.warn('Policy enforcement is depending on the value of '
Jul 27 17:59:06.546066 dv-cinder-786260-13-iscsi devstack@c-api.service[99874]: DEBUG cinder.volume.api [None req-7fa23acd-2f49-4e35-9591-729efecdba88 tempest-UserMessagesTest-493763605 tempest-UserMessagesTest-493763605-project] Task 'cinder.volume.flows.api.create_volume.ExtractVolumeRequestTask;volume:create' (903f604b-59d2-4ab8-924d-02bb42cde53d) transitioned into state 'SUCCESS' from state 'RUNNING' with result '{'size': 1, 'snapshot_id': None, 'source_volid': None, 'volume_type': VolumeType(created_at=2021-07-27T17:59:06Z,deleted=False,deleted_at=None,description=None,extra_specs={storage_protocol='tempest-storage_protocol-798699916',vendor_name='tempest-vendor_name-1605275690'},id=6e7798f8-4251-408b-aab5-a95550926450,is_public=True,name='tempest-UserMessagesTest-volume-type-1522867701',projects=[],qos_specs=,qos_specs_id=None,updated_at=None), 'volume_type_id': '6e7798f8-4251-408b-aab5-a95550926450', 'encryption_key_id': None, 'qos_specs': None, 'consistencygroup_id': None, 'cgsnapshot_id': None, 'group_id': None, 'replication_status': 'disabled', 'refresh_az': False, 'backup_id': None, 'multiattach': False, 'availability_zones': ['nova']}' {{(pid=99874) _task_receiver /usr/local/lib/python3.8/dist-packages/taskflow/listeners/logging.py:178}}
Jul 27 17:59:06.548713 dv-cinder-786260-13-iscsi devstack@c-api.service[99874]: DEBUG cinder.volume.api [None req-7fa23acd-2f49-4e35-9591-729efecdba88 tempest-UserMessagesTest-493763605 tempest-UserMessagesTest-493763605-project] Task 'cinder.volume.flows.api.create_volume.QuotaReserveTask;volume:create' (3e1118f2-a34d-48f0-bacc-f923481e3e8a) transitioned into state 'RUNNING' from state 'PENDING' {{(pid=99874) _task_receiver /usr/local/lib/python3.8/dist-packages/taskflow/listeners/logging.py:190}}
Jul 27 17:59:06.549379 dv-cinder-786260-13-iscsi devstack@c-api.service[99873]: DEBUG cinder.api.contrib.qos_specs_manage [None req-b118a3f0-c741-4eae-aef5-afa2126ef9fe tempest-QosSpecsTestJSON-1222604509 tempest-QosSpecsTestJSON-1222604509-project-admin] Delete qos_spec: d096e866-27e8-4108-a59a-ba109741c26b, force: False {{(pid=99873) delete /opt/stack/cinder/cinder/api/contrib/qos_specs_manage.py:168}}
Jul 27 17:59:06.579113 dv-cinder-786260-13-iscsi devstack@c-api.service[99873]: INFO cinder.api.openstack.wsgi [None req-b118a3f0-c741-4eae-aef5-afa2126ef9fe tempest-QosSpecsTestJSON-1222604509 tempest-QosSpecsTestJSON-1222604509-project-admin] http://10.222.0.47/volume/v3/f2942750e8a04c7b8932e66d3ed30ab4/qos-specs/d096e866-27e8-4108-a59a-ba109741c26b?force=False returned with HTTP 404
Jul 27 17:59:06.581053 dv-cinder-786260-13-iscsi devstack@c-api.service[99873]: [pid: 99873|app: 0|req: 65/126] 10.222.0.47 () {58 vars in 1357 bytes} [Tue Jul 27 17:59:06 2021] DELETE /volume/v3/f2942750e8a04c7b8932e66d3ed30ab4/qos-specs/d096e866-27e8-4108-a59a-ba109741c26b?force=False => generated 100 bytes in 65 msecs (HTTP/1.1 404) 7 headers in 292 bytes (2 switches on core 0)
Jul 27 17:59:06.609563 dv-cinder-786260-13-iscsi devstack@c-api.service[99873]: INFO cinder.api.openstack.wsgi [None req-25f72194-074e-4db2-9c99-da5ae160f26a tempest-QosSpecsTestJSON-1222604509 tempest-QosSpecsTestJSON-1222604509-project-admin] GET http://10.222.0.47/volume/v3/f2942750e8a04c7b8932e66d3ed30ab4/qos-specs/d096e866-27e8-4108-a59a-ba109741c26b
Jul 27 17:59:06.610963 dv-cinder-786260-13-iscsi devstack@c-api.service[99873]: DEBUG cinder.api.openstack.wsgi [None req-25f72194-074e-4db2-9c99-da5ae160f26a tempest-QosSpecsTestJSON-1222604509 tempest-QosSpecsTestJSON-1222604509-project-admin] Empty body provided in request {{(pid=99873) get_body /opt/stack/cinder/cinder/api/openstack/wsgi.py:703}}
Jul 27 17:59:06.612114 dv-cinder-786260-13-iscsi devstack@c-api.service[99873]: DEBUG cinder.api.openstack.wsgi [None req-25f72194-074e-4db2-9c99-da5ae160f26a tempest-QosSpecsTestJSON-1222604509 tempest-QosSpecsTestJSON-1222604509-project-admin] Calling method 'show' {{(pid=99873) _process_stack /opt/stack/cinder/cinder/api/openstack/wsgi.py:856}}
Jul 27 17:59:06.629704 dv-cinder-786260-13-iscsi devstack@c-api.service[99873]: INFO cinder.api.openstack.wsgi [None req-25f72194-074e-4db2-9c99-da5ae160f26a tempest-QosSpecsTestJSON-1222604509 tempest-QosSpecsTestJSON-1222604509-project-admin] http://10.222.0.47/volume/v3/f2942750e8a04c7b8932e66d3ed30ab4/qos-specs/d096e866-27e8-4108-a59a-ba109741c26b returned with HTTP 404
Jul 27 17:59:06.633415 dv-cinder-786260-13-iscsi devstack@c-api.service[99873]: [pid: 99873|app: 0|req: 66/127] 10.222.0.47 () {58 vars in 1331 bytes} [Tue Jul 27 17:59:06 2021] GET /volume/v3/f2942750e8a04c7b8932e66d3ed30ab4/qos-specs/d096e866-27e8-4108-a59a-ba109741c26b => generated 100 bytes in 44 msecs (HTTP/1.1 404) 7 headers in 292 bytes (1 switches on core 0)
Jul 27 17:59:06.661134 dv-cinder-786260-13-iscsi devstack@c-api.service[99874]: WARNING cinder.quota [None req-7fa23acd-2f49-4e35-9591-729efecdba88 tempest-UserMessagesTest-493763605 tempest-UserMessagesTest-493763605-project] Deprecated: Default quota for resource: volumes_tempest-UserMessagesTest-volume-type-1522867701 is set by the default quota flag: quota_volumes_tempest-UserMessagesTest-volume-type-1522867701, it is now deprecated. Please use the default quota class for default quota.
Jul 27 17:59:06.662480 dv-cinder-786260-13-iscsi devstack@c-api.service[99874]: WARNING cinder.quota [None req-7fa23acd-2f49-4e35-9591-729efecdba88 tempest-UserMessagesTest-493763605 tempest-UserMessagesTest-493763605-project] Deprecated: Default quota for resource: gigabytes_tempest-UserMessagesTest-volume-type-1522867701 is set by the default quota flag: quota_gigabytes_tempest-UserMessagesTest-volume-type-1522867701, it is now deprecated. Please use the default quota class for default quota.
Jul 27 17:59:06.677794 dv-cinder-786260-13-iscsi devstack@c-api.service[99873]: INFO cinder.api.openstack.wsgi [None req-e620a623-5519-4fb1-ac68-ed3d5ed3b484 tempest-QosSpecsTestJSON-1222604509 tempest-QosSpecsTestJSON-1222604509-project-admin] DELETE http://10.222.0.47/volume/v3/f2942750e8a04c7b8932e66d3ed30ab4/qos-specs/1934f540-dd36-4eea-8795-675504ed3ae7?force=False
Jul 27 17:59:06.678884 dv-cinder-786260-13-iscsi devstack@c-api.service[99873]: DEBUG cinder.api.openstack.wsgi [None req-e620a623-5519-4fb1-ac68-ed3d5ed3b484 tempest-QosSpecsTestJSON-1222604509 tempest-QosSpecsTestJSON-1222604509-project-admin] Empty body provided in request {{(pid=99873) get_body /opt/stack/cinder/cinder/api/openstack/wsgi.py:703}}
Jul 27 17:59:06.680253 dv-cinder-786260-13-iscsi devstack@c-api.service[99873]: DEBUG cinder.api.openstack.wsgi [None req-e620a623-5519-4fb1-ac68-ed3d5ed3b484 tempest-QosSpecsTestJSON-1222604509 tempest-QosSpecsTestJSON-1222604509-project-admin] Calling method 'delete' {{(pid=99873) _process_stack /opt/stack/cinder/cinder/api/openstack/wsgi.py:856}}
Jul 27 17:59:06.683700 dv-cinder-786260-13-iscsi devstack@c-api.service[99873]: DEBUG cinder.api.contrib.qos_specs_manage [None req-e620a623-5519-4fb1-ac68-ed3d5ed3b484 tempest-QosSpecsTestJSON-1222604509 tempest-QosSpecsTestJSON-1222604509-project-admin] Delete qos_spec: 1934f540-dd36-4eea-8795-675504ed3ae7, force: False {{(pid=99873) delete /opt/stack/cinder/cinder/api/contrib/qos_specs_manage.py:168}}
Jul 27 17:59:06.702596 dv-cinder-786260-13-iscsi devstack@c-api.service[99873]: INFO cinder.api.openstack.wsgi [None req-e620a623-5519-4fb1-ac68-ed3d5ed3b484 tempest-QosSpecsTestJSON-1222604509 tempest-QosSpecsTestJSON-1222604509-project-admin] http://10.222.0.47/volume/v3/f2942750e8a04c7b8932e66d3ed30ab4/qos-specs/1934f540-dd36-4eea-8795-675504ed3ae7?force=False returned with HTTP 404
Jul 27 17:59:06.705280 dv-cinder-786260-13-iscsi devstack@c-api.service[99873]: [pid: 99873|app: 0|req: 67/128] 10.222.0.47 () {58 vars in 1357 bytes} [Tue Jul 27 17:59:06 2021] DELETE /volume/v3/f2942750e8a04c7b8932e66d3ed30ab4/qos-specs/1934f540-dd36-4eea-8795-675504ed3ae7?force=False => generated 100 bytes in 69 msecs (HTTP/1.1 404) 7 headers in 292 bytes (2 switches on core 0)
Jul 27 17:59:06.740803 dv-cinder-786260-13-iscsi devstack@c-api.service[99873]: INFO cinder.api.openstack.wsgi [None req-de798eb5-9b17-453d-a812-d72bbbf9f70e tempest-QosSpecsTestJSON-1222604509 tempest-QosSpecsTestJSON-1222604509-project-admin] GET http://10.222.0.47/volume/v3/f2942750e8a04c7b8932e66d3ed30ab4/qos-specs/1934f540-dd36-4eea-8795-675504ed3ae7
Jul 27 17:59:06.743181 dv-cinder-786260-13-iscsi devstack@c-api.service[99873]: DEBUG cinder.api.openstack.wsgi [None req-de798eb5-9b17-453d-a812-d72bbbf9f70e tempest-QosSpecsTestJSON-1222604509 tempest-QosSpecsTestJSON-1222604509-project-admin] Empty body provided in request {{(pid=99873) get_body /opt/stack/cinder/cinder/api/openstack/wsgi.py:703}}
Jul 27 17:59:06.743875 dv-cinder-786260-13-iscsi devstack@c-api.service[99873]: DEBUG cinder.api.openstack.wsgi [None req-de798eb5-9b17-453d-a812-d72bbbf9f70e tempest-QosSpecsTestJSON-1222604509 tempest-QosSpecsTestJSON-1222604509-project-admin] Calling method 'show' {{(pid=99873) _process_stack /opt/stack/cinder/cinder/api/openstack/wsgi.py:856}}
Jul 27 17:59:06.818590 dv-cinder-786260-13-iscsi devstack@c-api.service[99873]: INFO cinder.api.openstack.wsgi [None req-de798eb5-9b17-453d-a812-d72bbbf9f70e tempest-QosSpecsTestJSON-1222604509 tempest-QosSpecsTestJSON-1222604509-project-admin] http://10.222.0.47/volume/v3/f2942750e8a04c7b8932e66d3ed30ab4/qos-specs/1934f540-dd36-4eea-8795-675504ed3ae7 returned with HTTP 404
Jul 27 17:59:06.825291 dv-cinder-786260-13-iscsi devstack@c-api.service[99874]: DEBUG cinder.quota [None req-7fa23acd-2f49-4e35-9591-729efecdba88 tempest-UserMessagesTest-493763605 tempest-UserMessagesTest-493763605-project] Created reservations ['63cde459-4624-4f06-88ad-dbc25006b0d1', '71f235a5-9f23-4453-af44-bf5b1e3589a1', '2ace1681-a6cd-41ec-8e71-e87a58591bb2', 'c89bd8bf-b50f-451a-b14f-164aa3a44ae9'] {{(pid=99874) reserve /opt/stack/cinder/cinder/quota.py:755}}
Jul 27 17:59:06.830675 dv-cinder-786260-13-iscsi devstack@c-api.service[99873]: [pid: 99873|app: 0|req: 68/129] 10.222.0.47 () {58 vars in 1331 bytes} [Tue Jul 27 17:59:06 2021] GET /volume/v3/f2942750e8a04c7b8932e66d3ed30ab4/qos-specs/1934f540-dd36-4eea-8795-675504ed3ae7 => generated 100 bytes in 117 msecs (HTTP/1.1 404) 7 headers in 292 bytes (1 switches on core 0)
Jul 27 17:59:06.847055 dv-cinder-786260-13-iscsi devstack@c-api.service[99874]: DEBUG cinder.volume.api [None req-7fa23acd-2f49-4e35-9591-729efecdba88 tempest-UserMessagesTest-493763605 tempest-UserMessagesTest-493763605-project] Task 'cinder.volume.flows.api.create_volume.QuotaReserveTask;volume:create' (3e1118f2-a34d-48f0-bacc-f923481e3e8a) transitioned into state 'SUCCESS' from state 'RUNNING' with result '{'reservations': ['63cde459-4624-4f06-88ad-dbc25006b0d1', '71f235a5-9f23-4453-af44-bf5b1e3589a1', '2ace1681-a6cd-41ec-8e71-e87a58591bb2', 'c89bd8bf-b50f-451a-b14f-164aa3a44ae9']}' {{(pid=99874) _task_receiver /usr/local/lib/python3.8/dist-packages/taskflow/listeners/logging.py:178}}
Jul 27 17:59:06.851409 dv-cinder-786260-13-iscsi devstack@c-api.service[99873]: INFO cinder.api.openstack.wsgi [None req-79c390b9-bbec-4291-9674-77b85dc24e2d tempest-GroupsV314Test-1238207258 tempest-GroupsV314Test-1238207258-project] GET http://10.222.0.47/volume/v3/0fb671cbe8a44874bc54727253caf8fa/volumes/7c62449a-b8de-4ccd-8701-eb8376470033
Jul 27 17:59:06.857068 dv-cinder-786260-13-iscsi devstack@c-api.service[99873]: DEBUG cinder.api.openstack.wsgi [None req-79c390b9-bbec-4291-9674-77b85dc24e2d tempest-GroupsV314Test-1238207258 tempest-GroupsV314Test-1238207258-project] Empty body provided in request {{(pid=99873) get_body /opt/stack/cinder/cinder/api/openstack/wsgi.py:703}}
Jul 27 17:59:06.858212 dv-cinder-786260-13-iscsi devstack@c-api.service[99873]: DEBUG cinder.api.openstack.wsgi [None req-79c390b9-bbec-4291-9674-77b85dc24e2d tempest-GroupsV314Test-1238207258 tempest-GroupsV314Test-1238207258-project] Calling method 'show' {{(pid=99873) _process_stack /opt/stack/cinder/cinder/api/openstack/wsgi.py:856}}
Jul 27 17:59:06.877372 dv-cinder-786260-13-iscsi devstack@c-api.service[99873]: INFO cinder.api.openstack.wsgi [None req-79c390b9-bbec-4291-9674-77b85dc24e2d tempest-GroupsV314Test-1238207258 tempest-GroupsV314Test-1238207258-project] http://10.222.0.47/volume/v3/0fb671cbe8a44874bc54727253caf8fa/volumes/7c62449a-b8de-4ccd-8701-eb8376470033 returned with HTTP 404
Jul 27 17:59:06.887380 dv-cinder-786260-13-iscsi devstack@c-api.service[99874]: DEBUG cinder.volume.api [None req-7fa23acd-2f49-4e35-9591-729efecdba88 tempest-UserMessagesTest-493763605 tempest-UserMessagesTest-493763605-project] Task 'cinder.volume.flows.api.create_volume.EntryCreateTask;volume:create' (0fdcadf9-dc96-4e40-8b5b-20dcbb3dcd93) transitioned into state 'RUNNING' from state 'PENDING' {{(pid=99874) _task_receiver /usr/local/lib/python3.8/dist-packages/taskflow/listeners/logging.py:190}}
Jul 27 17:59:06.890920 dv-cinder-786260-13-iscsi devstack@c-api.service[99873]: [pid: 99873|app: 0|req: 69/130] 10.222.0.47 () {60 vars in 1366 bytes} [Tue Jul 27 17:59:06 2021] GET /volume/v3/0fb671cbe8a44874bc54727253caf8fa/volumes/7c62449a-b8de-4ccd-8701-eb8376470033 => generated 109 bytes in 59 msecs (HTTP/1.1 404) 7 headers in 293 bytes (1 switches on core 0)
Jul 27 17:59:06.913253 dv-cinder-786260-13-iscsi devstack@c-api.service[99873]: INFO cinder.api.openstack.wsgi [None req-9726bbcb-ba52-4b90-8d60-dd1432c96a74 tempest-QosSpecsTestJSON-1222604509 tempest-QosSpecsTestJSON-1222604509-project-admin] DELETE http://10.222.0.47/volume/v3/f2942750e8a04c7b8932e66d3ed30ab4/qos-specs/5fec68fa-3d5d-424c-b691-cb77db4ea7b7?force=False
Jul 27 17:59:06.919283 dv-cinder-786260-13-iscsi devstack@c-api.service[99873]: DEBUG cinder.api.openstack.wsgi [None req-9726bbcb-ba52-4b90-8d60-dd1432c96a74 tempest-QosSpecsTestJSON-1222604509 tempest-QosSpecsTestJSON-1222604509-project-admin] Empty body provided in request {{(pid=99873) get_body /opt/stack/cinder/cinder/api/openstack/wsgi.py:703}}
Jul 27 17:59:06.920481 dv-cinder-786260-13-iscsi devstack@c-api.service[99873]: DEBUG cinder.api.openstack.wsgi [None req-9726bbcb-ba52-4b90-8d60-dd1432c96a74 tempest-QosSpecsTestJSON-1222604509 tempest-QosSpecsTestJSON-1222604509-project-admin] Calling method 'delete' {{(pid=99873) _process_stack /opt/stack/cinder/cinder/api/openstack/wsgi.py:856}}
Jul 27 17:59:06.926163 dv-cinder-786260-13-iscsi devstack@c-api.service[99873]: DEBUG cinder.api.contrib.qos_specs_manage [None req-9726bbcb-ba52-4b90-8d60-dd1432c96a74 tempest-QosSpecsTestJSON-1222604509 tempest-QosSpecsTestJSON-1222604509-project-admin] Delete qos_spec: 5fec68fa-3d5d-424c-b691-cb77db4ea7b7, force: False {{(pid=99873) delete /opt/stack/cinder/cinder/api/contrib/qos_specs_manage.py:168}}
Jul 27 17:59:06.941154 dv-cinder-786260-13-iscsi devstack@c-api.service[99873]: INFO cinder.api.openstack.wsgi [None req-9726bbcb-ba52-4b90-8d60-dd1432c96a74 tempest-QosSpecsTestJSON-1222604509 tempest-QosSpecsTestJSON-1222604509-project-admin] http://10.222.0.47/volume/v3/f2942750e8a04c7b8932e66d3ed30ab4/qos-specs/5fec68fa-3d5d-424c-b691-cb77db4ea7b7?force=False returned with HTTP 404
Jul 27 17:59:06.961640 dv-cinder-786260-13-iscsi devstack@c-api.service[99873]: [pid: 99873|app: 0|req: 70/131] 10.222.0.47 () {58 vars in 1357 bytes} [Tue Jul 27 17:59:06 2021] DELETE /volume/v3/f2942750e8a04c7b8932e66d3ed30ab4/qos-specs/5fec68fa-3d5d-424c-b691-cb77db4ea7b7?force=False => generated 100 bytes in 66 msecs (HTTP/1.1 404) 7 headers in 292 bytes (1 switches on core 0)
Jul 27 17:59:06.972399 dv-cinder-786260-13-iscsi devstack@c-api.service[99873]: INFO cinder.api.openstack.wsgi [None req-1816948a-ecb9-453f-af2d-db6ee09e79ae tempest-GroupsV314Test-1238207258 tempest-GroupsV314Test-1238207258-project] GET http://10.222.0.47/volume/v3/0fb671cbe8a44874bc54727253caf8fa/groups/9cf3a064-7517-416b-b5cd-d9fbe28d69da
Jul 27 17:59:06.979148 dv-cinder-786260-13-iscsi devstack@c-api.service[99873]: DEBUG cinder.api.openstack.wsgi [None req-1816948a-ecb9-453f-af2d-db6ee09e79ae tempest-GroupsV314Test-1238207258 tempest-GroupsV314Test-1238207258-project] Empty body provided in request {{(pid=99873) get_body /opt/stack/cinder/cinder/api/openstack/wsgi.py:703}}
Jul 27 17:59:06.980935 dv-cinder-786260-13-iscsi devstack@c-api.service[99873]: DEBUG cinder.api.openstack.wsgi [None req-1816948a-ecb9-453f-af2d-db6ee09e79ae tempest-GroupsV314Test-1238207258 tempest-GroupsV314Test-1238207258-project] Calling method 'version_select' {{(pid=99873) _process_stack /opt/stack/cinder/cinder/api/openstack/wsgi.py:856}}
Jul 27 17:59:06.984003 dv-cinder-786260-13-iscsi devstack@c-api.service[99873]: DEBUG cinder.api.v3.groups [None req-1816948a-ecb9-453f-af2d-db6ee09e79ae tempest-GroupsV314Test-1238207258 tempest-GroupsV314Test-1238207258-project] show called for member 9cf3a064-7517-416b-b5cd-d9fbe28d69da {{(pid=99873) show /opt/stack/cinder/cinder/api/v3/groups.py:58}}
Jul 27 17:59:06.998224 dv-cinder-786260-13-iscsi devstack@c-api.service[99873]: INFO cinder.api.openstack.wsgi [None req-1816948a-ecb9-453f-af2d-db6ee09e79ae tempest-GroupsV314Test-1238207258 tempest-GroupsV314Test-1238207258-project] http://10.222.0.47/volume/v3/0fb671cbe8a44874bc54727253caf8fa/groups/9cf3a064-7517-416b-b5cd-d9fbe28d69da returned with HTTP 404
Jul 27 17:59:07.000267 dv-cinder-786260-13-iscsi devstack@c-api.service[99873]: [pid: 99873|app: 0|req: 71/132] 10.222.0.47 () {60 vars in 1363 bytes} [Tue Jul 27 17:59:06 2021] GET /volume/v3/0fb671cbe8a44874bc54727253caf8fa/groups/9cf3a064-7517-416b-b5cd-d9fbe28d69da => generated 108 bytes in 42 msecs (HTTP/1.1 404) 7 headers in 293 bytes (1 switches on core 0)
Jul 27 17:59:07.021885 dv-cinder-786260-13-iscsi devstack@c-api.service[99874]: DEBUG cinder.volume.api [None req-7fa23acd-2f49-4e35-9591-729efecdba88 tempest-UserMessagesTest-493763605 tempest-UserMessagesTest-493763605-project] Task 'cinder.volume.flows.api.create_volume.EntryCreateTask;volume:create' (0fdcadf9-dc96-4e40-8b5b-20dcbb3dcd93) transitioned into state 'SUCCESS' from state 'RUNNING' with result '{'volume_id': '70196731-1cac-493c-a70a-7fb26a324e3f', 'volume_properties': VolumeProperties(attach_status='detached',availability_zone='nova',cgsnapshot_id=None,consistencygroup_id=None,display_description=None,display_name='tempest-UserMessagesTest-Volume-1937950383',encryption_key_id=None,group_id=None,group_type_id=,metadata={},multiattach=False,project_id='e28ab31c95aa46a19c682f65cda492b5',qos_specs=None,replication_status=,reservations=['63cde459-4624-4f06-88ad-dbc25006b0d1','71f235a5-9f23-4453-af44-bf5b1e3589a1','2ace1681-a6cd-41ec-8e71-e87a58591bb2','c89bd8bf-b50f-451a-b14f-164aa3a44ae9'],size=1,snapshot_id=None,source_replicaid=,source_volid=None,status='creating',user_id='346876dbed5b4e928af4fda5707f6e9e',volume_type_id=6e7798f8-4251-408b-aab5-a95550926450), 'volume': Volume(_name_id=None,admin_metadata=,attach_status='detached',availability_zone='nova',bootable=False,cluster=,cluster_name=None,consistencygroup=,consistencygroup_id=None,created_at=2021-07-27T17:59:06Z,deleted=False,deleted_at=None,display_description=None,display_name='tempest-UserMessagesTest-Volume-1937950383',ec2_id=None,encryption_key_id=None,glance_metadata=,group=,group_id=None,host=None,id=70196731-1cac-493c-a70a-7fb26a324e3f,launched_at=None,metadata={},migration_status=None,multiattach=False,previous_status=None,project_id='e28ab31c95aa46a19c682f65cda492b5',provider_auth=None,provider_geometry=None,provider_id=None,provider_location=None,replication_driver_data=None,replication_extended_status=None,replication_status=None,scheduled_at=None,service_uuid=None,shared_targets=True,size=1,snapshot_id=None,snapshots=,source_volid=None,status='creating',terminated_at=None,updated_at=None,user_id='346876dbed5b4e928af4fda5707f6e9e',volume_attachment=,volume_type=VolumeType(6e7798f8-4251-408b-aab5-a95550926450),volume_type_id=6e7798f8-4251-408b-aab5-a95550926450)}' {{(pid=99874) _task_receiver /usr/local/lib/python3.8/dist-packages/taskflow/listeners/logging.py:178}}
