Jul 27 17:59:03.691492 dv-cinder-786260-13-iscsi devstack@c-api.service[99873]: warnings.warn(
Jul 27 17:59:03.694213 dv-cinder-786260-13-iscsi devstack@c-api.service[99873]: DEBUG cinder.api.openstack.wsgi [None req-2c51d75b-c71c-4bd0-b6a0-3fa4bd481d52 tempest-UserMessagesTest-493763605 tempest-UserMessagesTest-493763605-project] Action: 'create', calling method: create, body: {"volume": {"volume_type": "e6b229ba-493e-44df-8d54-84c04f9da763", "size": 1, "name": "tempest-UserMessagesTest-Volume-1496527313"}} {{(pid=99873) _process_stack /opt/stack/cinder/cinder/api/openstack/wsgi.py:854}}
Jul 27 17:59:03.695969 dv-cinder-786260-13-iscsi devstack@c-api.service[99873]: DEBUG cinder.api.v3.volumes [None req-2c51d75b-c71c-4bd0-b6a0-3fa4bd481d52 tempest-UserMessagesTest-493763605 tempest-UserMessagesTest-493763605-project] Create volume request body: {'volume': {'volume_type': 'e6b229ba-493e-44df-8d54-84c04f9da763', 'size': 1, 'name': 'tempest-UserMessagesTest-Volume-1496527313'}} {{(pid=99873) create /opt/stack/cinder/cinder/api/v3/volumes.py:290}}
Jul 27 17:59:03.711047 dv-cinder-786260-13-iscsi devstack@c-api.service[99873]: INFO cinder.api.v3.volumes [None req-2c51d75b-c71c-4bd0-b6a0-3fa4bd481d52 tempest-UserMessagesTest-493763605 tempest-UserMessagesTest-493763605-project] Create volume of 1 GB
Jul 27 17:59:03.712671 dv-cinder-786260-13-iscsi devstack@c-api.service[99873]: /usr/local/lib/python3.8/dist-packages/oslo_context/context.py:105: DeprecationWarning: Policy enforcement is depending on the value of is_admin. This key is deprecated. Please update your policy file to use the standard policy values.
Jul 27 17:59:03.712671 dv-cinder-786260-13-iscsi devstack@c-api.service[99873]: warnings.warn('Policy enforcement is depending on the value of '
Jul 27 17:59:03.715270 dv-cinder-786260-13-iscsi devstack@c-api.service[99873]: INFO cinder.volume.api [None req-2c51d75b-c71c-4bd0-b6a0-3fa4bd481d52 tempest-UserMessagesTest-493763605 tempest-UserMessagesTest-493763605-project] Availability Zones retrieved successfully.
Jul 27 17:59:03.739417 dv-cinder-786260-13-iscsi devstack@c-api.service[99873]: DEBUG cinder.volume.api [None req-2c51d75b-c71c-4bd0-b6a0-3fa4bd481d52 tempest-UserMessagesTest-493763605 tempest-UserMessagesTest-493763605-project] Flow 'volume_create_api' (0b680e30-b2f7-44b6-a78f-220fe869695f) transitioned into state 'RUNNING' from state 'PENDING' {{(pid=99873) _flow_receiver /usr/local/lib/python3.8/dist-packages/taskflow/listeners/logging.py:141}}
Jul 27 17:59:03.743473 dv-cinder-786260-13-iscsi devstack@c-api.service[99873]: DEBUG cinder.volume.api [None req-2c51d75b-c71c-4bd0-b6a0-3fa4bd481d52 tempest-UserMessagesTest-493763605 tempest-UserMessagesTest-493763605-project] Task 'cinder.volume.flows.api.create_volume.ExtractVolumeRequestTask;volume:create' (687718c0-219e-4c5d-80f2-e91dcb2d455a) transitioned into state 'RUNNING' from state 'PENDING' {{(pid=99873) _task_receiver /usr/local/lib/python3.8/dist-packages/taskflow/listeners/logging.py:190}}
Jul 27 17:59:03.747684 dv-cinder-786260-13-iscsi devstack@c-api.service[99873]: DEBUG cinder.volume.flows.api.create_volume [None req-2c51d75b-c71c-4bd0-b6a0-3fa4bd481d52 tempest-UserMessagesTest-493763605 tempest-UserMessagesTest-493763605-project] Validating volume size '1' using validate_int {{(pid=99873) _extract_size /opt/stack/cinder/cinder/volume/flows/api/create_volume.py:201}}
Jul 27 17:59:03.786892 dv-cinder-786260-13-iscsi devstack@c-api.service[99873]: DEBUG cinder.volume.api [None req-2c51d75b-c71c-4bd0-b6a0-3fa4bd481d52 tempest-UserMessagesTest-493763605 tempest-UserMessagesTest-493763605-project] Task 'cinder.volume.flows.api.create_volume.ExtractVolumeRequestTask;volume:create' (687718c0-219e-4c5d-80f2-e91dcb2d455a) transitioned into state 'SUCCESS' from state 'RUNNING' with result '{'size': 1, 'snapshot_id': None, 'source_volid': None, 'volume_type': VolumeType(created_at=2021-07-27T17:59:03Z,deleted=False,deleted_at=None,description=None,extra_specs={storage_protocol='tempest-storage_protocol-1996497450',vendor_name='tempest-vendor_name-781831027'},id=e6b229ba-493e-44df-8d54-84c04f9da763,is_public=True,name='tempest-UserMessagesTest-volume-type-1180057768',projects=[],qos_specs=,qos_specs_id=None,updated_at=None), 'volume_type_id': 'e6b229ba-493e-44df-8d54-84c04f9da763', 'encryption_key_id': None, 'qos_specs': None, 'consistencygroup_id': None, 'cgsnapshot_id': None, 'group_id': None, 'replication_status': 'disabled', 'refresh_az': False, 'backup_id': None, 'multiattach': False, 'availability_zones': ['nova']}' {{(pid=99873) _task_receiver /usr/local/lib/python3.8/dist-packages/taskflow/listeners/logging.py:178}}
Jul 27 17:59:03.788913 dv-cinder-786260-13-iscsi devstack@c-api.service[99873]: DEBUG cinder.volume.api [None req-2c51d75b-c71c-4bd0-b6a0-3fa4bd481d52 tempest-UserMessagesTest-493763605 tempest-UserMessagesTest-493763605-project] Task 'cinder.volume.flows.api.create_volume.QuotaReserveTask;volume:create' (50841b67-838d-42fc-94bb-d681ce8879a9) transitioned into state 'RUNNING' from state 'PENDING' {{(pid=99873) _task_receiver /usr/local/lib/python3.8/dist-packages/taskflow/listeners/logging.py:190}}
Jul 27 17:59:03.795294 dv-cinder-786260-13-iscsi devstack@c-api.service[99874]: INFO cinder.api.openstack.wsgi [None req-ad88680c-a53b-4d88-933e-50165cd8b95d tempest-QosSpecsTestJSON-1222604509 tempest-QosSpecsTestJSON-1222604509-project-admin] http://10.222.0.47/volume/v3/f2942750e8a04c7b8932e66d3ed30ab4/types returned with HTTP 200
Jul 27 17:59:03.802846 dv-cinder-786260-13-iscsi devstack@c-api.service[99874]: [pid: 99874|app: 0|req: 41/84] 10.222.0.47 () {60 vars in 1229 bytes} [Tue Jul 27 17:59:03 2021] POST /volume/v3/f2942750e8a04c7b8932e66d3ed30ab4/types => generated 221 bytes in 123 msecs (HTTP/1.1 200) 7 headers in 285 bytes (1 switches on core 0)
Jul 27 17:59:03.810094 dv-cinder-786260-13-iscsi devstack@c-api.service[99874]: INFO cinder.api.openstack.wsgi [None req-51666547-3da3-49a8-9854-ec0f1f0a52b2 tempest-QosSpecsTestJSON-1222604509 tempest-QosSpecsTestJSON-1222604509-project-admin] POST http://10.222.0.47/volume/v3/f2942750e8a04c7b8932e66d3ed30ab4/types
Jul 27 17:59:03.811109 dv-cinder-786260-13-iscsi devstack@c-api.service[99874]: DEBUG cinder.api.openstack.wsgi [None req-51666547-3da3-49a8-9854-ec0f1f0a52b2 tempest-QosSpecsTestJSON-1222604509 tempest-QosSpecsTestJSON-1222604509-project-admin] Action: 'create', calling method: _create, body: {"volume_type": {"name": "tempest-QosSpecsTestJSON-volume-type-1086682463"}} {{(pid=99874) _process_stack /opt/stack/cinder/cinder/api/openstack/wsgi.py:854}}
Jul 27 17:59:03.840786 dv-cinder-786260-13-iscsi devstack@c-api.service[99874]: INFO cinder.api.openstack.wsgi [None req-51666547-3da3-49a8-9854-ec0f1f0a52b2 tempest-QosSpecsTestJSON-1222604509 tempest-QosSpecsTestJSON-1222604509-project-admin] http://10.222.0.47/volume/v3/f2942750e8a04c7b8932e66d3ed30ab4/types returned with HTTP 200
Jul 27 17:59:03.848687 dv-cinder-786260-13-iscsi devstack@c-api.service[99874]: [pid: 99874|app: 0|req: 42/85] 10.222.0.47 () {60 vars in 1229 bytes} [Tue Jul 27 17:59:03 2021] POST /volume/v3/f2942750e8a04c7b8932e66d3ed30ab4/types => generated 222 bytes in 43 msecs (HTTP/1.1 200) 7 headers in 285 bytes (2 switches on core 0)
Jul 27 17:59:03.855181 dv-cinder-786260-13-iscsi devstack@c-api.service[99874]: INFO cinder.api.openstack.wsgi [None req-f763f560-f1b9-413a-9ac1-9b19b9f6ded8 tempest-QosSpecsTestJSON-1222604509 tempest-QosSpecsTestJSON-1222604509-project-admin] POST http://10.222.0.47/volume/v3/f2942750e8a04c7b8932e66d3ed30ab4/types
Jul 27 17:59:03.856070 dv-cinder-786260-13-iscsi devstack@c-api.service[99874]: DEBUG cinder.api.openstack.wsgi [None req-f763f560-f1b9-413a-9ac1-9b19b9f6ded8 tempest-QosSpecsTestJSON-1222604509 tempest-QosSpecsTestJSON-1222604509-project-admin] Action: 'create', calling method: _create, body: {"volume_type": {"name": "tempest-QosSpecsTestJSON-volume-type-809075088"}} {{(pid=99874) _process_stack /opt/stack/cinder/cinder/api/openstack/wsgi.py:854}}
Jul 27 17:59:03.909587 dv-cinder-786260-13-iscsi devstack@c-api.service[99873]: WARNING cinder.quota [None req-2c51d75b-c71c-4bd0-b6a0-3fa4bd481d52 tempest-UserMessagesTest-493763605 tempest-UserMessagesTest-493763605-project] Deprecated: Default quota for resource: volumes_tempest-UserMessagesTest-volume-type-1180057768 is set by the default quota flag: quota_volumes_tempest-UserMessagesTest-volume-type-1180057768, it is now deprecated. Please use the default quota class for default quota.
Jul 27 17:59:03.911171 dv-cinder-786260-13-iscsi devstack@c-api.service[99873]: WARNING cinder.quota [None req-2c51d75b-c71c-4bd0-b6a0-3fa4bd481d52 tempest-UserMessagesTest-493763605 tempest-UserMessagesTest-493763605-project] Deprecated: Default quota for resource: gigabytes_tempest-UserMessagesTest-volume-type-1180057768 is set by the default quota flag: quota_gigabytes_tempest-UserMessagesTest-volume-type-1180057768, it is now deprecated. Please use the default quota class for default quota.
Jul 27 17:59:03.929948 dv-cinder-786260-13-iscsi devstack@c-api.service[99874]: INFO cinder.api.openstack.wsgi [None req-f763f560-f1b9-413a-9ac1-9b19b9f6ded8 tempest-QosSpecsTestJSON-1222604509 tempest-QosSpecsTestJSON-1222604509-project-admin] http://10.222.0.47/volume/v3/f2942750e8a04c7b8932e66d3ed30ab4/types returned with HTTP 200
Jul 27 17:59:03.931256 dv-cinder-786260-13-iscsi devstack@c-api.service[99874]: [pid: 99874|app: 0|req: 43/86] 10.222.0.47 () {60 vars in 1229 bytes} [Tue Jul 27 17:59:03 2021] POST /volume/v3/f2942750e8a04c7b8932e66d3ed30ab4/types => generated 221 bytes in 82 msecs (HTTP/1.1 200) 7 headers in 285 bytes (1 switches on core 0)
Jul 27 17:59:03.957668 dv-cinder-786260-13-iscsi devstack@c-api.service[99874]: INFO cinder.api.openstack.wsgi [None req-8ce82c0b-dacc-41c3-bbff-b97f2a31e7a2 tempest-QosSpecsTestJSON-1222604509 tempest-QosSpecsTestJSON-1222604509-project-admin] GET http://10.222.0.47/volume/v3/f2942750e8a04c7b8932e66d3ed30ab4/qos-specs/e2305a88-aaf1-4f29-9e6c-f98191b02e21/associate?vol_type_id=5686bfde-baca-4f8e-b332-963f7ceb5ed3
Jul 27 17:59:03.964361 dv-cinder-786260-13-iscsi devstack@c-api.service[99874]: DEBUG cinder.api.openstack.wsgi [None req-8ce82c0b-dacc-41c3-bbff-b97f2a31e7a2 tempest-QosSpecsTestJSON-1222604509 tempest-QosSpecsTestJSON-1222604509-project-admin] Empty body provided in request {{(pid=99874) get_body /opt/stack/cinder/cinder/api/openstack/wsgi.py:703}}
Jul 27 17:59:03.965591 dv-cinder-786260-13-iscsi devstack@c-api.service[99874]: DEBUG cinder.api.openstack.wsgi [None req-8ce82c0b-dacc-41c3-bbff-b97f2a31e7a2 tempest-QosSpecsTestJSON-1222604509 tempest-QosSpecsTestJSON-1222604509-project-admin] Calling method 'associate' {{(pid=99874) _process_stack /opt/stack/cinder/cinder/api/openstack/wsgi.py:856}}
Jul 27 17:59:03.975057 dv-cinder-786260-13-iscsi devstack@c-api.service[99874]: DEBUG cinder.api.contrib.qos_specs_manage [None req-8ce82c0b-dacc-41c3-bbff-b97f2a31e7a2 tempest-QosSpecsTestJSON-1222604509 tempest-QosSpecsTestJSON-1222604509-project-admin] Associate qos_spec: e2305a88-aaf1-4f29-9e6c-f98191b02e21 with type: 5686bfde-baca-4f8e-b332-963f7ceb5ed3 {{(pid=99874) associate /opt/stack/cinder/cinder/api/contrib/qos_specs_manage.py:275}}
Jul 27 17:59:04.068000 dv-cinder-786260-13-iscsi devstack@c-api.service[99873]: DEBUG cinder.quota [None req-2c51d75b-c71c-4bd0-b6a0-3fa4bd481d52 tempest-UserMessagesTest-493763605 tempest-UserMessagesTest-493763605-project] Created reservations ['9f7d0b2a-4932-40cf-9cc9-5d95ff642590', '820b1987-3652-4036-9258-bf4bf4e6376a', 'a31d8a2a-4ab8-4398-8738-af8c048298ca', '47dfdc89-cde6-40e8-94e8-7390d25e5c80'] {{(pid=99873) reserve /opt/stack/cinder/cinder/quota.py:755}}
Jul 27 17:59:04.070890 dv-cinder-786260-13-iscsi devstack@c-api.service[99873]: DEBUG cinder.volume.api [None req-2c51d75b-c71c-4bd0-b6a0-3fa4bd481d52 tempest-UserMessagesTest-493763605 tempest-UserMessagesTest-493763605-project] Task 'cinder.volume.flows.api.create_volume.QuotaReserveTask;volume:create' (50841b67-838d-42fc-94bb-d681ce8879a9) transitioned into state 'SUCCESS' from state 'RUNNING' with result '{'reservations': ['9f7d0b2a-4932-40cf-9cc9-5d95ff642590', '820b1987-3652-4036-9258-bf4bf4e6376a', 'a31d8a2a-4ab8-4398-8738-af8c048298ca', '47dfdc89-cde6-40e8-94e8-7390d25e5c80']}' {{(pid=99873) _task_receiver /usr/local/lib/python3.8/dist-packages/taskflow/listeners/logging.py:178}}
Jul 27 17:59:04.073936 dv-cinder-786260-13-iscsi devstack@c-api.service[99874]: INFO cinder.api.openstack.wsgi [None req-8ce82c0b-dacc-41c3-bbff-b97f2a31e7a2 tempest-QosSpecsTestJSON-1222604509 tempest-QosSpecsTestJSON-1222604509-project-admin] http://10.222.0.47/volume/v3/f2942750e8a04c7b8932e66d3ed30ab4/qos-specs/e2305a88-aaf1-4f29-9e6c-f98191b02e21/associate?vol_type_id=5686bfde-baca-4f8e-b332-963f7ceb5ed3 returned with HTTP 202
Jul 27 17:59:04.080840 dv-cinder-786260-13-iscsi devstack@c-api.service[99873]: DEBUG cinder.volume.api [None req-2c51d75b-c71c-4bd0-b6a0-3fa4bd481d52 tempest-UserMessagesTest-493763605 tempest-UserMessagesTest-493763605-project] Task 'cinder.volume.flows.api.create_volume.EntryCreateTask;volume:create' (ab94af35-733c-4122-ad25-64d8e750d645) transitioned into state 'RUNNING' from state 'PENDING' {{(pid=99873) _task_receiver /usr/local/lib/python3.8/dist-packages/taskflow/listeners/logging.py:190}}
Jul 27 17:59:04.081262 dv-cinder-786260-13-iscsi devstack@c-api.service[99874]: [pid: 99874|app: 0|req: 44/87] 10.222.0.47 () {58 vars in 1458 bytes} [Tue Jul 27 17:59:03 2021] GET /volume/v3/f2942750e8a04c7b8932e66d3ed30ab4/qos-specs/e2305a88-aaf1-4f29-9e6c-f98191b02e21/associate?vol_type_id=5686bfde-baca-4f8e-b332-963f7ceb5ed3 => generated 0 bytes in 140 msecs (HTTP/1.1 202) 6 headers in 233 bytes (1 switches on core 0)
Jul 27 17:59:04.092022 dv-cinder-786260-13-iscsi devstack@c-api.service[99874]: INFO cinder.api.openstack.wsgi [None req-5de02a98-e0e0-4ea2-9900-3ca2215d6db7 tempest-GroupSnapshotsTest-1173858169 tempest-GroupSnapshotsTest-1173858169-project] GET http://10.222.0.47/volume/v3/fe54809d25604445b543acfe65708e17/group_snapshots/7da03309-7f71-415d-af2a-c743a0a933b4
Jul 27 17:59:04.093945 dv-cinder-786260-13-iscsi devstack@c-api.service[99874]: DEBUG cinder.api.openstack.wsgi [None req-5de02a98-e0e0-4ea2-9900-3ca2215d6db7 tempest-GroupSnapshotsTest-1173858169 tempest-GroupSnapshotsTest-1173858169-project] Empty body provided in request {{(pid=99874) get_body /opt/stack/cinder/cinder/api/openstack/wsgi.py:703}}
Jul 27 17:59:04.094086 dv-cinder-786260-13-iscsi devstack@c-api.service[99874]: /usr/local/lib/python3.8/dist-packages/webob/acceptparse.py:1047: DeprecationWarning: The behavior of AcceptValidHeader.best_match is currently being maintained for backward compatibility, but it will be deprecated in the future, as it does not conform to the RFC.
Jul 27 17:59:04.094086 dv-cinder-786260-13-iscsi devstack@c-api.service[99874]: warnings.warn(
Jul 27 17:59:04.094409 dv-cinder-786260-13-iscsi devstack@c-api.service[99874]: DEBUG cinder.api.openstack.wsgi [None req-5de02a98-e0e0-4ea2-9900-3ca2215d6db7 tempest-GroupSnapshotsTest-1173858169 tempest-GroupSnapshotsTest-1173858169-project] Calling method 'version_select' {{(pid=99874) _process_stack /opt/stack/cinder/cinder/api/openstack/wsgi.py:856}}
Jul 27 17:59:04.094761 dv-cinder-786260-13-iscsi devstack@c-api.service[99874]: DEBUG cinder.api.v3.group_snapshots [None req-5de02a98-e0e0-4ea2-9900-3ca2215d6db7 tempest-GroupSnapshotsTest-1173858169 tempest-GroupSnapshotsTest-1173858169-project] show called for member 7da03309-7f71-415d-af2a-c743a0a933b4 {{(pid=99874) show /opt/stack/cinder/cinder/api/v3/group_snapshots.py:58}}
Jul 27 17:59:04.124794 dv-cinder-786260-13-iscsi devstack@c-api.service[99874]: /usr/local/lib/python3.8/dist-packages/oslo_context/context.py:105: DeprecationWarning: Policy enforcement is depending on the value of is_admin. This key is deprecated. Please update your policy file to use the standard policy values.
Jul 27 17:59:04.124794 dv-cinder-786260-13-iscsi devstack@c-api.service[99874]: warnings.warn('Policy enforcement is depending on the value of '
Jul 27 17:59:04.141546 dv-cinder-786260-13-iscsi devstack@c-api.service[99874]: INFO cinder.api.openstack.wsgi [None req-5de02a98-e0e0-4ea2-9900-3ca2215d6db7 tempest-GroupSnapshotsTest-1173858169 tempest-GroupSnapshotsTest-1173858169-project] http://10.222.0.47/volume/v3/fe54809d25604445b543acfe65708e17/group_snapshots/7da03309-7f71-415d-af2a-c743a0a933b4 returned with HTTP 200
Jul 27 17:59:04.148014 dv-cinder-786260-13-iscsi devstack@c-api.service[99874]: [pid: 99874|app: 0|req: 45/88] 10.222.0.47 () {60 vars in 1390 bytes} [Tue Jul 27 17:59:04 2021] GET /volume/v3/fe54809d25604445b543acfe65708e17/group_snapshots/7da03309-7f71-415d-af2a-c743a0a933b4 => generated 306 bytes in 70 msecs (HTTP/1.1 200) 7 headers in 286 bytes (1 switches on core 0)
Jul 27 17:59:04.159486 dv-cinder-786260-13-iscsi devstack@c-api.service[99874]: INFO cinder.api.openstack.wsgi [None req-c8f9a0fb-9d83-4cce-ae5a-3ad59b9abbbf tempest-QosSpecsTestJSON-1222604509 tempest-QosSpecsTestJSON-1222604509-project-admin] GET http://10.222.0.47/volume/v3/f2942750e8a04c7b8932e66d3ed30ab4/qos-specs/e2305a88-aaf1-4f29-9e6c-f98191b02e21/associate?vol_type_id=629451fa-cadf-459f-9921-be61e243c119
Jul 27 17:59:04.160122 dv-cinder-786260-13-iscsi devstack@c-api.service[99873]: DEBUG cinder.volume.api [None req-2c51d75b-c71c-4bd0-b6a0-3fa4bd481d52 tempest-UserMessagesTest-493763605 tempest-UserMessagesTest-493763605-project] Task 'cinder.volume.flows.api.create_volume.EntryCreateTask;volume:create' (ab94af35-733c-4122-ad25-64d8e750d645) transitioned into state 'SUCCESS' from state 'RUNNING' with result '{'volume_id': '0230cbc9-0f91-42cc-8ded-faf978e75947', 'volume_properties': VolumeProperties(attach_status='detached',availability_zone='nova',cgsnapshot_id=None,consistencygroup_id=None,display_description=None,display_name='tempest-UserMessagesTest-Volume-1496527313',encryption_key_id=None,group_id=None,group_type_id=,metadata={},multiattach=False,project_id='e28ab31c95aa46a19c682f65cda492b5',qos_specs=None,replication_status=,reservations=['9f7d0b2a-4932-40cf-9cc9-5d95ff642590','820b1987-3652-4036-9258-bf4bf4e6376a','a31d8a2a-4ab8-4398-8738-af8c048298ca','47dfdc89-cde6-40e8-94e8-7390d25e5c80'],size=1,snapshot_id=None,source_replicaid=,source_volid=None,status='creating',user_id='346876dbed5b4e928af4fda5707f6e9e',volume_type_id=e6b229ba-493e-44df-8d54-84c04f9da763), 'volume': Volume(_name_id=None,admin_metadata=,attach_status='detached',availability_zone='nova',bootable=False,cluster=,cluster_name=None,consistencygroup=,consistencygroup_id=None,created_at=2021-07-27T17:59:04Z,deleted=False,deleted_at=None,display_description=None,display_name='tempest-UserMessagesTest-Volume-1496527313',ec2_id=None,encryption_key_id=None,glance_metadata=,group=,group_id=None,host=None,id=0230cbc9-0f91-42cc-8ded-faf978e75947,launched_at=None,metadata={},migration_status=None,multiattach=False,previous_status=None,project_id='e28ab31c95aa46a19c682f65cda492b5',provider_auth=None,provider_geometry=None,provider_id=None,provider_location=None,replication_driver_data=None,replication_extended_status=None,replication_status=None,scheduled_at=None,service_uuid=None,shared_targets=True,size=1,snapshot_id=None,snapshots=,source_volid=None,status='creating',terminated_at=None,updated_at=None,user_id='346876dbed5b4e928af4fda5707f6e9e',volume_attachment=,volume_type=VolumeType(e6b229ba-493e-44df-8d54-84c04f9da763),volume_type_id=e6b229ba-493e-44df-8d54-84c04f9da763)}' {{(pid=99873) _task_receiver /usr/local/lib/python3.8/dist-packages/taskflow/listeners/logging.py:178}}
Jul 27 17:59:04.161346 dv-cinder-786260-13-iscsi devstack@c-api.service[99874]: DEBUG cinder.api.openstack.wsgi [None req-c8f9a0fb-9d83-4cce-ae5a-3ad59b9abbbf tempest-QosSpecsTestJSON-1222604509 tempest-QosSpecsTestJSON-1222604509-project-admin] Empty body provided in request {{(pid=99874) get_body /opt/stack/cinder/cinder/api/openstack/wsgi.py:703}}
Jul 27 17:59:04.161515 dv-cinder-786260-13-iscsi devstack@c-api.service[99874]: /usr/local/lib/python3.8/dist-packages/webob/acceptparse.py:1047: DeprecationWarning: The behavior of AcceptValidHeader.best_match is currently being maintained for backward compatibility, but it will be deprecated in the future, as it does not conform to the RFC.
Jul 27 17:59:04.161515 dv-cinder-786260-13-iscsi devstack@c-api.service[99874]: warnings.warn(
Jul 27 17:59:04.164079 dv-cinder-786260-13-iscsi devstack@c-api.service[99874]: DEBUG cinder.api.openstack.wsgi [None req-c8f9a0fb-9d83-4cce-ae5a-3ad59b9abbbf tempest-QosSpecsTestJSON-1222604509 tempest-QosSpecsTestJSON-1222604509-project-admin] Calling method 'associate' {{(pid=99874) _process_stack /opt/stack/cinder/cinder/api/openstack/wsgi.py:856}}
Jul 27 17:59:04.165643 dv-cinder-786260-13-iscsi devstack@c-api.service[99873]: DEBUG cinder.volume.api [None req-2c51d75b-c71c-4bd0-b6a0-3fa4bd481d52 tempest-UserMessagesTest-493763605 tempest-UserMessagesTest-493763605-project] Task 'cinder.volume.flows.api.create_volume.QuotaCommitTask;volume:create' (590a291c-40db-4b1e-bcc4-c31082733c12) transitioned into state 'RUNNING' from state 'PENDING' {{(pid=99873) _task_receiver /usr/local/lib/python3.8/dist-packages/taskflow/listeners/logging.py:190}}
Jul 27 17:59:04.172034 dv-cinder-786260-13-iscsi devstack@c-api.service[99874]: DEBUG cinder.api.contrib.qos_specs_manage [None req-c8f9a0fb-9d83-4cce-ae5a-3ad59b9abbbf tempest-QosSpecsTestJSON-1222604509 tempest-QosSpecsTestJSON-1222604509-project-admin] Associate qos_spec: e2305a88-aaf1-4f29-9e6c-f98191b02e21 with type: 629451fa-cadf-459f-9921-be61e243c119 {{(pid=99874) associate /opt/stack/cinder/cinder/api/contrib/qos_specs_manage.py:275}}
Jul 27 17:59:04.230578 dv-cinder-786260-13-iscsi devstack@c-api.service[99873]: DEBUG cinder.volume.api [None req-2c51d75b-c71c-4bd0-b6a0-3fa4bd481d52 tempest-UserMessagesTest-493763605 tempest-UserMessagesTest-493763605-project] Task 'cinder.volume.flows.api.create_volume.QuotaCommitTask;volume:create' (590a291c-40db-4b1e-bcc4-c31082733c12) transitioned into state 'SUCCESS' from state 'RUNNING' with result '{'volume_properties': VolumeProperties(attach_status='detached',availability_zone='nova',cgsnapshot_id=None,consistencygroup_id=None,display_description=None,display_name='tempest-UserMessagesTest-Volume-1496527313',encryption_key_id=None,group_id=None,group_type_id=,metadata={},multiattach=False,project_id='e28ab31c95aa46a19c682f65cda492b5',qos_specs=None,replication_status=,reservations=['9f7d0b2a-4932-40cf-9cc9-5d95ff642590','820b1987-3652-4036-9258-bf4bf4e6376a','a31d8a2a-4ab8-4398-8738-af8c048298ca','47dfdc89-cde6-40e8-94e8-7390d25e5c80'],size=1,snapshot_id=None,source_replicaid=,source_volid=None,status='creating',user_id='346876dbed5b4e928af4fda5707f6e9e',volume_type_id=e6b229ba-493e-44df-8d54-84c04f9da763)}' {{(pid=99873) _task_receiver /usr/local/lib/python3.8/dist-packages/taskflow/listeners/logging.py:178}}
Jul 27 17:59:04.235039 dv-cinder-786260-13-iscsi devstack@c-api.service[99873]: DEBUG cinder.volume.api [None req-2c51d75b-c71c-4bd0-b6a0-3fa4bd481d52 tempest-UserMessagesTest-493763605 tempest-UserMessagesTest-493763605-project] Task 'cinder.volume.flows.api.create_volume.VolumeCastTask;volume:create' (cffe4afc-5779-46fc-a451-0a85c94a3e8b) transitioned into state 'RUNNING' from state 'PENDING' {{(pid=99873) _task_receiver /usr/local/lib/python3.8/dist-packages/taskflow/listeners/logging.py:190}}
Jul 27 17:59:04.238390 dv-cinder-786260-13-iscsi devstack@c-api.service[99874]: INFO cinder.api.openstack.wsgi [None req-c8f9a0fb-9d83-4cce-ae5a-3ad59b9abbbf tempest-QosSpecsTestJSON-1222604509 tempest-QosSpecsTestJSON-1222604509-project-admin] http://10.222.0.47/volume/v3/f2942750e8a04c7b8932e66d3ed30ab4/qos-specs/e2305a88-aaf1-4f29-9e6c-f98191b02e21/associate?vol_type_id=629451fa-cadf-459f-9921-be61e243c119 returned with HTTP 202
Jul 27 17:59:04.239873 dv-cinder-786260-13-iscsi devstack@c-api.service[99874]: [pid: 99874|app: 0|req: 46/89] 10.222.0.47 () {58 vars in 1458 bytes} [Tue Jul 27 17:59:04 2021] GET /volume/v3/f2942750e8a04c7b8932e66d3ed30ab4/qos-specs/e2305a88-aaf1-4f29-9e6c-f98191b02e21/associate?vol_type_id=629451fa-cadf-459f-9921-be61e243c119 => generated 0 bytes in 91 msecs (HTTP/1.1 202) 6 headers in 233 bytes (1 switches on core 0)
Jul 27 17:59:04.252835 dv-cinder-786260-13-iscsi devstack@c-api.service[99874]: INFO cinder.api.openstack.wsgi [None req-ecc36273-3e25-41c8-96d8-8af71333ef2a tempest-QosSpecsTestJSON-1222604509 tempest-QosSpecsTestJSON-1222604509-project-admin] GET http://10.222.0.47/volume/v3/f2942750e8a04c7b8932e66d3ed30ab4/qos-specs/e2305a88-aaf1-4f29-9e6c-f98191b02e21/associate?vol_type_id=a4e748c2-ed02-4253-a3e8-cf8d7c3e5af8
Jul 27 17:59:04.277760 dv-cinder-786260-13-iscsi devstack@c-api.service[99873]: DEBUG cinder.volume.api [None req-2c51d75b-c71c-4bd0-b6a0-3fa4bd481d52 tempest-UserMessagesTest-493763605 tempest-UserMessagesTest-493763605-project] Task 'cinder.volume.flows.api.create_volume.VolumeCastTask;volume:create' (cffe4afc-5779-46fc-a451-0a85c94a3e8b) transitioned into state 'SUCCESS' from state 'RUNNING' with result 'None' {{(pid=99873) _task_receiver /usr/local/lib/python3.8/dist-packages/taskflow/listeners/logging.py:178}}
Jul 27 17:59:04.285162 dv-cinder-786260-13-iscsi devstack@c-api.service[99873]: DEBUG cinder.volume.api [None req-2c51d75b-c71c-4bd0-b6a0-3fa4bd481d52 tempest-UserMessagesTest-493763605 tempest-UserMessagesTest-493763605-project] Flow 'volume_create_api' (0b680e30-b2f7-44b6-a78f-220fe869695f) transitioned into state 'SUCCESS' from state 'RUNNING' {{(pid=99873) _flow_receiver /usr/local/lib/python3.8/dist-packages/taskflow/listeners/logging.py:141}}
Jul 27 17:59:04.287854 dv-cinder-786260-13-iscsi devstack@c-api.service[99873]: INFO cinder.volume.api [None req-2c51d75b-c71c-4bd0-b6a0-3fa4bd481d52 tempest-UserMessagesTest-493763605 tempest-UserMessagesTest-493763605-project] Create volume request issued successfully.
Jul 27 17:59:04.295217 dv-cinder-786260-13-iscsi devstack@c-api.service[99874]: DEBUG cinder.api.openstack.wsgi [None req-ecc36273-3e25-41c8-96d8-8af71333ef2a tempest-QosSpecsTestJSON-1222604509 tempest-QosSpecsTestJSON-1222604509-project-admin] Empty body provided in request {{(pid=99874) get_body /opt/stack/cinder/cinder/api/openstack/wsgi.py:703}}
Jul 27 17:59:04.296754 dv-cinder-786260-13-iscsi devstack@c-api.service[99874]: /usr/local/lib/python3.8/dist-packages/webob/acceptparse.py:1047: DeprecationWarning: The behavior of AcceptValidHeader.best_match is currently being maintained for backward compatibility, but it will be deprecated in the future, as it does not conform to the RFC.
Jul 27 17:59:04.296754 dv-cinder-786260-13-iscsi devstack@c-api.service[99874]: warnings.warn(
Jul 27 17:59:04.297997 dv-cinder-786260-13-iscsi devstack@c-api.service[99874]: DEBUG cinder.api.openstack.wsgi [None req-ecc36273-3e25-41c8-96d8-8af71333ef2a tempest-QosSpecsTestJSON-1222604509 tempest-QosSpecsTestJSON-1222604509-project-admin] Calling method 'associate' {{(pid=99874) _process_stack /opt/stack/cinder/cinder/api/openstack/wsgi.py:856}}
Jul 27 17:59:04.301112 dv-cinder-786260-13-iscsi devstack@c-api.service[99874]: /usr/local/lib/python3.8/dist-packages/oslo_context/context.py:105: DeprecationWarning: Policy enforcement is depending on the value of is_admin. This key is deprecated. Please update your policy file to use the standard policy values.
Jul 27 17:59:04.301112 dv-cinder-786260-13-iscsi devstack@c-api.service[99874]: warnings.warn('Policy enforcement is depending on the value of '
Jul 27 17:59:04.302553 dv-cinder-786260-13-iscsi devstack@c-api.service[99874]: DEBUG cinder.api.contrib.qos_specs_manage [None req-ecc36273-3e25-41c8-96d8-8af71333ef2a tempest-QosSpecsTestJSON-1222604509 tempest-QosSpecsTestJSON-1222604509-project-admin] Associate qos_spec: e2305a88-aaf1-4f29-9e6c-f98191b02e21 with type: a4e748c2-ed02-4253-a3e8-cf8d7c3e5af8 {{(pid=99874) associate /opt/stack/cinder/cinder/api/contrib/qos_specs_manage.py:275}}
Jul 27 17:59:04.312841 dv-cinder-786260-13-iscsi devstack@c-api.service[99873]: INFO cinder.api.openstack.wsgi [None req-2c51d75b-c71c-4bd0-b6a0-3fa4bd481d52 tempest-UserMessagesTest-493763605 tempest-UserMessagesTest-493763605-project] http://10.222.0.47/volume/v3/e28ab31c95aa46a19c682f65cda492b5/volumes returned with HTTP 202
Jul 27 17:59:04.314387 dv-cinder-786260-13-iscsi devstack@c-api.service[99873]: [pid: 99873|app: 0|req: 44/90] 10.222.0.47 () {62 vars in 1276 bytes} [Tue Jul 27 17:59:03 2021] POST /volume/v3/e28ab31c95aa46a19c682f65cda492b5/volumes => generated 852 bytes in 1033 msecs (HTTP/1.1 202) 7 headers in 291 bytes (1 switches on core 0)
Jul 27 17:59:04.327569 dv-cinder-786260-13-iscsi devstack@c-api.service[99873]: INFO cinder.api.openstack.wsgi [None req-909596d7-ee1e-42d2-8fc5-c18f805d80dd tempest-GroupsV314Test-1238207258 tempest-GroupsV314Test-1238207258-project] GET http://10.222.0.47/volume/v3/0fb671cbe8a44874bc54727253caf8fa/volumes/7c62449a-b8de-4ccd-8701-eb8376470033
Jul 27 17:59:04.329491 dv-cinder-786260-13-iscsi devstack@c-api.service[99873]: DEBUG cinder.api.openstack.wsgi [None req-909596d7-ee1e-42d2-8fc5-c18f805d80dd tempest-GroupsV314Test-1238207258 tempest-GroupsV314Test-1238207258-project] Empty body provided in request {{(pid=99873) get_body /opt/stack/cinder/cinder/api/openstack/wsgi.py:703}}
Jul 27 17:59:04.329825 dv-cinder-786260-13-iscsi devstack@c-api.service[99873]: /usr/local/lib/python3.8/dist-packages/webob/acceptparse.py:1047: DeprecationWarning: The behavior of AcceptValidHeader.best_match is currently being maintained for backward compatibility, but it will be deprecated in the future, as it does not conform to the RFC.
Jul 27 17:59:04.329825 dv-cinder-786260-13-iscsi devstack@c-api.service[99873]: warnings.warn(
Jul 27 17:59:04.331373 dv-cinder-786260-13-iscsi devstack@c-api.service[99873]: DEBUG cinder.api.openstack.wsgi [None req-909596d7-ee1e-42d2-8fc5-c18f805d80dd tempest-GroupsV314Test-1238207258 tempest-GroupsV314Test-1238207258-project] Calling method 'show' {{(pid=99873) _process_stack /opt/stack/cinder/cinder/api/openstack/wsgi.py:856}}
Jul 27 17:59:04.375931 dv-cinder-786260-13-iscsi devstack@c-api.service[99873]: /usr/local/lib/python3.8/dist-packages/oslo_context/context.py:105: DeprecationWarning: Policy enforcement is depending on the value of is_admin. This key is deprecated. Please update your policy file to use the standard policy values.
Jul 27 17:59:04.375931 dv-cinder-786260-13-iscsi devstack@c-api.service[99873]: warnings.warn('Policy enforcement is depending on the value of '
Jul 27 17:59:04.396995 dv-cinder-786260-13-iscsi devstack@c-api.service[99873]: INFO cinder.volume.api [None req-909596d7-ee1e-42d2-8fc5-c18f805d80dd tempest-GroupsV314Test-1238207258 tempest-GroupsV314Test-1238207258-project] Volume info retrieved successfully.
Jul 27 17:59:04.411971 dv-cinder-786260-13-iscsi devstack@c-api.service[99873]: WARNING stevedore.named [None req-909596d7-ee1e-42d2-8fc5-c18f805d80dd tempest-GroupsV314Test-1238207258 tempest-GroupsV314Test-1238207258-project] Could not load cinder.keymgr.conf_key_mgr.ConfKeyManager
Jul 27 17:59:04.412642 dv-cinder-786260-13-iscsi devstack@c-api.service[99873]: WARNING castellan.key_manager [None req-909596d7-ee1e-42d2-8fc5-c18f805d80dd tempest-GroupsV314Test-1238207258 tempest-GroupsV314Test-1238207258-project] Deprecation Warning : cinder.keymgr.conf_key_mgr.ConfKeyManager is not a stevedore based driver, trying to load it as a class: stevedore.exception.NoMatches: No 'castellan.drivers' driver found, looking for 'cinder.keymgr.conf_key_mgr.ConfKeyManager'
Jul 27 17:59:04.425993 dv-cinder-786260-13-iscsi devstack@c-api.service[99873]: DEBUG oslo_db.sqlalchemy.engines [None req-909596d7-ee1e-42d2-8fc5-c18f805d80dd tempest-GroupsV314Test-1238207258 tempest-GroupsV314Test-1238207258-project] MySQL server mode set to STRICT_TRANS_TABLES,STRICT_ALL_TABLES,NO_ZERO_IN_DATE,NO_ZERO_DATE,ERROR_FOR_DIVISION_BY_ZERO,TRADITIONAL,NO_ENGINE_SUBSTITUTION {{(pid=99873) _check_effective_sql_mode /usr/local/lib/python3.8/dist-packages/oslo_db/sqlalchemy/engines.py:314}}
Jul 27 17:59:04.445080 dv-cinder-786260-13-iscsi devstack@c-api.service[99874]: INFO cinder.api.openstack.wsgi [None req-ecc36273-3e25-41c8-96d8-8af71333ef2a tempest-QosSpecsTestJSON-1222604509 tempest-QosSpecsTestJSON-1222604509-project-admin] http://10.222.0.47/volume/v3/f2942750e8a04c7b8932e66d3ed30ab4/qos-specs/e2305a88-aaf1-4f29-9e6c-f98191b02e21/associate?vol_type_id=a4e748c2-ed02-4253-a3e8-cf8d7c3e5af8 returned with HTTP 202
Jul 27 17:59:04.446295 dv-cinder-786260-13-iscsi devstack@c-api.service[99874]: [pid: 99874|app: 0|req: 47/91] 10.222.0.47 () {58 vars in 1458 bytes} [Tue Jul 27 17:59:04 2021] GET /volume/v3/f2942750e8a04c7b8932e66d3ed30ab4/qos-specs/e2305a88-aaf1-4f29-9e6c-f98191b02e21/associate?vol_type_id=a4e748c2-ed02-4253-a3e8-cf8d7c3e5af8 => generated 0 bytes in 203 msecs (HTTP/1.1 202) 6 headers in 233 bytes (1 switches on core 0)
Jul 27 17:59:04.451932 dv-cinder-786260-13-iscsi devstack@c-api.service[99873]: /usr/local/lib/python3.8/dist-packages/oslo_context/context.py:105: DeprecationWarning: Policy enforcement is depending on the value of is_admin. This key is deprecated. Please update your policy file to use the standard policy values.
Jul 27 17:59:04.451932 dv-cinder-786260-13-iscsi devstack@c-api.service[99873]: warnings.warn('Policy enforcement is depending on the value of '
Jul 27 17:59:04.465537 dv-cinder-786260-13-iscsi devstack@c-api.service[99874]: INFO cinder.api.openstack.wsgi [None req-2caea248-d9ae-43d3-a28d-6cae76535627 tempest-UserMessagesTest-493763605 tempest-UserMessagesTest-493763605-project] GET http://10.222.0.47/volume/v3/e28ab31c95aa46a19c682f65cda492b5/volumes/0230cbc9-0f91-42cc-8ded-faf978e75947
Jul 27 17:59:04.471147 dv-cinder-786260-13-iscsi devstack@c-api.service[99874]: DEBUG cinder.api.openstack.wsgi [None req-2caea248-d9ae-43d3-a28d-6cae76535627 tempest-UserMessagesTest-493763605 tempest-UserMessagesTest-493763605-project] Empty body provided in request {{(pid=99874) get_body /opt/stack/cinder/cinder/api/openstack/wsgi.py:703}}
Jul 27 17:59:04.471614 dv-cinder-786260-13-iscsi devstack@c-api.service[99874]: /usr/local/lib/python3.8/dist-packages/webob/acceptparse.py:1047: DeprecationWarning: The behavior of AcceptValidHeader.best_match is currently being maintained for backward compatibility, but it will be deprecated in the future, as it does not conform to the RFC.
Jul 27 17:59:04.471614 dv-cinder-786260-13-iscsi devstack@c-api.service[99874]: warnings.warn(
Jul 27 17:59:04.472562 dv-cinder-786260-13-iscsi devstack@c-api.service[99874]: DEBUG cinder.api.openstack.wsgi [None req-2caea248-d9ae-43d3-a28d-6cae76535627 tempest-UserMessagesTest-493763605 tempest-UserMessagesTest-493763605-project] Calling method 'show' {{(pid=99874) _process_stack /opt/stack/cinder/cinder/api/openstack/wsgi.py:856}}
Jul 27 17:59:04.501069 dv-cinder-786260-13-iscsi devstack@c-api.service[99873]: INFO cinder.api.openstack.wsgi [None req-909596d7-ee1e-42d2-8fc5-c18f805d80dd tempest-GroupsV314Test-1238207258 tempest-GroupsV314Test-1238207258-project] http://10.222.0.47/volume/v3/0fb671cbe8a44874bc54727253caf8fa/volumes/7c62449a-b8de-4ccd-8701-eb8376470033 returned with HTTP 200
Jul 27 17:59:04.503374 dv-cinder-786260-13-iscsi devstack@c-api.service[99873]: [pid: 99873|app: 0|req: 45/92] 10.222.0.47 () {60 vars in 1366 bytes} [Tue Jul 27 17:59:04 2021] GET /volume/v3/0fb671cbe8a44874bc54727253caf8fa/volumes/7c62449a-b8de-4ccd-8701-eb8376470033 => generated 988 bytes in 187 msecs (HTTP/1.1 200) 7 headers in 286 bytes (1 switches on core 0)
Jul 27 17:59:04.525152 dv-cinder-786260-13-iscsi devstack@c-api.service[99873]: INFO cinder.api.openstack.wsgi [None req-3a919934-e972-446b-9356-c463b84fe1ea tempest-QosSpecsTestJSON-1222604509 tempest-QosSpecsTestJSON-1222604509-project-admin] GET http://10.222.0.47/volume/v3/f2942750e8a04c7b8932e66d3ed30ab4/qos-specs/e2305a88-aaf1-4f29-9e6c-f98191b02e21/associations
Jul 27 17:59:04.542821 dv-cinder-786260-13-iscsi devstack@c-api.service[99873]: DEBUG cinder.api.openstack.wsgi [None req-3a919934-e972-446b-9356-c463b84fe1ea tempest-QosSpecsTestJSON-1222604509 tempest-QosSpecsTestJSON-1222604509-project-admin] Empty body provided in request {{(pid=99873) get_body /opt/stack/cinder/cinder/api/openstack/wsgi.py:703}}
Jul 27 17:59:04.544511 dv-cinder-786260-13-iscsi devstack@c-api.service[99873]: /usr/local/lib/python3.8/dist-packages/webob/acceptparse.py:1047: DeprecationWarning: The behavior of AcceptValidHeader.best_match is currently being maintained for backward compatibility, but it will be deprecated in the future, as it does not conform to the RFC.
Jul 27 17:59:04.544511 dv-cinder-786260-13-iscsi devstack@c-api.service[99873]: warnings.warn(
Jul 27 17:59:04.544511 dv-cinder-786260-13-iscsi devstack@c-api.service[99873]: DEBUG cinder.api.openstack.wsgi [None req-3a919934-e972-446b-9356-c463b84fe1ea tempest-QosSpecsTestJSON-1222604509 tempest-QosSpecsTestJSON-1222604509-project-admin] Calling method 'associations' {{(pid=99873) _process_stack /opt/stack/cinder/cinder/api/openstack/wsgi.py:856}}
Jul 27 17:59:04.544763 dv-cinder-786260-13-iscsi devstack@c-api.service[99873]: DEBUG cinder.api.contrib.qos_specs_manage [None req-3a919934-e972-446b-9356-c463b84fe1ea tempest-QosSpecsTestJSON-1222604509 tempest-QosSpecsTestJSON-1222604509-project-admin] Get associations for qos_spec id: e2305a88-aaf1-4f29-9e6c-f98191b02e21 {{(pid=99873) associations /opt/stack/cinder/cinder/api/contrib/qos_specs_manage.py:233}}
Jul 27 17:59:04.548440 dv-cinder-786260-13-iscsi devstack@c-api.service[99874]: /usr/local/lib/python3.8/dist-packages/oslo_context/context.py:105: DeprecationWarning: Policy enforcement is depending on the value of is_admin. This key is deprecated. Please update your policy file to use the standard policy values.
Jul 27 17:59:04.548440 dv-cinder-786260-13-iscsi devstack@c-api.service[99874]: warnings.warn('Policy enforcement is depending on the value of '
Jul 27 17:59:04.592538 dv-cinder-786260-13-iscsi devstack@c-api.service[99874]: INFO cinder.volume.api [None req-2caea248-d9ae-43d3-a28d-6cae76535627 tempest-UserMessagesTest-493763605 tempest-UserMessagesTest-493763605-project] Volume info retrieved successfully.
Jul 27 17:59:04.635389 dv-cinder-786260-13-iscsi devstack@c-api.service[99873]: INFO cinder.api.openstack.wsgi [None req-3a919934-e972-446b-9356-c463b84fe1ea tempest-QosSpecsTestJSON-1222604509 tempest-QosSpecsTestJSON-1222604509-project-admin] http://10.222.0.47/volume/v3/f2942750e8a04c7b8932e66d3ed30ab4/qos-specs/e2305a88-aaf1-4f29-9e6c-f98191b02e21/associations returned with HTTP 200
Jul 27 17:59:04.645628 dv-cinder-786260-13-iscsi devstack@c-api.service[99873]: [pid: 99873|app: 0|req: 46/93] 10.222.0.47 () {58 vars in 1370 bytes} [Tue Jul 27 17:59:04 2021] GET /volume/v3/f2942750e8a04c7b8932e66d3ed30ab4/qos-specs/e2305a88-aaf1-4f29-9e6c-f98191b02e21/associations => generated 446 bytes in 141 msecs (HTTP/1.1 200) 7 headers in 285 bytes (1 switches on core 0)
Jul 27 17:59:04.670607 dv-cinder-786260-13-iscsi devstack@c-api.service[99874]: INFO cinder.api.openstack.wsgi [None req-2caea248-d9ae-43d3-a28d-6cae76535627 tempest-UserMessagesTest-493763605 tempest-UserMessagesTest-493763605-project] http://10.222.0.47/volume/v3/e28ab31c95aa46a19c682f65cda492b5/volumes/0230cbc9-0f91-42cc-8ded-faf978e75947 returned with HTTP 200
Jul 27 17:59:04.698823 dv-cinder-786260-13-iscsi devstack@c-api.service[99874]: [pid: 99874|app: 0|req: 48/94] 10.222.0.47 () {60 vars in 1365 bytes} [Tue Jul 27 17:59:04 2021] GET /volume/v3/e28ab31c95aa46a19c682f65cda492b5/volumes/0230cbc9-0f91-42cc-8ded-faf978e75947 => generated 920 bytes in 250 msecs (HTTP/1.1 200) 7 headers in 285 bytes (1 switches on core 0)
Jul 27 17:59:04.710439 dv-cinder-786260-13-iscsi devstack@c-api.service[99873]: INFO cinder.api.openstack.wsgi [None req-d67c9985-3707-4f5b-a22b-f5b0d8bc58db tempest-QosSpecsTestJSON-1222604509 tempest-QosSpecsTestJSON-1222604509-project-admin] GET http://10.222.0.47/volume/v3/f2942750e8a04c7b8932e66d3ed30ab4/qos-specs/e2305a88-aaf1-4f29-9e6c-f98191b02e21/disassociate?vol_type_id=5686bfde-baca-4f8e-b332-963f7ceb5ed3
Jul 27 17:59:04.739742 dv-cinder-786260-13-iscsi devstack@c-api.service[99873]: DEBUG cinder.api.openstack.wsgi [None req-d67c9985-3707-4f5b-a22b-f5b0d8bc58db tempest-QosSpecsTestJSON-1222604509 tempest-QosSpecsTestJSON-1222604509-project-admin] Empty body provided in request {{(pid=99873) get_body /opt/stack/cinder/cinder/api/openstack/wsgi.py:703}}
Jul 27 17:59:04.739999 dv-cinder-786260-13-iscsi devstack@c-api.service[99873]: /usr/local/lib/python3.8/dist-packages/webob/acceptparse.py:1047: DeprecationWarning: The behavior of AcceptValidHeader.best_match is currently being maintained for backward compatibility, but it will be deprecated in the future, as it does not conform to the RFC.
Jul 27 17:59:04.739999 dv-cinder-786260-13-iscsi devstack@c-api.service[99873]: warnings.warn(
Jul 27 17:59:04.741759 dv-cinder-786260-13-iscsi devstack@c-api.service[99873]: DEBUG cinder.api.openstack.wsgi [None req-d67c9985-3707-4f5b-a22b-f5b0d8bc58db tempest-QosSpecsTestJSON-1222604509 tempest-QosSpecsTestJSON-1222604509-project-admin] Calling method 'disassociate' {{(pid=99873) _process_stack /opt/stack/cinder/cinder/api/openstack/wsgi.py:856}}
Jul 27 17:59:04.746079 dv-cinder-786260-13-iscsi devstack@c-api.service[99873]: /usr/local/lib/python3.8/dist-packages/oslo_context/context.py:105: DeprecationWarning: Policy enforcement is depending on the value of is_admin. This key is deprecated. Please update your policy file to use the standard policy values.
Jul 27 17:59:04.746079 dv-cinder-786260-13-iscsi devstack@c-api.service[99873]: warnings.warn('Policy enforcement is depending on the value of '
Jul 27 17:59:04.751167 dv-cinder-786260-13-iscsi devstack@c-api.service[99873]: DEBUG cinder.api.contrib.qos_specs_manage [None req-d67c9985-3707-4f5b-a22b-f5b0d8bc58db tempest-QosSpecsTestJSON-1222604509 tempest-QosSpecsTestJSON-1222604509-project-admin] Disassociate qos_spec: e2305a88-aaf1-4f29-9e6c-f98191b02e21 from type: 5686bfde-baca-4f8e-b332-963f7ceb5ed3 {{(pid=99873) disassociate /opt/stack/cinder/cinder/api/contrib/qos_specs_manage.py:327}}
Jul 27 17:59:04.836616 dv-cinder-786260-13-iscsi devstack@c-api.service[99873]: INFO cinder.api.openstack.wsgi [None req-d67c9985-3707-4f5b-a22b-f5b0d8bc58db tempest-QosSpecsTestJSON-1222604509 tempest-QosSpecsTestJSON-1222604509-project-admin] http://10.222.0.47/volume/v3/f2942750e8a04c7b8932e66d3ed30ab4/qos-specs/e2305a88-aaf1-4f29-9e6c-f98191b02e21/disassociate?vol_type_id=5686bfde-baca-4f8e-b332-963f7ceb5ed3 returned with HTTP 202
Jul 27 17:59:04.840142 dv-cinder-786260-13-iscsi devstack@c-api.service[99873]: [pid: 99873|app: 0|req: 47/95] 10.222.0.47 () {58 vars in 1467 bytes} [Tue Jul 27 17:59:04 2021] GET /volume/v3/f2942750e8a04c7b8932e66d3ed30ab4/qos-specs/e2305a88-aaf1-4f29-9e6c-f98191b02e21/disassociate?vol_type_id=5686bfde-baca-4f8e-b332-963f7ceb5ed3 => generated 0 bytes in 193 msecs (HTTP/1.1 202) 6 headers in 233 bytes (2 switches on core 0)
Jul 27 17:59:04.848377 dv-cinder-786260-13-iscsi devstack@c-api.service[99874]: INFO cinder.api.openstack.wsgi [None req-ae79408c-ab6d-4591-a9f8-6d14275695ba tempest-QosSpecsTestJSON-1222604509 tempest-QosSpecsTestJSON-1222604509-project-admin] GET http://10.222.0.47/volume/v3/f2942750e8a04c7b8932e66d3ed30ab4/qos-specs/e2305a88-aaf1-4f29-9e6c-f98191b02e21/associations
Jul 27 17:59:04.848866 dv-cinder-786260-13-iscsi devstack@c-api.service[99874]: DEBUG cinder.api.openstack.wsgi [None req-ae79408c-ab6d-4591-a9f8-6d14275695ba tempest-QosSpecsTestJSON-1222604509 tempest-QosSpecsTestJSON-1222604509-project-admin] Empty body provided in request {{(pid=99874) get_body /opt/stack/cinder/cinder/api/openstack/wsgi.py:703}}
Jul 27 17:59:04.853255 dv-cinder-786260-13-iscsi devstack@c-api.service[99874]: /usr/local/lib/python3.8/dist-packages/webob/acceptparse.py:1047: DeprecationWarning: The behavior of AcceptValidHeader.best_match is currently being maintained for backward compatibility, but it will be deprecated in the future, as it does not conform to the RFC.
Jul 27 17:59:04.853255 dv-cinder-786260-13-iscsi devstack@c-api.service[99874]: warnings.warn(
Jul 27 17:59:04.853255 dv-cinder-786260-13-iscsi devstack@c-api.service[99874]: DEBUG cinder.api.openstack.wsgi [None req-ae79408c-ab6d-4591-a9f8-6d14275695ba tempest-QosSpecsTestJSON-1222604509 tempest-QosSpecsTestJSON-1222604509-project-admin] Calling method 'associations' {{(pid=99874) _process_stack /opt/stack/cinder/cinder/api/openstack/wsgi.py:856}}
Jul 27 17:59:04.853255 dv-cinder-786260-13-iscsi devstack@c-api.service[99874]: DEBUG cinder.api.contrib.qos_specs_manage [None req-ae79408c-ab6d-4591-a9f8-6d14275695ba tempest-QosSpecsTestJSON-1222604509 tempest-QosSpecsTestJSON-1222604509-project-admin] Get associations for qos_spec id: e2305a88-aaf1-4f29-9e6c-f98191b02e21 {{(pid=99874) associations /opt/stack/cinder/cinder/api/contrib/qos_specs_manage.py:233}}
Jul 27 17:59:04.909787 dv-cinder-786260-13-iscsi devstack@c-api.service[99874]: INFO cinder.api.openstack.wsgi [None req-ae79408c-ab6d-4591-a9f8-6d14275695ba tempest-QosSpecsTestJSON-1222604509 tempest-QosSpecsTestJSON-1222604509-project-admin] http://10.222.0.47/volume/v3/f2942750e8a04c7b8932e66d3ed30ab4/qos-specs/e2305a88-aaf1-4f29-9e6c-f98191b02e21/associations returned with HTTP 200
Jul 27 17:59:04.912992 dv-cinder-786260-13-iscsi devstack@c-api.service[99874]: [pid: 99874|app: 0|req: 49/96] 10.222.0.47 () {58 vars in 1370 bytes} [Tue Jul 27 17:59:04 2021] GET /volume/v3/f2942750e8a04c7b8932e66d3ed30ab4/qos-specs/e2305a88-aaf1-4f29-9e6c-f98191b02e21/associations => generated 305 bytes in 70 msecs (HTTP/1.1 200) 7 headers in 285 bytes (1 switches on core 0)
Jul 27 17:59:04.928963 dv-cinder-786260-13-iscsi devstack@c-api.service[99873]: INFO cinder.api.openstack.wsgi [None req-7aebed53-9db3-4bfc-ba69-0f264e43fe25 tempest-QosSpecsTestJSON-1222604509 tempest-QosSpecsTestJSON-1222604509-project-admin] GET http://10.222.0.47/volume/v3/f2942750e8a04c7b8932e66d3ed30ab4/qos-specs/e2305a88-aaf1-4f29-9e6c-f98191b02e21/disassociate_all
Jul 27 17:59:04.929544 dv-cinder-786260-13-iscsi devstack@c-api.service[99873]: DEBUG cinder.api.openstack.wsgi [None req-7aebed53-9db3-4bfc-ba69-0f264e43fe25 tempest-QosSpecsTestJSON-1222604509 tempest-QosSpecsTestJSON-1222604509-project-admin] Empty body provided in request {{(pid=99873) get_body /opt/stack/cinder/cinder/api/openstack/wsgi.py:703}}
Jul 27 17:59:04.929730 dv-cinder-786260-13-iscsi devstack@c-api.service[99873]: /usr/local/lib/python3.8/dist-packages/webob/acceptparse.py:1047: DeprecationWarning: The behavior of AcceptValidHeader.best_match is currently being maintained for backward compatibility, but it will be deprecated in the future, as it does not conform to the RFC.
Jul 27 17:59:04.929730 dv-cinder-786260-13-iscsi devstack@c-api.service[99873]: warnings.warn(
Jul 27 17:59:04.930147 dv-cinder-786260-13-iscsi devstack@c-api.service[99873]: DEBUG cinder.api.openstack.wsgi [None req-7aebed53-9db3-4bfc-ba69-0f264e43fe25 tempest-QosSpecsTestJSON-1222604509 tempest-QosSpecsTestJSON-1222604509-project-admin] Calling method 'disassociate_all' {{(pid=99873) _process_stack /opt/stack/cinder/cinder/api/openstack/wsgi.py:856}}
Jul 27 17:59:04.930984 dv-cinder-786260-13-iscsi devstack@c-api.service[99873]: /usr/local/lib/python3.8/dist-packages/oslo_context/context.py:105: DeprecationWarning: Policy enforcement is depending on the value of is_admin. This key is deprecated. Please update your policy file to use the standard policy values.
Jul 27 17:59:04.930984 dv-cinder-786260-13-iscsi devstack@c-api.service[99873]: warnings.warn('Policy enforcement is depending on the value of '
Jul 27 17:59:04.932012 dv-cinder-786260-13-iscsi devstack@c-api.service[99873]: DEBUG cinder.api.contrib.qos_specs_manage [None req-7aebed53-9db3-4bfc-ba69-0f264e43fe25 tempest-QosSpecsTestJSON-1222604509 tempest-QosSpecsTestJSON-1222604509-project-admin] Disassociate qos_spec: e2305a88-aaf1-4f29-9e6c-f98191b02e21 from all. {{(pid=99873) disassociate_all /opt/stack/cinder/cinder/api/contrib/qos_specs_manage.py:361}}
Jul 27 17:59:04.991324 dv-cinder-786260-13-iscsi devstack@c-api.service[99873]: INFO cinder.api.openstack.wsgi [None req-7aebed53-9db3-4bfc-ba69-0f264e43fe25 tempest-QosSpecsTestJSON-1222604509 tempest-QosSpecsTestJSON-1222604509-project-admin] http://10.222.0.47/volume/v3/f2942750e8a04c7b8932e66d3ed30ab4/qos-specs/e2305a88-aaf1-4f29-9e6c-f98191b02e21/disassociate_all returned with HTTP 202
Jul 27 17:59:04.994842 dv-cinder-786260-13-iscsi devstack@c-api.service[99873]: [pid: 99873|app: 0|req: 48/97] 10.222.0.47 () {58 vars in 1382 bytes} [Tue Jul 27 17:59:04 2021] GET /volume/v3/f2942750e8a04c7b8932e66d3ed30ab4/qos-specs/e2305a88-aaf1-4f29-9e6c-f98191b02e21/disassociate_all => generated 0 bytes in 75 msecs (HTTP/1.1 202) 6 headers in 233 bytes (1 switches on core 0)
Jul 27 17:59:05.013053 dv-cinder-786260-13-iscsi devstack@c-api.service[99874]: INFO cinder.api.openstack.wsgi [None req-774e45d7-9a0a-40bd-bde5-5730ebf9ad00 tempest-QosSpecsTestJSON-1222604509 tempest-QosSpecsTestJSON-1222604509-project-admin] GET http://10.222.0.47/volume/v3/f2942750e8a04c7b8932e66d3ed30ab4/qos-specs/e2305a88-aaf1-4f29-9e6c-f98191b02e21/associations
Jul 27 17:59:05.013597 dv-cinder-786260-13-iscsi devstack@c-api.service[99874]: DEBUG cinder.api.openstack.wsgi [None req-774e45d7-9a0a-40bd-bde5-5730ebf9ad00 tempest-QosSpecsTestJSON-1222604509 tempest-QosSpecsTestJSON-1222604509-project-admin] Empty body provided in request {{(pid=99874) get_body /opt/stack/cinder/cinder/api/openstack/wsgi.py:703}}
