Jul 26 19:36:32.346839 dv-cinder-786260-12-smb devstack@c-api.service[100040]: /usr/local/lib/python3.8/dist-packages/webob/acceptparse.py:1047: DeprecationWarning: The behavior of AcceptValidHeader.best_match is currently being maintained for backward compatibility, but it will be deprecated in the future, as it does not conform to the RFC.
Jul 26 19:36:32.346839 dv-cinder-786260-12-smb devstack@c-api.service[100040]: warnings.warn(
Jul 26 19:36:32.347345 dv-cinder-786260-12-smb devstack@c-api.service[100040]: DEBUG cinder.api.openstack.wsgi [None req-f8785245-f5f9-4010-b82f-7e8e20065f65 tempest-VolumesExtendTest-1636933292 tempest-VolumesExtendTest-1636933292-project] Calling method 'show' {{(pid=100040) _process_stack /opt/stack/cinder/cinder/api/openstack/wsgi.py:856}}
Jul 26 19:36:32.363100 dv-cinder-786260-12-smb devstack@c-api.service[100040]: /usr/local/lib/python3.8/dist-packages/oslo_context/context.py:105: DeprecationWarning: Policy enforcement is depending on the value of is_admin. This key is deprecated. Please update your policy file to use the standard policy values.
Jul 26 19:36:32.363100 dv-cinder-786260-12-smb devstack@c-api.service[100040]: warnings.warn('Policy enforcement is depending on the value of '
Jul 26 19:36:32.375329 dv-cinder-786260-12-smb devstack@c-api.service[100040]: INFO cinder.volume.api [None req-f8785245-f5f9-4010-b82f-7e8e20065f65 tempest-VolumesExtendTest-1636933292 tempest-VolumesExtendTest-1636933292-project] Volume info retrieved successfully.
Jul 26 19:36:32.397657 dv-cinder-786260-12-smb devstack@c-api.service[100040]: INFO cinder.api.openstack.wsgi [None req-f8785245-f5f9-4010-b82f-7e8e20065f65 tempest-VolumesExtendTest-1636933292 tempest-VolumesExtendTest-1636933292-project] http://10.222.0.16/volume/v3/24d8c86ffc5f4e3db0e94fc8b0156e64/volumes/4f77e046-e6ac-480d-8d84-d72a4f23f219 returned with HTTP 200
Jul 26 19:36:32.399620 dv-cinder-786260-12-smb devstack@c-api.service[100040]: [pid: 100040|app: 0|req: 191/394] 10.222.0.16 () {58 vars in 1325 bytes} [Mon Jul 26 19:36:32 2021] GET /volume/v3/24d8c86ffc5f4e3db0e94fc8b0156e64/volumes/4f77e046-e6ac-480d-8d84-d72a4f23f219 => generated 908 bytes in 58 msecs (HTTP/1.1 200) 7 headers in 285 bytes (1 switches on core 0)
Jul 26 19:36:32.432971 dv-cinder-786260-12-smb devstack@c-api.service[100039]: INFO cinder.api.openstack.wsgi [None req-e47267e1-9cd0-447c-88bf-b29364dd87ed tempest-GroupsTest-2053024871 tempest-GroupsTest-2053024871-project] GET http://10.222.0.16/volume/v3/9ef83afc9098424baf8761a7a4609a0e/volumes/f3c096d1-ef2c-4bf2-9bc2-274f7b2015cf
Jul 26 19:36:32.433452 dv-cinder-786260-12-smb devstack@c-api.service[100039]: DEBUG cinder.api.openstack.wsgi [None req-e47267e1-9cd0-447c-88bf-b29364dd87ed tempest-GroupsTest-2053024871 tempest-GroupsTest-2053024871-project] Empty body provided in request {{(pid=100039) get_body /opt/stack/cinder/cinder/api/openstack/wsgi.py:703}}
Jul 26 19:36:32.433636 dv-cinder-786260-12-smb devstack@c-api.service[100039]: /usr/local/lib/python3.8/dist-packages/webob/acceptparse.py:1047: DeprecationWarning: The behavior of AcceptValidHeader.best_match is currently being maintained for backward compatibility, but it will be deprecated in the future, as it does not conform to the RFC.
Jul 26 19:36:32.433636 dv-cinder-786260-12-smb devstack@c-api.service[100039]: warnings.warn(
Jul 26 19:36:32.434175 dv-cinder-786260-12-smb devstack@c-api.service[100039]: DEBUG cinder.api.openstack.wsgi [None req-e47267e1-9cd0-447c-88bf-b29364dd87ed tempest-GroupsTest-2053024871 tempest-GroupsTest-2053024871-project] Calling method 'show' {{(pid=100039) _process_stack /opt/stack/cinder/cinder/api/openstack/wsgi.py:856}}
Jul 26 19:36:32.448246 dv-cinder-786260-12-smb devstack@c-api.service[100039]: /usr/local/lib/python3.8/dist-packages/oslo_context/context.py:105: DeprecationWarning: Policy enforcement is depending on the value of is_admin. This key is deprecated. Please update your policy file to use the standard policy values.
Jul 26 19:36:32.448246 dv-cinder-786260-12-smb devstack@c-api.service[100039]: warnings.warn('Policy enforcement is depending on the value of '
Jul 26 19:36:32.463120 dv-cinder-786260-12-smb devstack@c-api.service[100039]: INFO cinder.volume.api [None req-e47267e1-9cd0-447c-88bf-b29364dd87ed tempest-GroupsTest-2053024871 tempest-GroupsTest-2053024871-project] Volume info retrieved successfully.
Jul 26 19:36:32.470545 dv-cinder-786260-12-smb devstack@c-api.service[100039]: WARNING stevedore.named [None req-e47267e1-9cd0-447c-88bf-b29364dd87ed tempest-GroupsTest-2053024871 tempest-GroupsTest-2053024871-project] Could not load cinder.keymgr.conf_key_mgr.ConfKeyManager
Jul 26 19:36:32.471181 dv-cinder-786260-12-smb devstack@c-api.service[100039]: WARNING castellan.key_manager [None req-e47267e1-9cd0-447c-88bf-b29364dd87ed tempest-GroupsTest-2053024871 tempest-GroupsTest-2053024871-project] Deprecation Warning : cinder.keymgr.conf_key_mgr.ConfKeyManager is not a stevedore based driver, trying to load it as a class: stevedore.exception.NoMatches: No 'castellan.drivers' driver found, looking for 'cinder.keymgr.conf_key_mgr.ConfKeyManager'
Jul 26 19:36:32.478566 dv-cinder-786260-12-smb devstack@c-api.service[100039]: DEBUG oslo_db.sqlalchemy.engines [None req-e47267e1-9cd0-447c-88bf-b29364dd87ed tempest-GroupsTest-2053024871 tempest-GroupsTest-2053024871-project] MySQL server mode set to STRICT_TRANS_TABLES,STRICT_ALL_TABLES,NO_ZERO_IN_DATE,NO_ZERO_DATE,ERROR_FOR_DIVISION_BY_ZERO,TRADITIONAL,NO_ENGINE_SUBSTITUTION {{(pid=100039) _check_effective_sql_mode /usr/local/lib/python3.8/dist-packages/oslo_db/sqlalchemy/engines.py:314}}
Jul 26 19:36:32.484464 dv-cinder-786260-12-smb devstack@c-api.service[100039]: /usr/local/lib/python3.8/dist-packages/oslo_context/context.py:105: DeprecationWarning: Policy enforcement is depending on the value of is_admin. This key is deprecated. Please update your policy file to use the standard policy values.
Jul 26 19:36:32.484464 dv-cinder-786260-12-smb devstack@c-api.service[100039]: warnings.warn('Policy enforcement is depending on the value of '
Jul 26 19:36:32.499875 dv-cinder-786260-12-smb devstack@c-api.service[100039]: INFO cinder.api.openstack.wsgi [None req-e47267e1-9cd0-447c-88bf-b29364dd87ed tempest-GroupsTest-2053024871 tempest-GroupsTest-2053024871-project] http://10.222.0.16/volume/v3/9ef83afc9098424baf8761a7a4609a0e/volumes/f3c096d1-ef2c-4bf2-9bc2-274f7b2015cf returned with HTTP 200
Jul 26 19:36:32.500716 dv-cinder-786260-12-smb devstack@c-api.service[100039]: [pid: 100039|app: 0|req: 204/395] 10.222.0.16 () {60 vars in 1366 bytes} [Mon Jul 26 19:36:32 2021] GET /volume/v3/9ef83afc9098424baf8761a7a4609a0e/volumes/f3c096d1-ef2c-4bf2-9bc2-274f7b2015cf => generated 984 bytes in 71 msecs (HTTP/1.1 200) 7 headers in 286 bytes (1 switches on core 0)
Jul 26 19:36:32.515909 dv-cinder-786260-12-smb devstack@c-api.service[100040]: INFO cinder.api.openstack.wsgi [None req-6634878c-19b0-411a-97ac-500e288da06c tempest-GroupsTest-2053024871 tempest-GroupsTest-2053024871-project] PUT http://10.222.0.16/volume/v3/9ef83afc9098424baf8761a7a4609a0e/groups/ab6672bc-1fbc-4b18-97ed-e3ef35cd8747
Jul 26 19:36:32.516518 dv-cinder-786260-12-smb devstack@c-api.service[100040]: /usr/local/lib/python3.8/dist-packages/webob/acceptparse.py:1047: DeprecationWarning: The behavior of AcceptValidHeader.best_match is currently being maintained for backward compatibility, but it will be deprecated in the future, as it does not conform to the RFC.
Jul 26 19:36:32.516518 dv-cinder-786260-12-smb devstack@c-api.service[100040]: warnings.warn(
Jul 26 19:36:32.517085 dv-cinder-786260-12-smb devstack@c-api.service[100040]: DEBUG cinder.api.openstack.wsgi [None req-6634878c-19b0-411a-97ac-500e288da06c tempest-GroupsTest-2053024871 tempest-GroupsTest-2053024871-project] Action: 'update', calling method: version_select, body: {"group": {"name": "new_group", "description": "This is a new group", "remove_volumes": "f3c096d1-ef2c-4bf2-9bc2-274f7b2015cf"}} {{(pid=100040) _process_stack /opt/stack/cinder/cinder/api/openstack/wsgi.py:854}}
Jul 26 19:36:32.518339 dv-cinder-786260-12-smb devstack@c-api.service[100040]: DEBUG cinder.api.v3.groups [None req-6634878c-19b0-411a-97ac-500e288da06c tempest-GroupsTest-2053024871 tempest-GroupsTest-2053024871-project] Update called for group ab6672bc-1fbc-4b18-97ed-e3ef35cd8747. {{(pid=100040) update /opt/stack/cinder/cinder/api/v3/groups.py:302}}
Jul 26 19:36:32.518339 dv-cinder-786260-12-smb devstack@c-api.service[100040]: INFO cinder.api.v3.groups [None req-6634878c-19b0-411a-97ac-500e288da06c tempest-GroupsTest-2053024871 tempest-GroupsTest-2053024871-project] Updating group ab6672bc-1fbc-4b18-97ed-e3ef35cd8747 with name new_group description: This is a new group add_volumes: None remove_volumes: f3c096d1-ef2c-4bf2-9bc2-274f7b2015cf.
Jul 26 19:36:32.524636 dv-cinder-786260-12-smb devstack@c-api.service[100040]: /usr/local/lib/python3.8/dist-packages/oslo_context/context.py:105: DeprecationWarning: Policy enforcement is depending on the value of is_admin. This key is deprecated. Please update your policy file to use the standard policy values.
Jul 26 19:36:32.524636 dv-cinder-786260-12-smb devstack@c-api.service[100040]: warnings.warn('Policy enforcement is depending on the value of '
Jul 26 19:36:32.559167 dv-cinder-786260-12-smb devstack@c-api.service[100040]: INFO cinder.api.openstack.wsgi [None req-6634878c-19b0-411a-97ac-500e288da06c tempest-GroupsTest-2053024871 tempest-GroupsTest-2053024871-project] http://10.222.0.16/volume/v3/9ef83afc9098424baf8761a7a4609a0e/groups/ab6672bc-1fbc-4b18-97ed-e3ef35cd8747 returned with HTTP 202
Jul 26 19:36:32.560189 dv-cinder-786260-12-smb devstack@c-api.service[100040]: [pid: 100040|app: 0|req: 192/396] 10.222.0.16 () {62 vars in 1384 bytes} [Mon Jul 26 19:36:32 2021] PUT /volume/v3/9ef83afc9098424baf8761a7a4609a0e/groups/ab6672bc-1fbc-4b18-97ed-e3ef35cd8747 => generated 0 bytes in 48 msecs (HTTP/1.1 202) 6 headers in 234 bytes (1 switches on core 0)
Jul 26 19:36:32.567941 dv-cinder-786260-12-smb devstack@c-api.service[100039]: INFO cinder.api.openstack.wsgi [None req-91e64a44-654a-4c83-a8a7-695e3464fe4e tempest-GroupsTest-2053024871 tempest-GroupsTest-2053024871-project] GET http://10.222.0.16/volume/v3/9ef83afc9098424baf8761a7a4609a0e/groups/ab6672bc-1fbc-4b18-97ed-e3ef35cd8747
Jul 26 19:36:32.568814 dv-cinder-786260-12-smb devstack@c-api.service[100039]: DEBUG cinder.api.openstack.wsgi [None req-91e64a44-654a-4c83-a8a7-695e3464fe4e tempest-GroupsTest-2053024871 tempest-GroupsTest-2053024871-project] Empty body provided in request {{(pid=100039) get_body /opt/stack/cinder/cinder/api/openstack/wsgi.py:703}}
Jul 26 19:36:32.569812 dv-cinder-786260-12-smb devstack@c-api.service[100039]: /usr/local/lib/python3.8/dist-packages/webob/acceptparse.py:1047: DeprecationWarning: The behavior of AcceptValidHeader.best_match is currently being maintained for backward compatibility, but it will be deprecated in the future, as it does not conform to the RFC.
Jul 26 19:36:32.569812 dv-cinder-786260-12-smb devstack@c-api.service[100039]: warnings.warn(
Jul 26 19:36:32.570379 dv-cinder-786260-12-smb devstack@c-api.service[100039]: DEBUG cinder.api.openstack.wsgi [None req-91e64a44-654a-4c83-a8a7-695e3464fe4e tempest-GroupsTest-2053024871 tempest-GroupsTest-2053024871-project] Calling method 'version_select' {{(pid=100039) _process_stack /opt/stack/cinder/cinder/api/openstack/wsgi.py:856}}
Jul 26 19:36:32.570727 dv-cinder-786260-12-smb devstack@c-api.service[100039]: DEBUG cinder.api.v3.groups [None req-91e64a44-654a-4c83-a8a7-695e3464fe4e tempest-GroupsTest-2053024871 tempest-GroupsTest-2053024871-project] show called for member ab6672bc-1fbc-4b18-97ed-e3ef35cd8747 {{(pid=100039) show /opt/stack/cinder/cinder/api/v3/groups.py:58}}
Jul 26 19:36:32.576458 dv-cinder-786260-12-smb devstack@c-api.service[100039]: /usr/local/lib/python3.8/dist-packages/oslo_context/context.py:105: DeprecationWarning: Policy enforcement is depending on the value of is_admin. This key is deprecated. Please update your policy file to use the standard policy values.
Jul 26 19:36:32.576458 dv-cinder-786260-12-smb devstack@c-api.service[100039]: warnings.warn('Policy enforcement is depending on the value of '
Jul 26 19:36:32.593304 dv-cinder-786260-12-smb devstack@c-api.service[100039]: INFO cinder.api.openstack.wsgi [None req-91e64a44-654a-4c83-a8a7-695e3464fe4e tempest-GroupsTest-2053024871 tempest-GroupsTest-2053024871-project] http://10.222.0.16/volume/v3/9ef83afc9098424baf8761a7a4609a0e/groups/ab6672bc-1fbc-4b18-97ed-e3ef35cd8747 returned with HTTP 200
Jul 26 19:36:32.594258 dv-cinder-786260-12-smb devstack@c-api.service[100039]: [pid: 100039|app: 0|req: 205/397] 10.222.0.16 () {60 vars in 1363 bytes} [Mon Jul 26 19:36:32 2021] GET /volume/v3/9ef83afc9098424baf8761a7a4609a0e/groups/ab6672bc-1fbc-4b18-97ed-e3ef35cd8747 => generated 323 bytes in 30 msecs (HTTP/1.1 200) 7 headers in 286 bytes (1 switches on core 0)
Jul 26 19:36:32.914250 dv-cinder-786260-12-smb devstack@c-api.service[100040]: INFO cinder.api.openstack.wsgi [None req-be974e74-b0e4-432e-9da3-a1751db95713 tempest-SnapshotMetadataTestJSON-1929614602 tempest-SnapshotMetadataTestJSON-1929614602-project] GET http://10.222.0.16/volume/v3/8af9a854839d410395d1b7ddb3745edf/volumes/94fa5a33-a028-4575-a28a-d45b6f4356b5
Jul 26 19:36:32.914818 dv-cinder-786260-12-smb devstack@c-api.service[100040]: DEBUG cinder.api.openstack.wsgi [None req-be974e74-b0e4-432e-9da3-a1751db95713 tempest-SnapshotMetadataTestJSON-1929614602 tempest-SnapshotMetadataTestJSON-1929614602-project] Empty body provided in request {{(pid=100040) get_body /opt/stack/cinder/cinder/api/openstack/wsgi.py:703}}
Jul 26 19:36:32.914922 dv-cinder-786260-12-smb devstack@c-api.service[100040]: /usr/local/lib/python3.8/dist-packages/webob/acceptparse.py:1047: DeprecationWarning: The behavior of AcceptValidHeader.best_match is currently being maintained for backward compatibility, but it will be deprecated in the future, as it does not conform to the RFC.
Jul 26 19:36:32.914922 dv-cinder-786260-12-smb devstack@c-api.service[100040]: warnings.warn(
Jul 26 19:36:32.915239 dv-cinder-786260-12-smb devstack@c-api.service[100040]: DEBUG cinder.api.openstack.wsgi [None req-be974e74-b0e4-432e-9da3-a1751db95713 tempest-SnapshotMetadataTestJSON-1929614602 tempest-SnapshotMetadataTestJSON-1929614602-project] Calling method 'show' {{(pid=100040) _process_stack /opt/stack/cinder/cinder/api/openstack/wsgi.py:856}}
Jul 26 19:36:32.926280 dv-cinder-786260-12-smb devstack@c-api.service[100040]: INFO cinder.api.openstack.wsgi [None req-be974e74-b0e4-432e-9da3-a1751db95713 tempest-SnapshotMetadataTestJSON-1929614602 tempest-SnapshotMetadataTestJSON-1929614602-project] http://10.222.0.16/volume/v3/8af9a854839d410395d1b7ddb3745edf/volumes/94fa5a33-a028-4575-a28a-d45b6f4356b5 returned with HTTP 404
Jul 26 19:36:32.927581 dv-cinder-786260-12-smb devstack@c-api.service[100040]: [pid: 100040|app: 0|req: 193/398] 10.222.0.16 () {58 vars in 1325 bytes} [Mon Jul 26 19:36:32 2021] GET /volume/v3/8af9a854839d410395d1b7ddb3745edf/volumes/94fa5a33-a028-4575-a28a-d45b6f4356b5 => generated 109 bytes in 18 msecs (HTTP/1.1 404) 7 headers in 292 bytes (1 switches on core 0)
Jul 26 19:36:33.044960 dv-cinder-786260-12-smb devstack@c-api.service[100039]: INFO cinder.api.openstack.wsgi [None req-73f4c224-fd8a-4c77-8867-6ae7c8627479 tempest-DeleteServersTestJSON-2141097877 tempest-DeleteServersTestJSON-2141097877-project] GET http://10.222.0.16/volume/v3/b431e10de15c46168bc45c4b1253add2/volumes/0e3a0ceb-6236-4125-bf20-f9226d4a9b6c
Jul 26 19:36:33.045414 dv-cinder-786260-12-smb devstack@c-api.service[100039]: DEBUG cinder.api.openstack.wsgi [None req-73f4c224-fd8a-4c77-8867-6ae7c8627479 tempest-DeleteServersTestJSON-2141097877 tempest-DeleteServersTestJSON-2141097877-project] Empty body provided in request {{(pid=100039) get_body /opt/stack/cinder/cinder/api/openstack/wsgi.py:703}}
Jul 26 19:36:33.045586 dv-cinder-786260-12-smb devstack@c-api.service[100039]: /usr/local/lib/python3.8/dist-packages/webob/acceptparse.py:1047: DeprecationWarning: The behavior of AcceptValidHeader.best_match is currently being maintained for backward compatibility, but it will be deprecated in the future, as it does not conform to the RFC.
Jul 26 19:36:33.045586 dv-cinder-786260-12-smb devstack@c-api.service[100039]: warnings.warn(
Jul 26 19:36:33.045896 dv-cinder-786260-12-smb devstack@c-api.service[100039]: DEBUG cinder.api.openstack.wsgi [None req-73f4c224-fd8a-4c77-8867-6ae7c8627479 tempest-DeleteServersTestJSON-2141097877 tempest-DeleteServersTestJSON-2141097877-project] Calling method 'show' {{(pid=100039) _process_stack /opt/stack/cinder/cinder/api/openstack/wsgi.py:856}}
Jul 26 19:36:33.063691 dv-cinder-786260-12-smb devstack@c-api.service[100039]: /usr/local/lib/python3.8/dist-packages/oslo_context/context.py:105: DeprecationWarning: Policy enforcement is depending on the value of is_admin. This key is deprecated. Please update your policy file to use the standard policy values.
Jul 26 19:36:33.063691 dv-cinder-786260-12-smb devstack@c-api.service[100039]: warnings.warn('Policy enforcement is depending on the value of '
Jul 26 19:36:33.073862 dv-cinder-786260-12-smb devstack@c-api.service[100039]: INFO cinder.volume.api [None req-73f4c224-fd8a-4c77-8867-6ae7c8627479 tempest-DeleteServersTestJSON-2141097877 tempest-DeleteServersTestJSON-2141097877-project] Volume info retrieved successfully.
Jul 26 19:36:33.087599 dv-cinder-786260-12-smb devstack@c-api.service[100040]: INFO cinder.api.openstack.wsgi [None req-5f863f7c-9b94-423d-b9b3-7f0853620282 tempest-GroupSnapshotsTest-2063093773 tempest-GroupSnapshotsTest-2063093773-project] GET http://10.222.0.16/volume/v3/386682b8b073405cad41aea3a7387261/group_snapshots/9b454fda-3afe-4543-b6a7-ac878e5a90b5
Jul 26 19:36:33.090042 dv-cinder-786260-12-smb devstack@c-api.service[100040]: DEBUG cinder.api.openstack.wsgi [None req-5f863f7c-9b94-423d-b9b3-7f0853620282 tempest-GroupSnapshotsTest-2063093773 tempest-GroupSnapshotsTest-2063093773-project] Empty body provided in request {{(pid=100040) get_body /opt/stack/cinder/cinder/api/openstack/wsgi.py:703}}
Jul 26 19:36:33.090924 dv-cinder-786260-12-smb devstack@c-api.service[100040]: DEBUG cinder.api.openstack.wsgi [None req-5f863f7c-9b94-423d-b9b3-7f0853620282 tempest-GroupSnapshotsTest-2063093773 tempest-GroupSnapshotsTest-2063093773-project] Calling method 'version_select' {{(pid=100040) _process_stack /opt/stack/cinder/cinder/api/openstack/wsgi.py:856}}
Jul 26 19:36:33.092659 dv-cinder-786260-12-smb devstack@c-api.service[100040]: DEBUG cinder.api.v3.group_snapshots [None req-5f863f7c-9b94-423d-b9b3-7f0853620282 tempest-GroupSnapshotsTest-2063093773 tempest-GroupSnapshotsTest-2063093773-project] show called for member 9b454fda-3afe-4543-b6a7-ac878e5a90b5 {{(pid=100040) show /opt/stack/cinder/cinder/api/v3/group_snapshots.py:58}}
Jul 26 19:36:33.094977 dv-cinder-786260-12-smb devstack@c-api.service[100039]: INFO cinder.api.openstack.wsgi [None req-73f4c224-fd8a-4c77-8867-6ae7c8627479 tempest-DeleteServersTestJSON-2141097877 tempest-DeleteServersTestJSON-2141097877-project] http://10.222.0.16/volume/v3/b431e10de15c46168bc45c4b1253add2/volumes/0e3a0ceb-6236-4125-bf20-f9226d4a9b6c returned with HTTP 200
Jul 26 19:36:33.107092 dv-cinder-786260-12-smb devstack@c-api.service[100040]: /usr/local/lib/python3.8/dist-packages/oslo_context/context.py:105: DeprecationWarning: Policy enforcement is depending on the value of is_admin. This key is deprecated. Please update your policy file to use the standard policy values.
Jul 26 19:36:33.107092 dv-cinder-786260-12-smb devstack@c-api.service[100040]: warnings.warn('Policy enforcement is depending on the value of '
Jul 26 19:36:33.108765 dv-cinder-786260-12-smb devstack@c-api.service[100039]: [pid: 100039|app: 0|req: 206/399] 10.222.0.16 () {58 vars in 1325 bytes} [Mon Jul 26 19:36:33 2021] GET /volume/v3/b431e10de15c46168bc45c4b1253add2/volumes/0e3a0ceb-6236-4125-bf20-f9226d4a9b6c => generated 913 bytes in 67 msecs (HTTP/1.1 200) 7 headers in 285 bytes (1 switches on core 0)
Jul 26 19:36:33.113340 dv-cinder-786260-12-smb devstack@c-api.service[100039]: INFO cinder.api.openstack.wsgi [None req-6be2e376-28cd-4b8b-84b0-ac7c563a5b44 tempest-DeleteServersTestJSON-2141097877 tempest-DeleteServersTestJSON-2141097877-project] GET http://10.222.0.16/volume/v3/b431e10de15c46168bc45c4b1253add2/volumes/0e3a0ceb-6236-4125-bf20-f9226d4a9b6c
Jul 26 19:36:33.114125 dv-cinder-786260-12-smb devstack@c-api.service[100039]: DEBUG cinder.api.openstack.wsgi [None req-6be2e376-28cd-4b8b-84b0-ac7c563a5b44 tempest-DeleteServersTestJSON-2141097877 tempest-DeleteServersTestJSON-2141097877-project] Empty body provided in request {{(pid=100039) get_body /opt/stack/cinder/cinder/api/openstack/wsgi.py:703}}
Jul 26 19:36:33.114504 dv-cinder-786260-12-smb devstack@c-api.service[100039]: /usr/local/lib/python3.8/dist-packages/webob/acceptparse.py:1047: DeprecationWarning: The behavior of AcceptValidHeader.best_match is currently being maintained for backward compatibility, but it will be deprecated in the future, as it does not conform to the RFC.
Jul 26 19:36:33.114504 dv-cinder-786260-12-smb devstack@c-api.service[100039]: warnings.warn(
Jul 26 19:36:33.115258 dv-cinder-786260-12-smb devstack@c-api.service[100039]: DEBUG cinder.api.openstack.wsgi [None req-6be2e376-28cd-4b8b-84b0-ac7c563a5b44 tempest-DeleteServersTestJSON-2141097877 tempest-DeleteServersTestJSON-2141097877-project] Calling method 'show' {{(pid=100039) _process_stack /opt/stack/cinder/cinder/api/openstack/wsgi.py:856}}
Jul 26 19:36:33.131485 dv-cinder-786260-12-smb devstack@c-api.service[100039]: /usr/local/lib/python3.8/dist-packages/oslo_context/context.py:105: DeprecationWarning: Policy enforcement is depending on the value of is_admin. This key is deprecated. Please update your policy file to use the standard policy values.
Jul 26 19:36:33.131485 dv-cinder-786260-12-smb devstack@c-api.service[100039]: warnings.warn('Policy enforcement is depending on the value of '
Jul 26 19:36:33.134635 dv-cinder-786260-12-smb devstack@c-api.service[100040]: INFO cinder.api.openstack.wsgi [None req-5f863f7c-9b94-423d-b9b3-7f0853620282 tempest-GroupSnapshotsTest-2063093773 tempest-GroupSnapshotsTest-2063093773-project] http://10.222.0.16/volume/v3/386682b8b073405cad41aea3a7387261/group_snapshots/9b454fda-3afe-4543-b6a7-ac878e5a90b5 returned with HTTP 200
Jul 26 19:36:33.143002 dv-cinder-786260-12-smb devstack@c-api.service[100040]: [pid: 100040|app: 0|req: 194/400] 10.222.0.16 () {60 vars in 1390 bytes} [Mon Jul 26 19:36:33 2021] GET /volume/v3/386682b8b073405cad41aea3a7387261/group_snapshots/9b454fda-3afe-4543-b6a7-ac878e5a90b5 => generated 307 bytes in 59 msecs (HTTP/1.1 200) 7 headers in 286 bytes (2 switches on core 0)
Jul 26 19:36:33.151317 dv-cinder-786260-12-smb devstack@c-api.service[100039]: INFO cinder.volume.api [None req-6be2e376-28cd-4b8b-84b0-ac7c563a5b44 tempest-DeleteServersTestJSON-2141097877 tempest-DeleteServersTestJSON-2141097877-project] Volume info retrieved successfully.
Jul 26 19:36:33.154979 dv-cinder-786260-12-smb devstack@c-api.service[100040]: INFO cinder.api.openstack.wsgi [None req-fcb50e79-2417-4ae8-8a8a-03e77e3b6f6a tempest-GroupSnapshotsTest-2063093773 tempest-GroupSnapshotsTest-2063093773-project] GET http://10.222.0.16/volume/v3/386682b8b073405cad41aea3a7387261/snapshots/detail
Jul 26 19:36:33.154979 dv-cinder-786260-12-smb devstack@c-api.service[100040]: DEBUG cinder.api.openstack.wsgi [None req-fcb50e79-2417-4ae8-8a8a-03e77e3b6f6a tempest-GroupSnapshotsTest-2063093773 tempest-GroupSnapshotsTest-2063093773-project] Empty body provided in request {{(pid=100040) get_body /opt/stack/cinder/cinder/api/openstack/wsgi.py:703}}
Jul 26 19:36:33.156547 dv-cinder-786260-12-smb devstack@c-api.service[100040]: /usr/local/lib/python3.8/dist-packages/webob/acceptparse.py:1047: DeprecationWarning: The behavior of AcceptValidHeader.best_match is currently being maintained for backward compatibility, but it will be deprecated in the future, as it does not conform to the RFC.
Jul 26 19:36:33.156547 dv-cinder-786260-12-smb devstack@c-api.service[100040]: warnings.warn(
Jul 26 19:36:33.156972 dv-cinder-786260-12-smb devstack@c-api.service[100040]: DEBUG cinder.api.openstack.wsgi [None req-fcb50e79-2417-4ae8-8a8a-03e77e3b6f6a tempest-GroupSnapshotsTest-2063093773 tempest-GroupSnapshotsTest-2063093773-project] Calling method 'detail' {{(pid=100040) _process_stack /opt/stack/cinder/cinder/api/openstack/wsgi.py:856}}
Jul 26 19:36:33.160423 dv-cinder-786260-12-smb devstack@c-api.service[100040]: DEBUG cinder.api.api_utils [None req-fcb50e79-2417-4ae8-8a8a-03e77e3b6f6a tempest-GroupSnapshotsTest-2063093773 tempest-GroupSnapshotsTest-2063093773-project] Removing options '' from query. {{(pid=100040) remove_invalid_filter_options /opt/stack/cinder/cinder/api/api_utils.py:73}}
Jul 26 19:36:33.168549 dv-cinder-786260-12-smb devstack@c-api.service[100040]: DEBUG cinder.db.sqlalchemy.api [None req-fcb50e79-2417-4ae8-8a8a-03e77e3b6f6a tempest-GroupSnapshotsTest-2063093773 tempest-GroupSnapshotsTest-2063093773-project] Building query based on filter {{(pid=100040) _process_snaps_filters /opt/stack/cinder/cinder/db/sqlalchemy/api.py:3138}}
Jul 26 19:36:33.187609 dv-cinder-786260-12-smb devstack@c-api.service[100040]: INFO cinder.volume.api [None req-fcb50e79-2417-4ae8-8a8a-03e77e3b6f6a tempest-GroupSnapshotsTest-2063093773 tempest-GroupSnapshotsTest-2063093773-project] Get all snapshots completed successfully.
Jul 26 19:36:33.196678 dv-cinder-786260-12-smb devstack@c-api.service[100040]: /usr/local/lib/python3.8/dist-packages/oslo_context/context.py:105: DeprecationWarning: Policy enforcement is depending on the value of is_admin. This key is deprecated. Please update your policy file to use the standard policy values.
Jul 26 19:36:33.196678 dv-cinder-786260-12-smb devstack@c-api.service[100040]: warnings.warn('Policy enforcement is depending on the value of '
Jul 26 19:36:33.197419 dv-cinder-786260-12-smb devstack@c-api.service[100040]: INFO cinder.api.openstack.wsgi [None req-fcb50e79-2417-4ae8-8a8a-03e77e3b6f6a tempest-GroupSnapshotsTest-2063093773 tempest-GroupSnapshotsTest-2063093773-project] http://10.222.0.16/volume/v3/386682b8b073405cad41aea3a7387261/snapshots/detail returned with HTTP 200
Jul 26 19:36:33.203043 dv-cinder-786260-12-smb devstack@c-api.service[100040]: [pid: 100040|app: 0|req: 195/401] 10.222.0.16 () {58 vars in 1241 bytes} [Mon Jul 26 19:36:33 2021] GET /volume/v3/386682b8b073405cad41aea3a7387261/snapshots/detail => generated 519 bytes in 54 msecs (HTTP/1.1 200) 7 headers in 285 bytes (1 switches on core 0)
Jul 26 19:36:33.213587 dv-cinder-786260-12-smb devstack@c-api.service[100039]: INFO cinder.api.openstack.wsgi [None req-6be2e376-28cd-4b8b-84b0-ac7c563a5b44 tempest-DeleteServersTestJSON-2141097877 tempest-DeleteServersTestJSON-2141097877-project] http://10.222.0.16/volume/v3/b431e10de15c46168bc45c4b1253add2/volumes/0e3a0ceb-6236-4125-bf20-f9226d4a9b6c returned with HTTP 200
Jul 26 19:36:33.214675 dv-cinder-786260-12-smb devstack@c-api.service[100039]: [pid: 100039|app: 0|req: 207/402] 10.222.0.16 () {58 vars in 1325 bytes} [Mon Jul 26 19:36:33 2021] GET /volume/v3/b431e10de15c46168bc45c4b1253add2/volumes/0e3a0ceb-6236-4125-bf20-f9226d4a9b6c => generated 913 bytes in 105 msecs (HTTP/1.1 200) 7 headers in 285 bytes (1 switches on core 0)
Jul 26 19:36:33.217367 dv-cinder-786260-12-smb devstack@c-api.service[100040]: INFO cinder.api.openstack.wsgi [None req-85fdf5d6-9b61-469b-a16e-2980c15c927b tempest-GroupSnapshotsTest-2063093773 tempest-GroupSnapshotsTest-2063093773-project] GET http://10.222.0.16/volume/v3/386682b8b073405cad41aea3a7387261/snapshots/d8287034-c504-4dab-b85c-03d46da03432
Jul 26 19:36:33.218024 dv-cinder-786260-12-smb devstack@c-api.service[100040]: DEBUG cinder.api.openstack.wsgi [None req-85fdf5d6-9b61-469b-a16e-2980c15c927b tempest-GroupSnapshotsTest-2063093773 tempest-GroupSnapshotsTest-2063093773-project] Empty body provided in request {{(pid=100040) get_body /opt/stack/cinder/cinder/api/openstack/wsgi.py:703}}
Jul 26 19:36:33.218363 dv-cinder-786260-12-smb devstack@c-api.service[100040]: /usr/local/lib/python3.8/dist-packages/webob/acceptparse.py:1047: DeprecationWarning: The behavior of AcceptValidHeader.best_match is currently being maintained for backward compatibility, but it will be deprecated in the future, as it does not conform to the RFC.
Jul 26 19:36:33.218363 dv-cinder-786260-12-smb devstack@c-api.service[100040]: warnings.warn(
Jul 26 19:36:33.218999 dv-cinder-786260-12-smb devstack@c-api.service[100040]: DEBUG cinder.api.openstack.wsgi [None req-85fdf5d6-9b61-469b-a16e-2980c15c927b tempest-GroupSnapshotsTest-2063093773 tempest-GroupSnapshotsTest-2063093773-project] Calling method 'show' {{(pid=100040) _process_stack /opt/stack/cinder/cinder/api/openstack/wsgi.py:856}}
Jul 26 19:36:33.234710 dv-cinder-786260-12-smb devstack@c-api.service[100039]: INFO cinder.api.openstack.wsgi [None req-2312f1a9-e10e-406a-90c4-775b5d8c4552 tempest-DeleteServersTestJSON-2141097877 tempest-DeleteServersTestJSON-2141097877-project] GET http://10.222.0.16/volume/v3/b431e10de15c46168bc45c4b1253add2/volumes/0e3a0ceb-6236-4125-bf20-f9226d4a9b6c
Jul 26 19:36:33.235963 dv-cinder-786260-12-smb devstack@c-api.service[100039]: DEBUG cinder.api.openstack.wsgi [None req-2312f1a9-e10e-406a-90c4-775b5d8c4552 tempest-DeleteServersTestJSON-2141097877 tempest-DeleteServersTestJSON-2141097877-project] Empty body provided in request {{(pid=100039) get_body /opt/stack/cinder/cinder/api/openstack/wsgi.py:703}}
Jul 26 19:36:33.236170 dv-cinder-786260-12-smb devstack@c-api.service[100039]: /usr/local/lib/python3.8/dist-packages/webob/acceptparse.py:1047: DeprecationWarning: The behavior of AcceptValidHeader.best_match is currently being maintained for backward compatibility, but it will be deprecated in the future, as it does not conform to the RFC.
Jul 26 19:36:33.236170 dv-cinder-786260-12-smb devstack@c-api.service[100039]: warnings.warn(
Jul 26 19:36:33.236463 dv-cinder-786260-12-smb devstack@c-api.service[100039]: DEBUG cinder.api.openstack.wsgi [None req-2312f1a9-e10e-406a-90c4-775b5d8c4552 tempest-DeleteServersTestJSON-2141097877 tempest-DeleteServersTestJSON-2141097877-project] Calling method 'show' {{(pid=100039) _process_stack /opt/stack/cinder/cinder/api/openstack/wsgi.py:856}}
Jul 26 19:36:33.237145 dv-cinder-786260-12-smb devstack@c-api.service[100040]: /usr/local/lib/python3.8/dist-packages/oslo_context/context.py:105: DeprecationWarning: Policy enforcement is depending on the value of is_admin. This key is deprecated. Please update your policy file to use the standard policy values.
Jul 26 19:36:33.237145 dv-cinder-786260-12-smb devstack@c-api.service[100040]: warnings.warn('Policy enforcement is depending on the value of '
Jul 26 19:36:33.238224 dv-cinder-786260-12-smb devstack@c-api.service[100040]: INFO cinder.volume.api [None req-85fdf5d6-9b61-469b-a16e-2980c15c927b tempest-GroupSnapshotsTest-2063093773 tempest-GroupSnapshotsTest-2063093773-project] Snapshot retrieved successfully.
Jul 26 19:36:33.240370 dv-cinder-786260-12-smb devstack@c-api.service[100040]: INFO cinder.api.openstack.wsgi [None req-85fdf5d6-9b61-469b-a16e-2980c15c927b tempest-GroupSnapshotsTest-2063093773 tempest-GroupSnapshotsTest-2063093773-project] http://10.222.0.16/volume/v3/386682b8b073405cad41aea3a7387261/snapshots/d8287034-c504-4dab-b85c-03d46da03432 returned with HTTP 200
Jul 26 19:36:33.246830 dv-cinder-786260-12-smb devstack@c-api.service[100040]: [pid: 100040|app: 0|req: 196/403] 10.222.0.16 () {58 vars in 1331 bytes} [Mon Jul 26 19:36:33 2021] GET /volume/v3/386682b8b073405cad41aea3a7387261/snapshots/d8287034-c504-4dab-b85c-03d46da03432 => generated 516 bytes in 41 msecs (HTTP/1.1 200) 7 headers in 285 bytes (1 switches on core 0)
Jul 26 19:36:33.266710 dv-cinder-786260-12-smb devstack@c-api.service[100040]: INFO cinder.api.openstack.wsgi [None req-38931ede-78c2-4480-955d-76c2dd1b80b4 tempest-GroupSnapshotsTest-2063093773 tempest-GroupSnapshotsTest-2063093773-project] GET http://10.222.0.16/volume/v3/386682b8b073405cad41aea3a7387261/group_snapshots/9b454fda-3afe-4543-b6a7-ac878e5a90b5
Jul 26 19:36:33.269088 dv-cinder-786260-12-smb devstack@c-api.service[100040]: DEBUG cinder.api.openstack.wsgi [None req-38931ede-78c2-4480-955d-76c2dd1b80b4 tempest-GroupSnapshotsTest-2063093773 tempest-GroupSnapshotsTest-2063093773-project] Empty body provided in request {{(pid=100040) get_body /opt/stack/cinder/cinder/api/openstack/wsgi.py:703}}
Jul 26 19:36:33.269298 dv-cinder-786260-12-smb devstack@c-api.service[100040]: /usr/local/lib/python3.8/dist-packages/webob/acceptparse.py:1047: DeprecationWarning: The behavior of AcceptValidHeader.best_match is currently being maintained for backward compatibility, but it will be deprecated in the future, as it does not conform to the RFC.
Jul 26 19:36:33.269298 dv-cinder-786260-12-smb devstack@c-api.service[100040]: warnings.warn(
Jul 26 19:36:33.274098 dv-cinder-786260-12-smb devstack@c-api.service[100040]: DEBUG cinder.api.openstack.wsgi [None req-38931ede-78c2-4480-955d-76c2dd1b80b4 tempest-GroupSnapshotsTest-2063093773 tempest-GroupSnapshotsTest-2063093773-project] Calling method 'version_select' {{(pid=100040) _process_stack /opt/stack/cinder/cinder/api/openstack/wsgi.py:856}}
Jul 26 19:36:33.274530 dv-cinder-786260-12-smb devstack@c-api.service[100040]: DEBUG cinder.api.v3.group_snapshots [None req-38931ede-78c2-4480-955d-76c2dd1b80b4 tempest-GroupSnapshotsTest-2063093773 tempest-GroupSnapshotsTest-2063093773-project] show called for member 9b454fda-3afe-4543-b6a7-ac878e5a90b5 {{(pid=100040) show /opt/stack/cinder/cinder/api/v3/group_snapshots.py:58}}
Jul 26 19:36:33.284174 dv-cinder-786260-12-smb devstack@c-api.service[100040]: /usr/local/lib/python3.8/dist-packages/oslo_context/context.py:105: DeprecationWarning: Policy enforcement is depending on the value of is_admin. This key is deprecated. Please update your policy file to use the standard policy values.
Jul 26 19:36:33.284174 dv-cinder-786260-12-smb devstack@c-api.service[100040]: warnings.warn('Policy enforcement is depending on the value of '
Jul 26 19:36:33.299314 dv-cinder-786260-12-smb devstack@c-api.service[100039]: /usr/local/lib/python3.8/dist-packages/oslo_context/context.py:105: DeprecationWarning: Policy enforcement is depending on the value of is_admin. This key is deprecated. Please update your policy file to use the standard policy values.
Jul 26 19:36:33.299314 dv-cinder-786260-12-smb devstack@c-api.service[100039]: warnings.warn('Policy enforcement is depending on the value of '
Jul 26 19:36:33.301113 dv-cinder-786260-12-smb devstack@c-api.service[100040]: INFO cinder.api.openstack.wsgi [None req-38931ede-78c2-4480-955d-76c2dd1b80b4 tempest-GroupSnapshotsTest-2063093773 tempest-GroupSnapshotsTest-2063093773-project] http://10.222.0.16/volume/v3/386682b8b073405cad41aea3a7387261/group_snapshots/9b454fda-3afe-4543-b6a7-ac878e5a90b5 returned with HTTP 200
Jul 26 19:36:33.301981 dv-cinder-786260-12-smb devstack@c-api.service[100040]: [pid: 100040|app: 0|req: 197/404] 10.222.0.16 () {60 vars in 1390 bytes} [Mon Jul 26 19:36:33 2021] GET /volume/v3/386682b8b073405cad41aea3a7387261/group_snapshots/9b454fda-3afe-4543-b6a7-ac878e5a90b5 => generated 307 bytes in 40 msecs (HTTP/1.1 200) 7 headers in 286 bytes (1 switches on core 0)
Jul 26 19:36:33.319594 dv-cinder-786260-12-smb devstack@c-api.service[100040]: INFO cinder.api.openstack.wsgi [None req-154ed12e-d8af-45c2-9244-8ec1550be4c2 tempest-GroupSnapshotsTest-2063093773 tempest-GroupSnapshotsTest-2063093773-project] GET http://10.222.0.16/volume/v3/386682b8b073405cad41aea3a7387261/group_snapshots/detail
Jul 26 19:36:33.319594 dv-cinder-786260-12-smb devstack@c-api.service[100040]: DEBUG cinder.api.openstack.wsgi [None req-154ed12e-d8af-45c2-9244-8ec1550be4c2 tempest-GroupSnapshotsTest-2063093773 tempest-GroupSnapshotsTest-2063093773-project] Empty body provided in request {{(pid=100040) get_body /opt/stack/cinder/cinder/api/openstack/wsgi.py:703}}
Jul 26 19:36:33.319594 dv-cinder-786260-12-smb devstack@c-api.service[100040]: /usr/local/lib/python3.8/dist-packages/webob/acceptparse.py:1047: DeprecationWarning: The behavior of AcceptValidHeader.best_match is currently being maintained for backward compatibility, but it will be deprecated in the future, as it does not conform to the RFC.
Jul 26 19:36:33.319594 dv-cinder-786260-12-smb devstack@c-api.service[100040]: warnings.warn(
Jul 26 19:36:33.319594 dv-cinder-786260-12-smb devstack@c-api.service[100040]: DEBUG cinder.api.openstack.wsgi [None req-154ed12e-d8af-45c2-9244-8ec1550be4c2 tempest-GroupSnapshotsTest-2063093773 tempest-GroupSnapshotsTest-2063093773-project] Calling method 'version_select' {{(pid=100040) _process_stack /opt/stack/cinder/cinder/api/openstack/wsgi.py:856}}
Jul 26 19:36:33.330256 dv-cinder-786260-12-smb devstack@c-api.service[100039]: INFO cinder.volume.api [None req-2312f1a9-e10e-406a-90c4-775b5d8c4552 tempest-DeleteServersTestJSON-2141097877 tempest-DeleteServersTestJSON-2141097877-project] Volume info retrieved successfully.
Jul 26 19:36:33.346632 dv-cinder-786260-12-smb devstack@c-api.service[100040]: INFO cinder.api.openstack.wsgi [None req-154ed12e-d8af-45c2-9244-8ec1550be4c2 tempest-GroupSnapshotsTest-2063093773 tempest-GroupSnapshotsTest-2063093773-project] http://10.222.0.16/volume/v3/386682b8b073405cad41aea3a7387261/group_snapshots/detail returned with HTTP 200
Jul 26 19:36:33.349676 dv-cinder-786260-12-smb devstack@c-api.service[100040]: [pid: 100040|app: 0|req: 198/405] 10.222.0.16 () {60 vars in 1300 bytes} [Mon Jul 26 19:36:33 2021] GET /volume/v3/386682b8b073405cad41aea3a7387261/group_snapshots/detail => generated 310 bytes in 42 msecs (HTTP/1.1 200) 7 headers in 286 bytes (1 switches on core 0)
Jul 26 19:36:33.363580 dv-cinder-786260-12-smb devstack@c-api.service[100040]: INFO cinder.api.openstack.wsgi [None req-26f91ee3-94a7-4c02-9be1-851c80377855 tempest-GroupSnapshotsTest-2063093773 tempest-GroupSnapshotsTest-2063093773-project] DELETE http://10.222.0.16/volume/v3/386682b8b073405cad41aea3a7387261/group_snapshots/9b454fda-3afe-4543-b6a7-ac878e5a90b5
Jul 26 19:36:33.365605 dv-cinder-786260-12-smb devstack@c-api.service[100039]: INFO cinder.api.openstack.wsgi [None req-2312f1a9-e10e-406a-90c4-775b5d8c4552 tempest-DeleteServersTestJSON-2141097877 tempest-DeleteServersTestJSON-2141097877-project] http://10.222.0.16/volume/v3/b431e10de15c46168bc45c4b1253add2/volumes/0e3a0ceb-6236-4125-bf20-f9226d4a9b6c returned with HTTP 200
Jul 26 19:36:33.366517 dv-cinder-786260-12-smb devstack@c-api.service[100040]: DEBUG cinder.api.openstack.wsgi [None req-26f91ee3-94a7-4c02-9be1-851c80377855 tempest-GroupSnapshotsTest-2063093773 tempest-GroupSnapshotsTest-2063093773-project] Empty body provided in request {{(pid=100040) get_body /opt/stack/cinder/cinder/api/openstack/wsgi.py:703}}
Jul 26 19:36:33.366982 dv-cinder-786260-12-smb devstack@c-api.service[100040]: /usr/local/lib/python3.8/dist-packages/webob/acceptparse.py:1047: DeprecationWarning: The behavior of AcceptValidHeader.best_match is currently being maintained for backward compatibility, but it will be deprecated in the future, as it does not conform to the RFC.
Jul 26 19:36:33.366982 dv-cinder-786260-12-smb devstack@c-api.service[100040]: warnings.warn(
Jul 26 19:36:33.367593 dv-cinder-786260-12-smb devstack@c-api.service[100040]: DEBUG cinder.api.openstack.wsgi [None req-26f91ee3-94a7-4c02-9be1-851c80377855 tempest-GroupSnapshotsTest-2063093773 tempest-GroupSnapshotsTest-2063093773-project] Calling method 'version_select' {{(pid=100040) _process_stack /opt/stack/cinder/cinder/api/openstack/wsgi.py:856}}
Jul 26 19:36:33.368123 dv-cinder-786260-12-smb devstack@c-api.service[100040]: DEBUG cinder.api.v3.group_snapshots [None req-26f91ee3-94a7-4c02-9be1-851c80377855 tempest-GroupSnapshotsTest-2063093773 tempest-GroupSnapshotsTest-2063093773-project] delete called for member 9b454fda-3afe-4543-b6a7-ac878e5a90b5 {{(pid=100040) delete /opt/stack/cinder/cinder/api/v3/group_snapshots.py:72}}
Jul 26 19:36:33.369124 dv-cinder-786260-12-smb devstack@c-api.service[100039]: [pid: 100039|app: 0|req: 208/406] 10.222.0.16 () {58 vars in 1325 bytes} [Mon Jul 26 19:36:33 2021] GET /volume/v3/b431e10de15c46168bc45c4b1253add2/volumes/0e3a0ceb-6236-4125-bf20-f9226d4a9b6c => generated 913 bytes in 142 msecs (HTTP/1.1 200) 7 headers in 285 bytes (1 switches on core 0)
Jul 26 19:36:33.369594 dv-cinder-786260-12-smb devstack@c-api.service[100040]: INFO cinder.api.v3.group_snapshots [None req-26f91ee3-94a7-4c02-9be1-851c80377855 tempest-GroupSnapshotsTest-2063093773 tempest-GroupSnapshotsTest-2063093773-project] Delete group_snapshot with id: 9b454fda-3afe-4543-b6a7-ac878e5a90b5
Jul 26 19:36:33.376448 dv-cinder-786260-12-smb devstack@c-api.service[100040]: /usr/local/lib/python3.8/dist-packages/oslo_context/context.py:105: DeprecationWarning: Policy enforcement is depending on the value of is_admin. This key is deprecated. Please update your policy file to use the standard policy values.
Jul 26 19:36:33.376448 dv-cinder-786260-12-smb devstack@c-api.service[100040]: warnings.warn('Policy enforcement is depending on the value of '
Jul 26 19:36:33.398131 dv-cinder-786260-12-smb devstack@c-api.service[100039]: INFO cinder.api.openstack.wsgi [None req-af301736-67f9-48d8-94bf-db18bd0937b4 tempest-DeleteServersTestJSON-2141097877 tempest-DeleteServersTestJSON-2141097877-project] DELETE http://10.222.0.16/volume/v3/b431e10de15c46168bc45c4b1253add2/volumes/0e3a0ceb-6236-4125-bf20-f9226d4a9b6c
Jul 26 19:36:33.399041 dv-cinder-786260-12-smb devstack@c-api.service[100039]: DEBUG cinder.api.openstack.wsgi [None req-af301736-67f9-48d8-94bf-db18bd0937b4 tempest-DeleteServersTestJSON-2141097877 tempest-DeleteServersTestJSON-2141097877-project] Empty body provided in request {{(pid=100039) get_body /opt/stack/cinder/cinder/api/openstack/wsgi.py:703}}
Jul 26 19:36:33.399440 dv-cinder-786260-12-smb devstack@c-api.service[100039]: /usr/local/lib/python3.8/dist-packages/webob/acceptparse.py:1047: DeprecationWarning: The behavior of AcceptValidHeader.best_match is currently being maintained for backward compatibility, but it will be deprecated in the future, as it does not conform to the RFC.
Jul 26 19:36:33.399440 dv-cinder-786260-12-smb devstack@c-api.service[100039]: warnings.warn(
Jul 26 19:36:33.404791 dv-cinder-786260-12-smb devstack@c-api.service[100039]: DEBUG cinder.api.openstack.wsgi [None req-af301736-67f9-48d8-94bf-db18bd0937b4 tempest-DeleteServersTestJSON-2141097877 tempest-DeleteServersTestJSON-2141097877-project] Calling method 'delete' {{(pid=100039) _process_stack /opt/stack/cinder/cinder/api/openstack/wsgi.py:856}}
Jul 26 19:36:33.405620 dv-cinder-786260-12-smb devstack@c-api.service[100039]: INFO cinder.api.v3.volumes [None req-af301736-67f9-48d8-94bf-db18bd0937b4 tempest-DeleteServersTestJSON-2141097877 tempest-DeleteServersTestJSON-2141097877-project] Delete volume with id: 0e3a0ceb-6236-4125-bf20-f9226d4a9b6c
Jul 26 19:36:33.425599 dv-cinder-786260-12-smb devstack@c-api.service[100039]: /usr/local/lib/python3.8/dist-packages/oslo_context/context.py:105: DeprecationWarning: Policy enforcement is depending on the value of is_admin. This key is deprecated. Please update your policy file to use the standard policy values.
Jul 26 19:36:33.425599 dv-cinder-786260-12-smb devstack@c-api.service[100039]: warnings.warn('Policy enforcement is depending on the value of '
Jul 26 19:36:33.427164 dv-cinder-786260-12-smb devstack@c-api.service[100039]: INFO cinder.volume.api [None req-af301736-67f9-48d8-94bf-db18bd0937b4 tempest-DeleteServersTestJSON-2141097877 tempest-DeleteServersTestJSON-2141097877-project] Volume info retrieved successfully.
Jul 26 19:36:33.455458 dv-cinder-786260-12-smb devstack@c-api.service[100040]: INFO cinder.api.openstack.wsgi [None req-26f91ee3-94a7-4c02-9be1-851c80377855 tempest-GroupSnapshotsTest-2063093773 tempest-GroupSnapshotsTest-2063093773-project] http://10.222.0.16/volume/v3/386682b8b073405cad41aea3a7387261/group_snapshots/9b454fda-3afe-4543-b6a7-ac878e5a90b5 returned with HTTP 202
Jul 26 19:36:33.456642 dv-cinder-786260-12-smb devstack@c-api.service[100040]: [pid: 100040|app: 0|req: 199/407] 10.222.0.16 () {60 vars in 1393 bytes} [Mon Jul 26 19:36:33 2021] DELETE /volume/v3/386682b8b073405cad41aea3a7387261/group_snapshots/9b454fda-3afe-4543-b6a7-ac878e5a90b5 => generated 0 bytes in 101 msecs (HTTP/1.1 202) 6 headers in 234 bytes (2 switches on core 0)
Jul 26 19:36:33.461199 dv-cinder-786260-12-smb devstack@c-api.service[100040]: INFO cinder.api.openstack.wsgi [None req-77827262-e579-4943-b49a-9e8132546045 tempest-VolumesExtendTest-1636933292 tempest-VolumesExtendTest-1636933292-project] GET http://10.222.0.16/volume/v3/24d8c86ffc5f4e3db0e94fc8b0156e64/volumes/4f77e046-e6ac-480d-8d84-d72a4f23f219
Jul 26 19:36:33.462453 dv-cinder-786260-12-smb devstack@c-api.service[100040]: DEBUG cinder.api.openstack.wsgi [None req-77827262-e579-4943-b49a-9e8132546045 tempest-VolumesExtendTest-1636933292 tempest-VolumesExtendTest-1636933292-project] Empty body provided in request {{(pid=100040) get_body /opt/stack/cinder/cinder/api/openstack/wsgi.py:703}}
Jul 26 19:36:33.462877 dv-cinder-786260-12-smb devstack@c-api.service[100040]: /usr/local/lib/python3.8/dist-packages/webob/acceptparse.py:1047: DeprecationWarning: The behavior of AcceptValidHeader.best_match is currently being maintained for backward compatibility, but it will be deprecated in the future, as it does not conform to the RFC.
Jul 26 19:36:33.462877 dv-cinder-786260-12-smb devstack@c-api.service[100040]: warnings.warn(
Jul 26 19:36:33.463480 dv-cinder-786260-12-smb devstack@c-api.service[100040]: DEBUG cinder.api.openstack.wsgi [None req-77827262-e579-4943-b49a-9e8132546045 tempest-VolumesExtendTest-1636933292 tempest-VolumesExtendTest-1636933292-project] Calling method 'show' {{(pid=100040) _process_stack /opt/stack/cinder/cinder/api/openstack/wsgi.py:856}}
Jul 26 19:36:33.472907 dv-cinder-786260-12-smb devstack@c-api.service[100039]: INFO cinder.volume.api [None req-af301736-67f9-48d8-94bf-db18bd0937b4 tempest-DeleteServersTestJSON-2141097877 tempest-DeleteServersTestJSON-2141097877-project] Delete volume request issued successfully.
Jul 26 19:36:33.473434 dv-cinder-786260-12-smb devstack@c-api.service[100039]: INFO cinder.api.openstack.wsgi [None req-af301736-67f9-48d8-94bf-db18bd0937b4 tempest-DeleteServersTestJSON-2141097877 tempest-DeleteServersTestJSON-2141097877-project] http://10.222.0.16/volume/v3/b431e10de15c46168bc45c4b1253add2/volumes/0e3a0ceb-6236-4125-bf20-f9226d4a9b6c returned with HTTP 202
Jul 26 19:36:33.474087 dv-cinder-786260-12-smb devstack@c-api.service[100039]: [pid: 100039|app: 0|req: 209/408] 10.222.0.16 () {58 vars in 1328 bytes} [Mon Jul 26 19:36:33 2021] DELETE /volume/v3/b431e10de15c46168bc45c4b1253add2/volumes/0e3a0ceb-6236-4125-bf20-f9226d4a9b6c => generated 0 bytes in 81 msecs (HTTP/1.1 202) 6 headers in 233 bytes (1 switches on core 0)
Jul 26 19:36:33.480668 dv-cinder-786260-12-smb devstack@c-api.service[100039]: INFO cinder.api.openstack.wsgi [None req-dc738e92-cce5-4c20-9029-ab551238ab71 tempest-GroupSnapshotsTest-2063093773 tempest-GroupSnapshotsTest-2063093773-project] GET http://10.222.0.16/volume/v3/386682b8b073405cad41aea3a7387261/volumes/detail
Jul 26 19:36:33.481255 dv-cinder-786260-12-smb devstack@c-api.service[100039]: DEBUG cinder.api.openstack.wsgi [None req-dc738e92-cce5-4c20-9029-ab551238ab71 tempest-GroupSnapshotsTest-2063093773 tempest-GroupSnapshotsTest-2063093773-project] Empty body provided in request {{(pid=100039) get_body /opt/stack/cinder/cinder/api/openstack/wsgi.py:703}}
Jul 26 19:36:33.481889 dv-cinder-786260-12-smb devstack@c-api.service[100039]: /usr/local/lib/python3.8/dist-packages/webob/acceptparse.py:1047: DeprecationWarning: The behavior of AcceptValidHeader.best_match is currently being maintained for backward compatibility, but it will be deprecated in the future, as it does not conform to the RFC.
Jul 26 19:36:33.481889 dv-cinder-786260-12-smb devstack@c-api.service[100039]: warnings.warn(
Jul 26 19:36:33.482212 dv-cinder-786260-12-smb devstack@c-api.service[100039]: DEBUG cinder.api.openstack.wsgi [None req-dc738e92-cce5-4c20-9029-ab551238ab71 tempest-GroupSnapshotsTest-2063093773 tempest-GroupSnapshotsTest-2063093773-project] Calling method 'detail' {{(pid=100039) _process_stack /opt/stack/cinder/cinder/api/openstack/wsgi.py:856}}
Jul 26 19:36:33.483054 dv-cinder-786260-12-smb devstack@c-api.service[100039]: DEBUG cinder.api.api_utils [None req-dc738e92-cce5-4c20-9029-ab551238ab71 tempest-GroupSnapshotsTest-2063093773 tempest-GroupSnapshotsTest-2063093773-project] Removing options '' from query. {{(pid=100039) remove_invalid_filter_options /opt/stack/cinder/cinder/api/api_utils.py:73}}
Jul 26 19:36:33.485081 dv-cinder-786260-12-smb devstack@c-api.service[100039]: DEBUG cinder.volume.api [None req-dc738e92-cce5-4c20-9029-ab551238ab71 tempest-GroupSnapshotsTest-2063093773 tempest-GroupSnapshotsTest-2063093773-project] Searching by: MultiDict([('no_migration_targets', True)]). {{(pid=100039) get_all /opt/stack/cinder/cinder/volume/api.py:617}}
Jul 26 19:36:33.487097 dv-cinder-786260-12-smb devstack@c-api.service[100040]: /usr/local/lib/python3.8/dist-packages/oslo_context/context.py:105: DeprecationWarning: Policy enforcement is depending on the value of is_admin. This key is deprecated. Please update your policy file to use the standard policy values.
Jul 26 19:36:33.487097 dv-cinder-786260-12-smb devstack@c-api.service[100040]: warnings.warn('Policy enforcement is depending on the value of '
