Jul 26 16:13:35.021821 dv-cinder-786260-11-smb neutron-server[93359]: DEBUG neutron.pecan_wsgi.hooks.policy_enforcement [req-f9f72448-b61e-4349-8d81-1b06b6dd2506 req-7a686666-923a-4d95-8dbc-9904444fe2c5 service neutron] Attributes excluded by policy engine: ['standard_attr_id', 'vlan_transparent'] {{(pid=93359) _exclude_attributes_by_policy /opt/stack/neutron/neutron/pecan_wsgi/hooks/policy_enforcement.py:255}}
Jul 26 16:13:35.023230 dv-cinder-786260-11-smb neutron-server[93359]: INFO neutron.wsgi [req-f9f72448-b61e-4349-8d81-1b06b6dd2506 req-7a686666-923a-4d95-8dbc-9904444fe2c5 service neutron] 10.222.0.49 "GET /v2.0/networks?id=f10d41dc-7fbb-4b4e-90d2-dd2de1643be3 HTTP/1.1" status: 200 len: 920 time: 0.1508954
Jul 26 16:13:35.118009 dv-cinder-786260-11-smb neutron-server[93359]: INFO neutron.wsgi [req-f9f72448-b61e-4349-8d81-1b06b6dd2506 req-f95d16bf-8f94-43ce-9d7e-761e9de40952 service neutron] 10.222.0.49 "GET /v2.0/floatingips?fixed_ip_address=172.20.0.2&port_id=4375d217-3d1f-46ff-8faf-98fcae2e203a HTTP/1.1" status: 200 len: 217 time: 0.0857697
Jul 26 16:13:35.220074 dv-cinder-786260-11-smb neutron-server[93361]: DEBUG neutron_lib.callbacks.manager [None req-77612e44-220a-4210-8bf3-3bb0012c5f1a None None] Notify callbacks ['neutron.services.segments.db._update_segment_host_mapping_for_agent-8754532626957', 'neutron.plugins.ml2.plugin.Ml2Plugin._retry_binding_revived_agents-1456725'] for agent, after_update {{(pid=93361) _notify_loop /usr/local/lib/python3.8/dist-packages/neutron_lib/callbacks/manager.py:192}}
Jul 26 16:13:35.276513 dv-cinder-786260-11-smb neutron-server[93359]: DEBUG neutron.pecan_wsgi.hooks.policy_enforcement [req-f9f72448-b61e-4349-8d81-1b06b6dd2506 req-5c9a8d07-957b-4f46-9721-f88f6dbb026a service neutron] Attributes excluded by policy engine: ['standard_attr_id', 'shared'] {{(pid=93359) _exclude_attributes_by_policy /opt/stack/neutron/neutron/pecan_wsgi/hooks/policy_enforcement.py:255}}
Jul 26 16:13:35.278087 dv-cinder-786260-11-smb neutron-server[93359]: INFO neutron.wsgi [req-f9f72448-b61e-4349-8d81-1b06b6dd2506 req-5c9a8d07-957b-4f46-9721-f88f6dbb026a service neutron] 10.222.0.49 "GET /v2.0/subnets?id=1a4a4eab-ad2d-422e-b210-33b98a6973d4 HTTP/1.1" status: 200 len: 859 time: 0.1358364
Jul 26 16:13:35.306730 dv-cinder-786260-11-smb neutron-server[93359]: DEBUG neutron.pecan_wsgi.hooks.policy_enforcement [req-9eaa36c1-20f7-40e3-a97a-f36b88d5587b req-02e30d45-dc46-432f-84bc-89944400017d service neutron] Attributes excluded by policy engine: ['standard_attr_id'] {{(pid=93359) _exclude_attributes_by_policy /opt/stack/neutron/neutron/pecan_wsgi/hooks/policy_enforcement.py:255}}
Jul 26 16:13:35.308372 dv-cinder-786260-11-smb neutron-server[93359]: INFO neutron.wsgi [req-9eaa36c1-20f7-40e3-a97a-f36b88d5587b req-02e30d45-dc46-432f-84bc-89944400017d service neutron] 10.222.0.49 "GET /v2.0/ports?device_id=db5ba303-772a-444e-bc2f-ed4f9e17b58f HTTP/1.1" status: 200 len: 1099 time: 0.1873302
Jul 26 16:13:35.323075 dv-cinder-786260-11-smb neutron-server[93359]: DEBUG neutron.pecan_wsgi.hooks.policy_enforcement [req-b8cc5aee-5914-45a2-9ce8-d6e09d5784e5 req-e085eae5-dfb9-4703-ba53-df726313c180 tempest-AttachVolumeTestJSON-401233908 tempest-AttachVolumeTestJSON-401233908-project] Attributes excluded by policy engine: ['standard_attr_id', 'binding:profile', 'binding:host_id', 'binding:vif_type', 'binding:vif_details'] {{(pid=93359) _exclude_attributes_by_policy /opt/stack/neutron/neutron/pecan_wsgi/hooks/policy_enforcement.py:255}}
Jul 26 16:13:35.325799 dv-cinder-786260-11-smb neutron-server[93359]: INFO neutron.wsgi [req-b8cc5aee-5914-45a2-9ce8-d6e09d5784e5 req-e085eae5-dfb9-4703-ba53-df726313c180 tempest-AttachVolumeTestJSON-401233908 tempest-AttachVolumeTestJSON-401233908-project] 10.222.0.47 "GET /v2.0/ports?device_id=659f6cbc-3ca8-44fb-bbeb-773da43fa21b HTTP/1.1" status: 200 len: 943 time: 0.2063608
Jul 26 16:13:35.377640 dv-cinder-786260-11-smb neutron-server[93359]: INFO neutron.wsgi [req-f9f72448-b61e-4349-8d81-1b06b6dd2506 req-b6719359-5a03-4416-a606-e57633e69ea9 service neutron] 10.222.0.49 "GET /v2.0/ports?network_id=f10d41dc-7fbb-4b4e-90d2-dd2de1643be3&device_owner=network%3Adhcp HTTP/1.1" status: 200 len: 210 time: 0.0503588
Jul 26 16:13:35.465837 dv-cinder-786260-11-smb neutron-server[93359]: INFO neutron.wsgi [req-b8cc5aee-5914-45a2-9ce8-d6e09d5784e5 req-2412361f-8383-422f-be90-f451500e55b5 tempest-AttachVolumeTestJSON-401233908 tempest-AttachVolumeTestJSON-401233908-project] 10.222.0.47 "GET /v2.0/security-groups?id=8c1cc79e-ace6-487e-8adb-d546c29d8f81&fields=id&fields=name HTTP/1.1" status: 200 len: 312 time: 0.1296079
Jul 26 16:13:35.475772 dv-cinder-786260-11-smb neutron-server[93359]: INFO neutron.wsgi [req-9eaa36c1-20f7-40e3-a97a-f36b88d5587b req-7d91634d-35db-498e-a913-c7c01d7d5ca0 service neutron] 10.222.0.49 "GET /v2.0/security-groups?id=850a6f78-fc4e-46d1-ae52-af929334d21f&fields=id&fields=name HTTP/1.1" status: 200 len: 313 time: 0.1134400
Jul 26 16:13:35.527047 dv-cinder-786260-11-smb neutron-server[93359]: INFO neutron.wsgi [req-f9f72448-b61e-4349-8d81-1b06b6dd2506 req-83b184c9-73d9-4b0f-af75-3856791ff28e service neutron] 10.222.0.49 "GET /v2.0/networks/f10d41dc-7fbb-4b4e-90d2-dd2de1643be3?fields=segments HTTP/1.1" status: 200 len: 212 time: 0.1382942
Jul 26 16:13:35.575552 dv-cinder-786260-11-smb neutron-server[93360]: DEBUG neutron.wsgi [-] (93360) accepted ('10.222.0.47', 39586) {{(pid=93360) server /usr/local/lib/python3.8/dist-packages/eventlet/wsgi.py:982}}
Jul 26 16:13:35.710858 dv-cinder-786260-11-smb neutron-server[93360]: DEBUG neutron_lib.callbacks.manager [None req-2dd63b03-c2ef-4777-a3eb-949481a4fe17 admin admin] Notify callbacks [] for security_group, before_create {{(pid=93360) _notify_loop /usr/local/lib/python3.8/dist-packages/neutron_lib/callbacks/manager.py:192}}
Jul 26 16:13:35.798805 dv-cinder-786260-11-smb neutron-server[93361]: DEBUG neutron.plugins.ml2.rpc [None req-c80674a8-f626-4cf2-9cb2-27ca7c3dcbf5 None None] Device 6297bcd7-0b46-47c8-9b36-7774ab7b370f details requested by agent hyperv_hv-cinder-78626 with host hv-cinder-78626 {{(pid=93361) get_device_details /opt/stack/neutron/neutron/plugins/ml2/rpc.py:102}}
Jul 26 16:13:35.906947 dv-cinder-786260-11-smb neutron-server[93360]: DEBUG neutron_lib.callbacks.manager [None req-2dd63b03-c2ef-4777-a3eb-949481a4fe17 admin admin] Notify callbacks [] for security_group, precommit_create {{(pid=93360) _notify_loop /usr/local/lib/python3.8/dist-packages/neutron_lib/callbacks/manager.py:192}}
Jul 26 16:13:35.913907 dv-cinder-786260-11-smb neutron-server[93360]: DEBUG neutron_lib.callbacks.manager [None req-2dd63b03-c2ef-4777-a3eb-949481a4fe17 admin admin] Notify callbacks ['neutron.plugins.ml2.ovo_rpc._ObjectChangeHandler.handle_event-1535954'] for security_group, after_create {{(pid=93360) _notify_loop /usr/local/lib/python3.8/dist-packages/neutron_lib/callbacks/manager.py:192}}
Jul 26 16:13:35.939311 dv-cinder-786260-11-smb neutron-server[93359]: INFO neutron.wsgi [req-f9f72448-b61e-4349-8d81-1b06b6dd2506 req-1eecbcce-9783-495e-9d68-452022182d9a service neutron] 10.222.0.49 "GET /v2.0/networks/f10d41dc-7fbb-4b4e-90d2-dd2de1643be3?fields=provider%3Aphysical_network&fields=provider%3Anetwork_type HTTP/1.1" status: 200 len: 281 time: 0.1694093
Jul 26 16:13:35.939676 dv-cinder-786260-11-smb neutron-server[93361]: DEBUG neutron.plugins.ml2.db [None req-c80674a8-f626-4cf2-9cb2-27ca7c3dcbf5 None None] For port 6297bcd7-0b46-47c8-9b36-7774ab7b370f, host hv-cinder-78626, got binding levels [PortBindingLevel(driver='hyperv',host='hv-cinder-78626',level=0,port_id=6297bcd7-0b46-47c8-9b36-7774ab7b370f,segment=NetworkSegment(75ec862d-cfb8-458e-9804-97b190a3ccbc),segment_id=75ec862d-cfb8-458e-9804-97b190a3ccbc)] {{(pid=93361) get_binding_level_objs /opt/stack/neutron/neutron/plugins/ml2/db.py:74}}
Jul 26 16:13:35.954684 dv-cinder-786260-11-smb neutron-server[93361]: DEBUG neutron.plugins.ml2.rpc [None req-c80674a8-f626-4cf2-9cb2-27ca7c3dcbf5 None None] Returning: {'device': '6297bcd7-0b46-47c8-9b36-7774ab7b370f', 'network_id': '96327f94-07a6-43f9-ac59-149812c41cde', 'port_id': '6297bcd7-0b46-47c8-9b36-7774ab7b370f', 'mac_address': 'fa:16:3e:b2:06:a7', 'admin_state_up': True, 'network_type': 'vlan', 'segmentation_id': 563, 'physical_network': 'physnet1', 'mtu': 1500, 'fixed_ips': [{'subnet_id': '14181f7e-ea3e-4a25-9431-d130b28bc625', 'ip_address': '172.20.0.8'}], 'device_owner': 'compute:nova', 'allowed_address_pairs': [], 'port_security_enabled': True, 'qos_policy_id': None, 'network_qos_policy_id': None, 'profile': {}, 'propagate_uplink_status': False} {{(pid=93361) _get_device_details /opt/stack/neutron/neutron/plugins/ml2/rpc.py:184}}
Jul 26 16:13:35.974821 dv-cinder-786260-11-smb neutron-server[93360]: INFO neutron.wsgi [None req-2dd63b03-c2ef-4777-a3eb-949481a4fe17 admin admin] 10.222.0.47 "GET /v2.0/security-groups?tenant_id=22bb7ead9f3642db9e66cb8c8b0326e4&name=default HTTP/1.1" status: 200 len: 2979 time: 0.3981655
Jul 26 16:13:35.975931 dv-cinder-786260-11-smb neutron-server[93360]: DEBUG neutron.api.rpc.handlers.resources_rpc [None req-2dd63b03-c2ef-4777-a3eb-949481a4fe17 admin admin] Pushing event updated for resources: {'SecurityGroup': ['ID=efcb7ccf-fd9d-401a-88bf-96cbf5a7cd65,revision_number=1']} {{(pid=93360) push /opt/stack/neutron/neutron/api/rpc/handlers/resources_rpc.py:237}}
Jul 26 16:13:35.977626 dv-cinder-786260-11-smb neutron-server[93359]: DEBUG neutron.wsgi [-] (93359) accepted ('10.222.0.47', 39606) {{(pid=93359) server /usr/local/lib/python3.8/dist-packages/eventlet/wsgi.py:982}}
Jul 26 16:13:36.007230 dv-cinder-786260-11-smb neutron-server[93360]: DEBUG neutron.pecan_wsgi.hooks.policy_enforcement [req-f80b6aa4-97c7-46da-808b-3104fa3a639c req-34f044e5-127c-4f2f-afef-58b96ae80ce8 tempest-AttachVolumeShelveTestJSON-1254561895 tempest-AttachVolumeShelveTestJSON-1254561895-project] Attributes excluded by policy engine: ['standard_attr_id', 'binding:profile', 'binding:host_id', 'binding:vif_type', 'binding:vif_details'] {{(pid=93360) _exclude_attributes_by_policy /opt/stack/neutron/neutron/pecan_wsgi/hooks/policy_enforcement.py:255}}
Jul 26 16:13:36.008936 dv-cinder-786260-11-smb neutron-server[93360]: INFO neutron.wsgi [req-f80b6aa4-97c7-46da-808b-3104fa3a639c req-34f044e5-127c-4f2f-afef-58b96ae80ce8 tempest-AttachVolumeShelveTestJSON-1254561895 tempest-AttachVolumeShelveTestJSON-1254561895-project] 10.222.0.47 "GET /v2.0/ports?device_id=db5ba303-772a-444e-bc2f-ed4f9e17b58f HTTP/1.1" status: 200 len: 946 time: 0.1901503
Jul 26 16:13:36.011546 dv-cinder-786260-11-smb neutron-server[93361]: DEBUG neutron_lib.callbacks.manager [None req-c80674a8-f626-4cf2-9cb2-27ca7c3dcbf5 None None] Notify callbacks ['neutron.plugins.ml2.plugin.SecurityGroupDbMixin._ensure_default_security_group_handler-1546590'] for port, before_update {{(pid=93361) _notify_loop /usr/local/lib/python3.8/dist-packages/neutron_lib/callbacks/manager.py:192}}
Jul 26 16:13:36.035209 dv-cinder-786260-11-smb neutron-server[93361]: DEBUG neutron.notifiers.nova [None req-c80674a8-f626-4cf2-9cb2-27ca7c3dcbf5 None None] Ignoring state change previous_port_status: DOWN current_port_status: BUILD port_id 6297bcd7-0b46-47c8-9b36-7774ab7b370f {{(pid=93361) record_port_status_changed /opt/stack/neutron/neutron/notifiers/nova.py:224}}
Jul 26 16:13:36.069999 dv-cinder-786260-11-smb neutron-server[93361]: DEBUG neutron.plugins.ml2.db [None req-c80674a8-f626-4cf2-9cb2-27ca7c3dcbf5 None None] For port 6297bcd7-0b46-47c8-9b36-7774ab7b370f, host hv-cinder-78626, got binding levels [PortBindingLevel(driver='hyperv',host='hv-cinder-78626',level=0,port_id=6297bcd7-0b46-47c8-9b36-7774ab7b370f,segment=NetworkSegment(75ec862d-cfb8-458e-9804-97b190a3ccbc),segment_id=75ec862d-cfb8-458e-9804-97b190a3ccbc)] {{(pid=93361) get_binding_level_objs /opt/stack/neutron/neutron/plugins/ml2/db.py:74}}
Jul 26 16:13:36.085443 dv-cinder-786260-11-smb neutron-server[93361]: DEBUG neutron_lib.callbacks.manager [None req-c80674a8-f626-4cf2-9cb2-27ca7c3dcbf5 None None] Notify callbacks ['neutron.plugins.ml2.plugin.SecurityGroupServerNotifierRpcMixin._notify_sg_on_port_change-1465491', 'neutron.plugins.ml2.ovo_rpc._ObjectChangeHandler.handle_event-2027942', 'neutron.api.rpc.agentnotifiers.dhcp_rpc_agent_api.DhcpAgentNotifyAPI._native_event_send_dhcp_notification-1565631', 'neutron.db.l3_db.L3RpcNotifierMixin._notify_gateway_port_ip_changed-8754532551662', 'neutron.db.l3_dvrscheduler_db._notify_l3_agent_port_update-8754532162039', 'neutron.db.l3_hascheduler_db._notify_l3_agent_ha_port_update-8754532163085'] for port, after_update {{(pid=93361) _notify_loop /usr/local/lib/python3.8/dist-packages/neutron_lib/callbacks/manager.py:192}}
Jul 26 16:13:36.132076 dv-cinder-786260-11-smb neutron-server[93360]: INFO neutron.wsgi [req-f80b6aa4-97c7-46da-808b-3104fa3a639c req-88097f5c-a626-42ad-94f4-e2ca32b1cd29 tempest-AttachVolumeShelveTestJSON-1254561895 tempest-AttachVolumeShelveTestJSON-1254561895-project] 10.222.0.47 "GET /v2.0/security-groups?id=850a6f78-fc4e-46d1-ae52-af929334d21f&fields=id&fields=name HTTP/1.1" status: 200 len: 313 time: 0.1051812
Jul 26 16:13:36.139211 dv-cinder-786260-11-smb neutron-server[93359]: DEBUG neutron_lib.callbacks.manager [None req-1c0db7cc-a3d4-426a-869e-da6489ab98bb admin admin] Notify callbacks [] for security_group, before_delete {{(pid=93359) _notify_loop /usr/local/lib/python3.8/dist-packages/neutron_lib/callbacks/manager.py:192}}
Jul 26 16:13:36.162612 dv-cinder-786260-11-smb neutron-server[93361]: DEBUG neutron.api.rpc.handlers.resources_rpc [None req-c80674a8-f626-4cf2-9cb2-27ca7c3dcbf5 None None] Pushing event updated for resources: {'Port': ['ID=6297bcd7-0b46-47c8-9b36-7774ab7b370f,revision_number=4']} {{(pid=93361) push /opt/stack/neutron/neutron/api/rpc/handlers/resources_rpc.py:237}}
Jul 26 16:13:36.195716 dv-cinder-786260-11-smb neutron-server[93359]: DEBUG neutron_lib.callbacks.manager [None req-1c0db7cc-a3d4-426a-869e-da6489ab98bb admin admin] Notify callbacks [] for security_group, precommit_delete {{(pid=93359) _notify_loop /usr/local/lib/python3.8/dist-packages/neutron_lib/callbacks/manager.py:192}}
Jul 26 16:13:36.254579 dv-cinder-786260-11-smb neutron-server[93359]: DEBUG neutron.pecan_wsgi.hooks.policy_enforcement [req-a98f4a20-0298-45fa-bf5e-6140abdb23dd req-f73def38-cef9-48e1-bfa4-18edf2504cfe tempest-ServerRescueNegativeTestJSON-2114815866 tempest-ServerRescueNegativeTestJSON-2114815866-project] Attributes excluded by policy engine: ['standard_attr_id', 'binding:profile', 'binding:host_id', 'binding:vif_type', 'binding:vif_details'] {{(pid=93359) _exclude_attributes_by_policy /opt/stack/neutron/neutron/pecan_wsgi/hooks/policy_enforcement.py:255}}
Jul 26 16:13:36.256185 dv-cinder-786260-11-smb neutron-server[93359]: INFO neutron.wsgi [req-a98f4a20-0298-45fa-bf5e-6140abdb23dd req-f73def38-cef9-48e1-bfa4-18edf2504cfe tempest-ServerRescueNegativeTestJSON-2114815866 tempest-ServerRescueNegativeTestJSON-2114815866-project] 10.222.0.47 "GET /v2.0/ports?device_id=6b868b91-3169-4e62-a706-4b71c603edbb HTTP/1.1" status: 200 len: 945 time: 0.1572912
Jul 26 16:13:36.296659 dv-cinder-786260-11-smb neutron-server[93359]: DEBUG neutron_lib.callbacks.manager [None req-1c0db7cc-a3d4-426a-869e-da6489ab98bb admin admin] Notify callbacks ['neutron.plugins.ml2.ovo_rpc._ObjectChangeHandler.handle_event-1535954'] for security_group, after_delete {{(pid=93359) _notify_loop /usr/local/lib/python3.8/dist-packages/neutron_lib/callbacks/manager.py:192}}
Jul 26 16:13:36.299181 dv-cinder-786260-11-smb neutron-server[93359]: DEBUG neutron_lib.callbacks.manager [None req-1c0db7cc-a3d4-426a-869e-da6489ab98bb admin admin] Notify callbacks [] for security_group, before_response {{(pid=93359) _notify_loop /usr/local/lib/python3.8/dist-packages/neutron_lib/callbacks/manager.py:192}}
Jul 26 16:13:36.300474 dv-cinder-786260-11-smb neutron-server[93359]: INFO neutron.wsgi [None req-1c0db7cc-a3d4-426a-869e-da6489ab98bb admin admin] 10.222.0.47 "DELETE /v2.0/security-groups/efcb7ccf-fd9d-401a-88bf-96cbf5a7cd65 HTTP/1.1" status: 204 len: 168 time: 0.3215847
Jul 26 16:13:36.322924 dv-cinder-786260-11-smb neutron-server[93359]: INFO neutron.wsgi [req-a98f4a20-0298-45fa-bf5e-6140abdb23dd req-5aa25fb5-44a8-4567-b1fd-328c0adb8bfb tempest-ServerRescueNegativeTestJSON-2114815866 tempest-ServerRescueNegativeTestJSON-2114815866-project] 10.222.0.47 "GET /v2.0/security-groups?id=6304330a-01d8-4641-810a-0dbb4091e655&fields=id&fields=name HTTP/1.1" status: 200 len: 286 time: 0.0577922
Jul 26 16:13:36.324083 dv-cinder-786260-11-smb neutron-server[93359]: DEBUG neutron.api.rpc.handlers.resources_rpc [None req-1c0db7cc-a3d4-426a-869e-da6489ab98bb admin admin] Pushing event deleted for resources: {'SecurityGroup': ['ID=efcb7ccf-fd9d-401a-88bf-96cbf5a7cd65,revision_number=None']} {{(pid=93359) push /opt/stack/neutron/neutron/api/rpc/handlers/resources_rpc.py:237}}
Jul 26 16:13:36.590116 dv-cinder-786260-11-smb neutron-server[93361]: DEBUG neutron.plugins.ml2.db [None req-c80674a8-f626-4cf2-9cb2-27ca7c3dcbf5 None None] get_ports_and_sgs() called for port_ids ['6297bcd7-0b46-47c8-9b36-7774ab7b370f'] {{(pid=93361) get_ports_and_sgs /opt/stack/neutron/neutron/plugins/ml2/db.py:156}}
Jul 26 16:13:36.634086 dv-cinder-786260-11-smb neutron-server[93360]: DEBUG neutron.pecan_wsgi.hooks.policy_enforcement [req-7f0c18c9-1365-49dd-8129-c9c00cf4fafb req-1004b90d-b401-40f1-8823-7e50341b8e23 tempest-AttachVolumeTestJSON-401233908 tempest-AttachVolumeTestJSON-401233908-project] Attributes excluded by policy engine: ['standard_attr_id', 'binding:profile', 'binding:host_id', 'binding:vif_type', 'binding:vif_details'] {{(pid=93360) _exclude_attributes_by_policy /opt/stack/neutron/neutron/pecan_wsgi/hooks/policy_enforcement.py:255}}
Jul 26 16:13:36.635838 dv-cinder-786260-11-smb neutron-server[93360]: INFO neutron.wsgi [req-7f0c18c9-1365-49dd-8129-c9c00cf4fafb req-1004b90d-b401-40f1-8823-7e50341b8e23 tempest-AttachVolumeTestJSON-401233908 tempest-AttachVolumeTestJSON-401233908-project] 10.222.0.47 "GET /v2.0/ports?device_id=659f6cbc-3ca8-44fb-bbeb-773da43fa21b HTTP/1.1" status: 200 len: 944 time: 0.0749083
Jul 26 16:13:36.687668 dv-cinder-786260-11-smb neutron-server[93360]: INFO neutron.wsgi [req-7f0c18c9-1365-49dd-8129-c9c00cf4fafb req-ebe28d41-ae8a-4769-b952-d5a714719124 tempest-AttachVolumeTestJSON-401233908 tempest-AttachVolumeTestJSON-401233908-project] 10.222.0.47 "GET /v2.0/security-groups?id=8c1cc79e-ace6-487e-8adb-d546c29d8f81&fields=id&fields=name HTTP/1.1" status: 200 len: 312 time: 0.0448279
Jul 26 16:13:37.325134 dv-cinder-786260-11-smb neutron-server[93359]: DEBUG neutron.pecan_wsgi.hooks.policy_enforcement [req-3a47020e-d6c3-44f9-9447-dc1e7e344481 req-8da4d795-fe62-4585-863e-0daeec09e7c6 tempest-AttachVolumeShelveTestJSON-1254561895 tempest-AttachVolumeShelveTestJSON-1254561895-project] Attributes excluded by policy engine: ['standard_attr_id', 'binding:profile', 'binding:host_id', 'binding:vif_type', 'binding:vif_details'] {{(pid=93359) _exclude_attributes_by_policy /opt/stack/neutron/neutron/pecan_wsgi/hooks/policy_enforcement.py:255}}
Jul 26 16:13:37.328468 dv-cinder-786260-11-smb neutron-server[93359]: INFO neutron.wsgi [req-3a47020e-d6c3-44f9-9447-dc1e7e344481 req-8da4d795-fe62-4585-863e-0daeec09e7c6 tempest-AttachVolumeShelveTestJSON-1254561895 tempest-AttachVolumeShelveTestJSON-1254561895-project] 10.222.0.47 "GET /v2.0/ports?device_id=db5ba303-772a-444e-bc2f-ed4f9e17b58f HTTP/1.1" status: 200 len: 946 time: 0.0984757
Jul 26 16:13:37.380259 dv-cinder-786260-11-smb neutron-server[93359]: INFO neutron.wsgi [req-3a47020e-d6c3-44f9-9447-dc1e7e344481 req-69e4c065-2fa8-4f56-ac2c-817d28a24eea tempest-AttachVolumeShelveTestJSON-1254561895 tempest-AttachVolumeShelveTestJSON-1254561895-project] 10.222.0.47 "GET /v2.0/security-groups?id=850a6f78-fc4e-46d1-ae52-af929334d21f&fields=id&fields=name HTTP/1.1" status: 200 len: 313 time: 0.0468035
Jul 26 16:13:37.475856 dv-cinder-786260-11-smb neutron-server[93361]: DEBUG neutron_lib.callbacks.manager [None req-b7db9f76-203e-4056-9b02-bd2e661a5d4e None None] Notify callbacks ['neutron.services.segments.db._update_segment_host_mapping_for_agent-8754532626957', 'neutron.plugins.ml2.plugin.Ml2Plugin._retry_binding_revived_agents-1456725'] for agent, after_update {{(pid=93361) _notify_loop /usr/local/lib/python3.8/dist-packages/neutron_lib/callbacks/manager.py:192}}
Jul 26 16:13:37.504225 dv-cinder-786260-11-smb neutron-server[93360]: DEBUG neutron.pecan_wsgi.hooks.policy_enforcement [req-37a63977-0e77-42a0-8cd2-c2033d790ef9 req-9e3537fe-0472-4be5-ade6-d2779b4f0eac tempest-ServerRescueNegativeTestJSON-2114815866 tempest-ServerRescueNegativeTestJSON-2114815866-project] Attributes excluded by policy engine: ['standard_attr_id', 'binding:profile', 'binding:host_id', 'binding:vif_type', 'binding:vif_details'] {{(pid=93360) _exclude_attributes_by_policy /opt/stack/neutron/neutron/pecan_wsgi/hooks/policy_enforcement.py:255}}
Jul 26 16:13:37.511977 dv-cinder-786260-11-smb neutron-server[93360]: INFO neutron.wsgi [req-37a63977-0e77-42a0-8cd2-c2033d790ef9 req-9e3537fe-0472-4be5-ade6-d2779b4f0eac tempest-ServerRescueNegativeTestJSON-2114815866 tempest-ServerRescueNegativeTestJSON-2114815866-project] 10.222.0.47 "GET /v2.0/ports?device_id=6b868b91-3169-4e62-a706-4b71c603edbb HTTP/1.1" status: 200 len: 945 time: 0.0942886
Jul 26 16:13:37.538350 dv-cinder-786260-11-smb neutron-server[93359]: DEBUG neutron.pecan_wsgi.hooks.policy_enforcement [req-9cd85832-8fd6-47ab-81b3-63fad44b89b7 req-79b3cccb-911b-49a5-8530-5a940cae40ba tempest-AttachVolumeShelveTestJSON-1254561895 tempest-AttachVolumeShelveTestJSON-1254561895-project] Attributes excluded by policy engine: ['standard_attr_id', 'binding:profile', 'binding:host_id', 'binding:vif_type', 'binding:vif_details'] {{(pid=93359) _exclude_attributes_by_policy /opt/stack/neutron/neutron/pecan_wsgi/hooks/policy_enforcement.py:255}}
Jul 26 16:13:37.540303 dv-cinder-786260-11-smb neutron-server[93359]: INFO neutron.wsgi [req-9cd85832-8fd6-47ab-81b3-63fad44b89b7 req-79b3cccb-911b-49a5-8530-5a940cae40ba tempest-AttachVolumeShelveTestJSON-1254561895 tempest-AttachVolumeShelveTestJSON-1254561895-project] 10.222.0.47 "GET /v2.0/ports?device_id=db5ba303-772a-444e-bc2f-ed4f9e17b58f HTTP/1.1" status: 200 len: 946 time: 0.0897307
Jul 26 16:13:37.552787 dv-cinder-786260-11-smb neutron-server[93360]: DEBUG neutron.wsgi [-] (93360) accepted ('10.222.0.47', 39702) {{(pid=93360) server /usr/local/lib/python3.8/dist-packages/eventlet/wsgi.py:982}}
Jul 26 16:13:37.558945 dv-cinder-786260-11-smb neutron-server[93360]: INFO neutron.wsgi [req-37a63977-0e77-42a0-8cd2-c2033d790ef9 req-7c06f42c-e302-492f-81b0-a9d3eb3199c8 tempest-ServerRescueNegativeTestJSON-2114815866 tempest-ServerRescueNegativeTestJSON-2114815866-project] 10.222.0.47 "GET /v2.0/security-groups?id=6304330a-01d8-4641-810a-0dbb4091e655&fields=id&fields=name HTTP/1.1" status: 200 len: 286 time: 0.0460901
Jul 26 16:13:37.562439 dv-cinder-786260-11-smb neutron-server[93360]: DEBUG neutron.api.v2.base [None req-f67aeb8c-fa6b-4fea-a8d4-2a7f5982fc75 tempest-AttachVolumeShelveTestJSON-1254561895 tempest-AttachVolumeShelveTestJSON-1254561895-project] Request body: {'floatingip': {'port_id': '79e15c9a-e667-421e-ac36-b9e8bd52de22'}} {{(pid=93360) prepare_request_body /opt/stack/neutron/neutron/api/v2/base.py:729}}
Jul 26 16:13:37.644077 dv-cinder-786260-11-smb neutron-server[93360]: DEBUG neutron_lib.callbacks.manager [None req-f67aeb8c-fa6b-4fea-a8d4-2a7f5982fc75 tempest-AttachVolumeShelveTestJSON-1254561895 tempest-AttachVolumeShelveTestJSON-1254561895-project] Notify callbacks [] for floatingip, before_update {{(pid=93360) _notify_loop /usr/local/lib/python3.8/dist-packages/neutron_lib/callbacks/manager.py:192}}
Jul 26 16:13:37.802905 dv-cinder-786260-11-smb neutron-server[93361]: DEBUG neutron.plugins.ml2.rpc [None req-c80674a8-f626-4cf2-9cb2-27ca7c3dcbf5 None None] Device 6297bcd7-0b46-47c8-9b36-7774ab7b370f up at agent hyperv_hv-cinder-78626 {{(pid=93361) update_device_up /opt/stack/neutron/neutron/plugins/ml2/rpc.py:296}}
Jul 26 16:13:37.904041 dv-cinder-786260-11-smb neutron-server[93359]: DEBUG neutron.pecan_wsgi.hooks.policy_enforcement [req-f983936a-b143-44e1-9aca-a32c1d579467 req-f91d0a61-6aa0-42a6-adc3-6b2a8ddf15b4 tempest-AttachVolumeTestJSON-401233908 tempest-AttachVolumeTestJSON-401233908-project] Attributes excluded by policy engine: ['standard_attr_id', 'binding:profile', 'binding:host_id', 'binding:vif_type', 'binding:vif_details'] {{(pid=93359) _exclude_attributes_by_policy /opt/stack/neutron/neutron/pecan_wsgi/hooks/policy_enforcement.py:255}}
Jul 26 16:13:37.905973 dv-cinder-786260-11-smb neutron-server[93359]: INFO neutron.wsgi [req-f983936a-b143-44e1-9aca-a32c1d579467 req-f91d0a61-6aa0-42a6-adc3-6b2a8ddf15b4 tempest-AttachVolumeTestJSON-401233908 tempest-AttachVolumeTestJSON-401233908-project] 10.222.0.47 "GET /v2.0/ports?device_id=659f6cbc-3ca8-44fb-bbeb-773da43fa21b HTTP/1.1" status: 200 len: 944 time: 0.0987749
Jul 26 16:13:37.918212 dv-cinder-786260-11-smb neutron-server[93361]: DEBUG neutron.db.provisioning_blocks [None req-c80674a8-f626-4cf2-9cb2-27ca7c3dcbf5 None None] Provisioning for port 6297bcd7-0b46-47c8-9b36-7774ab7b370f completed by entity L2. {{(pid=93361) provisioning_complete /opt/stack/neutron/neutron/db/provisioning_blocks.py:133}}
Jul 26 16:13:37.923750 dv-cinder-786260-11-smb neutron-server[93361]: DEBUG neutron.db.provisioning_blocks [None req-c80674a8-f626-4cf2-9cb2-27ca7c3dcbf5 None None] Provisioning complete for port 6297bcd7-0b46-47c8-9b36-7774ab7b370f triggered by entity L2. {{(pid=93361) provisioning_complete /opt/stack/neutron/neutron/db/provisioning_blocks.py:139}}
Jul 26 16:13:37.924985 dv-cinder-786260-11-smb neutron-server[93361]: DEBUG neutron_lib.callbacks.manager [None req-c80674a8-f626-4cf2-9cb2-27ca7c3dcbf5 None None] Notify callbacks ['neutron.plugins.ml2.plugin.Ml2Plugin._port_provisioned-1456678'] for port, provisioning_complete {{(pid=93361) _notify_loop /usr/local/lib/python3.8/dist-packages/neutron_lib/callbacks/manager.py:192}}
Jul 26 16:13:37.976696 dv-cinder-786260-11-smb neutron-server[93359]: INFO neutron.wsgi [req-f983936a-b143-44e1-9aca-a32c1d579467 req-f2325340-6cb9-46f7-83d8-314d19fdceda tempest-AttachVolumeTestJSON-401233908 tempest-AttachVolumeTestJSON-401233908-project] 10.222.0.47 "GET /v2.0/security-groups?id=8c1cc79e-ace6-487e-8adb-d546c29d8f81&fields=id&fields=name HTTP/1.1" status: 200 len: 312 time: 0.0639000
Jul 26 16:13:38.101508 dv-cinder-786260-11-smb neutron-server[93361]: DEBUG neutron_lib.callbacks.manager [None req-c80674a8-f626-4cf2-9cb2-27ca7c3dcbf5 None None] Notify callbacks ['neutron.plugins.ml2.plugin.SecurityGroupDbMixin._ensure_default_security_group_handler-1546590'] for port, before_update {{(pid=93361) _notify_loop /usr/local/lib/python3.8/dist-packages/neutron_lib/callbacks/manager.py:192}}
Jul 26 16:13:38.162925 dv-cinder-786260-11-smb neutron-server[93361]: DEBUG neutron.plugins.ml2.db [None req-c80674a8-f626-4cf2-9cb2-27ca7c3dcbf5 None None] For port 6297bcd7-0b46-47c8-9b36-7774ab7b370f, host hv-cinder-78626, got binding levels [PortBindingLevel(driver='hyperv',host='hv-cinder-78626',level=0,port_id=6297bcd7-0b46-47c8-9b36-7774ab7b370f,segment=NetworkSegment(75ec862d-cfb8-458e-9804-97b190a3ccbc),segment_id=75ec862d-cfb8-458e-9804-97b190a3ccbc)] {{(pid=93361) get_binding_level_objs /opt/stack/neutron/neutron/plugins/ml2/db.py:74}}
Jul 26 16:13:38.164221 dv-cinder-786260-11-smb neutron-server[93361]: DEBUG neutron.notifiers.nova [-] Sending events: [{'server_uuid': '659f6cbc-3ca8-44fb-bbeb-773da43fa21b', 'name': 'network-vif-plugged', 'status': 'completed', 'tag': '6297bcd7-0b46-47c8-9b36-7774ab7b370f'}] {{(pid=93361) send_events /opt/stack/neutron/neutron/notifiers/nova.py:262}}
Jul 26 16:13:38.167474 dv-cinder-786260-11-smb neutron-server[93361]: DEBUG novaclient.v2.client [-] REQ: curl -g -i --cacert "/opt/stack/data/ca-bundle.pem" -X POST http://10.222.0.47/compute/v2.1/os-server-external-events -H "Accept: application/json" -H "Content-Type: application/json" -H "User-Agent: python-novaclient" -H "X-Auth-Token: {SHA256}698d3ad7b526a442bca9ed222239bed0fd3884974b7cda57a5d955de50b1e60f" -H "X-OpenStack-Nova-API-Version: 2.1" -H "X-OpenStack-Request-ID: req-0f042915-db4d-462b-8303-96099b3fd6d6" -d '{"events": [{"server_uuid": "659f6cbc-3ca8-44fb-bbeb-773da43fa21b", "name": "network-vif-plugged", "status": "completed", "tag": "6297bcd7-0b46-47c8-9b36-7774ab7b370f"}]}' {{(pid=93361) _http_log_request /usr/local/lib/python3.8/dist-packages/keystoneauth1/session.py:519}}
Jul 26 16:13:38.171465 dv-cinder-786260-11-smb neutron-server[93361]: DEBUG neutron_lib.callbacks.manager [None req-c80674a8-f626-4cf2-9cb2-27ca7c3dcbf5 None None] Notify callbacks ['neutron.plugins.ml2.plugin.SecurityGroupServerNotifierRpcMixin._notify_sg_on_port_change-1465491', 'neutron.plugins.ml2.ovo_rpc._ObjectChangeHandler.handle_event-2027942', 'neutron.api.rpc.agentnotifiers.dhcp_rpc_agent_api.DhcpAgentNotifyAPI._native_event_send_dhcp_notification-1565631', 'neutron.db.l3_db.L3RpcNotifierMixin._notify_gateway_port_ip_changed-8754532551662', 'neutron.db.l3_dvrscheduler_db._notify_l3_agent_port_update-8754532162039', 'neutron.db.l3_hascheduler_db._notify_l3_agent_ha_port_update-8754532163085'] for port, after_update {{(pid=93361) _notify_loop /usr/local/lib/python3.8/dist-packages/neutron_lib/callbacks/manager.py:192}}
Jul 26 16:13:38.256610 dv-cinder-786260-11-smb neutron-server[93361]: DEBUG novaclient.v2.client [-] RESP: [200] Connection: close Content-Length: 183 Content-Type: application/json Date: Mon, 26 Jul 2021 16:13:38 GMT OpenStack-API-Version: compute 2.1 Server: Apache/2.4.41 (Ubuntu) Vary: OpenStack-API-Version,X-OpenStack-Nova-API-Version X-OpenStack-Nova-API-Version: 2.1 x-compute-request-id: req-8ca319d4-63ce-4a18-964a-83e513a56cf8 x-openstack-request-id: req-8ca319d4-63ce-4a18-964a-83e513a56cf8 {{(pid=93361) _http_log_response /usr/local/lib/python3.8/dist-packages/keystoneauth1/session.py:550}}
Jul 26 16:13:38.257081 dv-cinder-786260-11-smb neutron-server[93361]: DEBUG novaclient.v2.client [-] RESP BODY: {"events": [{"server_uuid": "659f6cbc-3ca8-44fb-bbeb-773da43fa21b", "name": "network-vif-plugged", "status": "completed", "tag": "6297bcd7-0b46-47c8-9b36-7774ab7b370f", "code": 200}]} {{(pid=93361) _http_log_response /usr/local/lib/python3.8/dist-packages/keystoneauth1/session.py:582}}
Jul 26 16:13:38.257467 dv-cinder-786260-11-smb neutron-server[93361]: DEBUG novaclient.v2.client [-] POST call to compute for http://10.222.0.47/compute/v2.1/os-server-external-events used request id req-8ca319d4-63ce-4a18-964a-83e513a56cf8 {{(pid=93361) request /usr/local/lib/python3.8/dist-packages/keystoneauth1/session.py:954}}
Jul 26 16:13:38.258015 dv-cinder-786260-11-smb neutron-server[93361]: INFO neutron.notifiers.nova [-] Nova event response: {'server_uuid': '659f6cbc-3ca8-44fb-bbeb-773da43fa21b', 'name': 'network-vif-plugged', 'status': 'completed', 'tag': '6297bcd7-0b46-47c8-9b36-7774ab7b370f', 'code': 200}
Jul 26 16:13:38.271616 dv-cinder-786260-11-smb neutron-server[93361]: DEBUG neutron.api.rpc.handlers.resources_rpc [None req-c80674a8-f626-4cf2-9cb2-27ca7c3dcbf5 None None] Pushing event updated for resources: {'Port': ['ID=6297bcd7-0b46-47c8-9b36-7774ab7b370f,revision_number=5']} {{(pid=93361) push /opt/stack/neutron/neutron/api/rpc/handlers/resources_rpc.py:237}}
Jul 26 16:13:38.642103 dv-cinder-786260-11-smb neutron-server[93359]: DEBUG neutron.pecan_wsgi.hooks.policy_enforcement [req-deb18ef9-f50a-4acd-8f27-dfc771fa3e95 req-ad8fb95e-432e-415f-b964-b4ba85cfd357 service neutron] Attributes excluded by policy engine: ['standard_attr_id'] {{(pid=93359) _exclude_attributes_by_policy /opt/stack/neutron/neutron/pecan_wsgi/hooks/policy_enforcement.py:255}}
Jul 26 16:13:38.644022 dv-cinder-786260-11-smb neutron-server[93359]: INFO neutron.wsgi [req-deb18ef9-f50a-4acd-8f27-dfc771fa3e95 req-ad8fb95e-432e-415f-b964-b4ba85cfd357 service neutron] 10.222.0.49 "GET /v2.0/ports?device_id=659f6cbc-3ca8-44fb-bbeb-773da43fa21b HTTP/1.1" status: 200 len: 1098 time: 0.1034768
Jul 26 16:13:38.758377 dv-cinder-786260-11-smb neutron-server[93359]: INFO neutron.wsgi [req-deb18ef9-f50a-4acd-8f27-dfc771fa3e95 req-bdfd3d6b-da3a-4861-9608-6e54b9613a2c service neutron] 10.222.0.49 "GET /v2.0/security-groups?id=8c1cc79e-ace6-487e-8adb-d546c29d8f81&fields=id&fields=name HTTP/1.1" status: 200 len: 312 time: 0.0875485
Jul 26 16:13:38.779575 dv-cinder-786260-11-smb neutron-server[93360]: DEBUG neutron.pecan_wsgi.hooks.policy_enforcement [req-f045fe7f-63af-43fd-a021-5140ad4b42a2 req-2517634b-e0bd-4bf4-b9f9-d29e5f29a801 tempest-DeleteServersTestJSON-82569186 tempest-DeleteServersTestJSON-82569186-project] Attributes excluded by policy engine: ['standard_attr_id', 'binding:profile', 'binding:host_id', 'binding:vif_type', 'binding:vif_details'] {{(pid=93360) _exclude_attributes_by_policy /opt/stack/neutron/neutron/pecan_wsgi/hooks/policy_enforcement.py:255}}
Jul 26 16:13:38.782789 dv-cinder-786260-11-smb neutron-server[93360]: INFO neutron.wsgi [req-f045fe7f-63af-43fd-a021-5140ad4b42a2 req-2517634b-e0bd-4bf4-b9f9-d29e5f29a801 tempest-DeleteServersTestJSON-82569186 tempest-DeleteServersTestJSON-82569186-project] 10.222.0.47 "GET /v2.0/ports?device_id=95fdd037-d0e3-488d-8dfe-c9b0fe7a4a36 HTTP/1.1" status: 200 len: 945 time: 0.4448602
Jul 26 16:13:38.820311 dv-cinder-786260-11-smb neutron-server[93359]: DEBUG neutron.pecan_wsgi.hooks.policy_enforcement [req-f17dffbd-2368-4166-befe-f3e47ea6ffc0 req-3026ec17-5e44-4b68-946d-d338bee29931 tempest-ServerRescueNegativeTestJSON-2114815866 tempest-ServerRescueNegativeTestJSON-2114815866-project] Attributes excluded by policy engine: ['standard_attr_id', 'binding:profile', 'binding:host_id', 'binding:vif_type', 'binding:vif_details'] {{(pid=93359) _exclude_attributes_by_policy /opt/stack/neutron/neutron/pecan_wsgi/hooks/policy_enforcement.py:255}}
Jul 26 16:13:38.821696 dv-cinder-786260-11-smb neutron-server[93359]: INFO neutron.wsgi [req-f17dffbd-2368-4166-befe-f3e47ea6ffc0 req-3026ec17-5e44-4b68-946d-d338bee29931 tempest-ServerRescueNegativeTestJSON-2114815866 tempest-ServerRescueNegativeTestJSON-2114815866-project] 10.222.0.47 "GET /v2.0/ports?device_id=6b868b91-3169-4e62-a706-4b71c603edbb HTTP/1.1" status: 200 len: 945 time: 0.0786450
Jul 26 16:13:38.876813 dv-cinder-786260-11-smb neutron-server[93359]: INFO neutron.wsgi [req-f17dffbd-2368-4166-befe-f3e47ea6ffc0 req-b9efaf50-686b-4838-a6b0-48714414e315 tempest-ServerRescueNegativeTestJSON-2114815866 tempest-ServerRescueNegativeTestJSON-2114815866-project] 10.222.0.47 "GET /v2.0/security-groups?id=6304330a-01d8-4641-810a-0dbb4091e655&fields=id&fields=name HTTP/1.1" status: 200 len: 286 time: 0.0427854
Jul 26 16:13:38.923870 dv-cinder-786260-11-smb neutron-server[93360]: INFO neutron.wsgi [req-f045fe7f-63af-43fd-a021-5140ad4b42a2 req-075f1827-a354-4254-8176-d0b872f4b2e5 tempest-DeleteServersTestJSON-82569186 tempest-DeleteServersTestJSON-82569186-project] 10.222.0.47 "GET /v2.0/security-groups?id=087e2587-652c-4b23-8d5e-c73b80710f2b&fields=id&fields=name HTTP/1.1" status: 200 len: 286 time: 0.1252961
Jul 26 16:13:38.934896 dv-cinder-786260-11-smb neutron-server[93360]: DEBUG neutron_lib.callbacks.manager [None req-f67aeb8c-fa6b-4fea-a8d4-2a7f5982fc75 tempest-AttachVolumeShelveTestJSON-1254561895 tempest-AttachVolumeShelveTestJSON-1254561895-project] Notify callbacks [] for floatingip, precommit_update {{(pid=93360) _notify_loop /usr/local/lib/python3.8/dist-packages/neutron_lib/callbacks/manager.py:192}}
Jul 26 16:13:38.941167 dv-cinder-786260-11-smb neutron-server[93360]: DEBUG neutron_lib.callbacks.manager [None req-f67aeb8c-fa6b-4fea-a8d4-2a7f5982fc75 tempest-AttachVolumeShelveTestJSON-1254561895 tempest-AttachVolumeShelveTestJSON-1254561895-project] Notify callbacks ['neutron.services.l3_router.l3_router_plugin.DVRResourceOperationHandler._create_dvr_floating_gw_port-716541'] for floatingip, after_update {{(pid=93360) _notify_loop /usr/local/lib/python3.8/dist-packages/neutron_lib/callbacks/manager.py:192}}
Jul 26 16:13:39.091638 dv-cinder-786260-11-smb neutron-server[93360]: INFO neutron.db.l3_db [None req-f67aeb8c-fa6b-4fea-a8d4-2a7f5982fc75 tempest-AttachVolumeShelveTestJSON-1254561895 tempest-AttachVolumeShelveTestJSON-1254561895-project] Floating IP e5f535d8-ad79-4381-acd3-57549ff80d6c associated. External IP: 172.28.3.212, port: 79e15c9a-e667-421e-ac36-b9e8bd52de22.
Jul 26 16:13:39.150242 dv-cinder-786260-11-smb neutron-server[93359]: DEBUG neutron.pecan_wsgi.hooks.policy_enforcement [req-9039dc55-5cc8-4e12-87a5-ef8eaa3e595a req-09ef608d-f3e8-4dbb-a687-7ce449c0cc7c tempest-AttachVolumeTestJSON-401233908 tempest-AttachVolumeTestJSON-401233908-project] Attributes excluded by policy engine: ['standard_attr_id', 'binding:profile', 'binding:host_id', 'binding:vif_type', 'binding:vif_details'] {{(pid=93359) _exclude_attributes_by_policy /opt/stack/neutron/neutron/pecan_wsgi/hooks/policy_enforcement.py:255}}
Jul 26 16:13:39.156313 dv-cinder-786260-11-smb neutron-server[93359]: INFO neutron.wsgi [req-9039dc55-5cc8-4e12-87a5-ef8eaa3e595a req-09ef608d-f3e8-4dbb-a687-7ce449c0cc7c tempest-AttachVolumeTestJSON-401233908 tempest-AttachVolumeTestJSON-401233908-project] 10.222.0.47 "GET /v2.0/ports?device_id=659f6cbc-3ca8-44fb-bbeb-773da43fa21b HTTP/1.1" status: 200 len: 945 time: 0.0784123
Jul 26 16:13:39.223993 dv-cinder-786260-11-smb neutron-server[93359]: INFO neutron.wsgi [req-9039dc55-5cc8-4e12-87a5-ef8eaa3e595a req-754ad33b-2bb4-4095-a692-dbb14eb79095 tempest-AttachVolumeTestJSON-401233908 tempest-AttachVolumeTestJSON-401233908-project] 10.222.0.47 "GET /v2.0/security-groups?id=8c1cc79e-ace6-487e-8adb-d546c29d8f81&fields=id&fields=name HTTP/1.1" status: 200 len: 312 time: 0.0544896
Jul 26 16:13:39.345082 dv-cinder-786260-11-smb neutron-server[93360]: DEBUG neutron.scheduler.l3_agent_scheduler [None req-f67aeb8c-fa6b-4fea-a8d4-2a7f5982fc75 tempest-AttachVolumeShelveTestJSON-1254561895 tempest-AttachVolumeShelveTestJSON-1254561895-project] Router b0345ec9-bca9-4cbe-a512-c6a117f2544c has already been hosted by L3 agent 4fe7bfe7-85d1-4a80-b4c8-2686659d3e75 {{(pid=93360) _get_candidates /opt/stack/neutron/neutron/scheduler/l3_agent_scheduler.py:127}}
Jul 26 16:13:39.457101 dv-cinder-786260-11-smb neutron-server[93360]: DEBUG neutron.api.rpc.agentnotifiers.l3_rpc_agent_api [None req-f67aeb8c-fa6b-4fea-a8d4-2a7f5982fc75 tempest-AttachVolumeShelveTestJSON-1254561895 tempest-AttachVolumeShelveTestJSON-1254561895-project] Notify agent at l3_agent.dv-cinder-786260-11-smb the message routers_updated {{(pid=93360) _agent_notification /opt/stack/neutron/neutron/api/rpc/agentnotifiers/l3_rpc_agent_api.py:65}}
Jul 26 16:13:39.462489 dv-cinder-786260-11-smb neutron-server[93360]: DEBUG neutron_lib.callbacks.manager [None req-f67aeb8c-fa6b-4fea-a8d4-2a7f5982fc75 tempest-AttachVolumeShelveTestJSON-1254561895 tempest-AttachVolumeShelveTestJSON-1254561895-project] Notify callbacks ['neutron.notifiers.nova.Notifier._send_nova_notification-260320'] for floatingip, before_response {{(pid=93360) _notify_loop /usr/local/lib/python3.8/dist-packages/neutron_lib/callbacks/manager.py:192}}
Jul 26 16:13:39.470079 dv-cinder-786260-11-smb neutron-server[93362]: DEBUG neutron.api.rpc.handlers.l3_rpc [None req-379a64a3-08e9-4b1e-90b6-4fe916d10c8e None None] Sync routers for ids ['b0345ec9-bca9-4cbe-a512-c6a117f2544c'] in dv-cinder-786260-11-smb {{(pid=93362) sync_routers /opt/stack/neutron/neutron/api/rpc/handlers/l3_rpc.py:125}}
Jul 26 16:13:39.480717 dv-cinder-786260-11-smb neutron-server[93362]: DEBUG neutron.db.l3_dvrscheduler_db [None req-379a64a3-08e9-4b1e-90b6-4fe916d10c8e None None] Routers {'b0345ec9-bca9-4cbe-a512-c6a117f2544c'} bound to L3 agent in host dv-cinder-786260-11-smb {{(pid=93362) _get_router_ids_for_agent /opt/stack/neutron/neutron/db/l3_dvrscheduler_db.py:420}}
Jul 26 16:13:39.481335 dv-cinder-786260-11-smb neutron-server[93362]: DEBUG neutron.db.l3_hamode_db [None req-379a64a3-08e9-4b1e-90b6-4fe916d10c8e None None] neutron.services.l3_router.l3_router_plugin.L3RouterPlugin method get_ha_sync_data_for_host called with arguments (, 'dv-cinder-786260-11-smb', Agent(admin_state_up=True,agent_type='L3 agent',availability_zone='nova',binary='neutron-l3-agent',configurations={"agent_mode": "legacy", "ex_gw_ports": 4, "extensions": [], "floating_ips": 0, "handle_internal_only_routers": true, "interface_driver": "openvswitch", "interfaces": 4, "log_agent_heartbeats": false, "routers": 4},created_at=2021-07-26T16:04:34Z,description=,heartbeat_timestamp=2021-07-26T16:13:34Z,host='dv-cinder-786260-11-smb',id=4fe7bfe7-85d1-4a80-b4c8-2686659d3e75,load=0,resource_versions=,resources_synced=,started_at=2021-07-26T16:04:34Z,topic='l3_agent')) {'router_ids': ['b0345ec9-bca9-4cbe-a512-c6a117f2544c'], 'active': True} {{(pid=93362) wrapper /usr/local/lib/python3.8/dist-packages/oslo_log/helpers.py:65}}
Jul 26 16:13:39.504323 dv-cinder-786260-11-smb neutron-server[93360]: INFO neutron.wsgi [None req-f67aeb8c-fa6b-4fea-a8d4-2a7f5982fc75 tempest-AttachVolumeShelveTestJSON-1254561895 tempest-AttachVolumeShelveTestJSON-1254561895-project] 10.222.0.47 "PUT /v2.0/floatingips/e5f535d8-ad79-4381-acd3-57549ff80d6c HTTP/1.1" status: 200 len: 992 time: 1.9456193
Jul 26 16:13:39.504323 dv-cinder-786260-11-smb neutron-server[93360]: DEBUG neutron.notifiers.nova [-] Sending events: [{'name': 'network-changed', 'server_uuid': 'db5ba303-772a-444e-bc2f-ed4f9e17b58f', 'tag': '79e15c9a-e667-421e-ac36-b9e8bd52de22'}] {{(pid=93360) send_events /opt/stack/neutron/neutron/notifiers/nova.py:262}}
Jul 26 16:13:39.504323 dv-cinder-786260-11-smb neutron-server[93360]: DEBUG novaclient.v2.client [-] REQ: curl -g -i --cacert "/opt/stack/data/ca-bundle.pem" -X POST http://10.222.0.47/compute/v2.1/os-server-external-events -H "Accept: application/json" -H "Content-Type: application/json" -H "User-Agent: python-novaclient" -H "X-Auth-Token: {SHA256}897594701c862a97eac9e695d9bc0082bde47d9ec7fd6c48afab8de3376bd3ac" -H "X-OpenStack-Nova-API-Version: 2.1" -H "X-OpenStack-Request-ID: req-82e06f90-0528-4bcf-8afb-b31ebfaf55ac" -d '{"events": [{"name": "network-changed", "server_uuid": "db5ba303-772a-444e-bc2f-ed4f9e17b58f", "tag": "79e15c9a-e667-421e-ac36-b9e8bd52de22"}]}' {{(pid=93360) _http_log_request /usr/local/lib/python3.8/dist-packages/keystoneauth1/session.py:519}}
Jul 26 16:13:39.543730 dv-cinder-786260-11-smb neutron-server[93360]: DEBUG novaclient.v2.client [-] RESP: [200] Connection: close Content-Length: 179 Content-Type: application/json Date: Mon, 26 Jul 2021 16:13:39 GMT OpenStack-API-Version: compute 2.1 Server: Apache/2.4.41 (Ubuntu) Vary: OpenStack-API-Version,X-OpenStack-Nova-API-Version X-OpenStack-Nova-API-Version: 2.1 x-compute-request-id: req-4971207e-9ed2-4484-904f-dd972f2a626f x-openstack-request-id: req-4971207e-9ed2-4484-904f-dd972f2a626f {{(pid=93360) _http_log_response /usr/local/lib/python3.8/dist-packages/keystoneauth1/session.py:550}}
Jul 26 16:13:39.544015 dv-cinder-786260-11-smb neutron-server[93360]: DEBUG novaclient.v2.client [-] RESP BODY: {"events": [{"name": "network-changed", "server_uuid": "db5ba303-772a-444e-bc2f-ed4f9e17b58f", "tag": "79e15c9a-e667-421e-ac36-b9e8bd52de22", "status": "completed", "code": 200}]} {{(pid=93360) _http_log_response /usr/local/lib/python3.8/dist-packages/keystoneauth1/session.py:582}}
Jul 26 16:13:39.544462 dv-cinder-786260-11-smb neutron-server[93360]: DEBUG novaclient.v2.client [-] POST call to compute for http://10.222.0.47/compute/v2.1/os-server-external-events used request id req-4971207e-9ed2-4484-904f-dd972f2a626f {{(pid=93360) request /usr/local/lib/python3.8/dist-packages/keystoneauth1/session.py:954}}
Jul 26 16:13:39.545053 dv-cinder-786260-11-smb neutron-server[93360]: INFO neutron.notifiers.nova [-] Nova event response: {'name': 'network-changed', 'server_uuid': 'db5ba303-772a-444e-bc2f-ed4f9e17b58f', 'tag': '79e15c9a-e667-421e-ac36-b9e8bd52de22', 'status': 'completed', 'code': 200}
Jul 26 16:13:39.623048 dv-cinder-786260-11-smb neutron-server[93362]: DEBUG neutron.db.l3_dvr_db [None req-379a64a3-08e9-4b1e-90b6-4fe916d10c8e None None] Set router b0345ec9-bca9-4cbe-a512-c6a117f2544c gateway port host: dv-cinder-786260-11-smb {{(pid=93362) _build_routers_list /opt/stack/neutron/neutron/db/l3_dvr_db.py:894}}
Jul 26 16:13:39.707891 dv-cinder-786260-11-smb neutron-server[93359]: DEBUG neutron.pecan_wsgi.hooks.policy_enforcement [req-82e06f90-0528-4bcf-8afb-b31ebfaf55ac req-670a8832-2613-45a4-8256-ff9c66dda3d9 service neutron] Attributes excluded by policy engine: ['standard_attr_id'] {{(pid=93359) _exclude_attributes_by_policy /opt/stack/neutron/neutron/pecan_wsgi/hooks/policy_enforcement.py:255}}
Jul 26 16:13:39.709492 dv-cinder-786260-11-smb neutron-server[93359]: INFO neutron.wsgi [req-82e06f90-0528-4bcf-8afb-b31ebfaf55ac req-670a8832-2613-45a4-8256-ff9c66dda3d9 service neutron] 10.222.0.49 "GET /v2.0/ports?tenant_id=9046cafa129646559937a84a881f9359&device_id=db5ba303-772a-444e-bc2f-ed4f9e17b58f HTTP/1.1" status: 200 len: 1099 time: 0.0677092
Jul 26 16:13:39.842698 dv-cinder-786260-11-smb neutron-server[93359]: DEBUG neutron.pecan_wsgi.hooks.policy_enforcement [req-82e06f90-0528-4bcf-8afb-b31ebfaf55ac req-a6217162-127b-44b2-b015-8da4c15af227 service neutron] Attributes excluded by policy engine: ['standard_attr_id', 'vlan_transparent'] {{(pid=93359) _exclude_attributes_by_policy /opt/stack/neutron/neutron/pecan_wsgi/hooks/policy_enforcement.py:255}}
Jul 26 16:13:39.844597 dv-cinder-786260-11-smb neutron-server[93359]: INFO neutron.wsgi [req-82e06f90-0528-4bcf-8afb-b31ebfaf55ac req-a6217162-127b-44b2-b015-8da4c15af227 service neutron] 10.222.0.49 "GET /v2.0/networks?id=a08a8052-e2f0-40c6-8d46-d0bbf990e2d0 HTTP/1.1" status: 200 len: 917 time: 0.1262538
