May 10 11:24:07.746819 dv-cinder-784956-5-smb devstack@placement-api.service[79160]: DEBUG placement.objects.research_context [req-723c8693-d4e8-4973-9011-d224a2cf8a2c req-a0394c55-12c1-40ab-a8c0-65d16f80a6a1 service placement] found 1 providers after filtering by previous result {{(pid=79160) get_provider_ids_matching /opt/stack/placement/placement/objects/research_context.py:580}}
May 10 11:24:07.762875 dv-cinder-784956-5-smb devstack@placement-api.service[79160]: DEBUG placement.objects.allocation_candidate [req-723c8693-d4e8-4973-9011-d224a2cf8a2c req-a0394c55-12c1-40ab-a8c0-65d16f80a6a1 service placement] RequestGroup(use_same_provider=False, resources={DISK_GB:1, MEMORY_MB:1024, VCPU:1}, traits=[], aggregates=[]) (suffix '') returned 1 matches {{(pid=79160) _get_by_requests /opt/stack/placement/placement/objects/allocation_candidate.py:145}}
May 10 11:24:07.763565 dv-cinder-784956-5-smb devstack@placement-api.service[79160]: DEBUG placement.objects.allocation_candidate [req-723c8693-d4e8-4973-9011-d224a2cf8a2c req-a0394c55-12c1-40ab-a8c0-65d16f80a6a1 service placement] Merging candidates yields 1 allocation requests and 1 provider summaries {{(pid=79160) _merge_candidates /opt/stack/placement/placement/objects/allocation_candidate.py:783}}
May 10 11:24:07.766292 dv-cinder-784956-5-smb devstack@placement-api.service[79160]: INFO placement.requestlog [req-723c8693-d4e8-4973-9011-d224a2cf8a2c req-a0394c55-12c1-40ab-a8c0-65d16f80a6a1 service placement] 10.222.0.26 "GET /placement/allocation_candidates?limit=1000&resources=DISK_GB%3A1%2CMEMORY_MB%3A1024%2CVCPU%3A1&root_required=%21COMPUTE_STATUS_DISABLED" status: 200 len: 767 microversion: 1.35
May 10 11:24:07.766784 dv-cinder-784956-5-smb devstack@placement-api.service[79160]: [pid: 79160|app: 0|req: 11/23] 10.222.0.26 () {60 vars in 1506 bytes} [Mon May 10 11:24:07 2021] GET /placement/allocation_candidates?limit=1000&resources=DISK_GB%3A1%2CMEMORY_MB%3A1024%2CVCPU%3A1&root_required=%21COMPUTE_STATUS_DISABLED => generated 767 bytes in 145 msecs (HTTP/1.1 200) 8 headers in 296 bytes (1 switches on core 0)
May 10 11:24:07.845294 dv-cinder-784956-5-smb devstack@placement-api.service[79159]: DEBUG placement.requestlog [req-723c8693-d4e8-4973-9011-d224a2cf8a2c req-6cae42e8-e4f4-48d0-bc48-478eb78fb4d2 None None] Starting request: 10.222.0.26 "GET /placement/allocations/7c3162c7-7a3c-4135-8726-926187ab4e98" {{(pid=79159) __call__ /opt/stack/placement/placement/requestlog.py:55}}
May 10 11:24:07.862796 dv-cinder-784956-5-smb devstack@placement-api.service[79159]: INFO placement.requestlog [req-723c8693-d4e8-4973-9011-d224a2cf8a2c req-6cae42e8-e4f4-48d0-bc48-478eb78fb4d2 service placement] 10.222.0.26 "GET /placement/allocations/7c3162c7-7a3c-4135-8726-926187ab4e98" status: 200 len: 19 microversion: 1.28
May 10 11:24:07.864196 dv-cinder-784956-5-smb devstack@placement-api.service[79159]: [pid: 79159|app: 0|req: 13/24] 10.222.0.26 () {60 vars in 1380 bytes} [Mon May 10 11:24:07 2021] GET /placement/allocations/7c3162c7-7a3c-4135-8726-926187ab4e98 => generated 19 bytes in 19 msecs (HTTP/1.1 200) 8 headers in 295 bytes (1 switches on core 0)
May 10 11:24:07.869598 dv-cinder-784956-5-smb devstack@placement-api.service[79160]: DEBUG placement.requestlog [req-723c8693-d4e8-4973-9011-d224a2cf8a2c req-3dc6dfc6-81c3-45e6-ba50-200ebbeee43d None None] Starting request: 10.222.0.26 "PUT /placement/allocations/7c3162c7-7a3c-4135-8726-926187ab4e98" {{(pid=79160) __call__ /opt/stack/placement/placement/requestlog.py:55}}
May 10 11:24:08.006087 dv-cinder-784956-5-smb devstack@placement-api.service[79160]: DEBUG placement.handlers.allocation [req-723c8693-d4e8-4973-9011-d224a2cf8a2c req-3dc6dfc6-81c3-45e6-ba50-200ebbeee43d service placement] Successfully wrote allocations [, , ] {{(pid=79160) _create_allocations /opt/stack/placement/placement/handlers/allocation.py:435}}
May 10 11:24:08.006709 dv-cinder-784956-5-smb devstack@placement-api.service[79160]: INFO placement.requestlog [req-723c8693-d4e8-4973-9011-d224a2cf8a2c req-3dc6dfc6-81c3-45e6-ba50-200ebbeee43d service placement] 10.222.0.26 "PUT /placement/allocations/7c3162c7-7a3c-4135-8726-926187ab4e98" status: 204 len: 0 microversion: 1.35
May 10 11:24:08.007012 dv-cinder-784956-5-smb devstack@placement-api.service[79160]: [pid: 79160|app: 0|req: 12/25] 10.222.0.26 () {64 vars in 1433 bytes} [Mon May 10 11:24:07 2021] PUT /placement/allocations/7c3162c7-7a3c-4135-8726-926187ab4e98 => generated 0 bytes in 138 msecs (HTTP/1.1 204) 5 headers in 199 bytes (1 switches on core 0)
May 10 11:24:08.570654 dv-cinder-784956-5-smb devstack@placement-api.service[79159]: DEBUG placement.requestlog [req-723c8693-d4e8-4973-9011-d224a2cf8a2c req-7b536a8e-cab6-4c6f-8b11-4356fd3d70e9 None None] Starting request: 10.222.0.23 "GET /placement/allocations/7c3162c7-7a3c-4135-8726-926187ab4e98" {{(pid=79159) __call__ /opt/stack/placement/placement/requestlog.py:55}}
May 10 11:24:08.589688 dv-cinder-784956-5-smb devstack@placement-api.service[79159]: INFO placement.requestlog [req-723c8693-d4e8-4973-9011-d224a2cf8a2c req-7b536a8e-cab6-4c6f-8b11-4356fd3d70e9 service placement] 10.222.0.23 "GET /placement/allocations/7c3162c7-7a3c-4135-8726-926187ab4e98" status: 200 len: 258 microversion: 1.28
May 10 11:24:08.590653 dv-cinder-784956-5-smb devstack@placement-api.service[79159]: [pid: 79159|app: 0|req: 14/26] 10.222.0.23 () {60 vars in 1378 bytes} [Mon May 10 11:24:08 2021] GET /placement/allocations/7c3162c7-7a3c-4135-8726-926187ab4e98 => generated 258 bytes in 20 msecs (HTTP/1.1 200) 8 headers in 296 bytes (1 switches on core 0)
May 10 11:24:09.657387 dv-cinder-784956-5-smb devstack@placement-api.service[79160]: DEBUG placement.requestlog [req-10c697fb-9fd2-4de4-8d39-3afae486fb8d req-4e61da14-5c55-46e4-88a7-41355563f4c2 None None] Starting request: 10.222.0.26 "GET /placement/allocation_candidates?limit=1000&resources=DISK_GB%3A1%2CMEMORY_MB%3A1024%2CVCPU%3A1&root_required=%21COMPUTE_STATUS_DISABLED" {{(pid=79160) __call__ /opt/stack/placement/placement/requestlog.py:55}}
May 10 11:24:09.734227 dv-cinder-784956-5-smb devstack@placement-api.service[79160]: DEBUG placement.objects.research_context [req-10c697fb-9fd2-4de4-8d39-3afae486fb8d req-4e61da14-5c55-46e4-88a7-41355563f4c2 service placement] getting providers with 1 DISK_GB {{(pid=79160) __init__ /opt/stack/placement/placement/objects/research_context.py:126}}
May 10 11:24:09.753019 dv-cinder-784956-5-smb devstack@placement-api.service[79160]: DEBUG placement.objects.research_context [req-10c697fb-9fd2-4de4-8d39-3afae486fb8d req-4e61da14-5c55-46e4-88a7-41355563f4c2 service placement] getting providers with 1024 MEMORY_MB {{(pid=79160) __init__ /opt/stack/placement/placement/objects/research_context.py:126}}
May 10 11:24:09.767020 dv-cinder-784956-5-smb devstack@placement-api.service[79160]: DEBUG placement.objects.research_context [req-10c697fb-9fd2-4de4-8d39-3afae486fb8d req-4e61da14-5c55-46e4-88a7-41355563f4c2 service placement] getting providers with 1 VCPU {{(pid=79160) __init__ /opt/stack/placement/placement/objects/research_context.py:126}}
May 10 11:24:09.778279 dv-cinder-784956-5-smb devstack@placement-api.service[79160]: DEBUG placement.objects.research_context [req-10c697fb-9fd2-4de4-8d39-3afae486fb8d req-4e61da14-5c55-46e4-88a7-41355563f4c2 service placement] found 1 providers with available 1 DISK_GB {{(pid=79160) get_provider_ids_matching /opt/stack/placement/placement/objects/research_context.py:549}}
May 10 11:24:09.779884 dv-cinder-784956-5-smb devstack@placement-api.service[79160]: DEBUG placement.objects.research_context [req-10c697fb-9fd2-4de4-8d39-3afae486fb8d req-4e61da14-5c55-46e4-88a7-41355563f4c2 service placement] found 1 providers with available 1024 MEMORY_MB {{(pid=79160) get_provider_ids_matching /opt/stack/placement/placement/objects/research_context.py:549}}
May 10 11:24:09.781652 dv-cinder-784956-5-smb devstack@placement-api.service[79160]: DEBUG placement.objects.research_context [req-10c697fb-9fd2-4de4-8d39-3afae486fb8d req-4e61da14-5c55-46e4-88a7-41355563f4c2 service placement] found 1 providers after filtering by previous result {{(pid=79160) get_provider_ids_matching /opt/stack/placement/placement/objects/research_context.py:580}}
May 10 11:24:09.781928 dv-cinder-784956-5-smb devstack@placement-api.service[79160]: DEBUG placement.objects.research_context [req-10c697fb-9fd2-4de4-8d39-3afae486fb8d req-4e61da14-5c55-46e4-88a7-41355563f4c2 service placement] found 1 providers with available 1 VCPU {{(pid=79160) get_provider_ids_matching /opt/stack/placement/placement/objects/research_context.py:549}}
May 10 11:24:09.783336 dv-cinder-784956-5-smb devstack@placement-api.service[79160]: DEBUG placement.objects.research_context [req-10c697fb-9fd2-4de4-8d39-3afae486fb8d req-4e61da14-5c55-46e4-88a7-41355563f4c2 service placement] found 1 providers after filtering by previous result {{(pid=79160) get_provider_ids_matching /opt/stack/placement/placement/objects/research_context.py:580}}
May 10 11:24:09.810434 dv-cinder-784956-5-smb devstack@placement-api.service[79160]: DEBUG placement.objects.allocation_candidate [req-10c697fb-9fd2-4de4-8d39-3afae486fb8d req-4e61da14-5c55-46e4-88a7-41355563f4c2 service placement] RequestGroup(use_same_provider=False, resources={DISK_GB:1, MEMORY_MB:1024, VCPU:1}, traits=[], aggregates=[]) (suffix '') returned 1 matches {{(pid=79160) _get_by_requests /opt/stack/placement/placement/objects/allocation_candidate.py:145}}
May 10 11:24:09.811885 dv-cinder-784956-5-smb devstack@placement-api.service[79160]: DEBUG placement.objects.allocation_candidate [req-10c697fb-9fd2-4de4-8d39-3afae486fb8d req-4e61da14-5c55-46e4-88a7-41355563f4c2 service placement] Merging candidates yields 1 allocation requests and 1 provider summaries {{(pid=79160) _merge_candidates /opt/stack/placement/placement/objects/allocation_candidate.py:783}}
May 10 11:24:09.814083 dv-cinder-784956-5-smb devstack@placement-api.service[79160]: INFO placement.requestlog [req-10c697fb-9fd2-4de4-8d39-3afae486fb8d req-4e61da14-5c55-46e4-88a7-41355563f4c2 service placement] 10.222.0.26 "GET /placement/allocation_candidates?limit=1000&resources=DISK_GB%3A1%2CMEMORY_MB%3A1024%2CVCPU%3A1&root_required=%21COMPUTE_STATUS_DISABLED" status: 200 len: 767 microversion: 1.35
May 10 11:24:09.820669 dv-cinder-784956-5-smb devstack@placement-api.service[79160]: [pid: 79160|app: 0|req: 13/27] 10.222.0.26 () {60 vars in 1506 bytes} [Mon May 10 11:24:09 2021] GET /placement/allocation_candidates?limit=1000&resources=DISK_GB%3A1%2CMEMORY_MB%3A1024%2CVCPU%3A1&root_required=%21COMPUTE_STATUS_DISABLED => generated 767 bytes in 159 msecs (HTTP/1.1 200) 8 headers in 296 bytes (1 switches on core 0)
May 10 11:24:09.916635 dv-cinder-784956-5-smb devstack@placement-api.service[79159]: DEBUG placement.requestlog [req-10c697fb-9fd2-4de4-8d39-3afae486fb8d req-684bb5bf-8c52-476f-a4fd-2efc6d2fbefc None None] Starting request: 10.222.0.26 "GET /placement/allocations/2b0e7c39-4122-49b8-afbb-b02fb53384b8" {{(pid=79159) __call__ /opt/stack/placement/placement/requestlog.py:55}}
May 10 11:24:09.935235 dv-cinder-784956-5-smb devstack@placement-api.service[79159]: INFO placement.requestlog [req-10c697fb-9fd2-4de4-8d39-3afae486fb8d req-684bb5bf-8c52-476f-a4fd-2efc6d2fbefc service placement] 10.222.0.26 "GET /placement/allocations/2b0e7c39-4122-49b8-afbb-b02fb53384b8" status: 200 len: 19 microversion: 1.28
May 10 11:24:09.943024 dv-cinder-784956-5-smb devstack@placement-api.service[79160]: DEBUG placement.requestlog [req-10c697fb-9fd2-4de4-8d39-3afae486fb8d req-594e2cc9-7e90-45b4-8d2f-2a50f3386d8b None None] Starting request: 10.222.0.26 "PUT /placement/allocations/2b0e7c39-4122-49b8-afbb-b02fb53384b8" {{(pid=79160) __call__ /opt/stack/placement/placement/requestlog.py:55}}
May 10 11:24:09.953195 dv-cinder-784956-5-smb devstack@placement-api.service[79159]: [pid: 79159|app: 0|req: 15/28] 10.222.0.26 () {60 vars in 1380 bytes} [Mon May 10 11:24:09 2021] GET /placement/allocations/2b0e7c39-4122-49b8-afbb-b02fb53384b8 => generated 19 bytes in 37 msecs (HTTP/1.1 200) 8 headers in 295 bytes (1 switches on core 0)
May 10 11:24:10.059790 dv-cinder-784956-5-smb devstack@placement-api.service[79160]: DEBUG placement.handlers.allocation [req-10c697fb-9fd2-4de4-8d39-3afae486fb8d req-594e2cc9-7e90-45b4-8d2f-2a50f3386d8b service placement] Successfully wrote allocations [, , ] {{(pid=79160) _create_allocations /opt/stack/placement/placement/handlers/allocation.py:435}}
May 10 11:24:10.060623 dv-cinder-784956-5-smb devstack@placement-api.service[79160]: INFO placement.requestlog [req-10c697fb-9fd2-4de4-8d39-3afae486fb8d req-594e2cc9-7e90-45b4-8d2f-2a50f3386d8b service placement] 10.222.0.26 "PUT /placement/allocations/2b0e7c39-4122-49b8-afbb-b02fb53384b8" status: 204 len: 0 microversion: 1.35
May 10 11:24:10.061545 dv-cinder-784956-5-smb devstack@placement-api.service[79160]: [pid: 79160|app: 0|req: 14/29] 10.222.0.26 () {64 vars in 1433 bytes} [Mon May 10 11:24:09 2021] PUT /placement/allocations/2b0e7c39-4122-49b8-afbb-b02fb53384b8 => generated 0 bytes in 119 msecs (HTTP/1.1 204) 5 headers in 199 bytes (2 switches on core 0)
May 10 11:24:10.747834 dv-cinder-784956-5-smb devstack@placement-api.service[79159]: DEBUG placement.requestlog [req-10c697fb-9fd2-4de4-8d39-3afae486fb8d req-6745b38d-a89f-41ee-a402-a61272cd1df2 None None] Starting request: 10.222.0.23 "GET /placement/allocations/2b0e7c39-4122-49b8-afbb-b02fb53384b8" {{(pid=79159) __call__ /opt/stack/placement/placement/requestlog.py:55}}
May 10 11:24:10.766840 dv-cinder-784956-5-smb devstack@placement-api.service[79159]: INFO placement.requestlog [req-10c697fb-9fd2-4de4-8d39-3afae486fb8d req-6745b38d-a89f-41ee-a402-a61272cd1df2 service placement] 10.222.0.23 "GET /placement/allocations/2b0e7c39-4122-49b8-afbb-b02fb53384b8" status: 200 len: 258 microversion: 1.28
May 10 11:24:10.767460 dv-cinder-784956-5-smb devstack@placement-api.service[79159]: [pid: 79159|app: 0|req: 16/30] 10.222.0.23 () {60 vars in 1378 bytes} [Mon May 10 11:24:10 2021] GET /placement/allocations/2b0e7c39-4122-49b8-afbb-b02fb53384b8 => generated 258 bytes in 20 msecs (HTTP/1.1 200) 8 headers in 296 bytes (1 switches on core 0)
May 10 11:24:14.737425 dv-cinder-784956-5-smb devstack@placement-api.service[79160]: DEBUG placement.requestlog [req-c112e966-7fbf-4ef6-9c7c-c9d1bac229a1 req-a4ffe72c-e0aa-4fe2-accd-8be8f5bd70df None None] Starting request: 10.222.0.26 "GET /placement/allocation_candidates?limit=1000&resources=DISK_GB%3A1%2CMEMORY_MB%3A1024%2CVCPU%3A1&root_required=%21COMPUTE_STATUS_DISABLED" {{(pid=79160) __call__ /opt/stack/placement/placement/requestlog.py:55}}
May 10 11:24:14.807937 dv-cinder-784956-5-smb devstack@placement-api.service[79160]: DEBUG placement.objects.research_context [req-c112e966-7fbf-4ef6-9c7c-c9d1bac229a1 req-a4ffe72c-e0aa-4fe2-accd-8be8f5bd70df service placement] getting providers with 1 DISK_GB {{(pid=79160) __init__ /opt/stack/placement/placement/objects/research_context.py:126}}
May 10 11:24:14.824091 dv-cinder-784956-5-smb devstack@placement-api.service[79160]: DEBUG placement.objects.research_context [req-c112e966-7fbf-4ef6-9c7c-c9d1bac229a1 req-a4ffe72c-e0aa-4fe2-accd-8be8f5bd70df service placement] getting providers with 1024 MEMORY_MB {{(pid=79160) __init__ /opt/stack/placement/placement/objects/research_context.py:126}}
May 10 11:24:14.847474 dv-cinder-784956-5-smb devstack@placement-api.service[79160]: DEBUG placement.objects.research_context [req-c112e966-7fbf-4ef6-9c7c-c9d1bac229a1 req-a4ffe72c-e0aa-4fe2-accd-8be8f5bd70df service placement] getting providers with 1 VCPU {{(pid=79160) __init__ /opt/stack/placement/placement/objects/research_context.py:126}}
May 10 11:24:14.857172 dv-cinder-784956-5-smb devstack@placement-api.service[79160]: DEBUG placement.objects.research_context [req-c112e966-7fbf-4ef6-9c7c-c9d1bac229a1 req-a4ffe72c-e0aa-4fe2-accd-8be8f5bd70df service placement] found 1 providers with available 1 DISK_GB {{(pid=79160) get_provider_ids_matching /opt/stack/placement/placement/objects/research_context.py:549}}
May 10 11:24:14.857791 dv-cinder-784956-5-smb devstack@placement-api.service[79160]: DEBUG placement.objects.research_context [req-c112e966-7fbf-4ef6-9c7c-c9d1bac229a1 req-a4ffe72c-e0aa-4fe2-accd-8be8f5bd70df service placement] found 1 providers with available 1024 MEMORY_MB {{(pid=79160) get_provider_ids_matching /opt/stack/placement/placement/objects/research_context.py:549}}
May 10 11:24:14.858354 dv-cinder-784956-5-smb devstack@placement-api.service[79160]: DEBUG placement.objects.research_context [req-c112e966-7fbf-4ef6-9c7c-c9d1bac229a1 req-a4ffe72c-e0aa-4fe2-accd-8be8f5bd70df service placement] found 1 providers after filtering by previous result {{(pid=79160) get_provider_ids_matching /opt/stack/placement/placement/objects/research_context.py:580}}
May 10 11:24:14.859138 dv-cinder-784956-5-smb devstack@placement-api.service[79160]: DEBUG placement.objects.research_context [req-c112e966-7fbf-4ef6-9c7c-c9d1bac229a1 req-a4ffe72c-e0aa-4fe2-accd-8be8f5bd70df service placement] found 1 providers with available 1 VCPU {{(pid=79160) get_provider_ids_matching /opt/stack/placement/placement/objects/research_context.py:549}}
May 10 11:24:14.859860 dv-cinder-784956-5-smb devstack@placement-api.service[79160]: DEBUG placement.objects.research_context [req-c112e966-7fbf-4ef6-9c7c-c9d1bac229a1 req-a4ffe72c-e0aa-4fe2-accd-8be8f5bd70df service placement] found 1 providers after filtering by previous result {{(pid=79160) get_provider_ids_matching /opt/stack/placement/placement/objects/research_context.py:580}}
May 10 11:24:14.877758 dv-cinder-784956-5-smb devstack@placement-api.service[79160]: DEBUG placement.objects.allocation_candidate [req-c112e966-7fbf-4ef6-9c7c-c9d1bac229a1 req-a4ffe72c-e0aa-4fe2-accd-8be8f5bd70df service placement] RequestGroup(use_same_provider=False, resources={DISK_GB:1, MEMORY_MB:1024, VCPU:1}, traits=[], aggregates=[]) (suffix '') returned 1 matches {{(pid=79160) _get_by_requests /opt/stack/placement/placement/objects/allocation_candidate.py:145}}
May 10 11:24:14.878344 dv-cinder-784956-5-smb devstack@placement-api.service[79160]: DEBUG placement.objects.allocation_candidate [req-c112e966-7fbf-4ef6-9c7c-c9d1bac229a1 req-a4ffe72c-e0aa-4fe2-accd-8be8f5bd70df service placement] Merging candidates yields 1 allocation requests and 1 provider summaries {{(pid=79160) _merge_candidates /opt/stack/placement/placement/objects/allocation_candidate.py:783}}
May 10 11:24:14.880595 dv-cinder-784956-5-smb devstack@placement-api.service[79160]: INFO placement.requestlog [req-c112e966-7fbf-4ef6-9c7c-c9d1bac229a1 req-a4ffe72c-e0aa-4fe2-accd-8be8f5bd70df service placement] 10.222.0.26 "GET /placement/allocation_candidates?limit=1000&resources=DISK_GB%3A1%2CMEMORY_MB%3A1024%2CVCPU%3A1&root_required=%21COMPUTE_STATUS_DISABLED" status: 200 len: 767 microversion: 1.35
May 10 11:24:14.881461 dv-cinder-784956-5-smb devstack@placement-api.service[79160]: [pid: 79160|app: 0|req: 15/31] 10.222.0.26 () {60 vars in 1506 bytes} [Mon May 10 11:24:14 2021] GET /placement/allocation_candidates?limit=1000&resources=DISK_GB%3A1%2CMEMORY_MB%3A1024%2CVCPU%3A1&root_required=%21COMPUTE_STATUS_DISABLED => generated 767 bytes in 144 msecs (HTTP/1.1 200) 8 headers in 296 bytes (1 switches on core 0)
May 10 11:24:15.060668 dv-cinder-784956-5-smb devstack@placement-api.service[79159]: DEBUG placement.requestlog [req-c112e966-7fbf-4ef6-9c7c-c9d1bac229a1 req-c214f6cc-b81a-416a-b5a3-0811e2b1902a None None] Starting request: 10.222.0.26 "GET /placement/allocations/cdea4abc-8d1d-427d-a22f-4470cf541925" {{(pid=79159) __call__ /opt/stack/placement/placement/requestlog.py:55}}
May 10 11:24:15.081243 dv-cinder-784956-5-smb devstack@placement-api.service[79159]: INFO placement.requestlog [req-c112e966-7fbf-4ef6-9c7c-c9d1bac229a1 req-c214f6cc-b81a-416a-b5a3-0811e2b1902a service placement] 10.222.0.26 "GET /placement/allocations/cdea4abc-8d1d-427d-a22f-4470cf541925" status: 200 len: 19 microversion: 1.28
May 10 11:24:15.082016 dv-cinder-784956-5-smb devstack@placement-api.service[79159]: [pid: 79159|app: 0|req: 17/32] 10.222.0.26 () {60 vars in 1380 bytes} [Mon May 10 11:24:15 2021] GET /placement/allocations/cdea4abc-8d1d-427d-a22f-4470cf541925 => generated 19 bytes in 22 msecs (HTTP/1.1 200) 8 headers in 295 bytes (1 switches on core 0)
May 10 11:24:15.096206 dv-cinder-784956-5-smb devstack@placement-api.service[79160]: DEBUG placement.requestlog [req-c112e966-7fbf-4ef6-9c7c-c9d1bac229a1 req-859df15c-ac33-4acc-8b59-0aa7a73ee074 None None] Starting request: 10.222.0.26 "PUT /placement/allocations/cdea4abc-8d1d-427d-a22f-4470cf541925" {{(pid=79160) __call__ /opt/stack/placement/placement/requestlog.py:55}}
May 10 11:24:15.216030 dv-cinder-784956-5-smb devstack@placement-api.service[79160]: DEBUG placement.handlers.allocation [req-c112e966-7fbf-4ef6-9c7c-c9d1bac229a1 req-859df15c-ac33-4acc-8b59-0aa7a73ee074 service placement] Successfully wrote allocations [, , ] {{(pid=79160) _create_allocations /opt/stack/placement/placement/handlers/allocation.py:435}}
May 10 11:24:15.216542 dv-cinder-784956-5-smb devstack@placement-api.service[79160]: INFO placement.requestlog [req-c112e966-7fbf-4ef6-9c7c-c9d1bac229a1 req-859df15c-ac33-4acc-8b59-0aa7a73ee074 service placement] 10.222.0.26 "PUT /placement/allocations/cdea4abc-8d1d-427d-a22f-4470cf541925" status: 204 len: 0 microversion: 1.35
May 10 11:24:15.218635 dv-cinder-784956-5-smb devstack@placement-api.service[79160]: [pid: 79160|app: 0|req: 16/33] 10.222.0.26 () {64 vars in 1433 bytes} [Mon May 10 11:24:15 2021] PUT /placement/allocations/cdea4abc-8d1d-427d-a22f-4470cf541925 => generated 0 bytes in 122 msecs (HTTP/1.1 204) 5 headers in 199 bytes (1 switches on core 0)
May 10 11:24:15.932883 dv-cinder-784956-5-smb devstack@placement-api.service[79159]: DEBUG placement.requestlog [req-c112e966-7fbf-4ef6-9c7c-c9d1bac229a1 req-93fc927b-1333-437d-8f97-219fd8d8b48e None None] Starting request: 10.222.0.23 "GET /placement/allocations/cdea4abc-8d1d-427d-a22f-4470cf541925" {{(pid=79159) __call__ /opt/stack/placement/placement/requestlog.py:55}}
May 10 11:24:15.982553 dv-cinder-784956-5-smb devstack@placement-api.service[79159]: INFO placement.requestlog [req-c112e966-7fbf-4ef6-9c7c-c9d1bac229a1 req-93fc927b-1333-437d-8f97-219fd8d8b48e service placement] 10.222.0.23 "GET /placement/allocations/cdea4abc-8d1d-427d-a22f-4470cf541925" status: 200 len: 258 microversion: 1.28
May 10 11:24:15.983066 dv-cinder-784956-5-smb devstack@placement-api.service[79159]: [pid: 79159|app: 0|req: 18/34] 10.222.0.23 () {60 vars in 1378 bytes} [Mon May 10 11:24:15 2021] GET /placement/allocations/cdea4abc-8d1d-427d-a22f-4470cf541925 => generated 258 bytes in 50 msecs (HTTP/1.1 200) 8 headers in 296 bytes (1 switches on core 0)
May 10 11:24:21.317258 dv-cinder-784956-5-smb devstack@placement-api.service[79160]: DEBUG placement.requestlog [req-3e59170f-51f7-4529-8640-72b66169c2ff req-32393594-29f6-4a5a-b993-9e33b619c1b5 None None] Starting request: 10.222.0.26 "GET /placement/allocation_candidates?limit=1000&resources=DISK_GB%3A1%2CMEMORY_MB%3A1024%2CVCPU%3A1&root_required=%21COMPUTE_STATUS_DISABLED" {{(pid=79160) __call__ /opt/stack/placement/placement/requestlog.py:55}}
May 10 11:24:21.381837 dv-cinder-784956-5-smb devstack@placement-api.service[79160]: DEBUG placement.objects.research_context [req-3e59170f-51f7-4529-8640-72b66169c2ff req-32393594-29f6-4a5a-b993-9e33b619c1b5 service placement] getting providers with 1 DISK_GB {{(pid=79160) __init__ /opt/stack/placement/placement/objects/research_context.py:126}}
May 10 11:24:21.397237 dv-cinder-784956-5-smb devstack@placement-api.service[79160]: DEBUG placement.objects.research_context [req-3e59170f-51f7-4529-8640-72b66169c2ff req-32393594-29f6-4a5a-b993-9e33b619c1b5 service placement] getting providers with 1024 MEMORY_MB {{(pid=79160) __init__ /opt/stack/placement/placement/objects/research_context.py:126}}
May 10 11:24:21.406260 dv-cinder-784956-5-smb devstack@placement-api.service[79160]: DEBUG placement.objects.research_context [req-3e59170f-51f7-4529-8640-72b66169c2ff req-32393594-29f6-4a5a-b993-9e33b619c1b5 service placement] getting providers with 1 VCPU {{(pid=79160) __init__ /opt/stack/placement/placement/objects/research_context.py:126}}
May 10 11:24:21.418433 dv-cinder-784956-5-smb devstack@placement-api.service[79160]: DEBUG placement.objects.research_context [req-3e59170f-51f7-4529-8640-72b66169c2ff req-32393594-29f6-4a5a-b993-9e33b619c1b5 service placement] found 1 providers with available 1 DISK_GB {{(pid=79160) get_provider_ids_matching /opt/stack/placement/placement/objects/research_context.py:549}}
May 10 11:24:21.419083 dv-cinder-784956-5-smb devstack@placement-api.service[79160]: DEBUG placement.objects.research_context [req-3e59170f-51f7-4529-8640-72b66169c2ff req-32393594-29f6-4a5a-b993-9e33b619c1b5 service placement] found 1 providers with available 1024 MEMORY_MB {{(pid=79160) get_provider_ids_matching /opt/stack/placement/placement/objects/research_context.py:549}}
May 10 11:24:21.419816 dv-cinder-784956-5-smb devstack@placement-api.service[79160]: DEBUG placement.objects.research_context [req-3e59170f-51f7-4529-8640-72b66169c2ff req-32393594-29f6-4a5a-b993-9e33b619c1b5 service placement] found 1 providers after filtering by previous result {{(pid=79160) get_provider_ids_matching /opt/stack/placement/placement/objects/research_context.py:580}}
May 10 11:24:21.420311 dv-cinder-784956-5-smb devstack@placement-api.service[79160]: DEBUG placement.objects.research_context [req-3e59170f-51f7-4529-8640-72b66169c2ff req-32393594-29f6-4a5a-b993-9e33b619c1b5 service placement] found 1 providers with available 1 VCPU {{(pid=79160) get_provider_ids_matching /opt/stack/placement/placement/objects/research_context.py:549}}
May 10 11:24:21.420988 dv-cinder-784956-5-smb devstack@placement-api.service[79160]: DEBUG placement.objects.research_context [req-3e59170f-51f7-4529-8640-72b66169c2ff req-32393594-29f6-4a5a-b993-9e33b619c1b5 service placement] found 1 providers after filtering by previous result {{(pid=79160) get_provider_ids_matching /opt/stack/placement/placement/objects/research_context.py:580}}
May 10 11:24:21.440052 dv-cinder-784956-5-smb devstack@placement-api.service[79160]: DEBUG placement.objects.allocation_candidate [req-3e59170f-51f7-4529-8640-72b66169c2ff req-32393594-29f6-4a5a-b993-9e33b619c1b5 service placement] RequestGroup(use_same_provider=False, resources={DISK_GB:1, MEMORY_MB:1024, VCPU:1}, traits=[], aggregates=[]) (suffix '') returned 1 matches {{(pid=79160) _get_by_requests /opt/stack/placement/placement/objects/allocation_candidate.py:145}}
May 10 11:24:21.440656 dv-cinder-784956-5-smb devstack@placement-api.service[79160]: DEBUG placement.objects.allocation_candidate [req-3e59170f-51f7-4529-8640-72b66169c2ff req-32393594-29f6-4a5a-b993-9e33b619c1b5 service placement] Merging candidates yields 1 allocation requests and 1 provider summaries {{(pid=79160) _merge_candidates /opt/stack/placement/placement/objects/allocation_candidate.py:783}}
May 10 11:24:21.442499 dv-cinder-784956-5-smb devstack@placement-api.service[79160]: INFO placement.requestlog [req-3e59170f-51f7-4529-8640-72b66169c2ff req-32393594-29f6-4a5a-b993-9e33b619c1b5 service placement] 10.222.0.26 "GET /placement/allocation_candidates?limit=1000&resources=DISK_GB%3A1%2CMEMORY_MB%3A1024%2CVCPU%3A1&root_required=%21COMPUTE_STATUS_DISABLED" status: 200 len: 767 microversion: 1.35
May 10 11:24:21.444448 dv-cinder-784956-5-smb devstack@placement-api.service[79160]: [pid: 79160|app: 0|req: 17/35] 10.222.0.26 () {60 vars in 1506 bytes} [Mon May 10 11:24:21 2021] GET /placement/allocation_candidates?limit=1000&resources=DISK_GB%3A1%2CMEMORY_MB%3A1024%2CVCPU%3A1&root_required=%21COMPUTE_STATUS_DISABLED => generated 767 bytes in 128 msecs (HTTP/1.1 200) 8 headers in 296 bytes (1 switches on core 0)
May 10 11:24:21.490708 dv-cinder-784956-5-smb devstack@placement-api.service[79159]: DEBUG placement.requestlog [req-3e59170f-51f7-4529-8640-72b66169c2ff req-fdc528ce-3bd3-4738-819b-a0faf0075ac3 None None] Starting request: 10.222.0.26 "GET /placement/allocations/21ee343c-f85d-4a87-ae3e-20c216b6abdb" {{(pid=79159) __call__ /opt/stack/placement/placement/requestlog.py:55}}
May 10 11:24:21.506966 dv-cinder-784956-5-smb devstack@placement-api.service[79159]: INFO placement.requestlog [req-3e59170f-51f7-4529-8640-72b66169c2ff req-fdc528ce-3bd3-4738-819b-a0faf0075ac3 service placement] 10.222.0.26 "GET /placement/allocations/21ee343c-f85d-4a87-ae3e-20c216b6abdb" status: 200 len: 19 microversion: 1.28
May 10 11:24:21.512480 dv-cinder-784956-5-smb devstack@placement-api.service[79159]: [pid: 79159|app: 0|req: 19/36] 10.222.0.26 () {60 vars in 1380 bytes} [Mon May 10 11:24:21 2021] GET /placement/allocations/21ee343c-f85d-4a87-ae3e-20c216b6abdb => generated 19 bytes in 22 msecs (HTTP/1.1 200) 8 headers in 295 bytes (1 switches on core 0)
May 10 11:24:21.513159 dv-cinder-784956-5-smb devstack@placement-api.service[79160]: DEBUG placement.requestlog [req-3e59170f-51f7-4529-8640-72b66169c2ff req-36057c77-98ef-4c9b-8ec4-745845003e48 None None] Starting request: 10.222.0.26 "PUT /placement/allocations/21ee343c-f85d-4a87-ae3e-20c216b6abdb" {{(pid=79160) __call__ /opt/stack/placement/placement/requestlog.py:55}}
May 10 11:24:21.640262 dv-cinder-784956-5-smb devstack@placement-api.service[79160]: DEBUG placement.handlers.allocation [req-3e59170f-51f7-4529-8640-72b66169c2ff req-36057c77-98ef-4c9b-8ec4-745845003e48 service placement] Successfully wrote allocations [, , ] {{(pid=79160) _create_allocations /opt/stack/placement/placement/handlers/allocation.py:435}}
May 10 11:24:21.640972 dv-cinder-784956-5-smb devstack@placement-api.service[79160]: INFO placement.requestlog [req-3e59170f-51f7-4529-8640-72b66169c2ff req-36057c77-98ef-4c9b-8ec4-745845003e48 service placement] 10.222.0.26 "PUT /placement/allocations/21ee343c-f85d-4a87-ae3e-20c216b6abdb" status: 204 len: 0 microversion: 1.35
May 10 11:24:21.648750 dv-cinder-784956-5-smb devstack@placement-api.service[79160]: [pid: 79160|app: 0|req: 18/37] 10.222.0.26 () {64 vars in 1433 bytes} [Mon May 10 11:24:21 2021] PUT /placement/allocations/21ee343c-f85d-4a87-ae3e-20c216b6abdb => generated 0 bytes in 129 msecs (HTTP/1.1 204) 5 headers in 199 bytes (1 switches on core 0)
May 10 11:24:22.351964 dv-cinder-784956-5-smb devstack@placement-api.service[79159]: DEBUG placement.requestlog [req-3e59170f-51f7-4529-8640-72b66169c2ff req-3e7012f3-f024-4cca-8df6-63fe6e582a93 None None] Starting request: 10.222.0.23 "GET /placement/allocations/21ee343c-f85d-4a87-ae3e-20c216b6abdb" {{(pid=79159) __call__ /opt/stack/placement/placement/requestlog.py:55}}
May 10 11:24:22.390430 dv-cinder-784956-5-smb devstack@placement-api.service[79159]: INFO placement.requestlog [req-3e59170f-51f7-4529-8640-72b66169c2ff req-3e7012f3-f024-4cca-8df6-63fe6e582a93 service placement] 10.222.0.23 "GET /placement/allocations/21ee343c-f85d-4a87-ae3e-20c216b6abdb" status: 200 len: 258 microversion: 1.28
May 10 11:24:22.391885 dv-cinder-784956-5-smb devstack@placement-api.service[79159]: [pid: 79159|app: 0|req: 20/38] 10.222.0.23 () {60 vars in 1378 bytes} [Mon May 10 11:24:22 2021] GET /placement/allocations/21ee343c-f85d-4a87-ae3e-20c216b6abdb => generated 258 bytes in 40 msecs (HTTP/1.1 200) 8 headers in 296 bytes (1 switches on core 0)
May 10 11:24:27.868099 dv-cinder-784956-5-smb devstack@placement-api.service[79160]: DEBUG placement.requestlog [req-6c56ca05-eb27-42a5-8907-08cbdc13ab2e req-ffff4534-bc0a-4b7f-8894-6b4d0246ec47 None None] Starting request: 10.222.0.26 "GET /placement/allocation_candidates?limit=1000&resources=DISK_GB%3A1%2CMEMORY_MB%3A1024%2CVCPU%3A1&root_required=%21COMPUTE_STATUS_DISABLED" {{(pid=79160) __call__ /opt/stack/placement/placement/requestlog.py:55}}
May 10 11:24:27.930667 dv-cinder-784956-5-smb devstack@placement-api.service[79160]: DEBUG placement.objects.research_context [req-6c56ca05-eb27-42a5-8907-08cbdc13ab2e req-ffff4534-bc0a-4b7f-8894-6b4d0246ec47 service placement] getting providers with 1 DISK_GB {{(pid=79160) __init__ /opt/stack/placement/placement/objects/research_context.py:126}}
May 10 11:24:27.955558 dv-cinder-784956-5-smb devstack@placement-api.service[79160]: DEBUG placement.objects.research_context [req-6c56ca05-eb27-42a5-8907-08cbdc13ab2e req-ffff4534-bc0a-4b7f-8894-6b4d0246ec47 service placement] getting providers with 1024 MEMORY_MB {{(pid=79160) __init__ /opt/stack/placement/placement/objects/research_context.py:126}}
May 10 11:24:27.975666 dv-cinder-784956-5-smb devstack@placement-api.service[79160]: DEBUG placement.objects.research_context [req-6c56ca05-eb27-42a5-8907-08cbdc13ab2e req-ffff4534-bc0a-4b7f-8894-6b4d0246ec47 service placement] getting providers with 1 VCPU {{(pid=79160) __init__ /opt/stack/placement/placement/objects/research_context.py:126}}
May 10 11:24:28.001823 dv-cinder-784956-5-smb devstack@placement-api.service[79160]: DEBUG placement.objects.research_context [req-6c56ca05-eb27-42a5-8907-08cbdc13ab2e req-ffff4534-bc0a-4b7f-8894-6b4d0246ec47 service placement] found 1 providers with available 1 DISK_GB {{(pid=79160) get_provider_ids_matching /opt/stack/placement/placement/objects/research_context.py:549}}
May 10 11:24:28.002119 dv-cinder-784956-5-smb devstack@placement-api.service[79160]: DEBUG placement.objects.research_context [req-6c56ca05-eb27-42a5-8907-08cbdc13ab2e req-ffff4534-bc0a-4b7f-8894-6b4d0246ec47 service placement] found 1 providers with available 1024 MEMORY_MB {{(pid=79160) get_provider_ids_matching /opt/stack/placement/placement/objects/research_context.py:549}}
May 10 11:24:28.002409 dv-cinder-784956-5-smb devstack@placement-api.service[79160]: DEBUG placement.objects.research_context [req-6c56ca05-eb27-42a5-8907-08cbdc13ab2e req-ffff4534-bc0a-4b7f-8894-6b4d0246ec47 service placement] found 1 providers after filtering by previous result {{(pid=79160) get_provider_ids_matching /opt/stack/placement/placement/objects/research_context.py:580}}
May 10 11:24:28.002676 dv-cinder-784956-5-smb devstack@placement-api.service[79160]: DEBUG placement.objects.research_context [req-6c56ca05-eb27-42a5-8907-08cbdc13ab2e req-ffff4534-bc0a-4b7f-8894-6b4d0246ec47 service placement] found 1 providers with available 1 VCPU {{(pid=79160) get_provider_ids_matching /opt/stack/placement/placement/objects/research_context.py:549}}
May 10 11:24:28.002942 dv-cinder-784956-5-smb devstack@placement-api.service[79160]: DEBUG placement.objects.research_context [req-6c56ca05-eb27-42a5-8907-08cbdc13ab2e req-ffff4534-bc0a-4b7f-8894-6b4d0246ec47 service placement] found 1 providers after filtering by previous result {{(pid=79160) get_provider_ids_matching /opt/stack/placement/placement/objects/research_context.py:580}}
May 10 11:24:28.058473 dv-cinder-784956-5-smb devstack@placement-api.service[79160]: DEBUG placement.objects.allocation_candidate [req-6c56ca05-eb27-42a5-8907-08cbdc13ab2e req-ffff4534-bc0a-4b7f-8894-6b4d0246ec47 service placement] RequestGroup(use_same_provider=False, resources={DISK_GB:1, MEMORY_MB:1024, VCPU:1}, traits=[], aggregates=[]) (suffix '') returned 1 matches {{(pid=79160) _get_by_requests /opt/stack/placement/placement/objects/allocation_candidate.py:145}}
May 10 11:24:28.059691 dv-cinder-784956-5-smb devstack@placement-api.service[79160]: DEBUG placement.objects.allocation_candidate [req-6c56ca05-eb27-42a5-8907-08cbdc13ab2e req-ffff4534-bc0a-4b7f-8894-6b4d0246ec47 service placement] Merging candidates yields 1 allocation requests and 1 provider summaries {{(pid=79160) _merge_candidates /opt/stack/placement/placement/objects/allocation_candidate.py:783}}
May 10 11:24:28.062793 dv-cinder-784956-5-smb devstack@placement-api.service[79160]: INFO placement.requestlog [req-6c56ca05-eb27-42a5-8907-08cbdc13ab2e req-ffff4534-bc0a-4b7f-8894-6b4d0246ec47 service placement] 10.222.0.26 "GET /placement/allocation_candidates?limit=1000&resources=DISK_GB%3A1%2CMEMORY_MB%3A1024%2CVCPU%3A1&root_required=%21COMPUTE_STATUS_DISABLED" status: 200 len: 767 microversion: 1.35
May 10 11:24:28.078231 dv-cinder-784956-5-smb devstack@placement-api.service[79160]: [pid: 79160|app: 0|req: 19/39] 10.222.0.26 () {60 vars in 1506 bytes} [Mon May 10 11:24:27 2021] GET /placement/allocation_candidates?limit=1000&resources=DISK_GB%3A1%2CMEMORY_MB%3A1024%2CVCPU%3A1&root_required=%21COMPUTE_STATUS_DISABLED => generated 767 bytes in 210 msecs (HTTP/1.1 200) 8 headers in 296 bytes (2 switches on core 0)
May 10 11:24:28.167477 dv-cinder-784956-5-smb devstack@placement-api.service[79159]: DEBUG placement.requestlog [req-6c56ca05-eb27-42a5-8907-08cbdc13ab2e req-3ccf9d0c-060e-4a6d-b39e-f8a3aa76b623 None None] Starting request: 10.222.0.26 "GET /placement/allocations/f51767cf-ad64-493a-a7ef-90a5bed85bc1" {{(pid=79159) __call__ /opt/stack/placement/placement/requestlog.py:55}}
May 10 11:24:28.193408 dv-cinder-784956-5-smb devstack@placement-api.service[79159]: INFO placement.requestlog [req-6c56ca05-eb27-42a5-8907-08cbdc13ab2e req-3ccf9d0c-060e-4a6d-b39e-f8a3aa76b623 service placement] 10.222.0.26 "GET /placement/allocations/f51767cf-ad64-493a-a7ef-90a5bed85bc1" status: 200 len: 19 microversion: 1.28
May 10 11:24:28.194596 dv-cinder-784956-5-smb devstack@placement-api.service[79159]: [pid: 79159|app: 0|req: 21/40] 10.222.0.26 () {60 vars in 1380 bytes} [Mon May 10 11:24:28 2021] GET /placement/allocations/f51767cf-ad64-493a-a7ef-90a5bed85bc1 => generated 19 bytes in 27 msecs (HTTP/1.1 200) 8 headers in 295 bytes (1 switches on core 0)
May 10 11:24:28.201356 dv-cinder-784956-5-smb devstack@placement-api.service[79160]: DEBUG placement.requestlog [req-6c56ca05-eb27-42a5-8907-08cbdc13ab2e req-c139ae64-39f5-4225-9bab-684ef6336132 None None] Starting request: 10.222.0.26 "PUT /placement/allocations/f51767cf-ad64-493a-a7ef-90a5bed85bc1" {{(pid=79160) __call__ /opt/stack/placement/placement/requestlog.py:55}}
May 10 11:24:28.286250 dv-cinder-784956-5-smb devstack@placement-api.service[79160]: DEBUG placement.handlers.allocation [req-6c56ca05-eb27-42a5-8907-08cbdc13ab2e req-c139ae64-39f5-4225-9bab-684ef6336132 service placement] Successfully wrote allocations [, , ] {{(pid=79160) _create_allocations /opt/stack/placement/placement/handlers/allocation.py:435}}
May 10 11:24:28.288335 dv-cinder-784956-5-smb devstack@placement-api.service[79160]: INFO placement.requestlog [req-6c56ca05-eb27-42a5-8907-08cbdc13ab2e req-c139ae64-39f5-4225-9bab-684ef6336132 service placement] 10.222.0.26 "PUT /placement/allocations/f51767cf-ad64-493a-a7ef-90a5bed85bc1" status: 204 len: 0 microversion: 1.35
May 10 11:24:28.288636 dv-cinder-784956-5-smb devstack@placement-api.service[79160]: [pid: 79160|app: 0|req: 20/41] 10.222.0.26 () {64 vars in 1433 bytes} [Mon May 10 11:24:28 2021] PUT /placement/allocations/f51767cf-ad64-493a-a7ef-90a5bed85bc1 => generated 0 bytes in 88 msecs (HTTP/1.1 204) 5 headers in 199 bytes (1 switches on core 0)
May 10 11:24:28.928982 dv-cinder-784956-5-smb devstack@placement-api.service[79159]: DEBUG placement.requestlog [req-6c56ca05-eb27-42a5-8907-08cbdc13ab2e req-042db023-777d-4da4-ae5e-a85c327b0457 None None] Starting request: 10.222.0.23 "GET /placement/allocations/f51767cf-ad64-493a-a7ef-90a5bed85bc1" {{(pid=79159) __call__ /opt/stack/placement/placement/requestlog.py:55}}
May 10 11:24:28.985150 dv-cinder-784956-5-smb devstack@placement-api.service[79159]: INFO placement.requestlog [req-6c56ca05-eb27-42a5-8907-08cbdc13ab2e req-042db023-777d-4da4-ae5e-a85c327b0457 service placement] 10.222.0.23 "GET /placement/allocations/f51767cf-ad64-493a-a7ef-90a5bed85bc1" status: 200 len: 258 microversion: 1.28
May 10 11:24:28.992244 dv-cinder-784956-5-smb devstack@placement-api.service[79159]: [pid: 79159|app: 0|req: 22/42] 10.222.0.23 () {60 vars in 1378 bytes} [Mon May 10 11:24:28 2021] GET /placement/allocations/f51767cf-ad64-493a-a7ef-90a5bed85bc1 => generated 258 bytes in 63 msecs (HTTP/1.1 200) 8 headers in 296 bytes (1 switches on core 0)
May 10 11:24:34.156584 dv-cinder-784956-5-smb devstack@placement-api.service[79160]: DEBUG placement.requestlog [req-13f246f1-b503-499d-b17b-382f7e310c8d req-80be75b3-6709-47d9-b712-eb7223faba6b None None] Starting request: 10.222.0.23 "GET /placement/allocations/6132855b-b561-4ea2-87ee-5d3d05b2f05e" {{(pid=79160) __call__ /opt/stack/placement/placement/requestlog.py:55}}
May 10 11:24:34.196305 dv-cinder-784956-5-smb devstack@placement-api.service[79160]: INFO placement.requestlog [req-13f246f1-b503-499d-b17b-382f7e310c8d req-80be75b3-6709-47d9-b712-eb7223faba6b service placement] 10.222.0.23 "GET /placement/allocations/6132855b-b561-4ea2-87ee-5d3d05b2f05e" status: 200 len: 258 microversion: 1.28
May 10 11:24:34.196722 dv-cinder-784956-5-smb devstack@placement-api.service[79160]: [pid: 79160|app: 0|req: 21/43] 10.222.0.23 () {60 vars in 1378 bytes} [Mon May 10 11:24:34 2021] GET /placement/allocations/6132855b-b561-4ea2-87ee-5d3d05b2f05e => generated 258 bytes in 40 msecs (HTTP/1.1 200) 8 headers in 296 bytes (1 switches on core 0)
May 10 11:24:34.209488 dv-cinder-784956-5-smb devstack@placement-api.service[79159]: DEBUG placement.requestlog [req-13f246f1-b503-499d-b17b-382f7e310c8d req-a22fbce4-fcfa-4195-a4e3-b1cc183eb300 None None] Starting request: 10.222.0.23 "PUT /placement/allocations/6132855b-b561-4ea2-87ee-5d3d05b2f05e" {{(pid=79159) __call__ /opt/stack/placement/placement/requestlog.py:55}}
May 10 11:24:34.302753 dv-cinder-784956-5-smb devstack@placement-api.service[79159]: DEBUG placement.handlers.allocation [req-13f246f1-b503-499d-b17b-382f7e310c8d req-a22fbce4-fcfa-4195-a4e3-b1cc183eb300 service placement] Successfully wrote allocations [, , ] {{(pid=79159) _create_allocations /opt/stack/placement/placement/handlers/allocation.py:435}}
May 10 11:24:34.303600 dv-cinder-784956-5-smb devstack@placement-api.service[79159]: INFO placement.requestlog [req-13f246f1-b503-499d-b17b-382f7e310c8d req-a22fbce4-fcfa-4195-a4e3-b1cc183eb300 service placement] 10.222.0.23 "PUT /placement/allocations/6132855b-b561-4ea2-87ee-5d3d05b2f05e" status: 204 len: 0 microversion: 1.28
May 10 11:24:34.304163 dv-cinder-784956-5-smb devstack@placement-api.service[79159]: [pid: 79159|app: 0|req: 23/44] 10.222.0.23 () {64 vars in 1431 bytes} [Mon May 10 11:24:34 2021] PUT /placement/allocations/6132855b-b561-4ea2-87ee-5d3d05b2f05e => generated 0 bytes in 98 msecs (HTTP/1.1 204) 5 headers in 199 bytes (2 switches on core 0)
May 10 11:24:42.113353 dv-cinder-784956-5-smb devstack@placement-api.service[79160]: DEBUG placement.requestlog [req-143f53d4-6f86-4ef9-9345-ff516e968d5e req-e563210e-54d3-4f6e-b926-573df1473394 None None] Starting request: 10.222.0.26 "GET /placement/allocation_candidates?limit=1000&resources=DISK_GB%3A1%2CMEMORY_MB%3A1024%2CVCPU%3A1&root_required=%21COMPUTE_STATUS_DISABLED" {{(pid=79160) __call__ /opt/stack/placement/placement/requestlog.py:55}}
May 10 11:24:42.146286 dv-cinder-784956-5-smb devstack@placement-api.service[79160]: DEBUG placement.objects.research_context [req-143f53d4-6f86-4ef9-9345-ff516e968d5e req-e563210e-54d3-4f6e-b926-573df1473394 service placement] getting providers with 1 DISK_GB {{(pid=79160) __init__ /opt/stack/placement/placement/objects/research_context.py:126}}
May 10 11:24:42.154979 dv-cinder-784956-5-smb devstack@placement-api.service[79160]: DEBUG placement.objects.research_context [req-143f53d4-6f86-4ef9-9345-ff516e968d5e req-e563210e-54d3-4f6e-b926-573df1473394 service placement] getting providers with 1024 MEMORY_MB {{(pid=79160) __init__ /opt/stack/placement/placement/objects/research_context.py:126}}
May 10 11:24:42.162685 dv-cinder-784956-5-smb devstack@placement-api.service[79160]: DEBUG placement.objects.research_context [req-143f53d4-6f86-4ef9-9345-ff516e968d5e req-e563210e-54d3-4f6e-b926-573df1473394 service placement] getting providers with 1 VCPU {{(pid=79160) __init__ /opt/stack/placement/placement/objects/research_context.py:126}}
May 10 11:24:42.180829 dv-cinder-784956-5-smb devstack@placement-api.service[79160]: DEBUG placement.objects.research_context [req-143f53d4-6f86-4ef9-9345-ff516e968d5e req-e563210e-54d3-4f6e-b926-573df1473394 service placement] found 1 providers with available 1 DISK_GB {{(pid=79160) get_provider_ids_matching /opt/stack/placement/placement/objects/research_context.py:549}}
May 10 11:24:42.183386 dv-cinder-784956-5-smb devstack@placement-api.service[79160]: DEBUG placement.objects.research_context [req-143f53d4-6f86-4ef9-9345-ff516e968d5e req-e563210e-54d3-4f6e-b926-573df1473394 service placement] found 1 providers with available 1024 MEMORY_MB {{(pid=79160) get_provider_ids_matching /opt/stack/placement/placement/objects/research_context.py:549}}
May 10 11:24:42.183671 dv-cinder-784956-5-smb devstack@placement-api.service[79160]: DEBUG placement.objects.research_context [req-143f53d4-6f86-4ef9-9345-ff516e968d5e req-e563210e-54d3-4f6e-b926-573df1473394 service placement] found 1 providers after filtering by previous result {{(pid=79160) get_provider_ids_matching /opt/stack/placement/placement/objects/research_context.py:580}}
May 10 11:24:42.183967 dv-cinder-784956-5-smb devstack@placement-api.service[79160]: DEBUG placement.objects.research_context [req-143f53d4-6f86-4ef9-9345-ff516e968d5e req-e563210e-54d3-4f6e-b926-573df1473394 service placement] found 1 providers with available 1 VCPU {{(pid=79160) get_provider_ids_matching /opt/stack/placement/placement/objects/research_context.py:549}}
May 10 11:24:42.184264 dv-cinder-784956-5-smb devstack@placement-api.service[79160]: DEBUG placement.objects.research_context [req-143f53d4-6f86-4ef9-9345-ff516e968d5e req-e563210e-54d3-4f6e-b926-573df1473394 service placement] found 1 providers after filtering by previous result {{(pid=79160) get_provider_ids_matching /opt/stack/placement/placement/objects/research_context.py:580}}
May 10 11:24:42.195963 dv-cinder-784956-5-smb devstack@placement-api.service[79160]: DEBUG placement.objects.allocation_candidate [req-143f53d4-6f86-4ef9-9345-ff516e968d5e req-e563210e-54d3-4f6e-b926-573df1473394 service placement] RequestGroup(use_same_provider=False, resources={DISK_GB:1, MEMORY_MB:1024, VCPU:1}, traits=[], aggregates=[]) (suffix '') returned 1 matches {{(pid=79160) _get_by_requests /opt/stack/placement/placement/objects/allocation_candidate.py:145}}
May 10 11:24:42.196513 dv-cinder-784956-5-smb devstack@placement-api.service[79160]: DEBUG placement.objects.allocation_candidate [req-143f53d4-6f86-4ef9-9345-ff516e968d5e req-e563210e-54d3-4f6e-b926-573df1473394 service placement] Merging candidates yields 1 allocation requests and 1 provider summaries {{(pid=79160) _merge_candidates /opt/stack/placement/placement/objects/allocation_candidate.py:783}}
May 10 11:24:42.197983 dv-cinder-784956-5-smb devstack@placement-api.service[79160]: INFO placement.requestlog [req-143f53d4-6f86-4ef9-9345-ff516e968d5e req-e563210e-54d3-4f6e-b926-573df1473394 service placement] 10.222.0.26 "GET /placement/allocation_candidates?limit=1000&resources=DISK_GB%3A1%2CMEMORY_MB%3A1024%2CVCPU%3A1&root_required=%21COMPUTE_STATUS_DISABLED" status: 200 len: 767 microversion: 1.35
May 10 11:24:42.198718 dv-cinder-784956-5-smb devstack@placement-api.service[79160]: [pid: 79160|app: 0|req: 22/45] 10.222.0.26 () {60 vars in 1506 bytes} [Mon May 10 11:24:42 2021] GET /placement/allocation_candidates?limit=1000&resources=DISK_GB%3A1%2CMEMORY_MB%3A1024%2CVCPU%3A1&root_required=%21COMPUTE_STATUS_DISABLED => generated 767 bytes in 85 msecs (HTTP/1.1 200) 8 headers in 296 bytes (1 switches on core 0)
May 10 11:24:42.238728 dv-cinder-784956-5-smb devstack@placement-api.service[79159]: DEBUG placement.requestlog [req-143f53d4-6f86-4ef9-9345-ff516e968d5e req-37ca9556-dbe7-40ac-bc2d-9f5c48d8618e None None] Starting request: 10.222.0.26 "GET /placement/allocations/29b2ed86-62b0-49ad-b5c9-4a52f1ed8117" {{(pid=79159) __call__ /opt/stack/placement/placement/requestlog.py:55}}
May 10 11:24:42.249829 dv-cinder-784956-5-smb devstack@placement-api.service[79159]: INFO placement.requestlog [req-143f53d4-6f86-4ef9-9345-ff516e968d5e req-37ca9556-dbe7-40ac-bc2d-9f5c48d8618e service placement] 10.222.0.26 "GET /placement/allocations/29b2ed86-62b0-49ad-b5c9-4a52f1ed8117" status: 200 len: 19 microversion: 1.28
May 10 11:24:42.255257 dv-cinder-784956-5-smb devstack@placement-api.service[79159]: [pid: 79159|app: 0|req: 24/46] 10.222.0.26 () {60 vars in 1380 bytes} [Mon May 10 11:24:42 2021] GET /placement/allocations/29b2ed86-62b0-49ad-b5c9-4a52f1ed8117 => generated 19 bytes in 17 msecs (HTTP/1.1 200) 8 headers in 295 bytes (1 switches on core 0)
May 10 11:24:42.255758 dv-cinder-784956-5-smb devstack@placement-api.service[79160]: DEBUG placement.requestlog [req-143f53d4-6f86-4ef9-9345-ff516e968d5e req-36783248-f350-4c6f-90cd-2c4d22271594 None None] Starting request: 10.222.0.26 "PUT /placement/allocations/29b2ed86-62b0-49ad-b5c9-4a52f1ed8117" {{(pid=79160) __call__ /opt/stack/placement/placement/requestlog.py:55}}
May 10 11:24:42.333356 dv-cinder-784956-5-smb devstack@placement-api.service[79160]: DEBUG placement.handlers.allocation [req-143f53d4-6f86-4ef9-9345-ff516e968d5e req-36783248-f350-4c6f-90cd-2c4d22271594 service placement] Successfully wrote allocations [, , ] {{(pid=79160) _create_allocations /opt/stack/placement/placement/handlers/allocation.py:435}}
May 10 11:24:42.333857 dv-cinder-784956-5-smb devstack@placement-api.service[79160]: INFO placement.requestlog [req-143f53d4-6f86-4ef9-9345-ff516e968d5e req-36783248-f350-4c6f-90cd-2c4d22271594 service placement] 10.222.0.26 "PUT /placement/allocations/29b2ed86-62b0-49ad-b5c9-4a52f1ed8117" status: 204 len: 0 microversion: 1.35
