May 10 11:24:21.307922 dv-cinder-784956-5-iscsi neutron-server[78730]: DEBUG neutron.scheduler.base_scheduler [None req-ffa9d1a5-1796-468e-99c6-30e40610774e None None] Resources bound (agent type, host, resource id): {{(pid=78730) schedule /opt/stack/neutron/neutron/scheduler/base_scheduler.py:57}}
May 10 11:24:21.309141 dv-cinder-784956-5-iscsi neutron-server[78728]: DEBUG neutron_lib.callbacks.manager [None req-135c26ed-c44a-470f-82f4-29b497672c22 admin admin] Notify callbacks ['neutron.plugins.ml2.plugin.SecurityGroupDbMixin._ensure_default_security_group_handler-646398'] for network, before_create {{(pid=78728) _notify_loop /usr/local/lib/python3.8/dist-packages/neutron_lib/callbacks/manager.py:192}}
May 10 11:24:21.310562 dv-cinder-784956-5-iscsi neutron-server[78730]: DEBUG neutron.plugins.ml2.rpc [None req-7d2ec00b-6682-4966-bbc8-b46759c54e68 None None] Device a77b8749-3672-4bf6-bab0-03d2619721a2 up at agent ovs-agent-dv-cinder-784956-5-iscsi {{(pid=78730) update_device_up /opt/stack/neutron/neutron/plugins/ml2/rpc.py:278}}
May 10 11:24:21.334667 dv-cinder-784956-5-iscsi neutron-server[78728]: DEBUG neutron_lib.callbacks.manager [None req-135c26ed-c44a-470f-82f4-29b497672c22 admin admin] Notify callbacks [] for security_group, before_create {{(pid=78728) _notify_loop /usr/local/lib/python3.8/dist-packages/neutron_lib/callbacks/manager.py:192}}
May 10 11:24:21.343149 dv-cinder-784956-5-iscsi neutron-server[78730]: DEBUG neutron.db.l3_dvrscheduler_db [None req-ffa9d1a5-1796-468e-99c6-30e40610774e None None] Received port after_create {{(pid=78730) _notify_l3_agent_new_port /opt/stack/neutron/neutron/db/l3_dvrscheduler_db.py:537}}
May 10 11:24:21.367807 dv-cinder-784956-5-iscsi neutron-server[78728]: DEBUG neutron.db.quota.driver [None req-135c26ed-c44a-470f-82f4-29b497672c22 admin admin] Resources subnetpool have unlimited quota limit. It is not required to calculate headroom {{(pid=78728) make_reservation /opt/stack/neutron/neutron/db/quota/driver.py:219}}
May 10 11:24:21.370496 dv-cinder-784956-5-iscsi neutron-server[78728]: DEBUG neutron_lib.callbacks.manager [None req-2ebfc1ac-0600-413a-8198-69ec1a59649b admin admin] Notify callbacks ['neutron.services.l3_router.l3_router_plugin.L3_HA_NAT_db_mixin._after_router_create-3811175', 'neutron.services.l3_router.l3_router_plugin.DVRResourceOperationHandler._create_snat_interfaces_after_change-3816201'] for router, after_create {{(pid=78728) _notify_loop /usr/local/lib/python3.8/dist-packages/neutron_lib/callbacks/manager.py:192}}
May 10 11:24:21.375067 dv-cinder-784956-5-iscsi neutron-server[78728]: DEBUG neutron.quota.resource [None req-135c26ed-c44a-470f-82f4-29b497672c22 admin admin] Usage tracker for resource:security_group_rule and tenant:10b27e58ce0c46849b8350ebc6f5b33c is out of sync, need to count used quota {{(pid=78728) count_used /opt/stack/neutron/neutron/quota/resource.py:270}}
May 10 11:24:21.379328 dv-cinder-784956-5-iscsi neutron-server[78728]: DEBUG neutron.quota.resource [None req-135c26ed-c44a-470f-82f4-29b497672c22 admin admin] Quota usage for security_group_rule was recalculated. Used quota:0. {{(pid=78728) count_used /opt/stack/neutron/neutron/quota/resource.py:290}}
May 10 11:24:21.395567 dv-cinder-784956-5-iscsi neutron-server[78729]: INFO neutron.wsgi [req-333e4651-0cb8-4fae-a5df-e6c413fa7cb7 req-55f0c926-46d2-431d-938e-7521686e8c67 tempest-DeleteServersTestJSON-2003724616 tempest-DeleteServersTestJSON-2003724616-project] 10.222.0.13 "GET /v2.0/ports?device_id=4c48f73e-2133-4282-aa33-efac250daf4b HTTP/1.1" status: 200 len: 210 time: 0.1268911
May 10 11:24:21.452561 dv-cinder-784956-5-iscsi neutron-server[78728]: DEBUG neutron.db.quota.driver [None req-135c26ed-c44a-470f-82f4-29b497672c22 admin admin] Attempting to reserve 4 items for resource security_group_rule. Total usage: 0; quota limit: 100; headroom:100 {{(pid=78728) make_reservation /opt/stack/neutron/neutron/db/quota/driver.py:246}}
May 10 11:24:21.481040 dv-cinder-784956-5-iscsi neutron-server[78730]: DEBUG neutron.plugins.ml2.managers [None req-ffa9d1a5-1796-468e-99c6-30e40610774e None None] Attempting to bind port 579711fb-0a88-4639-9718-23eb37c03ca3 on host dv-cinder-784956-5-iscsi for vnic_type normal with profile {{(pid=78730) bind_port /opt/stack/neutron/neutron/plugins/ml2/managers.py:790}}
May 10 11:24:21.481432 dv-cinder-784956-5-iscsi neutron-server[78730]: DEBUG neutron.plugins.ml2.managers [None req-ffa9d1a5-1796-468e-99c6-30e40610774e None None] Attempting to bind port 579711fb-0a88-4639-9718-23eb37c03ca3 by drivers openvswitch,hyperv on host dv-cinder-784956-5-iscsi at level 0 using segments [{'id': 'af89c5d7-c355-42fc-b6d3-3508101e4c27', 'network_type': 'vlan', 'physical_network': 'physnet1', 'segmentation_id': 167, 'network_id': 'bc80aa90-d0ea-4cc3-9267-6266fe16a3e3'}] {{(pid=78730) _bind_port_level /opt/stack/neutron/neutron/plugins/ml2/managers.py:815}}
May 10 11:24:21.481762 dv-cinder-784956-5-iscsi neutron-server[78730]: DEBUG neutron.plugins.ml2.drivers.mech_agent [None req-ffa9d1a5-1796-468e-99c6-30e40610774e None None] Attempting to bind port 579711fb-0a88-4639-9718-23eb37c03ca3 on network bc80aa90-d0ea-4cc3-9267-6266fe16a3e3 {{(pid=78730) bind_port /opt/stack/neutron/neutron/plugins/ml2/drivers/mech_agent.py:86}}
May 10 11:24:21.496431 dv-cinder-784956-5-iscsi neutron-server[78729]: DEBUG neutron_lib.callbacks.manager [None req-e87e3bb2-f492-4f9a-866a-22547c283390 admin admin] Notify callbacks [] for security_group, precommit_create {{(pid=78729) _notify_loop /usr/local/lib/python3.8/dist-packages/neutron_lib/callbacks/manager.py:192}}
May 10 11:24:21.513893 dv-cinder-784956-5-iscsi neutron-server[78730]: DEBUG neutron.plugins.ml2.drivers.mech_agent [None req-ffa9d1a5-1796-468e-99c6-30e40610774e None None] Checking agent: {'id': '094b373c-52b8-404e-b3d3-c69f78815f9f', 'agent_type': 'Open vSwitch agent', 'binary': 'neutron-openvswitch-agent', 'topic': 'N/A', 'host': 'dv-cinder-784956-5-iscsi', 'admin_state_up': True, 'created_at': datetime.datetime(2021, 5, 10, 11, 16, 55), 'started_at': datetime.datetime(2021, 5, 10, 11, 17, 25), 'heartbeat_timestamp': datetime.datetime(2021, 5, 10, 11, 23, 55), 'description': None, 'resources_synced': None, 'availability_zone': None, 'alive': True, 'configurations': {'arp_responder_enabled': False, 'baremetal_smartnic': False, 'bridge_mappings': {'physnet1': 'br-data'}, 'datapath_type': 'system', 'devices': 0, 'enable_distributed_routing': False, 'extensions': [], 'in_distributed_mode': False, 'integration_bridge': 'br-int', 'l2_population': False, 'log_agent_heartbeats': False, 'ovs_capabilities': {'datapath_types': ['netdev', 'system'], 'iface_types': ['erspan', 'geneve', 'gre', 'internal', 'ip6erspan', 'ip6gre', 'lisp', 'patch', 'stt', 'system', 'tap', 'vxlan']}, 'ovs_hybrid_plug': False, 'resource_provider_bandwidths': {}, 'resource_provider_hypervisors': {'br-data': 'dv-cinder-784956-5-iscsi'}, 'resource_provider_inventory_defaults': {'allocation_ratio': 1.0, 'min_unit': 1, 'step_size': 1, 'reserved': 0}, 'tunnel_types': [], 'tunneling_ip': None, 'vhostuser_socket_dir': '/var/run/openvswitch'}, 'resource_versions': {'AddressGroup': '1.2', 'ConntrackHelper': '1.0', 'Log': '1.0', 'Network': '1.1', 'Port': '1.7', 'PortForwarding': '1.2', 'QosPolicy': '1.8', 'SecurityGroup': '1.4', 'SecurityGroupRule': '1.2', 'SubPort': '1.0', 'Subnet': '1.1', 'Trunk': '1.1'}} {{(pid=78730) bind_port /opt/stack/neutron/neutron/plugins/ml2/drivers/mech_agent.py:105}}
May 10 11:24:21.514314 dv-cinder-784956-5-iscsi neutron-server[78730]: DEBUG neutron.plugins.ml2.drivers.mech_agent [None req-ffa9d1a5-1796-468e-99c6-30e40610774e None None] Checking segment: {'id': 'af89c5d7-c355-42fc-b6d3-3508101e4c27', 'network_type': 'vlan', 'physical_network': 'physnet1', 'segmentation_id': 167, 'network_id': 'bc80aa90-d0ea-4cc3-9267-6266fe16a3e3'} for mappings: {'physnet1': 'br-data'} with network types: ['local', 'flat', 'vlan'] {{(pid=78730) check_segment_for_agent /opt/stack/neutron/neutron/plugins/ml2/drivers/mech_agent.py:341}}
May 10 11:24:21.514653 dv-cinder-784956-5-iscsi neutron-server[78730]: DEBUG neutron_lib.callbacks.manager [None req-ffa9d1a5-1796-468e-99c6-30e40610774e None None] Notify callbacks [] for ovs_bridge_name, before_read {{(pid=78730) _notify_loop /usr/local/lib/python3.8/dist-packages/neutron_lib/callbacks/manager.py:192}}
May 10 11:24:21.515040 dv-cinder-784956-5-iscsi neutron-server[78730]: DEBUG neutron.plugins.ml2.drivers.mech_agent [None req-ffa9d1a5-1796-468e-99c6-30e40610774e None None] Bound using segment: {'id': 'af89c5d7-c355-42fc-b6d3-3508101e4c27', 'network_type': 'vlan', 'physical_network': 'physnet1', 'segmentation_id': 167, 'network_id': 'bc80aa90-d0ea-4cc3-9267-6266fe16a3e3'} {{(pid=78730) bind_port /opt/stack/neutron/neutron/plugins/ml2/drivers/mech_agent.py:115}}
May 10 11:24:21.516019 dv-cinder-784956-5-iscsi neutron-server[78730]: DEBUG neutron.plugins.ml2.managers [None req-ffa9d1a5-1796-468e-99c6-30e40610774e None None] Bound port: 579711fb-0a88-4639-9718-23eb37c03ca3, host: dv-cinder-784956-5-iscsi, vif_type: ovs, vif_details: {"connectivity": "l2", "port_filter": true, "ovs_hybrid_plug": false, "datapath_type": "system", "bridge_name": "br-int"}, binding_levels: [{'bound_driver': 'openvswitch', 'bound_segment': {'id': 'af89c5d7-c355-42fc-b6d3-3508101e4c27', 'network_type': 'vlan', 'physical_network': 'physnet1', 'segmentation_id': 167, 'network_id': 'bc80aa90-d0ea-4cc3-9267-6266fe16a3e3'}}] {{(pid=78730) _bind_port_level /opt/stack/neutron/neutron/plugins/ml2/managers.py:928}}
May 10 11:24:21.516414 dv-cinder-784956-5-iscsi neutron-server[78730]: DEBUG neutron_lib.callbacks.manager [None req-ffa9d1a5-1796-468e-99c6-30e40610774e None None] Notify callbacks ['neutron.plugins.ml2.plugin.SecurityGroupDbMixin._ensure_default_security_group_handler-646398'] for port, before_update {{(pid=78730) _notify_loop /usr/local/lib/python3.8/dist-packages/neutron_lib/callbacks/manager.py:192}}
May 10 11:24:21.517500 dv-cinder-784956-5-iscsi neutron-server[78729]: DEBUG neutron_lib.callbacks.manager [None req-e87e3bb2-f492-4f9a-866a-22547c283390 admin admin] Notify callbacks ['neutron.plugins.ml2.ovo_rpc._ObjectChangeHandler.handle_event-3708316'] for security_group, after_create {{(pid=78729) _notify_loop /usr/local/lib/python3.8/dist-packages/neutron_lib/callbacks/manager.py:192}}
May 10 11:24:21.526025 dv-cinder-784956-5-iscsi neutron-server[78730]: DEBUG neutron.api.rpc.handlers.resources_rpc [None req-ffa9d1a5-1796-468e-99c6-30e40610774e None None] Pushing event updated for resources: {'Port': ['ID=579711fb-0a88-4639-9718-23eb37c03ca3,revision_number=1']} {{(pid=78730) push /opt/stack/neutron/neutron/api/rpc/handlers/resources_rpc.py:237}}
May 10 11:24:21.533813 dv-cinder-784956-5-iscsi neutron-server[78729]: DEBUG oslo_concurrency.lockutils [None req-920e5fdf-2435-4eb6-a49f-d69a830170c4 admin admin] Lock "event-dispatch" acquired by "neutron.plugins.ml2.ovo_rpc._ObjectChangeHandler.dispatch_events" :: waited 0.000s {{(pid=78729) inner /usr/local/lib/python3.8/dist-packages/oslo_concurrency/lockutils.py:355}}
May 10 11:24:21.540932 dv-cinder-784956-5-iscsi neutron-server[78730]: DEBUG oslo_concurrency.lockutils [None req-ffa9d1a5-1796-468e-99c6-30e40610774e None None] Lock "event-dispatch" released by "neutron.plugins.ml2.ovo_rpc._ObjectChangeHandler.dispatch_events" :: held 0.299s {{(pid=78730) inner /usr/local/lib/python3.8/dist-packages/oslo_concurrency/lockutils.py:367}}
May 10 11:24:21.628514 dv-cinder-784956-5-iscsi neutron-server[78730]: DEBUG neutron.db.provisioning_blocks [None req-7d2ec00b-6682-4966-bbc8-b46759c54e68 None None] Provisioning for port a77b8749-3672-4bf6-bab0-03d2619721a2 completed by entity L2. {{(pid=78730) provisioning_complete /opt/stack/neutron/neutron/db/provisioning_blocks.py:133}}
May 10 11:24:21.669624 dv-cinder-784956-5-iscsi neutron-server[78730]: DEBUG neutron.plugins.ml2.db [None req-ffa9d1a5-1796-468e-99c6-30e40610774e None None] For port 579711fb-0a88-4639-9718-23eb37c03ca3, host dv-cinder-784956-5-iscsi, cleared binding levels {{(pid=78730) clear_binding_levels /opt/stack/neutron/neutron/plugins/ml2/db.py:88}}
May 10 11:24:21.675608 dv-cinder-784956-5-iscsi neutron-server[78730]: DEBUG neutron.plugins.ml2.db [None req-ffa9d1a5-1796-468e-99c6-30e40610774e None None] For port 579711fb-0a88-4639-9718-23eb37c03ca3, host dv-cinder-784956-5-iscsi, set binding levels [PortBindingLevel(driver='openvswitch',host='dv-cinder-784956-5-iscsi',level=0,port_id=579711fb-0a88-4639-9718-23eb37c03ca3,segment=NetworkSegment(af89c5d7-c355-42fc-b6d3-3508101e4c27),segment_id=af89c5d7-c355-42fc-b6d3-3508101e4c27)] {{(pid=78730) set_binding_levels /opt/stack/neutron/neutron/plugins/ml2/db.py:60}}
May 10 11:24:21.676049 dv-cinder-784956-5-iscsi neutron-server[78728]: DEBUG neutron.scheduler.l3_agent_scheduler [None req-2ebfc1ac-0600-413a-8198-69ec1a59649b admin admin] Router 52a4457a-bbad-4e4c-aa24-94649f57335d is scheduled to L3 agent d35bb17b-c3be-475b-bcd0-45b54192e064 with binding_index 1 {{(pid=78728) bind_router /opt/stack/neutron/neutron/scheduler/l3_agent_scheduler.py:210}}
May 10 11:24:21.677183 dv-cinder-784956-5-iscsi neutron-server[78730]: DEBUG neutron.db.provisioning_blocks [None req-7d2ec00b-6682-4966-bbc8-b46759c54e68 None None] Provisioning complete for port a77b8749-3672-4bf6-bab0-03d2619721a2 triggered by entity L2. {{(pid=78730) provisioning_complete /opt/stack/neutron/neutron/db/provisioning_blocks.py:139}}
May 10 11:24:21.677831 dv-cinder-784956-5-iscsi neutron-server[78730]: DEBUG neutron_lib.callbacks.manager [None req-7d2ec00b-6682-4966-bbc8-b46759c54e68 None None] Notify callbacks ['neutron.plugins.ml2.plugin.Ml2Plugin._port_provisioned-733801'] for port, provisioning_complete {{(pid=78730) _notify_loop /usr/local/lib/python3.8/dist-packages/neutron_lib/callbacks/manager.py:192}}
May 10 11:24:21.716033 dv-cinder-784956-5-iscsi neutron-server[78729]: INFO neutron.wsgi [None req-e87e3bb2-f492-4f9a-866a-22547c283390 admin admin] 10.222.0.13 "GET /v2.0/security-groups?tenant_id=67e80c6dce064bea80699ffbd0bad996&name=default HTTP/1.1" status: 200 len: 2975 time: 2.7759740
May 10 11:24:21.719447 dv-cinder-784956-5-iscsi neutron-server[78730]: DEBUG neutron_lib.callbacks.manager [None req-ffa9d1a5-1796-468e-99c6-30e40610774e None None] Notify callbacks ['neutron.plugins.ml2.plugin.SecurityGroupServerNotifierRpcMixin.notify_sg_on_port_change-646333', 'neutron.plugins.ml2.ovo_rpc._ObjectChangeHandler.handle_event-55683', 'neutron.api.rpc.agentnotifiers.dhcp_rpc_agent_api.DhcpAgentNotifyAPI._native_event_send_dhcp_notification-3680395', 'neutron.db.l3_db.L3RpcNotifierMixin._notify_gateway_port_ip_changed-8745973314151', 'neutron.db.l3_dvrscheduler_db._notify_l3_agent_port_update-8745972895757', 'neutron.db.l3_hascheduler_db._notify_l3_agent_ha_port_update-8745972895802'] for port, after_update {{(pid=78730) _notify_loop /usr/local/lib/python3.8/dist-packages/neutron_lib/callbacks/manager.py:192}}
May 10 11:24:21.721887 dv-cinder-784956-5-iscsi neutron-server[78729]: DEBUG neutron.wsgi [-] (78729) accepted ('10.222.0.13', 36610) {{(pid=78729) server /usr/local/lib/python3.8/dist-packages/eventlet/wsgi.py:992}}
May 10 11:24:21.724630 dv-cinder-784956-5-iscsi neutron-server[78729]: DEBUG neutron.api.rpc.handlers.resources_rpc [None req-e87e3bb2-f492-4f9a-866a-22547c283390 admin admin] Pushing event updated for resources: {'SecurityGroup': ['ID=d5d8118d-04f6-4b57-a8cb-15f5fd48b8f4,revision_number=1']} {{(pid=78729) push /opt/stack/neutron/neutron/api/rpc/handlers/resources_rpc.py:237}}
May 10 11:24:21.729587 dv-cinder-784956-5-iscsi neutron-server[78729]: DEBUG oslo_concurrency.lockutils [None req-e87e3bb2-f492-4f9a-866a-22547c283390 admin admin] Lock "event-dispatch" released by "neutron.plugins.ml2.ovo_rpc._ObjectChangeHandler.dispatch_events" :: held 0.195s {{(pid=78729) inner /usr/local/lib/python3.8/dist-packages/oslo_concurrency/lockutils.py:367}}
May 10 11:24:21.734574 dv-cinder-784956-5-iscsi neutron-server[78730]: DEBUG oslo_concurrency.lockutils [None req-7da6f97a-d7e8-41b5-992f-9e48a952c2d7 None None] Lock "event-dispatch" acquired by "neutron.plugins.ml2.ovo_rpc._ObjectChangeHandler.dispatch_events" :: waited 0.000s {{(pid=78730) inner /usr/local/lib/python3.8/dist-packages/oslo_concurrency/lockutils.py:355}}
May 10 11:24:21.864448 dv-cinder-784956-5-iscsi neutron-server[78730]: DEBUG neutron.api.rpc.handlers.resources_rpc [None req-ffa9d1a5-1796-468e-99c6-30e40610774e None None] Pushing event updated for resources: {'Port': ['ID=579711fb-0a88-4639-9718-23eb37c03ca3,revision_number=2']} {{(pid=78730) push /opt/stack/neutron/neutron/api/rpc/handlers/resources_rpc.py:237}}
May 10 11:24:21.865205 dv-cinder-784956-5-iscsi neutron-server[78730]: DEBUG oslo_concurrency.lockutils [None req-ffa9d1a5-1796-468e-99c6-30e40610774e None None] Lock "event-dispatch" released by "neutron.plugins.ml2.ovo_rpc._ObjectChangeHandler.dispatch_events" :: held 0.131s {{(pid=78730) inner /usr/local/lib/python3.8/dist-packages/oslo_concurrency/lockutils.py:367}}
May 10 11:24:21.930283 dv-cinder-784956-5-iscsi neutron-server[78728]: DEBUG neutron_lib.callbacks.manager [None req-135c26ed-c44a-470f-82f4-29b497672c22 admin admin] Notify callbacks [] for security_group, precommit_create {{(pid=78728) _notify_loop /usr/local/lib/python3.8/dist-packages/neutron_lib/callbacks/manager.py:192}}
May 10 11:24:21.939218 dv-cinder-784956-5-iscsi neutron-server[78730]: DEBUG neutron_lib.callbacks.manager [None req-7d2ec00b-6682-4966-bbc8-b46759c54e68 None None] Notify callbacks ['neutron.plugins.ml2.plugin.SecurityGroupDbMixin._ensure_default_security_group_handler-646398'] for port, before_update {{(pid=78730) _notify_loop /usr/local/lib/python3.8/dist-packages/neutron_lib/callbacks/manager.py:192}}
May 10 11:24:21.947080 dv-cinder-784956-5-iscsi neutron-server[78728]: DEBUG neutron_lib.callbacks.manager [None req-135c26ed-c44a-470f-82f4-29b497672c22 admin admin] Notify callbacks ['neutron.plugins.ml2.ovo_rpc._ObjectChangeHandler.handle_event-3708316'] for security_group, after_create {{(pid=78728) _notify_loop /usr/local/lib/python3.8/dist-packages/neutron_lib/callbacks/manager.py:192}}
May 10 11:24:21.956569 dv-cinder-784956-5-iscsi neutron-server[78728]: DEBUG oslo_concurrency.lockutils [-] Lock "event-dispatch" acquired by "neutron.plugins.ml2.ovo_rpc._ObjectChangeHandler.dispatch_events" :: waited 0.000s {{(pid=78728) inner /usr/local/lib/python3.8/dist-packages/oslo_concurrency/lockutils.py:355}}
May 10 11:24:21.966486 dv-cinder-784956-5-iscsi neutron-server[78730]: DEBUG neutron.db.provisioning_blocks [None req-1a925f2a-eb19-4ded-b43f-a4421f500c48 None None] Provisioning complete for port a77b8749-3672-4bf6-bab0-03d2619721a2 triggered by entity DHCP. {{(pid=78730) provisioning_complete /opt/stack/neutron/neutron/db/provisioning_blocks.py:139}}
May 10 11:24:21.966824 dv-cinder-784956-5-iscsi neutron-server[78730]: DEBUG neutron_lib.callbacks.manager [None req-1a925f2a-eb19-4ded-b43f-a4421f500c48 None None] Notify callbacks ['neutron.plugins.ml2.plugin.Ml2Plugin._port_provisioned-733801'] for port, provisioning_complete {{(pid=78730) _notify_loop /usr/local/lib/python3.8/dist-packages/neutron_lib/callbacks/manager.py:192}}
May 10 11:24:21.991766 dv-cinder-784956-5-iscsi neutron-server[78729]: DEBUG neutron_lib.callbacks.manager [None req-4d2fd8fd-6118-4c34-a0cb-b98f37e6f955 admin admin] Notify callbacks ['neutron.services.l3_router.l3_router_plugin.L3_HA_NAT_db_mixin._after_router_create-3811175', 'neutron.services.l3_router.l3_router_plugin.DVRResourceOperationHandler._create_snat_interfaces_after_change-3816201'] for router, after_create {{(pid=78729) _notify_loop /usr/local/lib/python3.8/dist-packages/neutron_lib/callbacks/manager.py:192}}
May 10 11:24:22.001678 dv-cinder-784956-5-iscsi neutron-server[78728]: DEBUG neutron.plugins.ml2.drivers.helpers [None req-135c26ed-c44a-470f-82f4-29b497672c22 admin admin] vlan segment allocate from pool success with {'physical_network': 'physnet1', 'vlan_id': 150} {{(pid=78728) allocate_partially_specified_segment /opt/stack/neutron/neutron/plugins/ml2/drivers/helpers.py:153}}
May 10 11:24:22.019790 dv-cinder-784956-5-iscsi neutron-server[78729]: DEBUG neutron_lib.callbacks.manager [None req-5ef82c0f-19b6-4df7-9285-b61f95790feb admin admin] Notify callbacks [] for security_group, before_delete {{(pid=78729) _notify_loop /usr/local/lib/python3.8/dist-packages/neutron_lib/callbacks/manager.py:192}}
May 10 11:24:22.025442 dv-cinder-784956-5-iscsi neutron-server[78728]: DEBUG neutron.api.rpc.handlers.resources_rpc [None req-135c26ed-c44a-470f-82f4-29b497672c22 admin admin] Pushing event updated for resources: {'SecurityGroup': ['ID=b75c84ec-56d1-4d93-9a65-fa4d54baaebc,revision_number=1']} {{(pid=78728) push /opt/stack/neutron/neutron/api/rpc/handlers/resources_rpc.py:237}}
May 10 11:24:22.029746 dv-cinder-784956-5-iscsi neutron-server[78728]: DEBUG neutron_lib.callbacks.manager [None req-135c26ed-c44a-470f-82f4-29b497672c22 admin admin] Notify callbacks ['neutron.plugins.ml2.plugin.Ml2Plugin._handle_segment_change-730152'] for segment, precommit_create {{(pid=78728) _notify_loop /usr/local/lib/python3.8/dist-packages/neutron_lib/callbacks/manager.py:192}}
May 10 11:24:22.030080 dv-cinder-784956-5-iscsi neutron-server[78728]: INFO neutron.db.segments_db [None req-135c26ed-c44a-470f-82f4-29b497672c22 admin admin] Added segment 01179e59-7422-48f3-a014-07325e0619bd of type vlan for network 1387b265-e340-4e07-86dc-d425bfe4d7e4
May 10 11:24:22.049868 dv-cinder-784956-5-iscsi neutron-server[78728]: DEBUG oslo_concurrency.lockutils [None req-135c26ed-c44a-470f-82f4-29b497672c22 admin admin] Lock "event-dispatch" released by "neutron.plugins.ml2.ovo_rpc._ObjectChangeHandler.dispatch_events" :: held 0.092s {{(pid=78728) inner /usr/local/lib/python3.8/dist-packages/oslo_concurrency/lockutils.py:367}}
May 10 11:24:22.050984 dv-cinder-784956-5-iscsi neutron-server[78728]: DEBUG neutron.api.rpc.agentnotifiers.l3_rpc_agent_api [None req-2ebfc1ac-0600-413a-8198-69ec1a59649b admin admin] Notify agent at l3_agent.dv-cinder-784956-5-iscsi the message routers_updated {{(pid=78728) _agent_notification /opt/stack/neutron/neutron/api/rpc/agentnotifiers/l3_rpc_agent_api.py:68}}
May 10 11:24:22.061122 dv-cinder-784956-5-iscsi neutron-server[78731]: DEBUG neutron.api.rpc.handlers.l3_rpc [None req-dfdcd2b1-2064-4aa7-99c7-9f418cfaca9e None None] Sync routers for ids ['52a4457a-bbad-4e4c-aa24-94649f57335d'] in dv-cinder-784956-5-iscsi {{(pid=78731) sync_routers /opt/stack/neutron/neutron/api/rpc/handlers/l3_rpc.py:125}}
May 10 11:24:22.090028 dv-cinder-784956-5-iscsi neutron-server[78731]: DEBUG neutron.db.l3_dvrscheduler_db [None req-dfdcd2b1-2064-4aa7-99c7-9f418cfaca9e None None] Routers {'52a4457a-bbad-4e4c-aa24-94649f57335d'} bound to L3 agent in host dv-cinder-784956-5-iscsi {{(pid=78731) _get_router_ids_for_agent /opt/stack/neutron/neutron/db/l3_dvrscheduler_db.py:422}}
May 10 11:24:22.090594 dv-cinder-784956-5-iscsi neutron-server[78731]: DEBUG neutron.db.l3_hamode_db [None req-dfdcd2b1-2064-4aa7-99c7-9f418cfaca9e None None] neutron.services.l3_router.l3_router_plugin.L3RouterPlugin method get_ha_sync_data_for_host called with arguments (, 'dv-cinder-784956-5-iscsi', Agent(admin_state_up=True,agent_type='L3 agent',availability_zone='nova',binary='neutron-l3-agent',configurations={"agent_mode": "legacy", "ex_gw_ports": 1, "extensions": [], "floating_ips": 0, "handle_internal_only_routers": true, "interface_driver": "openvswitch", "interfaces": 1, "log_agent_heartbeats": false, "routers": 1},created_at=2021-05-10T11:16:55Z,description=,heartbeat_timestamp=2021-05-10T11:23:55Z,host='dv-cinder-784956-5-iscsi',id=d35bb17b-c3be-475b-bcd0-45b54192e064,load=0,resource_versions=,resources_synced=,started_at=2021-05-10T11:16:55Z,topic='l3_agent')) {'router_ids': ['52a4457a-bbad-4e4c-aa24-94649f57335d'], 'active': True} {{(pid=78731) wrapper /usr/local/lib/python3.8/dist-packages/oslo_log/helpers.py:65}}
May 10 11:24:22.145194 dv-cinder-784956-5-iscsi neutron-server[78728]: DEBUG neutron_lib.callbacks.manager [None req-135c26ed-c44a-470f-82f4-29b497672c22 admin admin] Notify callbacks ['neutron.services.auto_allocate.db._ensure_external_network_default_value_callback-8745972880240'] for network, precommit_create {{(pid=78728) _notify_loop /usr/local/lib/python3.8/dist-packages/neutron_lib/callbacks/manager.py:192}}
May 10 11:24:22.154941 dv-cinder-784956-5-iscsi neutron-server[78728]: DEBUG neutron_lib.callbacks.manager [None req-2ebfc1ac-0600-413a-8198-69ec1a59649b admin admin] Notify callbacks [] for router, before_response {{(pid=78728) _notify_loop /usr/local/lib/python3.8/dist-packages/neutron_lib/callbacks/manager.py:192}}
May 10 11:24:22.156421 dv-cinder-784956-5-iscsi neutron-server[78728]: INFO neutron.wsgi [None req-2ebfc1ac-0600-413a-8198-69ec1a59649b admin admin] 10.222.0.13 "POST /v2.0/routers HTTP/1.1" status: 201 len: 923 time: 5.5988841
May 10 11:24:22.159688 dv-cinder-784956-5-iscsi neutron-server[78728]: DEBUG neutron.wsgi [-] (78728) accepted ('10.222.0.13', 36616) {{(pid=78728) server /usr/local/lib/python3.8/dist-packages/eventlet/wsgi.py:992}}
May 10 11:24:22.201357 dv-cinder-784956-5-iscsi neutron-server[78730]: DEBUG neutron.plugins.ml2.db [None req-7d2ec00b-6682-4966-bbc8-b46759c54e68 None None] For port a77b8749-3672-4bf6-bab0-03d2619721a2, host dv-cinder-784956-5-iscsi, got binding levels [PortBindingLevel(driver='openvswitch',host='dv-cinder-784956-5-iscsi',level=0,port_id=a77b8749-3672-4bf6-bab0-03d2619721a2,segment=NetworkSegment(6fc30256-2f1e-4fe8-b0cb-9f40963361ef),segment_id=6fc30256-2f1e-4fe8-b0cb-9f40963361ef)] {{(pid=78730) get_binding_level_objs /opt/stack/neutron/neutron/plugins/ml2/db.py:75}}
May 10 11:24:22.215947 dv-cinder-784956-5-iscsi neutron-server[78730]: DEBUG neutron_lib.callbacks.manager [None req-7d2ec00b-6682-4966-bbc8-b46759c54e68 None None] Notify callbacks ['neutron.plugins.ml2.plugin.SecurityGroupServerNotifierRpcMixin.notify_sg_on_port_change-646333', 'neutron.plugins.ml2.ovo_rpc._ObjectChangeHandler.handle_event-55683', 'neutron.api.rpc.agentnotifiers.dhcp_rpc_agent_api.DhcpAgentNotifyAPI._native_event_send_dhcp_notification-3680395', 'neutron.db.l3_db.L3RpcNotifierMixin._notify_gateway_port_ip_changed-8745973314151', 'neutron.db.l3_dvrscheduler_db._notify_l3_agent_port_update-8745972895757', 'neutron.db.l3_hascheduler_db._notify_l3_agent_ha_port_update-8745972895802'] for port, after_update {{(pid=78730) _notify_loop /usr/local/lib/python3.8/dist-packages/neutron_lib/callbacks/manager.py:192}}
May 10 11:24:22.223522 dv-cinder-784956-5-iscsi neutron-server[78730]: DEBUG oslo_concurrency.lockutils [-] Lock "event-dispatch" acquired by "neutron.plugins.ml2.ovo_rpc._ObjectChangeHandler.dispatch_events" :: waited 0.000s {{(pid=78730) inner /usr/local/lib/python3.8/dist-packages/oslo_concurrency/lockutils.py:355}}
May 10 11:24:22.304485 dv-cinder-784956-5-iscsi neutron-server[78730]: DEBUG neutron.api.rpc.handlers.resources_rpc [None req-7d2ec00b-6682-4966-bbc8-b46759c54e68 None None] Pushing event updated for resources: {'Port': ['ID=a77b8749-3672-4bf6-bab0-03d2619721a2,revision_number=3']} {{(pid=78730) push /opt/stack/neutron/neutron/api/rpc/handlers/resources_rpc.py:237}}
May 10 11:24:22.318314 dv-cinder-784956-5-iscsi neutron-server[78730]: DEBUG oslo_concurrency.lockutils [None req-7d2ec00b-6682-4966-bbc8-b46759c54e68 None None] Lock "event-dispatch" released by "neutron.plugins.ml2.ovo_rpc._ObjectChangeHandler.dispatch_events" :: held 0.094s {{(pid=78730) inner /usr/local/lib/python3.8/dist-packages/oslo_concurrency/lockutils.py:367}}
May 10 11:24:22.326136 dv-cinder-784956-5-iscsi neutron-server[78730]: DEBUG neutron_lib.callbacks.manager [None req-1a925f2a-eb19-4ded-b43f-a4421f500c48 None None] Notify callbacks ['neutron.plugins.ml2.plugin.SecurityGroupDbMixin._ensure_default_security_group_handler-646398'] for port, before_update {{(pid=78730) _notify_loop /usr/local/lib/python3.8/dist-packages/neutron_lib/callbacks/manager.py:192}}
May 10 11:24:22.330931 dv-cinder-784956-5-iscsi neutron-server[78728]: DEBUG neutron_lib.callbacks.manager [None req-135c26ed-c44a-470f-82f4-29b497672c22 admin admin] Notify callbacks ['neutron.plugins.ml2.ovo_rpc._ObjectChangeHandler.handle_event-3708325', 'neutron.api.rpc.agentnotifiers.dhcp_rpc_agent_api.DhcpAgentNotifyAPI._native_event_send_dhcp_notification-3680395'] for network, after_create {{(pid=78728) _notify_loop /usr/local/lib/python3.8/dist-packages/neutron_lib/callbacks/manager.py:192}}
May 10 11:24:22.335076 dv-cinder-784956-5-iscsi neutron-server[78728]: DEBUG neutron.pecan_wsgi.hooks.policy_enforcement [None req-135c26ed-c44a-470f-82f4-29b497672c22 admin admin] Attributes excluded by policy engine: ['standard_attr_id', 'vlan_transparent'] {{(pid=78728) _exclude_attributes_by_policy /opt/stack/neutron/neutron/pecan_wsgi/hooks/policy_enforcement.py:255}}
May 10 11:24:22.335848 dv-cinder-784956-5-iscsi neutron-server[78728]: DEBUG neutron_lib.callbacks.manager [None req-135c26ed-c44a-470f-82f4-29b497672c22 admin admin] Notify callbacks ['neutron.api.rpc.agentnotifiers.dhcp_rpc_agent_api.DhcpAgentNotifyAPI._send_dhcp_notification-3680421'] for network, before_response {{(pid=78728) _notify_loop /usr/local/lib/python3.8/dist-packages/neutron_lib/callbacks/manager.py:192}}
May 10 11:24:22.338673 dv-cinder-784956-5-iscsi neutron-server[78730]: DEBUG neutron_lib.callbacks.manager [None req-752218d3-89dc-4c10-b8d2-e34ea1c3761d None None] Notify callbacks ['neutron.services.segments.db._update_segment_host_mapping_for_agent-8745973320358', 'neutron.plugins.ml2.plugin.Ml2Plugin._retry_binding_revived_agents-733914'] for agent, after_update {{(pid=78730) _notify_loop /usr/local/lib/python3.8/dist-packages/neutron_lib/callbacks/manager.py:192}}
May 10 11:24:22.345167 dv-cinder-784956-5-iscsi neutron-server[78728]: DEBUG oslo_concurrency.lockutils [-] Lock "event-dispatch" acquired by "neutron.plugins.ml2.ovo_rpc._ObjectChangeHandler.dispatch_events" :: waited 0.000s {{(pid=78728) inner /usr/local/lib/python3.8/dist-packages/oslo_concurrency/lockutils.py:355}}
May 10 11:24:22.367603 dv-cinder-784956-5-iscsi neutron-server[78729]: DEBUG neutron_lib.callbacks.manager [None req-5ef82c0f-19b6-4df7-9285-b61f95790feb admin admin] Notify callbacks [] for security_group, precommit_delete {{(pid=78729) _notify_loop /usr/local/lib/python3.8/dist-packages/neutron_lib/callbacks/manager.py:192}}
May 10 11:24:22.421059 dv-cinder-784956-5-iscsi neutron-server[78731]: DEBUG neutron.db.l3_dvr_db [None req-dfdcd2b1-2064-4aa7-99c7-9f418cfaca9e None None] Set router 52a4457a-bbad-4e4c-aa24-94649f57335d gateway port host: dv-cinder-784956-5-iscsi {{(pid=78731) _build_routers_list /opt/stack/neutron/neutron/db/l3_dvr_db.py:819}}
May 10 11:24:22.426171 dv-cinder-784956-5-iscsi neutron-server[78730]: DEBUG neutron_lib.db.api [None req-1a925f2a-eb19-4ded-b43f-a4421f500c48 None None] Retry wrapper got retriable exception: UPDATE statement on table 'standardattributes' expected to update 1 row(s); 0 were matched. {{(pid=78730) wrapped /usr/local/lib/python3.8/dist-packages/neutron_lib/db/api.py:183}}
May 10 11:24:22.426171 dv-cinder-784956-5-iscsi neutron-server[78730]: DEBUG oslo_db.api [None req-1a925f2a-eb19-4ded-b43f-a4421f500c48 None None] Performing DB retry for function neutron.plugins.ml2.plugin.Ml2Plugin.update_port_statuses {{(pid=78730) wrapper /usr/local/lib/python3.8/dist-packages/oslo_db/api.py:155}}
May 10 11:24:22.461309 dv-cinder-784956-5-iscsi neutron-server[78729]: DEBUG neutron_lib.callbacks.manager [None req-5ef82c0f-19b6-4df7-9285-b61f95790feb admin admin] Notify callbacks ['neutron.plugins.ml2.ovo_rpc._ObjectChangeHandler.handle_event-3708316'] for security_group, after_delete {{(pid=78729) _notify_loop /usr/local/lib/python3.8/dist-packages/neutron_lib/callbacks/manager.py:192}}
May 10 11:24:22.485659 dv-cinder-784956-5-iscsi neutron-server[78729]: DEBUG oslo_concurrency.lockutils [None req-e87e3bb2-f492-4f9a-866a-22547c283390 admin admin] Lock "event-dispatch" acquired by "neutron.plugins.ml2.ovo_rpc._ObjectChangeHandler.dispatch_events" :: waited 0.000s {{(pid=78729) inner /usr/local/lib/python3.8/dist-packages/oslo_concurrency/lockutils.py:355}}
May 10 11:24:22.507384 dv-cinder-784956-5-iscsi neutron-server[78729]: DEBUG neutron_lib.callbacks.manager [None req-5ef82c0f-19b6-4df7-9285-b61f95790feb admin admin] Notify callbacks [] for security_group, before_response {{(pid=78729) _notify_loop /usr/local/lib/python3.8/dist-packages/neutron_lib/callbacks/manager.py:192}}
May 10 11:24:22.508545 dv-cinder-784956-5-iscsi neutron-server[78729]: INFO neutron.wsgi [None req-5ef82c0f-19b6-4df7-9285-b61f95790feb admin admin] 10.222.0.13 "DELETE /v2.0/security-groups/d5d8118d-04f6-4b57-a8cb-15f5fd48b8f4 HTTP/1.1" status: 204 len: 168 time: 0.7777841
May 10 11:24:22.513521 dv-cinder-784956-5-iscsi neutron-server[78729]: DEBUG neutron.api.rpc.handlers.resources_rpc [None req-5ef82c0f-19b6-4df7-9285-b61f95790feb admin admin] Pushing event deleted for resources: {'SecurityGroup': ['ID=d5d8118d-04f6-4b57-a8cb-15f5fd48b8f4,revision_number=None']} {{(pid=78729) push /opt/stack/neutron/neutron/api/rpc/handlers/resources_rpc.py:237}}
May 10 11:24:22.516340 dv-cinder-784956-5-iscsi neutron-server[78729]: DEBUG neutron_lib.callbacks.manager [None req-59fbb5b7-27cd-4393-a5db-245e73e7b796 admin admin] Notify callbacks [] for router_gateway, before_create {{(pid=78729) _notify_loop /usr/local/lib/python3.8/dist-packages/neutron_lib/callbacks/manager.py:192}}
May 10 11:24:22.518534 dv-cinder-784956-5-iscsi neutron-server[78728]: INFO neutron.wsgi [None req-135c26ed-c44a-470f-82f4-29b497672c22 admin admin] 10.222.0.13 "POST /v2.0/networks HTTP/1.1" status: 201 len: 897 time: 1.5711815
May 10 11:24:22.546834 dv-cinder-784956-5-iscsi neutron-server[78729]: DEBUG oslo_concurrency.lockutils [None req-5ef82c0f-19b6-4df7-9285-b61f95790feb admin admin] Lock "event-dispatch" released by "neutron.plugins.ml2.ovo_rpc._ObjectChangeHandler.dispatch_events" :: held 0.061s {{(pid=78729) inner /usr/local/lib/python3.8/dist-packages/oslo_concurrency/lockutils.py:367}}
May 10 11:24:22.547296 dv-cinder-784956-5-iscsi neutron-server[78729]: DEBUG neutron.wsgi [-] (78729) accepted ('10.222.0.13', 36628) {{(pid=78729) server /usr/local/lib/python3.8/dist-packages/eventlet/wsgi.py:992}}
May 10 11:24:22.550318 dv-cinder-784956-5-iscsi neutron-server[78729]: DEBUG neutron.scheduler.l3_agent_scheduler [None req-4d2fd8fd-6118-4c34-a0cb-b98f37e6f955 admin admin] Router 5bb2e6f6-b843-4865-8e33-8f5f59e0f86b is scheduled to L3 agent d35bb17b-c3be-475b-bcd0-45b54192e064 with binding_index 1 {{(pid=78729) bind_router /opt/stack/neutron/neutron/scheduler/l3_agent_scheduler.py:210}}
May 10 11:24:22.559845 dv-cinder-784956-5-iscsi neutron-server[78729]: DEBUG neutron.api.v2.base [None req-0529fbba-4a79-41c8-9ce1-3996d5430a29 admin admin] Request body: {'subnet': {'network_id': '1387b265-e340-4e07-86dc-d425bfe4d7e4', 'cidr': '172.20.0.0/28', 'name': 'tempest-EncryptedVolumesExtendAttachedTest-196065372-subnet', 'tenant_id': '10b27e58ce0c46849b8350ebc6f5b33c', 'enable_dhcp': False, 'ip_version': 4}} {{(pid=78729) prepare_request_body /opt/stack/neutron/neutron/api/v2/base.py:729}}
May 10 11:24:22.568952 dv-cinder-784956-5-iscsi neutron-server[78729]: DEBUG neutron_lib.callbacks.manager [None req-59fbb5b7-27cd-4393-a5db-245e73e7b796 admin admin] Notify callbacks ['neutron.plugins.ml2.plugin.SecurityGroupDbMixin._ensure_default_security_group_handler-646398'] for port, before_create {{(pid=78729) _notify_loop /usr/local/lib/python3.8/dist-packages/neutron_lib/callbacks/manager.py:192}}
May 10 11:24:22.602810 dv-cinder-784956-5-iscsi neutron-server[78728]: DEBUG neutron.api.rpc.handlers.resources_rpc [None req-135c26ed-c44a-470f-82f4-29b497672c22 admin admin] Pushing event updated for resources: {'Network': ['ID=1387b265-e340-4e07-86dc-d425bfe4d7e4,revision_number=1']} {{(pid=78728) push /opt/stack/neutron/neutron/api/rpc/handlers/resources_rpc.py:237}}
May 10 11:24:22.626406 dv-cinder-784956-5-iscsi neutron-server[78730]: DEBUG neutron.plugins.ml2.rpc [None req-7d2ec00b-6682-4966-bbc8-b46759c54e68 None None] Network 1387b265-e340-4e07-86dc-d425bfe4d7e4 details requested by agent ovs-agent-dv-cinder-784956-5-iscsi with host dv-cinder-784956-5-iscsi {{(pid=78730) get_network_details /opt/stack/neutron/neutron/plugins/ml2/rpc.py:232}}
May 10 11:24:22.780295 dv-cinder-784956-5-iscsi neutron-server[78729]: DEBUG neutron.db.quota.driver [None req-0529fbba-4a79-41c8-9ce1-3996d5430a29 admin admin] Resources subnetpool have unlimited quota limit. It is not required to calculate headroom {{(pid=78729) make_reservation /opt/stack/neutron/neutron/db/quota/driver.py:219}}
May 10 11:24:22.781636 dv-cinder-784956-5-iscsi neutron-server[78728]: DEBUG oslo_concurrency.lockutils [None req-135c26ed-c44a-470f-82f4-29b497672c22 admin admin] Lock "event-dispatch" released by "neutron.plugins.ml2.ovo_rpc._ObjectChangeHandler.dispatch_events" :: held 0.436s {{(pid=78728) inner /usr/local/lib/python3.8/dist-packages/oslo_concurrency/lockutils.py:367}}
May 10 11:24:22.842154 dv-cinder-784956-5-iscsi neutron-server[78729]: DEBUG neutron.quota.resource [None req-0529fbba-4a79-41c8-9ce1-3996d5430a29 admin admin] Usage tracker for resource:subnet and tenant:10b27e58ce0c46849b8350ebc6f5b33c is out of sync, need to count used quota {{(pid=78729) count_used /opt/stack/neutron/neutron/quota/resource.py:270}}
May 10 11:24:22.864837 dv-cinder-784956-5-iscsi neutron-server[78729]: DEBUG neutron.quota.resource [None req-0529fbba-4a79-41c8-9ce1-3996d5430a29 admin admin] Quota usage for subnet was recalculated. Used quota:0. {{(pid=78729) count_used /opt/stack/neutron/neutron/quota/resource.py:290}}
May 10 11:24:22.896266 dv-cinder-784956-5-iscsi neutron-server[78731]: DEBUG neutron.db.l3_hamode_db [None req-dfdcd2b1-2064-4aa7-99c7-9f418cfaca9e None None] neutron.services.l3_router.l3_router_plugin.L3RouterPlugin method _process_sync_ha_data called with arguments (, [{'id': '52a4457a-bbad-4e4c-aa24-94649f57335d', 'name': 'tempest-AttachVolumeTestJSON-1545122855-router', 'tenant_id': 'e0b8b57c604344f7b02ff5868bbe1e76', 'admin_state_up': True, 'status': 'ACTIVE', 'external_gateway_info': {'network_id': '3f71b2d2-59f0-4475-bea2-1eec4e07450d', 'external_fixed_ips': [{'subnet_id': '30b58d62-d46b-4cc0-854a-3a93bc37cb67', 'ip_address': '172.27.3.219'}], 'enable_snat': True}, 'gw_port_id': '2a41a66b-19f2-42cc-95a3-e79fda6d2474', 'description': '', 'availability_zones': ['nova'], 'distributed': False, 'ha': False, 'ha_vr_id': 0, 'availability_zone_hints': [], 'routes': [], 'flavor_id': None, 'tags': [], 'created_at': '2021-05-10T11:24:16Z', 'updated_at': '2021-05-10T11:24:20Z', 'revision_number': 3, 'project_id': 'e0b8b57c604344f7b02ff5868bbe1e76', 'gw_port': {'id': '2a41a66b-19f2-42cc-95a3-e79fda6d2474', 'name': '', 'network_id': '3f71b2d2-59f0-4475-bea2-1eec4e07450d', 'tenant_id': '', 'mac_address': 'fa:16:3e:ad:75:e8', 'admin_state_up': True, 'status': 'DOWN', 'device_id': '52a4457a-bbad-4e4c-aa24-94649f57335d', 'device_owner': 'network:router_gateway', 'standard_attr_id': 80, 'fixed_ips': [{'subnet_id': '30b58d62-d46b-4cc0-854a-3a93bc37cb67', 'ip_address': '172.27.3.219', 'prefixlen': 24}], 'allowed_address_pairs': [], 'extra_dhcp_opts': [], 'security_groups': [], 'description': '', 'binding:vnic_type': 'normal', 'binding:profile': {}, 'binding:host_id': '', 'binding:vif_type': 'unbound', 'binding:vif_details': {}, 'port_security_enabled': False, 'tags': [], 'created_at': '2021-05-10T11:24:18Z', 'updated_at': '2021-05-10T11:24:19Z', 'revision_number': 1, 'project_id': '', 'subnets': [{'id': '30b58d62-d46b-4cc0-854a-3a93bc37cb67', 'cidr': '172.27.3.0/24', 'gateway_ip': '172.27.3.1', 'dns_nameservers': [], 'ipv6_ra_mode': None, 'subnetpool_id': None}], 'extra_subnets': [], 'address_scopes': {4: None, 6: None}, 'mtu': 1500}, 'enable_snat': True, 'gw_port_host': 'dv-cinder-784956-5-iscsi'}], 'dv-cinder-784956-5-iscsi', False) {} {{(pid=78731) wrapper /usr/local/lib/python3.8/dist-packages/oslo_log/helpers.py:65}}
May 10 11:24:22.901207 dv-cinder-784956-5-iscsi neutron-server[78731]: DEBUG neutron.api.rpc.handlers.l3_rpc [None req-dfdcd2b1-2064-4aa7-99c7-9f418cfaca9e None None] Checking router: 52a4457a-bbad-4e4c-aa24-94649f57335d for host: dv-cinder-784956-5-iscsi {{(pid=78731) _ensure_host_set_on_ports /opt/stack/neutron/neutron/api/rpc/handlers/l3_rpc.py:155}}
May 10 11:24:22.901726 dv-cinder-784956-5-iscsi neutron-server[78731]: DEBUG neutron.api.rpc.handlers.l3_rpc [None req-dfdcd2b1-2064-4aa7-99c7-9f418cfaca9e None None] Updating router 52a4457a-bbad-4e4c-aa24-94649f57335d port 2a41a66b-19f2-42cc-95a3-e79fda6d2474 binding host dv-cinder-784956-5-iscsi {{(pid=78731) _ensure_host_set_on_port /opt/stack/neutron/neutron/api/rpc/handlers/l3_rpc.py:205}}
May 10 11:24:22.932579 dv-cinder-784956-5-iscsi neutron-server[78729]: DEBUG neutron.db.db_base_plugin_common [None req-59fbb5b7-27cd-4393-a5db-245e73e7b796 admin admin] Allocated IP 172.27.3.161 (3f71b2d2-59f0-4475-bea2-1eec4e07450d/30b58d62-d46b-4cc0-854a-3a93bc37cb67/1aa0b732-c6b4-44f7-8099-b96f69d77901) {{(pid=78729) _store_ip_allocation /opt/stack/neutron/neutron/db/db_base_plugin_common.py:131}}
May 10 11:24:22.958483 dv-cinder-784956-5-iscsi neutron-server[78729]: INFO neutron.wsgi [req-98ebbe1e-aa48-4bf7-bae0-44c11f22cc73 req-64632b41-5777-4c4e-8b25-e59c263d7d1b tempest-DeleteServersTestJSON-2003724616 tempest-DeleteServersTestJSON-2003724616-project] 10.222.0.13 "GET /v2.0/ports?device_id=4c48f73e-2133-4282-aa33-efac250daf4b HTTP/1.1" status: 200 len: 210 time: 0.1793983
May 10 11:24:23.011871 dv-cinder-784956-5-iscsi neutron-server[78731]: DEBUG neutron_lib.callbacks.manager [None req-dfdcd2b1-2064-4aa7-99c7-9f418cfaca9e None None] Notify callbacks ['neutron.plugins.ml2.plugin.SecurityGroupDbMixin._ensure_default_security_group_handler-646398'] for port, before_update {{(pid=78731) _notify_loop /usr/local/lib/python3.8/dist-packages/neutron_lib/callbacks/manager.py:192}}
May 10 11:24:23.152474 dv-cinder-784956-5-iscsi neutron-server[78730]: DEBUG neutron.api.rpc.handlers.dhcp_rpc [None req-2a0d8e9f-2582-4a2d-93a7-afb0b20efb89 None None] Network bc80aa90-d0ea-4cc3-9267-6266fe16a3e3 requested from dv-cinder-784956-5-iscsi {{(pid=78730) get_network_info /opt/stack/neutron/neutron/api/rpc/handlers/dhcp_rpc.py:218}}
May 10 11:24:23.287694 dv-cinder-784956-5-iscsi neutron-server[78729]: DEBUG neutron.db.quota.driver [None req-0529fbba-4a79-41c8-9ce1-3996d5430a29 admin admin] Attempting to reserve 1 items for resource subnet. Total usage: 0; quota limit: 100; headroom:100 {{(pid=78729) make_reservation /opt/stack/neutron/neutron/db/quota/driver.py:246}}
May 10 11:24:23.317478 dv-cinder-784956-5-iscsi neutron-server[78730]: DEBUG neutron.plugins.ml2.rpc [None req-7d2ec00b-6682-4966-bbc8-b46759c54e68 None None] Device a77b8749-3672-4bf6-bab0-03d2619721a2 up at agent ovs-agent-dv-cinder-784956-5-iscsi {{(pid=78730) update_device_up /opt/stack/neutron/neutron/plugins/ml2/rpc.py:278}}
May 10 11:24:23.400774 dv-cinder-784956-5-iscsi neutron-server[78730]: DEBUG neutron.db.provisioning_blocks [None req-2520aafe-3b20-4916-a216-b5e16786f7e6 None None] Provisioning for port 579711fb-0a88-4639-9718-23eb37c03ca3 completed by entity DHCP. {{(pid=78730) provisioning_complete /opt/stack/neutron/neutron/db/provisioning_blocks.py:133}}
May 10 11:24:23.403029 dv-cinder-784956-5-iscsi neutron-server[78728]: DEBUG neutron_lib.callbacks.manager [None req-fda014df-a622-4814-96ea-3fcb25b2d508 admin admin] Notify callbacks ['neutron.plugins.ml2.plugin.SecurityGroupDbMixin._ensure_default_security_group_handler-646398'] for port, before_create {{(pid=78728) _notify_loop /usr/local/lib/python3.8/dist-packages/neutron_lib/callbacks/manager.py:192}}
May 10 11:24:23.433980 dv-cinder-784956-5-iscsi neutron-server[78730]: DEBUG neutron.db.provisioning_blocks [None req-7d2ec00b-6682-4966-bbc8-b46759c54e68 None None] Provisioning complete for port a77b8749-3672-4bf6-bab0-03d2619721a2 triggered by entity L2. {{(pid=78730) provisioning_complete /opt/stack/neutron/neutron/db/provisioning_blocks.py:139}}
May 10 11:24:23.434874 dv-cinder-784956-5-iscsi neutron-server[78730]: DEBUG neutron_lib.callbacks.manager [None req-7d2ec00b-6682-4966-bbc8-b46759c54e68 None None] Notify callbacks ['neutron.plugins.ml2.plugin.Ml2Plugin._port_provisioned-733801'] for port, provisioning_complete {{(pid=78730) _notify_loop /usr/local/lib/python3.8/dist-packages/neutron_lib/callbacks/manager.py:192}}
May 10 11:24:23.475151 dv-cinder-784956-5-iscsi neutron-server[78729]: DEBUG neutron_lib.callbacks.manager [None req-59fbb5b7-27cd-4393-a5db-245e73e7b796 admin admin] Notify callbacks [] for port, precommit_create {{(pid=78729) _notify_loop /usr/local/lib/python3.8/dist-packages/neutron_lib/callbacks/manager.py:192}}
May 10 11:24:23.516690 dv-cinder-784956-5-iscsi neutron-server[78729]: DEBUG neutron_lib.callbacks.manager [None req-59fbb5b7-27cd-4393-a5db-245e73e7b796 admin admin] Notify callbacks ['neutron.plugins.ml2.plugin.SecurityGroupServerNotifierRpcMixin.notify_sg_on_port_change-646333', 'neutron.plugins.ml2.ovo_rpc._ObjectChangeHandler.handle_event-55683', 'neutron.api.rpc.agentnotifiers.dhcp_rpc_agent_api.DhcpAgentNotifyAPI._native_event_send_dhcp_notification-3680395', 'neutron.db.l3_dvrscheduler_db._notify_l3_agent_new_port-8745972896247'] for port, after_create {{(pid=78729) _notify_loop /usr/local/lib/python3.8/dist-packages/neutron_lib/callbacks/manager.py:192}}
May 10 11:24:23.527561 dv-cinder-784956-5-iscsi neutron-server[78729]: DEBUG oslo_concurrency.lockutils [-] Lock "event-dispatch" acquired by "neutron.plugins.ml2.ovo_rpc._ObjectChangeHandler.dispatch_events" :: waited 0.000s {{(pid=78729) inner /usr/local/lib/python3.8/dist-packages/oslo_concurrency/lockutils.py:355}}
May 10 11:24:23.647503 dv-cinder-784956-5-iscsi neutron-server[78729]: DEBUG neutron.api.rpc.handlers.resources_rpc [None req-59fbb5b7-27cd-4393-a5db-245e73e7b796 admin admin] Pushing event updated for resources: {'Port': ['ID=1aa0b732-c6b4-44f7-8099-b96f69d77901,revision_number=1']} {{(pid=78729) push /opt/stack/neutron/neutron/api/rpc/handlers/resources_rpc.py:237}}
May 10 11:24:23.668043 dv-cinder-784956-5-iscsi neutron-server[78729]: DEBUG neutron.pecan_wsgi.hooks.quota_enforcement [None req-0529fbba-4a79-41c8-9ce1-3996d5430a29 admin admin] Made reservation on behalf of 10b27e58ce0c46849b8350ebc6f5b33c for: {'subnet': 1} {{(pid=78729) before /opt/stack/neutron/neutron/pecan_wsgi/hooks/quota_enforcement.py:53}}
May 10 11:24:23.670596 dv-cinder-784956-5-iscsi neutron-server[78729]: DEBUG neutron_lib.callbacks.manager [None req-0529fbba-4a79-41c8-9ce1-3996d5430a29 admin admin] Notify callbacks [] for subnet, before_create {{(pid=78729) _notify_loop /usr/local/lib/python3.8/dist-packages/neutron_lib/callbacks/manager.py:192}}
May 10 11:24:23.713872 dv-cinder-784956-5-iscsi neutron-server[78728]: DEBUG neutron.db.db_base_plugin_common [None req-fda014df-a622-4814-96ea-3fcb25b2d508 admin admin] Allocated IP 172.20.0.1 (367daadb-7975-4d87-914f-7685d11912a0/097652b3-55a3-410a-a095-41743a687aac/536b7c3b-177e-4fae-9411-0b14f4f7d461) {{(pid=78728) _store_ip_allocation /opt/stack/neutron/neutron/db/db_base_plugin_common.py:131}}
May 10 11:24:23.748769 dv-cinder-784956-5-iscsi neutron-server[78730]: DEBUG neutron.plugins.ml2.rpc [None req-7d2ec00b-6682-4966-bbc8-b46759c54e68 None None] Device 579711fb-0a88-4639-9718-23eb37c03ca3 up at agent ovs-agent-dv-cinder-784956-5-iscsi {{(pid=78730) update_device_up /opt/stack/neutron/neutron/plugins/ml2/rpc.py:278}}
May 10 11:24:23.862016 dv-cinder-784956-5-iscsi neutron-server[78729]: DEBUG oslo_concurrency.lockutils [None req-59fbb5b7-27cd-4393-a5db-245e73e7b796 admin admin] Lock "event-dispatch" released by "neutron.plugins.ml2.ovo_rpc._ObjectChangeHandler.dispatch_events" :: held 0.334s {{(pid=78729) inner /usr/local/lib/python3.8/dist-packages/oslo_concurrency/lockutils.py:367}}
May 10 11:24:23.862509 dv-cinder-784956-5-iscsi neutron-server[78730]: DEBUG neutron.db.provisioning_blocks [None req-7d2ec00b-6682-4966-bbc8-b46759c54e68 None None] Provisioning for port 579711fb-0a88-4639-9718-23eb37c03ca3 completed by entity L2. {{(pid=78730) provisioning_complete /opt/stack/neutron/neutron/db/provisioning_blocks.py:133}}
May 10 11:24:23.870984 dv-cinder-784956-5-iscsi neutron-server[78730]: DEBUG neutron.db.provisioning_blocks [None req-7d2ec00b-6682-4966-bbc8-b46759c54e68 None None] Provisioning complete for port 579711fb-0a88-4639-9718-23eb37c03ca3 triggered by entity L2. {{(pid=78730) provisioning_complete /opt/stack/neutron/neutron/db/provisioning_blocks.py:139}}
May 10 11:24:23.871364 dv-cinder-784956-5-iscsi neutron-server[78730]: DEBUG neutron_lib.callbacks.manager [None req-7d2ec00b-6682-4966-bbc8-b46759c54e68 None None] Notify callbacks ['neutron.plugins.ml2.plugin.Ml2Plugin._port_provisioned-733801'] for port, provisioning_complete {{(pid=78730) _notify_loop /usr/local/lib/python3.8/dist-packages/neutron_lib/callbacks/manager.py:192}}
May 10 11:24:23.901882 dv-cinder-784956-5-iscsi neutron-server[78731]: DEBUG neutron_lib.callbacks.manager [None req-dfdcd2b1-2064-4aa7-99c7-9f418cfaca9e None None] Notify callbacks [] for port, precommit_update {{(pid=78731) _notify_loop /usr/local/lib/python3.8/dist-packages/neutron_lib/callbacks/manager.py:192}}
May 10 11:24:23.907204 dv-cinder-784956-5-iscsi neutron-server[78729]: DEBUG neutron.scheduler.dhcp_agent_scheduler [None req-59fbb5b7-27cd-4393-a5db-245e73e7b796 admin admin] Network 3f71b2d2-59f0-4475-bea2-1eec4e07450d is already hosted by enough agents. {{(pid=78729) _get_dhcp_agents_hosting_network /opt/stack/neutron/neutron/scheduler/dhcp_agent_scheduler.py:275}}
