Aug 13 15:39:22.940566 dv-cinder-784956-11-smb neutron-server[100442]: DEBUG neutron.api.rpc.callbacks.version_manager [None req-85f445c8-45b0-421b-a361-56d78d4ea53f None None] Version for resource type SubPort changed None to 1.0 on consumer Open vSwitch agent@dv-cinder-784956-11-smb {{(pid=100442) _set_version /opt/stack/neutron/neutron/api/rpc/callbacks/version_manager.py:113}}
Aug 13 15:39:22.940989 dv-cinder-784956-11-smb neutron-server[100442]: DEBUG neutron.api.rpc.callbacks.version_manager [None req-85f445c8-45b0-421b-a361-56d78d4ea53f None None] Version for resource type Subnet changed None to 1.1 on consumer Open vSwitch agent@dv-cinder-784956-11-smb {{(pid=100442) _set_version /opt/stack/neutron/neutron/api/rpc/callbacks/version_manager.py:113}}
Aug 13 15:39:22.941375 dv-cinder-784956-11-smb neutron-server[100442]: DEBUG neutron.api.rpc.callbacks.version_manager [None req-85f445c8-45b0-421b-a361-56d78d4ea53f None None] Version for resource type Trunk changed None to 1.1 on consumer Open vSwitch agent@dv-cinder-784956-11-smb {{(pid=100442) _set_version /opt/stack/neutron/neutron/api/rpc/callbacks/version_manager.py:113}}
Aug 13 15:39:22.943450 dv-cinder-784956-11-smb neutron-server[100442]: DEBUG neutron.api.rpc.callbacks.version_manager [None req-85f445c8-45b0-421b-a361-56d78d4ea53f None None] Tracked resource versions report:
Aug 13 15:39:22.943450 dv-cinder-784956-11-smb neutron-server[100442]: pushed versions:
Aug 13 15:39:22.943450 dv-cinder-784956-11-smb neutron-server[100442]: { 'AddressGroup': {'1.2'},
Aug 13 15:39:22.943450 dv-cinder-784956-11-smb neutron-server[100442]: 'ConntrackHelper': {'1.0'},
Aug 13 15:39:22.943450 dv-cinder-784956-11-smb neutron-server[100442]: 'Log': {'1.0'},
Aug 13 15:39:22.943450 dv-cinder-784956-11-smb neutron-server[100442]: 'Network': {'1.1'},
Aug 13 15:39:22.943450 dv-cinder-784956-11-smb neutron-server[100442]: 'Port': {'1.7'},
Aug 13 15:39:22.943450 dv-cinder-784956-11-smb neutron-server[100442]: 'PortForwarding': {'1.2'},
Aug 13 15:39:22.943450 dv-cinder-784956-11-smb neutron-server[100442]: 'QosPolicy': {'1.9'},
Aug 13 15:39:22.943450 dv-cinder-784956-11-smb neutron-server[100442]: 'SecurityGroup': {'1.4'},
Aug 13 15:39:22.943450 dv-cinder-784956-11-smb neutron-server[100442]: 'SecurityGroupRule': {'1.2'},
Aug 13 15:39:22.943450 dv-cinder-784956-11-smb neutron-server[100442]: 'SubPort': {'1.0'},
Aug 13 15:39:22.943450 dv-cinder-784956-11-smb neutron-server[100442]: 'Subnet': {'1.1'},
Aug 13 15:39:22.943450 dv-cinder-784956-11-smb neutron-server[100442]: 'Trunk': {'1.1'}}
Aug 13 15:39:22.943450 dv-cinder-784956-11-smb neutron-server[100442]: consumer versions:
Aug 13 15:39:22.943450 dv-cinder-784956-11-smb neutron-server[100442]: { DHCP agent@dv-cinder-784956-11-smb: {},
Aug 13 15:39:22.943450 dv-cinder-784956-11-smb neutron-server[100442]: HyperV agent@hv-cinder-78495: {},
Aug 13 15:39:22.943450 dv-cinder-784956-11-smb neutron-server[100442]: L3 agent@dv-cinder-784956-11-smb: {},
Aug 13 15:39:22.943450 dv-cinder-784956-11-smb neutron-server[100442]: Metadata agent@dv-cinder-784956-11-smb: {},
Aug 13 15:39:22.943450 dv-cinder-784956-11-smb neutron-server[100442]: Metering agent@dv-cinder-784956-11-smb: {},
Aug 13 15:39:22.943450 dv-cinder-784956-11-smb neutron-server[100442]: Open vSwitch agent@dv-cinder-784956-11-smb: { 'AddressGroup': '1.2',
Aug 13 15:39:22.943450 dv-cinder-784956-11-smb neutron-server[100442]: 'ConntrackHelper': '1.0',
Aug 13 15:39:22.943450 dv-cinder-784956-11-smb neutron-server[100442]: 'Log': '1.0',
Aug 13 15:39:22.943450 dv-cinder-784956-11-smb neutron-server[100442]: 'Network': '1.1',
Aug 13 15:39:22.943450 dv-cinder-784956-11-smb neutron-server[100442]: 'Port': '1.7',
Aug 13 15:39:22.943450 dv-cinder-784956-11-smb neutron-server[100442]: 'PortForwarding': '1.2',
Aug 13 15:39:22.943450 dv-cinder-784956-11-smb neutron-server[100442]: 'QosPolicy': '1.9',
Aug 13 15:39:22.943450 dv-cinder-784956-11-smb neutron-server[100442]: 'SecurityGroup': '1.4',
Aug 13 15:39:22.943450 dv-cinder-784956-11-smb neutron-server[100442]: 'SecurityGroupRule': '1.2',
Aug 13 15:39:22.943450 dv-cinder-784956-11-smb neutron-server[100442]: 'SubPort': '1.0',
Aug 13 15:39:22.943450 dv-cinder-784956-11-smb neutron-server[100442]: 'Subnet': '1.1',
Aug 13 15:39:22.943450 dv-cinder-784956-11-smb neutron-server[100442]: 'Trunk': '1.1'}}
Aug 13 15:39:22.943450 dv-cinder-784956-11-smb neutron-server[100442]: {{(pid=100442) report /opt/stack/neutron/neutron/api/rpc/callbacks/version_manager.py:175}}
Aug 13 15:39:22.983862 dv-cinder-784956-11-smb neutron-server[100441]: INFO neutron.wsgi [req-95d47c03-4c70-4adc-86ea-5e76b324dda5 req-8899500a-ef9d-4a5d-9388-c592bfdaa048 tempest-AttachVolumeNegativeTest-174290680 tempest-AttachVolumeNegativeTest-174290680-project] 10.222.0.52 "GET /v2.0/ports?tenant_id=8fdece8e5ebc49ff9080e5071bb37a49&fields=id HTTP/1.1" status: 200 len: 210 time: 0.1650710
Aug 13 15:39:22.986747 dv-cinder-784956-11-smb neutron-server[100441]: DEBUG neutron_lib.callbacks.manager [None req-2ca2bfe3-c435-4aa2-a88a-da8cac22a5ee admin admin] Notify callbacks ['neutron.plugins.ml2.ovo_rpc._ObjectChangeHandler.handle_event-7982262'] for security_group, after_create {{(pid=100441) _notify_loop /usr/local/lib/python3.8/dist-packages/neutron_lib/callbacks/manager.py:192}}
Aug 13 15:39:23.003727 dv-cinder-784956-11-smb neutron-server[100441]: INFO neutron.wsgi [None req-46ee49a1-d7e8-4a37-b328-a322156fcc6d admin admin] 10.222.0.52 "POST /v2.0/subnets HTTP/1.1" status: 201 len: 855 time: 0.9855103
Aug 13 15:39:23.009031 dv-cinder-784956-11-smb neutron-server[100441]: DEBUG neutron.wsgi [-] (100441) accepted ('10.222.0.52', 38970) {{(pid=100441) server /usr/local/lib/python3.8/dist-packages/eventlet/wsgi.py:982}}
Aug 13 15:39:23.016674 dv-cinder-784956-11-smb neutron-server[100442]: DEBUG neutron.plugins.ml2.managers [None req-85f445c8-45b0-421b-a361-56d78d4ea53f None None] Attempting to bind port 2de72109-e5fa-4e94-94c1-870f4858f1fc on host dv-cinder-784956-11-smb for vnic_type normal with profile {{(pid=100442) bind_port /opt/stack/neutron/neutron/plugins/ml2/managers.py:790}}
Aug 13 15:39:23.017214 dv-cinder-784956-11-smb neutron-server[100442]: DEBUG neutron.plugins.ml2.managers [None req-85f445c8-45b0-421b-a361-56d78d4ea53f None None] Attempting to bind port 2de72109-e5fa-4e94-94c1-870f4858f1fc by drivers openvswitch,hyperv on host dv-cinder-784956-11-smb at level 0 using segments [{'id': '5efa1b9b-32fe-48b2-bad1-215a2717ff84', 'network_type': 'vlan', 'physical_network': 'physnet1', 'segmentation_id': 156, 'network_id': '2248a1c2-baa1-445c-b7d5-6013b614eef9'}] {{(pid=100442) _bind_port_level /opt/stack/neutron/neutron/plugins/ml2/managers.py:815}}
Aug 13 15:39:23.017384 dv-cinder-784956-11-smb neutron-server[100442]: DEBUG neutron.plugins.ml2.drivers.mech_agent [None req-85f445c8-45b0-421b-a361-56d78d4ea53f None None] Attempting to bind port 2de72109-e5fa-4e94-94c1-870f4858f1fc on network 2248a1c2-baa1-445c-b7d5-6013b614eef9 {{(pid=100442) bind_port /opt/stack/neutron/neutron/plugins/ml2/drivers/mech_agent.py:85}}
Aug 13 15:39:23.018720 dv-cinder-784956-11-smb neutron-server[100441]: DEBUG neutron.api.v2.base [None req-616ad8bc-25bb-4386-937a-7dedc3ee5ac8 admin admin] Request body: {'router': {'name': 'tempest-ServerRescueNegativeTestJSON-331872118-router', 'tenant_id': '745a9703456f45eeb4f3225ae99b549f', 'external_gateway_info': {'network_id': 'f8763a50-26a3-4d2b-bcf0-7206ce08e678'}}} {{(pid=100441) prepare_request_body /opt/stack/neutron/neutron/api/v2/base.py:729}}
Aug 13 15:39:23.053386 dv-cinder-784956-11-smb neutron-server[100441]: INFO neutron.wsgi [None req-2ca2bfe3-c435-4aa2-a88a-da8cac22a5ee admin admin] 10.222.0.52 "GET /v2.0/security-groups?tenant_id=663c9ed3f0104ca2aeb573cc5a7c8393&name=default HTTP/1.1" status: 200 len: 2975 time: 0.5701900
Aug 13 15:39:23.057535 dv-cinder-784956-11-smb neutron-server[100441]: DEBUG neutron.wsgi [-] (100441) accepted ('10.222.0.52', 38972) {{(pid=100441) server /usr/local/lib/python3.8/dist-packages/eventlet/wsgi.py:982}}
Aug 13 15:39:23.059093 dv-cinder-784956-11-smb neutron-server[100442]: DEBUG neutron.plugins.ml2.drivers.mech_agent [None req-85f445c8-45b0-421b-a361-56d78d4ea53f None None] Checking agent: {'id': '1a4699a2-0dca-4a25-bec7-0be308ffbbb0', 'agent_type': 'Open vSwitch agent', 'binary': 'neutron-openvswitch-agent', 'topic': 'N/A', 'host': 'dv-cinder-784956-11-smb', 'admin_state_up': True, 'created_at': datetime.datetime(2021, 8, 13, 15, 31, 44), 'started_at': datetime.datetime(2021, 8, 13, 15, 32, 14), 'heartbeat_timestamp': datetime.datetime(2021, 8, 13, 15, 39, 14), 'description': None, 'resources_synced': None, 'availability_zone': None, 'alive': True, 'configurations': {'arp_responder_enabled': False, 'baremetal_smartnic': False, 'bridge_mappings': {'physnet1': 'br-data'}, 'datapath_type': 'system', 'devices': 0, 'enable_distributed_routing': False, 'extensions': [], 'in_distributed_mode': False, 'integration_bridge': 'br-int', 'l2_population': False, 'log_agent_heartbeats': False, 'ovs_capabilities': {'datapath_types': ['netdev', 'system'], 'iface_types': ['erspan', 'geneve', 'gre', 'internal', 'ip6erspan', 'ip6gre', 'lisp', 'patch', 'stt', 'system', 'tap', 'vxlan']}, 'ovs_hybrid_plug': False, 'resource_provider_bandwidths': {}, 'resource_provider_hypervisors': {'br-data': 'dv-cinder-784956-11-smb'}, 'resource_provider_inventory_defaults': {'allocation_ratio': 1.0, 'min_unit': 1, 'step_size': 1, 'reserved': 0}, 'tunnel_types': [], 'tunneling_ip': None, 'vhostuser_socket_dir': '/var/run/openvswitch'}, 'resource_versions': {'AddressGroup': '1.2', 'ConntrackHelper': '1.0', 'Log': '1.0', 'Network': '1.1', 'Port': '1.7', 'PortForwarding': '1.2', 'QosPolicy': '1.9', 'SecurityGroup': '1.4', 'SecurityGroupRule': '1.2', 'SubPort': '1.0', 'Subnet': '1.1', 'Trunk': '1.1'}} {{(pid=100442) bind_port /opt/stack/neutron/neutron/plugins/ml2/drivers/mech_agent.py:104}}
Aug 13 15:39:23.059494 dv-cinder-784956-11-smb neutron-server[100442]: DEBUG neutron.plugins.ml2.drivers.mech_agent [None req-85f445c8-45b0-421b-a361-56d78d4ea53f None None] Checking segment: {'id': '5efa1b9b-32fe-48b2-bad1-215a2717ff84', 'network_type': 'vlan', 'physical_network': 'physnet1', 'segmentation_id': 156, 'network_id': '2248a1c2-baa1-445c-b7d5-6013b614eef9'} for mappings: {'physnet1': 'br-data'} with network types: ['local', 'flat', 'vlan'] {{(pid=100442) check_segment_for_agent /opt/stack/neutron/neutron/plugins/ml2/drivers/mech_agent.py:352}}
Aug 13 15:39:23.060040 dv-cinder-784956-11-smb neutron-server[100442]: DEBUG neutron_lib.callbacks.manager [None req-85f445c8-45b0-421b-a361-56d78d4ea53f None None] Notify callbacks [] for ovs_bridge_name, before_read {{(pid=100442) _notify_loop /usr/local/lib/python3.8/dist-packages/neutron_lib/callbacks/manager.py:192}}
Aug 13 15:39:23.060589 dv-cinder-784956-11-smb neutron-server[100442]: DEBUG neutron.plugins.ml2.drivers.mech_agent [None req-85f445c8-45b0-421b-a361-56d78d4ea53f None None] Bound using segment: {'id': '5efa1b9b-32fe-48b2-bad1-215a2717ff84', 'network_type': 'vlan', 'physical_network': 'physnet1', 'segmentation_id': 156, 'network_id': '2248a1c2-baa1-445c-b7d5-6013b614eef9'} {{(pid=100442) bind_port /opt/stack/neutron/neutron/plugins/ml2/drivers/mech_agent.py:114}}
Aug 13 15:39:23.061131 dv-cinder-784956-11-smb neutron-server[100442]: DEBUG neutron.plugins.ml2.managers [None req-85f445c8-45b0-421b-a361-56d78d4ea53f None None] Bound port: 2de72109-e5fa-4e94-94c1-870f4858f1fc, host: dv-cinder-784956-11-smb, vif_type: ovs, vif_details: {"connectivity": "l2", "port_filter": true, "ovs_hybrid_plug": false, "datapath_type": "system", "bridge_name": "br-int"}, binding_levels: [{'bound_driver': 'openvswitch', 'bound_segment': {'id': '5efa1b9b-32fe-48b2-bad1-215a2717ff84', 'network_type': 'vlan', 'physical_network': 'physnet1', 'segmentation_id': 156, 'network_id': '2248a1c2-baa1-445c-b7d5-6013b614eef9'}}] {{(pid=100442) _bind_port_level /opt/stack/neutron/neutron/plugins/ml2/managers.py:928}}
Aug 13 15:39:23.061594 dv-cinder-784956-11-smb neutron-server[100442]: DEBUG neutron_lib.callbacks.manager [None req-85f445c8-45b0-421b-a361-56d78d4ea53f None None] Notify callbacks ['neutron.plugins.ml2.plugin.SecurityGroupDbMixin._ensure_default_security_group_handler-937038'] for port, before_update {{(pid=100442) _notify_loop /usr/local/lib/python3.8/dist-packages/neutron_lib/callbacks/manager.py:192}}
Aug 13 15:39:23.075758 dv-cinder-784956-11-smb neutron-server[100441]: DEBUG neutron.api.rpc.handlers.resources_rpc [None req-2ca2bfe3-c435-4aa2-a88a-da8cac22a5ee admin admin] Pushing event updated for resources: {'SecurityGroup': ['ID=163c884d-4098-4dc5-8ed6-36b94c8e677d,revision_number=1']} {{(pid=100441) push /opt/stack/neutron/neutron/api/rpc/handlers/resources_rpc.py:237}}
Aug 13 15:39:23.096394 dv-cinder-784956-11-smb neutron-server[100442]: DEBUG neutron.api.rpc.handlers.dhcp_rpc [None req-a11e0b18-c960-484e-9efd-460ec6218a35 None None] Network 6b86726d-9f60-4d76-996c-9b167a9b9529 requested from dv-cinder-784956-11-smb {{(pid=100442) get_network_info /opt/stack/neutron/neutron/api/rpc/handlers/dhcp_rpc.py:218}}
Aug 13 15:39:23.107302 dv-cinder-784956-11-smb neutron-server[100441]: DEBUG neutron_lib.callbacks.manager [None req-616ad8bc-25bb-4386-937a-7dedc3ee5ac8 admin admin] Notify callbacks ['neutron.services.l3_router.l3_router_plugin.L3_HA_NAT_db_mixin._before_router_create_handler-7865582', 'neutron.services.l3_router.service_providers.driver_controller.DriverController._check_router_request-102281'] for router, before_create {{(pid=100441) _notify_loop /usr/local/lib/python3.8/dist-packages/neutron_lib/callbacks/manager.py:192}}
Aug 13 15:39:23.108309 dv-cinder-784956-11-smb neutron-server[100441]: DEBUG neutron_lib.callbacks.manager [None req-616ad8bc-25bb-4386-937a-7dedc3ee5ac8 admin admin] Notify callbacks ['neutron.services.l3_router.l3_router_plugin.L3_HA_NAT_db_mixin._precommit_router_create-7870846', 'neutron.services.l3_router.l3_router_plugin.DVRResourceOperationHandler._set_distributed_flag-7871533', 'neutron.services.l3_router.l3_router_plugin.RouterAvailabilityZoneMixin._process_az_request-8305965', 'neutron.services.l3_router.service_providers.driver_controller.DriverController._set_router_provider-102278'] for router, precommit_create {{(pid=100441) _notify_loop /usr/local/lib/python3.8/dist-packages/neutron_lib/callbacks/manager.py:192}}
Aug 13 15:39:23.111799 dv-cinder-784956-11-smb neutron-server[100440]: DEBUG neutron.wsgi [req-933b6dcf-b614-4b15-adff-c789bd3a09c0 req-411d9165-3acd-465f-a4ff-4e22f976c4d9 service neutron] http://10.222.0.52:9696/v2.0/extensions returned with HTTP 200 {{(pid=100440) __call__ /opt/stack/neutron/neutron/wsgi.py:729}}
Aug 13 15:39:23.113301 dv-cinder-784956-11-smb neutron-server[100440]: INFO neutron.wsgi [req-933b6dcf-b614-4b15-adff-c789bd3a09c0 req-411d9165-3acd-465f-a4ff-4e22f976c4d9 service neutron] 10.222.0.52 "GET /v2.0/extensions HTTP/1.1" status: 200 len: 13640 time: 0.1258714
Aug 13 15:39:23.135407 dv-cinder-784956-11-smb neutron-server[100441]: DEBUG neutron.wsgi [req-95d47c03-4c70-4adc-86ea-5e76b324dda5 req-ced56437-736f-4653-9351-791a95be60d4 service neutron] http://10.222.0.52:9696/v2.0/extensions returned with HTTP 200 {{(pid=100441) __call__ /opt/stack/neutron/neutron/wsgi.py:729}}
Aug 13 15:39:23.136573 dv-cinder-784956-11-smb neutron-server[100441]: INFO neutron.wsgi [req-95d47c03-4c70-4adc-86ea-5e76b324dda5 req-ced56437-736f-4653-9351-791a95be60d4 service neutron] 10.222.0.52 "GET /v2.0/extensions HTTP/1.1" status: 200 len: 13640 time: 0.0796883
Aug 13 15:39:23.201158 dv-cinder-784956-11-smb neutron-server[100440]: DEBUG neutron_lib.callbacks.manager [None req-22132bfd-e654-4fce-acc6-3205143fb974 admin admin] Notify callbacks ['neutron.plugins.ml2.ovo_rpc._ObjectChangeHandler.handle_event-7980866', 'neutron.api.rpc.agentnotifiers.dhcp_rpc_agent_api.DhcpAgentNotifyAPI._native_event_send_dhcp_notification-7929401'] for subnet, after_create {{(pid=100440) _notify_loop /usr/local/lib/python3.8/dist-packages/neutron_lib/callbacks/manager.py:192}}
Aug 13 15:39:23.203860 dv-cinder-784956-11-smb neutron-server[100442]: DEBUG neutron.plugins.ml2.db [None req-85f445c8-45b0-421b-a361-56d78d4ea53f None None] For port 2de72109-e5fa-4e94-94c1-870f4858f1fc, host dv-cinder-784956-11-smb, cleared binding levels {{(pid=100442) clear_binding_levels /opt/stack/neutron/neutron/plugins/ml2/db.py:87}}
Aug 13 15:39:23.222334 dv-cinder-784956-11-smb neutron-server[100442]: DEBUG neutron.plugins.ml2.db [None req-85f445c8-45b0-421b-a361-56d78d4ea53f None None] For port 2de72109-e5fa-4e94-94c1-870f4858f1fc, host dv-cinder-784956-11-smb, set binding levels [PortBindingLevel(driver='openvswitch',host='dv-cinder-784956-11-smb',level=0,port_id=2de72109-e5fa-4e94-94c1-870f4858f1fc,segment=NetworkSegment(5efa1b9b-32fe-48b2-bad1-215a2717ff84),segment_id=5efa1b9b-32fe-48b2-bad1-215a2717ff84)] {{(pid=100442) set_binding_levels /opt/stack/neutron/neutron/plugins/ml2/db.py:59}}
Aug 13 15:39:23.232105 dv-cinder-784956-11-smb neutron-server[100442]: DEBUG neutron_lib.callbacks.manager [None req-85f445c8-45b0-421b-a361-56d78d4ea53f None None] Notify callbacks ['neutron.plugins.ml2.plugin.SecurityGroupServerNotifierRpcMixin._notify_sg_on_port_change-937696', 'neutron.plugins.ml2.ovo_rpc._ObjectChangeHandler.handle_event-485082', 'neutron.api.rpc.agentnotifiers.dhcp_rpc_agent_api.DhcpAgentNotifyAPI._native_event_send_dhcp_notification-7929401', 'neutron.db.l3_db.L3RpcNotifierMixin._notify_gateway_port_ip_changed-8764430590612', 'neutron.db.l3_dvrscheduler_db._notify_l3_agent_port_update-8764430037773', 'neutron.db.l3_hascheduler_db._notify_l3_agent_ha_port_update-8764430037791'] for port, after_update {{(pid=100442) _notify_loop /usr/local/lib/python3.8/dist-packages/neutron_lib/callbacks/manager.py:192}}
Aug 13 15:39:23.302956 dv-cinder-784956-11-smb neutron-server[100441]: DEBUG neutron_lib.callbacks.manager [None req-616ad8bc-25bb-4386-937a-7dedc3ee5ac8 admin admin] Notify callbacks [] for router_controller, precommit_add_association {{(pid=100441) _notify_loop /usr/local/lib/python3.8/dist-packages/neutron_lib/callbacks/manager.py:192}}
Aug 13 15:39:23.305529 dv-cinder-784956-11-smb neutron-server[100441]: DEBUG neutron_lib.callbacks.manager [None req-fc48d38a-2923-43c2-9473-780ba4bad516 admin admin] Notify callbacks [] for security_group, before_delete {{(pid=100441) _notify_loop /usr/local/lib/python3.8/dist-packages/neutron_lib/callbacks/manager.py:192}}
Aug 13 15:39:23.327936 dv-cinder-784956-11-smb neutron-server[100442]: DEBUG neutron.api.rpc.handlers.resources_rpc [None req-85f445c8-45b0-421b-a361-56d78d4ea53f None None] Pushing event updated for resources: {'Port': ['ID=2de72109-e5fa-4e94-94c1-870f4858f1fc,revision_number=2']} {{(pid=100442) push /opt/stack/neutron/neutron/api/rpc/handlers/resources_rpc.py:237}}
Aug 13 15:39:23.335402 dv-cinder-784956-11-smb neutron-server[100440]: INFO neutron.wsgi [req-933b6dcf-b614-4b15-adff-c789bd3a09c0 req-4cb276c8-2dd6-4343-850a-255a0bca8755 service neutron] 10.222.0.52 "GET /v2.0/networks/91071e38-9d6b-436f-a142-0198fd0f705d?fields=segments HTTP/1.1" status: 200 len: 212 time: 0.2087328
Aug 13 15:39:23.343445 dv-cinder-784956-11-smb neutron-server[100440]: DEBUG neutron.api.rpc.handlers.resources_rpc [None req-22132bfd-e654-4fce-acc6-3205143fb974 admin admin] Pushing event updated for resources: {'Subnet': ['ID=5b96b94d-37aa-4a19-9ee0-9105d1cd1544,revision_number=0']} {{(pid=100440) push /opt/stack/neutron/neutron/api/rpc/handlers/resources_rpc.py:237}}
Aug 13 15:39:23.353196 dv-cinder-784956-11-smb neutron-server[100440]: DEBUG neutron.plugins.ml2.drivers.mech_agent [None req-22132bfd-e654-4fce-acc6-3205143fb974 admin admin] Checking segment: {'id': 'bbb8a4ee-e8a0-4e93-9b00-3e1c3506541f', 'network_type': 'vlan', 'physical_network': 'physnet1', 'segmentation_id': 158, 'network_id': '4ca29114-46c9-424d-962d-c28c44410cce'} for mappings: {'physnet1': 'br-data'} with network types: ['local', 'flat', 'vlan'] {{(pid=100440) check_segment_for_agent /opt/stack/neutron/neutron/plugins/ml2/drivers/mech_agent.py:352}}
Aug 13 15:39:23.353617 dv-cinder-784956-11-smb neutron-server[100440]: DEBUG neutron.scheduler.dhcp_agent_scheduler [None req-22132bfd-e654-4fce-acc6-3205143fb974 admin admin] Network hostable DHCP agents. Network: 4ca29114-46c9-424d-962d-c28c44410cce, hostable agents: ['2e8d52f5-94b1-4a52-99d7-921ece8e7f08'], hosted agents: [] {{(pid=100440) _get_network_hostable_dhcp_agents /opt/stack/neutron/neutron/scheduler/dhcp_agent_scheduler.py:329}}
Aug 13 15:39:23.417577 dv-cinder-784956-11-smb neutron-server[100441]: DEBUG neutron_lib.callbacks.manager [None req-fc48d38a-2923-43c2-9473-780ba4bad516 admin admin] Notify callbacks [] for security_group, precommit_delete {{(pid=100441) _notify_loop /usr/local/lib/python3.8/dist-packages/neutron_lib/callbacks/manager.py:192}}
Aug 13 15:39:23.430793 dv-cinder-784956-11-smb neutron-server[100441]: INFO neutron.wsgi [req-95d47c03-4c70-4adc-86ea-5e76b324dda5 req-3b01e9bb-e832-41de-b26e-d03893b9dcbe service neutron] 10.222.0.52 "GET /v2.0/networks/19ab795b-b3bb-4a04-bdc7-df508635d450?fields=segments HTTP/1.1" status: 200 len: 212 time: 0.2843094
Aug 13 15:39:23.614859 dv-cinder-784956-11-smb neutron-server[100440]: DEBUG neutron.scheduler.dhcp_agent_scheduler [None req-22132bfd-e654-4fce-acc6-3205143fb974 admin admin] Network 4ca29114-46c9-424d-962d-c28c44410cce is scheduled to be hosted by DHCP agent 2e8d52f5-94b1-4a52-99d7-921ece8e7f08 with binding_index 1 {{(pid=100440) bind /opt/stack/neutron/neutron/scheduler/dhcp_agent_scheduler.py:227}}
Aug 13 15:39:23.649645 dv-cinder-784956-11-smb neutron-server[100440]: DEBUG neutron.scheduler.base_scheduler [None req-22132bfd-e654-4fce-acc6-3205143fb974 admin admin] Resources bound (agent type, host, resource id): (DHCP agent, dv-cinder-784956-11-smb, 4ca29114-46c9-424d-962d-c28c44410cce) {{(pid=100440) schedule /opt/stack/neutron/neutron/scheduler/base_scheduler.py:57}}
Aug 13 15:39:23.653501 dv-cinder-784956-11-smb neutron-server[100440]: DEBUG neutron.pecan_wsgi.hooks.policy_enforcement [None req-22132bfd-e654-4fce-acc6-3205143fb974 admin admin] Attributes excluded by policy engine: ['standard_attr_id', 'shared', 'network'] {{(pid=100440) _exclude_attributes_by_policy /opt/stack/neutron/neutron/pecan_wsgi/hooks/policy_enforcement.py:255}}
Aug 13 15:39:23.654189 dv-cinder-784956-11-smb neutron-server[100440]: DEBUG neutron_lib.callbacks.manager [None req-22132bfd-e654-4fce-acc6-3205143fb974 admin admin] Notify callbacks ['neutron.api.rpc.agentnotifiers.dhcp_rpc_agent_api.DhcpAgentNotifyAPI._send_dhcp_notification-7929383'] for subnet, before_response {{(pid=100440) _notify_loop /usr/local/lib/python3.8/dist-packages/neutron_lib/callbacks/manager.py:192}}
Aug 13 15:39:23.659510 dv-cinder-784956-11-smb neutron-server[100442]: DEBUG neutron.api.rpc.handlers.dhcp_rpc [None req-1e3ce285-fbeb-476d-84b0-a0ff48bc0d08 None None] Network 4ca29114-46c9-424d-962d-c28c44410cce requested from dv-cinder-784956-11-smb {{(pid=100442) get_network_info /opt/stack/neutron/neutron/api/rpc/handlers/dhcp_rpc.py:218}}
Aug 13 15:39:23.686207 dv-cinder-784956-11-smb neutron-server[100440]: DEBUG neutron_lib.callbacks.manager [None req-568e1379-0c5b-4ab0-992a-0b222d83f11b admin admin] Notify callbacks [] for router_gateway, before_create {{(pid=100440) _notify_loop /usr/local/lib/python3.8/dist-packages/neutron_lib/callbacks/manager.py:192}}
Aug 13 15:39:23.697170 dv-cinder-784956-11-smb neutron-server[100441]: DEBUG neutron_lib.callbacks.manager [None req-616ad8bc-25bb-4386-937a-7dedc3ee5ac8 admin admin] Notify callbacks [] for router_gateway, precommit_update {{(pid=100441) _notify_loop /usr/local/lib/python3.8/dist-packages/neutron_lib/callbacks/manager.py:192}}
Aug 13 15:39:23.735534 dv-cinder-784956-11-smb neutron-server[100440]: DEBUG neutron_lib.callbacks.manager [None req-568e1379-0c5b-4ab0-992a-0b222d83f11b admin admin] Notify callbacks ['neutron.plugins.ml2.plugin.SecurityGroupDbMixin._ensure_default_security_group_handler-937038'] for port, before_create {{(pid=100440) _notify_loop /usr/local/lib/python3.8/dist-packages/neutron_lib/callbacks/manager.py:192}}
Aug 13 15:39:23.749206 dv-cinder-784956-11-smb neutron-server[100440]: INFO neutron.wsgi [None req-22132bfd-e654-4fce-acc6-3205143fb974 admin admin] 10.222.0.52 "POST /v2.0/subnets HTTP/1.1" status: 201 len: 862 time: 1.7629108
Aug 13 15:39:23.752741 dv-cinder-784956-11-smb neutron-server[100440]: INFO neutron.wsgi [req-933b6dcf-b614-4b15-adff-c789bd3a09c0 req-6f1e927f-bc04-43c1-ab77-e1fe64beed6e service neutron] 10.222.0.52 "GET /v2.0/networks/91071e38-9d6b-436f-a142-0198fd0f705d?fields=provider%3Aphysical_network&fields=provider%3Anetwork_type HTTP/1.1" status: 200 len: 281 time: 0.4025166
Aug 13 15:39:23.830899 dv-cinder-784956-11-smb neutron-server[100441]: DEBUG neutron_lib.callbacks.manager [None req-fc48d38a-2923-43c2-9473-780ba4bad516 admin admin] Notify callbacks ['neutron.plugins.ml2.ovo_rpc._ObjectChangeHandler.handle_event-7982262'] for security_group, after_delete {{(pid=100441) _notify_loop /usr/local/lib/python3.8/dist-packages/neutron_lib/callbacks/manager.py:192}}
Aug 13 15:39:23.836888 dv-cinder-784956-11-smb neutron-server[100441]: DEBUG neutron_lib.callbacks.manager [None req-fc48d38a-2923-43c2-9473-780ba4bad516 admin admin] Notify callbacks [] for security_group, before_response {{(pid=100441) _notify_loop /usr/local/lib/python3.8/dist-packages/neutron_lib/callbacks/manager.py:192}}
Aug 13 15:39:23.847116 dv-cinder-784956-11-smb neutron-server[100441]: INFO neutron.wsgi [None req-fc48d38a-2923-43c2-9473-780ba4bad516 admin admin] 10.222.0.52 "DELETE /v2.0/security-groups/163c884d-4098-4dc5-8ed6-36b94c8e677d HTTP/1.1" status: 204 len: 168 time: 0.7864230
Aug 13 15:39:23.871789 dv-cinder-784956-11-smb neutron-server[100442]: DEBUG neutron.plugins.ml2.rpc [None req-a982c3dd-4007-46ce-a30b-f0f346ddc0ce None None] Device 2de72109-e5fa-4e94-94c1-870f4858f1fc up at agent ovs-agent-dv-cinder-784956-11-smb {{(pid=100442) update_device_up /opt/stack/neutron/neutron/plugins/ml2/rpc.py:296}}
Aug 13 15:39:23.883861 dv-cinder-784956-11-smb neutron-server[100441]: INFO neutron.wsgi [req-95d47c03-4c70-4adc-86ea-5e76b324dda5 req-bb969313-ebd0-4db7-a890-8d0c5a411b06 service neutron] 10.222.0.52 "GET /v2.0/networks/19ab795b-b3bb-4a04-bdc7-df508635d450?fields=provider%3Aphysical_network&fields=provider%3Anetwork_type HTTP/1.1" status: 200 len: 281 time: 0.4425762
Aug 13 15:39:23.884844 dv-cinder-784956-11-smb neutron-server[100441]: DEBUG neutron.api.rpc.handlers.resources_rpc [None req-fc48d38a-2923-43c2-9473-780ba4bad516 admin admin] Pushing event deleted for resources: {'SecurityGroup': ['ID=163c884d-4098-4dc5-8ed6-36b94c8e677d,revision_number=None']} {{(pid=100441) push /opt/stack/neutron/neutron/api/rpc/handlers/resources_rpc.py:237}}
Aug 13 15:39:23.947065 dv-cinder-784956-11-smb neutron-server[100442]: DEBUG neutron.api.rpc.handlers.dhcp_rpc [None req-3a6c53f6-cd34-4511-a7ec-675f790a3d9a None None] Network 4ca29114-46c9-424d-962d-c28c44410cce requested from dv-cinder-784956-11-smb {{(pid=100442) get_network_info /opt/stack/neutron/neutron/api/rpc/handlers/dhcp_rpc.py:218}}
Aug 13 15:39:24.151264 dv-cinder-784956-11-smb neutron-server[100440]: DEBUG neutron.db.db_base_plugin_common [None req-568e1379-0c5b-4ab0-992a-0b222d83f11b admin admin] Allocated IP 172.28.3.85 (f8763a50-26a3-4d2b-bcf0-7206ce08e678/6d75c90f-f9e3-4ba9-9b43-3bcc841170e1/742a31ed-b0b4-46a3-a980-af969c1cddb5) {{(pid=100440) _store_ip_allocation /opt/stack/neutron/neutron/db/db_base_plugin_common.py:131}}
Aug 13 15:39:24.276258 dv-cinder-784956-11-smb neutron-server[100441]: DEBUG neutron_lib.callbacks.manager [None req-616ad8bc-25bb-4386-937a-7dedc3ee5ac8 admin admin] Notify callbacks [] for router_gateway, before_create {{(pid=100441) _notify_loop /usr/local/lib/python3.8/dist-packages/neutron_lib/callbacks/manager.py:192}}
Aug 13 15:39:24.298125 dv-cinder-784956-11-smb neutron-server[100441]: DEBUG neutron_lib.callbacks.manager [None req-616ad8bc-25bb-4386-937a-7dedc3ee5ac8 admin admin] Notify callbacks ['neutron.plugins.ml2.plugin.SecurityGroupDbMixin._ensure_default_security_group_handler-937038'] for port, before_create {{(pid=100441) _notify_loop /usr/local/lib/python3.8/dist-packages/neutron_lib/callbacks/manager.py:192}}
Aug 13 15:39:24.376129 dv-cinder-784956-11-smb neutron-server[100440]: DEBUG neutron_lib.callbacks.manager [None req-568e1379-0c5b-4ab0-992a-0b222d83f11b admin admin] Notify callbacks [] for port, precommit_create {{(pid=100440) _notify_loop /usr/local/lib/python3.8/dist-packages/neutron_lib/callbacks/manager.py:192}}
Aug 13 15:39:24.527648 dv-cinder-784956-11-smb neutron-server[100442]: DEBUG neutron.db.provisioning_blocks [None req-a982c3dd-4007-46ce-a30b-f0f346ddc0ce None None] Provisioning for port 2de72109-e5fa-4e94-94c1-870f4858f1fc completed by entity L2. {{(pid=100442) provisioning_complete /opt/stack/neutron/neutron/db/provisioning_blocks.py:133}}
Aug 13 15:39:24.577728 dv-cinder-784956-11-smb neutron-server[100440]: INFO neutron.wsgi [req-1320cd17-5b4f-4bad-b7a3-680a5129a56f req-fe84f3c3-685d-4090-b7ad-1a04580dce1f tempest-DeleteServersTestJSON-59879069 tempest-DeleteServersTestJSON-59879069-project] 10.222.0.52 "GET /v2.0/ports?device_id=cb78e602-20f6-493f-8f0b-95cfd0dce3aa HTTP/1.1" status: 200 len: 210 time: 0.1165388
Aug 13 15:39:24.613372 dv-cinder-784956-11-smb neutron-server[100441]: INFO neutron.wsgi [req-5193e9c0-d2dc-437f-a4e0-80fa5df7a406 req-95578db8-86ba-4b6d-8ccb-9960c64ec024 tempest-AttachVolumeNegativeTest-174290680 tempest-AttachVolumeNegativeTest-174290680-project] 10.222.0.52 "GET /v2.0/ports?device_id=1693335b-7268-4f6e-b8bf-e508f3d6bbc7 HTTP/1.1" status: 200 len: 210 time: 0.1358259
Aug 13 15:39:24.745396 dv-cinder-784956-11-smb neutron-server[100442]: DEBUG neutron.api.rpc.handlers.dhcp_rpc [None req-a2732424-9437-4c05-bf69-cdd9d1eb4a78 None None] Network 2248a1c2-baa1-445c-b7d5-6013b614eef9 requested from dv-cinder-784956-11-smb {{(pid=100442) get_network_info /opt/stack/neutron/neutron/api/rpc/handlers/dhcp_rpc.py:218}}
Aug 13 15:39:24.788707 dv-cinder-784956-11-smb neutron-server[100441]: DEBUG neutron.wsgi [-] (100441) accepted ('10.222.0.52', 39034) {{(pid=100441) server /usr/local/lib/python3.8/dist-packages/eventlet/wsgi.py:982}}
Aug 13 15:39:24.804405 dv-cinder-784956-11-smb neutron-server[100440]: DEBUG neutron_lib.callbacks.manager [None req-568e1379-0c5b-4ab0-992a-0b222d83f11b admin admin] Notify callbacks ['neutron.plugins.ml2.plugin.SecurityGroupServerNotifierRpcMixin._notify_sg_on_port_change-937696', 'neutron.plugins.ml2.ovo_rpc._ObjectChangeHandler.handle_event-485082', 'neutron.api.rpc.agentnotifiers.dhcp_rpc_agent_api.DhcpAgentNotifyAPI._native_event_send_dhcp_notification-7929401', 'neutron.db.l3_dvrscheduler_db._notify_l3_agent_new_port-8764430037495'] for port, after_create {{(pid=100440) _notify_loop /usr/local/lib/python3.8/dist-packages/neutron_lib/callbacks/manager.py:192}}
Aug 13 15:39:24.816436 dv-cinder-784956-11-smb neutron-server[100441]: DEBUG neutron_lib.callbacks.manager [None req-955a90f8-d553-404e-8adf-5bfaab0a59cf admin admin] Notify callbacks [] for security_group, before_create {{(pid=100441) _notify_loop /usr/local/lib/python3.8/dist-packages/neutron_lib/callbacks/manager.py:192}}
Aug 13 15:39:24.819977 dv-cinder-784956-11-smb neutron-server[100442]: DEBUG neutron.db.provisioning_blocks [None req-d4464259-5648-4afc-b9c3-0ea1adc2f21e None None] Provisioning for port 2de72109-e5fa-4e94-94c1-870f4858f1fc completed by entity DHCP. {{(pid=100442) provisioning_complete /opt/stack/neutron/neutron/db/provisioning_blocks.py:133}}
Aug 13 15:39:24.828098 dv-cinder-784956-11-smb neutron-server[100442]: DEBUG neutron.db.provisioning_blocks [None req-d4464259-5648-4afc-b9c3-0ea1adc2f21e None None] Provisioning complete for port 2de72109-e5fa-4e94-94c1-870f4858f1fc triggered by entity DHCP. {{(pid=100442) provisioning_complete /opt/stack/neutron/neutron/db/provisioning_blocks.py:139}}
Aug 13 15:39:24.828471 dv-cinder-784956-11-smb neutron-server[100442]: DEBUG neutron_lib.callbacks.manager [None req-d4464259-5648-4afc-b9c3-0ea1adc2f21e None None] Notify callbacks ['neutron.plugins.ml2.plugin.Ml2Plugin._port_provisioned-630541'] for port, provisioning_complete {{(pid=100442) _notify_loop /usr/local/lib/python3.8/dist-packages/neutron_lib/callbacks/manager.py:192}}
Aug 13 15:39:25.002401 dv-cinder-784956-11-smb neutron-server[100440]: DEBUG neutron.scheduler.dhcp_agent_scheduler [None req-568e1379-0c5b-4ab0-992a-0b222d83f11b admin admin] Network f8763a50-26a3-4d2b-bcf0-7206ce08e678 is already hosted by enough agents. {{(pid=100440) _get_dhcp_agents_hosting_network /opt/stack/neutron/neutron/scheduler/dhcp_agent_scheduler.py:275}}
Aug 13 15:39:25.027740 dv-cinder-784956-11-smb neutron-server[100441]: DEBUG neutron.db.db_base_plugin_common [None req-616ad8bc-25bb-4386-937a-7dedc3ee5ac8 admin admin] Allocated IP 172.28.3.201 (f8763a50-26a3-4d2b-bcf0-7206ce08e678/6d75c90f-f9e3-4ba9-9b43-3bcc841170e1/d45af23b-ce4b-4e5d-8a53-b5e7e4fe133d) {{(pid=100441) _store_ip_allocation /opt/stack/neutron/neutron/db/db_base_plugin_common.py:131}}
Aug 13 15:39:25.047192 dv-cinder-784956-11-smb neutron-server[100440]: DEBUG neutron.scheduler.base_scheduler [None req-568e1379-0c5b-4ab0-992a-0b222d83f11b admin admin] Resources bound (agent type, host, resource id): {{(pid=100440) schedule /opt/stack/neutron/neutron/scheduler/base_scheduler.py:57}}
Aug 13 15:39:25.076984 dv-cinder-784956-11-smb neutron-server[100442]: DEBUG neutron_lib.callbacks.manager [None req-d4464259-5648-4afc-b9c3-0ea1adc2f21e None None] Notify callbacks ['neutron.plugins.ml2.plugin.SecurityGroupDbMixin._ensure_default_security_group_handler-937038'] for port, before_update {{(pid=100442) _notify_loop /usr/local/lib/python3.8/dist-packages/neutron_lib/callbacks/manager.py:192}}
Aug 13 15:39:25.080899 dv-cinder-784956-11-smb neutron-server[100440]: DEBUG neutron.db.l3_dvrscheduler_db [None req-568e1379-0c5b-4ab0-992a-0b222d83f11b admin admin] Received port after_create {{(pid=100440) _notify_l3_agent_new_port /opt/stack/neutron/neutron/db/l3_dvrscheduler_db.py:535}}
Aug 13 15:39:25.090085 dv-cinder-784956-11-smb neutron-server[100440]: DEBUG neutron.api.rpc.handlers.resources_rpc [None req-568e1379-0c5b-4ab0-992a-0b222d83f11b admin admin] Pushing event updated for resources: {'Port': ['ID=742a31ed-b0b4-46a3-a980-af969c1cddb5,revision_number=1']} {{(pid=100440) push /opt/stack/neutron/neutron/api/rpc/handlers/resources_rpc.py:237}}
Aug 13 15:39:25.155294 dv-cinder-784956-11-smb neutron-server[100442]: DEBUG neutron.plugins.ml2.db [None req-d4464259-5648-4afc-b9c3-0ea1adc2f21e None None] For port 2de72109-e5fa-4e94-94c1-870f4858f1fc, host dv-cinder-784956-11-smb, got binding levels [PortBindingLevel(driver='openvswitch',host='dv-cinder-784956-11-smb',level=0,port_id=2de72109-e5fa-4e94-94c1-870f4858f1fc,segment=NetworkSegment(5efa1b9b-32fe-48b2-bad1-215a2717ff84),segment_id=5efa1b9b-32fe-48b2-bad1-215a2717ff84)] {{(pid=100442) get_binding_level_objs /opt/stack/neutron/neutron/plugins/ml2/db.py:74}}
Aug 13 15:39:25.186040 dv-cinder-784956-11-smb neutron-server[100442]: DEBUG neutron_lib.callbacks.manager [None req-d4464259-5648-4afc-b9c3-0ea1adc2f21e None None] Notify callbacks ['neutron.plugins.ml2.plugin.SecurityGroupServerNotifierRpcMixin._notify_sg_on_port_change-937696', 'neutron.plugins.ml2.ovo_rpc._ObjectChangeHandler.handle_event-485082', 'neutron.api.rpc.agentnotifiers.dhcp_rpc_agent_api.DhcpAgentNotifyAPI._native_event_send_dhcp_notification-7929401', 'neutron.db.l3_db.L3RpcNotifierMixin._notify_gateway_port_ip_changed-8764430590612', 'neutron.db.l3_dvrscheduler_db._notify_l3_agent_port_update-8764430037773', 'neutron.db.l3_hascheduler_db._notify_l3_agent_ha_port_update-8764430037791'] for port, after_update {{(pid=100442) _notify_loop /usr/local/lib/python3.8/dist-packages/neutron_lib/callbacks/manager.py:192}}
Aug 13 15:39:25.294738 dv-cinder-784956-11-smb neutron-server[100442]: DEBUG neutron.api.rpc.handlers.resources_rpc [None req-d4464259-5648-4afc-b9c3-0ea1adc2f21e None None] Pushing event updated for resources: {'Port': ['ID=2de72109-e5fa-4e94-94c1-870f4858f1fc,revision_number=3']} {{(pid=100442) push /opt/stack/neutron/neutron/api/rpc/handlers/resources_rpc.py:237}}
Aug 13 15:39:25.411667 dv-cinder-784956-11-smb neutron-server[100441]: DEBUG neutron_lib.callbacks.manager [None req-616ad8bc-25bb-4386-937a-7dedc3ee5ac8 admin admin] Notify callbacks [] for port, precommit_create {{(pid=100441) _notify_loop /usr/local/lib/python3.8/dist-packages/neutron_lib/callbacks/manager.py:192}}
Aug 13 15:39:25.480390 dv-cinder-784956-11-smb neutron-server[100441]: DEBUG neutron_lib.callbacks.manager [None req-955a90f8-d553-404e-8adf-5bfaab0a59cf admin admin] Notify callbacks [] for security_group, precommit_create {{(pid=100441) _notify_loop /usr/local/lib/python3.8/dist-packages/neutron_lib/callbacks/manager.py:192}}
Aug 13 15:39:25.490774 dv-cinder-784956-11-smb neutron-server[100441]: DEBUG neutron_lib.callbacks.manager [None req-955a90f8-d553-404e-8adf-5bfaab0a59cf admin admin] Notify callbacks ['neutron.plugins.ml2.ovo_rpc._ObjectChangeHandler.handle_event-7982262'] for security_group, after_create {{(pid=100441) _notify_loop /usr/local/lib/python3.8/dist-packages/neutron_lib/callbacks/manager.py:192}}
Aug 13 15:39:25.595186 dv-cinder-784956-11-smb neutron-server[100440]: DEBUG neutron.wsgi [-] (100440) accepted ('10.222.0.52', 39086) {{(pid=100440) server /usr/local/lib/python3.8/dist-packages/eventlet/wsgi.py:982}}
Aug 13 15:39:25.623695 dv-cinder-784956-11-smb neutron-server[100440]: DEBUG neutron.api.v2.base [None req-a420effc-12c3-41a8-b2d1-87c53ed78a97 admin admin] Request body: {'network': {'name': 'tempest-EncryptedVolumesExtendAttachedTest-1829685177-network', 'tenant_id': '4955a3f8e0934fbebefb143e8e07d47b'}} {{(pid=100440) prepare_request_body /opt/stack/neutron/neutron/api/v2/base.py:729}}
Aug 13 15:39:25.651642 dv-cinder-784956-11-smb neutron-server[100441]: DEBUG neutron.api.rpc.handlers.resources_rpc [None req-955a90f8-d553-404e-8adf-5bfaab0a59cf admin admin] Pushing event updated for resources: {'SecurityGroup': ['ID=518d3286-dad3-445c-84ee-ee8134fe9fd1,revision_number=1']} {{(pid=100441) push /opt/stack/neutron/neutron/api/rpc/handlers/resources_rpc.py:237}}
Aug 13 15:39:25.679237 dv-cinder-784956-11-smb neutron-server[100441]: INFO neutron.wsgi [None req-955a90f8-d553-404e-8adf-5bfaab0a59cf admin admin] 10.222.0.52 "GET /v2.0/security-groups?tenant_id=af032d97244a4e79b9ca02541617178d&name=default HTTP/1.1" status: 200 len: 2975 time: 0.8891718
Aug 13 15:39:25.688080 dv-cinder-784956-11-smb neutron-server[100442]: DEBUG neutron.db.provisioning_blocks [None req-833e6247-158f-433d-a11a-fccc3e2b8eef None None] Provisioning complete for port 2de72109-e5fa-4e94-94c1-870f4858f1fc triggered by entity DHCP. {{(pid=100442) provisioning_complete /opt/stack/neutron/neutron/db/provisioning_blocks.py:139}}
Aug 13 15:39:25.688570 dv-cinder-784956-11-smb neutron-server[100442]: DEBUG neutron_lib.callbacks.manager [None req-833e6247-158f-433d-a11a-fccc3e2b8eef None None] Notify callbacks ['neutron.plugins.ml2.plugin.Ml2Plugin._port_provisioned-630541'] for port, provisioning_complete {{(pid=100442) _notify_loop /usr/local/lib/python3.8/dist-packages/neutron_lib/callbacks/manager.py:192}}
Aug 13 15:39:25.692114 dv-cinder-784956-11-smb neutron-server[100441]: DEBUG neutron.wsgi [-] (100441) accepted ('10.222.0.52', 39098) {{(pid=100441) server /usr/local/lib/python3.8/dist-packages/eventlet/wsgi.py:982}}
Aug 13 15:39:25.769675 dv-cinder-784956-11-smb neutron-server[100441]: DEBUG neutron_lib.callbacks.manager [None req-616ad8bc-25bb-4386-937a-7dedc3ee5ac8 admin admin] Notify callbacks ['neutron.plugins.ml2.plugin.SecurityGroupServerNotifierRpcMixin._notify_sg_on_port_change-937696', 'neutron.plugins.ml2.ovo_rpc._ObjectChangeHandler.handle_event-485082', 'neutron.api.rpc.agentnotifiers.dhcp_rpc_agent_api.DhcpAgentNotifyAPI._native_event_send_dhcp_notification-7929401', 'neutron.db.l3_dvrscheduler_db._notify_l3_agent_new_port-8764430037495'] for port, after_create {{(pid=100441) _notify_loop /usr/local/lib/python3.8/dist-packages/neutron_lib/callbacks/manager.py:192}}
Aug 13 15:39:25.810906 dv-cinder-784956-11-smb neutron-server[100440]: INFO neutron.wsgi [req-136f0fd5-c8f7-49c5-9afa-424217e04e2b req-2dc99af1-f051-44d9-91e1-62507acfcb1c tempest-DeleteServersTestJSON-59879069 tempest-DeleteServersTestJSON-59879069-project] 10.222.0.52 "GET /v2.0/ports?device_id=cb78e602-20f6-493f-8f0b-95cfd0dce3aa HTTP/1.1" status: 200 len: 210 time: 0.0735617
Aug 13 15:39:25.819605 dv-cinder-784956-11-smb neutron-server[100440]: DEBUG neutron.pecan_wsgi.hooks.quota_enforcement [None req-a420effc-12c3-41a8-b2d1-87c53ed78a97 admin admin] Made reservation on behalf of 4955a3f8e0934fbebefb143e8e07d47b for: {'network': 1} {{(pid=100440) before /opt/stack/neutron/neutron/pecan_wsgi/hooks/quota_enforcement.py:53}}
Aug 13 15:39:25.822053 dv-cinder-784956-11-smb neutron-server[100440]: DEBUG neutron_lib.callbacks.manager [None req-a420effc-12c3-41a8-b2d1-87c53ed78a97 admin admin] Notify callbacks ['neutron.plugins.ml2.plugin.SecurityGroupDbMixin._ensure_default_security_group_handler-937038'] for network, before_create {{(pid=100440) _notify_loop /usr/local/lib/python3.8/dist-packages/neutron_lib/callbacks/manager.py:192}}
Aug 13 15:39:25.825319 dv-cinder-784956-11-smb neutron-server[100442]: DEBUG neutron.plugins.ml2.rpc [None req-a982c3dd-4007-46ce-a30b-f0f346ddc0ce None None] Device 2de72109-e5fa-4e94-94c1-870f4858f1fc up at agent ovs-agent-dv-cinder-784956-11-smb {{(pid=100442) update_device_up /opt/stack/neutron/neutron/plugins/ml2/rpc.py:296}}
Aug 13 15:39:25.850449 dv-cinder-784956-11-smb neutron-server[100440]: DEBUG neutron_lib.callbacks.manager [None req-a420effc-12c3-41a8-b2d1-87c53ed78a97 admin admin] Notify callbacks [] for security_group, before_create {{(pid=100440) _notify_loop /usr/local/lib/python3.8/dist-packages/neutron_lib/callbacks/manager.py:192}}
Aug 13 15:39:25.888571 dv-cinder-784956-11-smb neutron-server[100440]: DEBUG neutron_lib.callbacks.manager [None req-568e1379-0c5b-4ab0-992a-0b222d83f11b admin admin] Notify callbacks [] for router_gateway, after_create {{(pid=100440) _notify_loop /usr/local/lib/python3.8/dist-packages/neutron_lib/callbacks/manager.py:192}}
Aug 13 15:39:25.921277 dv-cinder-784956-11-smb neutron-server[100441]: INFO neutron.wsgi [req-f15dce80-97e1-4203-bb22-a4ea99f63d2f req-b73db4ab-0768-427b-b136-3fa27acd00dd tempest-AttachVolumeNegativeTest-174290680 tempest-AttachVolumeNegativeTest-174290680-project] 10.222.0.52 "GET /v2.0/ports?device_id=1693335b-7268-4f6e-b8bf-e508f3d6bbc7 HTTP/1.1" status: 200 len: 210 time: 0.1375391
Aug 13 15:39:25.972314 dv-cinder-784956-11-smb neutron-server[100441]: DEBUG neutron.scheduler.dhcp_agent_scheduler [None req-616ad8bc-25bb-4386-937a-7dedc3ee5ac8 admin admin] Network f8763a50-26a3-4d2b-bcf0-7206ce08e678 is already hosted by enough agents. {{(pid=100441) _get_dhcp_agents_hosting_network /opt/stack/neutron/neutron/scheduler/dhcp_agent_scheduler.py:275}}
Aug 13 15:39:25.984489 dv-cinder-784956-11-smb neutron-server[100441]: DEBUG neutron.scheduler.base_scheduler [None req-616ad8bc-25bb-4386-937a-7dedc3ee5ac8 admin admin] Resources bound (agent type, host, resource id): {{(pid=100441) schedule /opt/stack/neutron/neutron/scheduler/base_scheduler.py:57}}
Aug 13 15:39:25.991736 dv-cinder-784956-11-smb neutron-server[100441]: DEBUG neutron.db.l3_dvrscheduler_db [None req-616ad8bc-25bb-4386-937a-7dedc3ee5ac8 admin admin] Received port after_create {{(pid=100441) _notify_l3_agent_new_port /opt/stack/neutron/neutron/db/l3_dvrscheduler_db.py:535}}
Aug 13 15:39:25.994416 dv-cinder-784956-11-smb neutron-server[100441]: DEBUG neutron.api.rpc.handlers.resources_rpc [None req-616ad8bc-25bb-4386-937a-7dedc3ee5ac8 admin admin] Pushing event updated for resources: {'Port': ['ID=d45af23b-ce4b-4e5d-8a53-b5e7e4fe133d,revision_number=1']} {{(pid=100441) push /opt/stack/neutron/neutron/api/rpc/handlers/resources_rpc.py:237}}
Aug 13 15:39:26.020576 dv-cinder-784956-11-smb neutron-server[100442]: DEBUG neutron.db.provisioning_blocks [None req-a982c3dd-4007-46ce-a30b-f0f346ddc0ce None None] Provisioning complete for port 2de72109-e5fa-4e94-94c1-870f4858f1fc triggered by entity L2. {{(pid=100442) provisioning_complete /opt/stack/neutron/neutron/db/provisioning_blocks.py:139}}
Aug 13 15:39:26.021244 dv-cinder-784956-11-smb neutron-server[100442]: DEBUG neutron_lib.callbacks.manager [None req-a982c3dd-4007-46ce-a30b-f0f346ddc0ce None None] Notify callbacks ['neutron.plugins.ml2.plugin.Ml2Plugin._port_provisioned-630541'] for port, provisioning_complete {{(pid=100442) _notify_loop /usr/local/lib/python3.8/dist-packages/neutron_lib/callbacks/manager.py:192}}
Aug 13 15:39:26.127505 dv-cinder-784956-11-smb neutron-server[100441]: DEBUG neutron_lib.callbacks.manager [None req-41b8b447-8142-40f2-92fe-3638fbc8dbad admin admin] Notify callbacks [] for security_group, before_delete {{(pid=100441) _notify_loop /usr/local/lib/python3.8/dist-packages/neutron_lib/callbacks/manager.py:192}}
Aug 13 15:39:26.191994 dv-cinder-784956-11-smb neutron-server[100441]: DEBUG neutron_lib.callbacks.manager [None req-41b8b447-8142-40f2-92fe-3638fbc8dbad admin admin] Notify callbacks [] for security_group, precommit_delete {{(pid=100441) _notify_loop /usr/local/lib/python3.8/dist-packages/neutron_lib/callbacks/manager.py:192}}
Aug 13 15:39:26.251434 dv-cinder-784956-11-smb neutron-server[100440]: DEBUG neutron_lib.callbacks.manager [None req-a420effc-12c3-41a8-b2d1-87c53ed78a97 admin admin] Notify callbacks [] for security_group, precommit_create {{(pid=100440) _notify_loop /usr/local/lib/python3.8/dist-packages/neutron_lib/callbacks/manager.py:192}}
Aug 13 15:39:26.263306 dv-cinder-784956-11-smb neutron-server[100440]: DEBUG neutron_lib.callbacks.manager [None req-a420effc-12c3-41a8-b2d1-87c53ed78a97 admin admin] Notify callbacks ['neutron.plugins.ml2.ovo_rpc._ObjectChangeHandler.handle_event-7982262'] for security_group, after_create {{(pid=100440) _notify_loop /usr/local/lib/python3.8/dist-packages/neutron_lib/callbacks/manager.py:192}}
Aug 13 15:39:26.318001 dv-cinder-784956-11-smb neutron-server[100440]: DEBUG neutron_lib.callbacks.manager [None req-568e1379-0c5b-4ab0-992a-0b222d83f11b admin admin] Notify callbacks ['neutron.services.l3_router.l3_router_plugin.L3_HA_NAT_db_mixin._after_router_create-7870821', 'neutron.services.l3_router.l3_router_plugin.DVRResourceOperationHandler._create_snat_interfaces_after_change-7871736'] for router, after_create {{(pid=100440) _notify_loop /usr/local/lib/python3.8/dist-packages/neutron_lib/callbacks/manager.py:192}}
Aug 13 15:39:26.343883 dv-cinder-784956-11-smb neutron-server[100441]: DEBUG neutron_lib.callbacks.manager [None req-41b8b447-8142-40f2-92fe-3638fbc8dbad admin admin] Notify callbacks ['neutron.plugins.ml2.ovo_rpc._ObjectChangeHandler.handle_event-7982262'] for security_group, after_delete {{(pid=100441) _notify_loop /usr/local/lib/python3.8/dist-packages/neutron_lib/callbacks/manager.py:192}}
Aug 13 15:39:26.346415 dv-cinder-784956-11-smb neutron-server[100441]: DEBUG neutron_lib.callbacks.manager [None req-41b8b447-8142-40f2-92fe-3638fbc8dbad admin admin] Notify callbacks [] for security_group, before_response {{(pid=100441) _notify_loop /usr/local/lib/python3.8/dist-packages/neutron_lib/callbacks/manager.py:192}}
Aug 13 15:39:26.347582 dv-cinder-784956-11-smb neutron-server[100441]: INFO neutron.wsgi [None req-41b8b447-8142-40f2-92fe-3638fbc8dbad admin admin] 10.222.0.52 "DELETE /v2.0/security-groups/518d3286-dad3-445c-84ee-ee8134fe9fd1 HTTP/1.1" status: 204 len: 168 time: 0.6542790
Aug 13 15:39:26.357946 dv-cinder-784956-11-smb neutron-server[100440]: DEBUG neutron.plugins.ml2.drivers.helpers [None req-a420effc-12c3-41a8-b2d1-87c53ed78a97 admin admin] vlan segment allocate from pool success with {'vlan_id': 154, 'physical_network': 'physnet1'} {{(pid=100440) allocate_partially_specified_segment /opt/stack/neutron/neutron/plugins/ml2/drivers/helpers.py:153}}
Aug 13 15:39:26.361578 dv-cinder-784956-11-smb neutron-server[100440]: DEBUG neutron.api.rpc.handlers.resources_rpc [None req-a420effc-12c3-41a8-b2d1-87c53ed78a97 admin admin] Pushing event updated for resources: {'SecurityGroup': ['ID=27c329e0-ec48-49ce-a977-dedd78206da9,revision_number=1']} {{(pid=100440) push /opt/stack/neutron/neutron/api/rpc/handlers/resources_rpc.py:237}}
Aug 13 15:39:26.367518 dv-cinder-784956-11-smb neutron-server[100441]: DEBUG neutron_lib.callbacks.manager [None req-616ad8bc-25bb-4386-937a-7dedc3ee5ac8 admin admin] Notify callbacks [] for router_gateway, after_create {{(pid=100441) _notify_loop /usr/local/lib/python3.8/dist-packages/neutron_lib/callbacks/manager.py:192}}
Aug 13 15:39:26.480851 dv-cinder-784956-11-smb neutron-server[100440]: DEBUG neutron_lib.callbacks.manager [None req-a420effc-12c3-41a8-b2d1-87c53ed78a97 admin admin] Notify callbacks ['neutron.plugins.ml2.plugin.Ml2Plugin._handle_segment_change-624310'] for segment, precommit_create {{(pid=100440) _notify_loop /usr/local/lib/python3.8/dist-packages/neutron_lib/callbacks/manager.py:192}}
Aug 13 15:39:26.481304 dv-cinder-784956-11-smb neutron-server[100440]: INFO neutron.db.segments_db [None req-a420effc-12c3-41a8-b2d1-87c53ed78a97 admin admin] Added segment ff48c596-65c5-4efe-8e94-ad9e7d7eb5b1 of type vlan for network d2cdee3d-a7da-46b8-83b1-1e1f633ba40f
