Aug 13 15:40:29.090628 dv-cinder-784956-11-smb neutron-server[100441]: DEBUG neutron.api.v2.base [req-b463c317-4654-4590-bb1c-2ab0f275ec24 req-e748fbb4-5c02-4d2c-9470-f9de8956efbb service neutron] Request body: {'port': {'device_id': '90d65f27-5a79-41a0-bdc7-18e9d0ba28f5', 'device_owner': 'compute:nova', 'binding:host_id': 'hv-cinder-78495'}} {{(pid=100441) prepare_request_body /opt/stack/neutron/neutron/api/v2/base.py:729}}
Aug 13 15:40:29.133636 dv-cinder-784956-11-smb neutron-server[100441]: DEBUG neutron.pecan_wsgi.hooks.policy_enforcement [req-22defb60-8d9e-434d-a28c-5e4e78e799da req-9de8ff36-d864-4707-96e2-89658a45f3c6 tempest-VolumesActionsTest-12411160 tempest-VolumesActionsTest-12411160-project] Attributes excluded by policy engine: ['standard_attr_id', 'binding:profile', 'binding:host_id', 'binding:vif_type', 'binding:vif_details'] {{(pid=100441) _exclude_attributes_by_policy /opt/stack/neutron/neutron/pecan_wsgi/hooks/policy_enforcement.py:255}}
Aug 13 15:40:29.135297 dv-cinder-784956-11-smb neutron-server[100441]: INFO neutron.wsgi [req-22defb60-8d9e-434d-a28c-5e4e78e799da req-9de8ff36-d864-4707-96e2-89658a45f3c6 tempest-VolumesActionsTest-12411160 tempest-VolumesActionsTest-12411160-project] 10.222.0.52 "GET /v2.0/ports?device_id=90d65f27-5a79-41a0-bdc7-18e9d0ba28f5 HTTP/1.1" status: 200 len: 931 time: 0.1072414
Aug 13 15:40:29.180763 dv-cinder-784956-11-smb neutron-server[100441]: DEBUG neutron_lib.callbacks.manager [req-b463c317-4654-4590-bb1c-2ab0f275ec24 req-e748fbb4-5c02-4d2c-9470-f9de8956efbb service neutron] Notify callbacks ['neutron.plugins.ml2.plugin.SecurityGroupDbMixin._ensure_default_security_group_handler-937038'] for port, before_update {{(pid=100441) _notify_loop /usr/local/lib/python3.8/dist-packages/neutron_lib/callbacks/manager.py:192}}
Aug 13 15:40:29.215808 dv-cinder-784956-11-smb neutron-server[100441]: INFO neutron.wsgi [req-22defb60-8d9e-434d-a28c-5e4e78e799da req-69618923-7f82-4b1d-ac41-ef03eccdbe29 tempest-VolumesActionsTest-12411160 tempest-VolumesActionsTest-12411160-project] 10.222.0.52 "GET /v2.0/security-groups?id=13c05f91-49bc-404e-a4e3-dd0dcbf863c2&fields=id&fields=name HTTP/1.1" status: 200 len: 286 time: 0.0585413
Aug 13 15:40:29.248689 dv-cinder-784956-11-smb neutron-server[100440]: DEBUG neutron.pecan_wsgi.hooks.policy_enforcement [req-fde37162-882a-4828-9816-9403ecdc7ecf req-8319951f-1f76-45c4-8325-6f5c4c897222 tempest-VolumesSnapshotTestJSON-196716398 tempest-VolumesSnapshotTestJSON-196716398-project] Attributes excluded by policy engine: ['standard_attr_id', 'binding:profile', 'binding:host_id', 'binding:vif_type', 'binding:vif_details'] {{(pid=100440) _exclude_attributes_by_policy /opt/stack/neutron/neutron/pecan_wsgi/hooks/policy_enforcement.py:255}}
Aug 13 15:40:29.251348 dv-cinder-784956-11-smb neutron-server[100440]: INFO neutron.wsgi [req-fde37162-882a-4828-9816-9403ecdc7ecf req-8319951f-1f76-45c4-8325-6f5c4c897222 tempest-VolumesSnapshotTestJSON-196716398 tempest-VolumesSnapshotTestJSON-196716398-project] 10.222.0.52 "GET /v2.0/ports?device_id=af677fe6-64d5-467b-b121-18b5b836cc43 HTTP/1.1" status: 200 len: 945 time: 0.0710676
Aug 13 15:40:29.290530 dv-cinder-784956-11-smb neutron-server[100440]: INFO neutron.wsgi [req-fde37162-882a-4828-9816-9403ecdc7ecf req-4aab1a25-1d91-40ae-92cd-a17a09b3f752 tempest-VolumesSnapshotTestJSON-196716398 tempest-VolumesSnapshotTestJSON-196716398-project] 10.222.0.52 "GET /v2.0/security-groups?id=e9448ec8-7fd1-47dc-85bf-2c024f544a20&fields=id&fields=name HTTP/1.1" status: 200 len: 286 time: 0.0326812
Aug 13 15:40:29.480253 dv-cinder-784956-11-smb neutron-server[100441]: DEBUG neutron.notifiers.nova [req-b463c317-4654-4590-bb1c-2ab0f275ec24 req-e748fbb4-5c02-4d2c-9470-f9de8956efbb service neutron] Ignoring state change previous_port_status: DOWN current_port_status: DOWN port_id f290321c-f9a5-4f86-93bb-ddb87d7f8fb5 {{(pid=100441) record_port_status_changed /opt/stack/neutron/neutron/notifiers/nova.py:224}}
Aug 13 15:40:29.487623 dv-cinder-784956-11-smb neutron-server[100441]: DEBUG neutron_lib.callbacks.manager [req-b463c317-4654-4590-bb1c-2ab0f275ec24 req-e748fbb4-5c02-4d2c-9470-f9de8956efbb service neutron] Notify callbacks [] for port, precommit_update {{(pid=100441) _notify_loop /usr/local/lib/python3.8/dist-packages/neutron_lib/callbacks/manager.py:192}}
Aug 13 15:40:29.498950 dv-cinder-784956-11-smb neutron-server[100441]: DEBUG neutron.db.provisioning_blocks [req-b463c317-4654-4590-bb1c-2ab0f275ec24 req-e748fbb4-5c02-4d2c-9470-f9de8956efbb service neutron] Transition to ACTIVE for port object f290321c-f9a5-4f86-93bb-ddb87d7f8fb5 will not be triggered until provisioned by entity L2. {{(pid=100441) add_provisioning_component /opt/stack/neutron/neutron/db/provisioning_blocks.py:73}}
Aug 13 15:40:29.503177 dv-cinder-784956-11-smb neutron-server[100441]: DEBUG neutron_lib.callbacks.manager [req-b463c317-4654-4590-bb1c-2ab0f275ec24 req-e748fbb4-5c02-4d2c-9470-f9de8956efbb service neutron] Notify callbacks ['neutron.plugins.ml2.plugin.SecurityGroupServerNotifierRpcMixin._notify_sg_on_port_change-937696', 'neutron.plugins.ml2.ovo_rpc._ObjectChangeHandler.handle_event-485082', 'neutron.api.rpc.agentnotifiers.dhcp_rpc_agent_api.DhcpAgentNotifyAPI._native_event_send_dhcp_notification-7929401', 'neutron.db.l3_db.L3RpcNotifierMixin._notify_gateway_port_ip_changed-8764430590612', 'neutron.db.l3_dvrscheduler_db._notify_l3_agent_port_update-8764430037773', 'neutron.db.l3_hascheduler_db._notify_l3_agent_ha_port_update-8764430037791'] for port, after_update {{(pid=100441) _notify_loop /usr/local/lib/python3.8/dist-packages/neutron_lib/callbacks/manager.py:192}}
Aug 13 15:40:29.554372 dv-cinder-784956-11-smb neutron-server[100441]: DEBUG neutron.api.rpc.handlers.resources_rpc [None req-e748fbb4-5c02-4d2c-9470-f9de8956efbb service neutron] Pushing event updated for resources: {'Port': ['ID=f290321c-f9a5-4f86-93bb-ddb87d7f8fb5,revision_number=2']} {{(pid=100441) push /opt/stack/neutron/neutron/api/rpc/handlers/resources_rpc.py:237}}
Aug 13 15:40:29.583158 dv-cinder-784956-11-smb neutron-server[100441]: DEBUG neutron.plugins.ml2.managers [req-b463c317-4654-4590-bb1c-2ab0f275ec24 req-e748fbb4-5c02-4d2c-9470-f9de8956efbb service neutron] Attempting to bind port f290321c-f9a5-4f86-93bb-ddb87d7f8fb5 on host hv-cinder-78495 for vnic_type normal with profile {{(pid=100441) bind_port /opt/stack/neutron/neutron/plugins/ml2/managers.py:790}}
Aug 13 15:40:29.583158 dv-cinder-784956-11-smb neutron-server[100441]: DEBUG neutron.plugins.ml2.managers [req-b463c317-4654-4590-bb1c-2ab0f275ec24 req-e748fbb4-5c02-4d2c-9470-f9de8956efbb service neutron] Attempting to bind port f290321c-f9a5-4f86-93bb-ddb87d7f8fb5 by drivers openvswitch,hyperv on host hv-cinder-78495 at level 0 using segments [{'id': '058bb9a9-2838-44ba-afaa-3f3c83e6e4fc', 'network_type': 'vlan', 'physical_network': 'physnet1', 'segmentation_id': 172, 'network_id': '4481eb6a-2c4b-4747-a695-a87973690705'}] {{(pid=100441) _bind_port_level /opt/stack/neutron/neutron/plugins/ml2/managers.py:815}}
Aug 13 15:40:29.583462 dv-cinder-784956-11-smb neutron-server[100441]: DEBUG neutron.plugins.ml2.drivers.mech_agent [req-b463c317-4654-4590-bb1c-2ab0f275ec24 req-e748fbb4-5c02-4d2c-9470-f9de8956efbb service neutron] Attempting to bind port f290321c-f9a5-4f86-93bb-ddb87d7f8fb5 on network 4481eb6a-2c4b-4747-a695-a87973690705 {{(pid=100441) bind_port /opt/stack/neutron/neutron/plugins/ml2/drivers/mech_agent.py:85}}
Aug 13 15:40:29.587596 dv-cinder-784956-11-smb neutron-server[100441]: DEBUG neutron.plugins.ml2.drivers.mech_agent [req-b463c317-4654-4590-bb1c-2ab0f275ec24 req-e748fbb4-5c02-4d2c-9470-f9de8956efbb service neutron] Port f290321c-f9a5-4f86-93bb-ddb87d7f8fb5 on network 4481eb6a-2c4b-4747-a695-a87973690705 not bound, no agent of type Open vSwitch agent registered on host hv-cinder-78495 {{(pid=100441) bind_port /opt/stack/neutron/neutron/plugins/ml2/drivers/mech_agent.py:97}}
Aug 13 15:40:29.588023 dv-cinder-784956-11-smb neutron-server[100441]: DEBUG neutron.plugins.ml2.drivers.mech_agent [req-b463c317-4654-4590-bb1c-2ab0f275ec24 req-e748fbb4-5c02-4d2c-9470-f9de8956efbb service neutron] Attempting to bind port f290321c-f9a5-4f86-93bb-ddb87d7f8fb5 on network 4481eb6a-2c4b-4747-a695-a87973690705 {{(pid=100441) bind_port /opt/stack/neutron/neutron/plugins/ml2/drivers/mech_agent.py:85}}
Aug 13 15:40:29.592523 dv-cinder-784956-11-smb neutron-server[100441]: DEBUG neutron.plugins.ml2.drivers.mech_agent [req-b463c317-4654-4590-bb1c-2ab0f275ec24 req-e748fbb4-5c02-4d2c-9470-f9de8956efbb service neutron] Checking agent: {'id': '8435c502-7d2a-487b-9edd-05137abcfad9', 'agent_type': 'HyperV agent', 'binary': 'neutron-hyperv-agent', 'topic': 'N/A', 'host': 'hv-cinder-78495', 'admin_state_up': True, 'created_at': datetime.datetime(2021, 8, 13, 15, 37, 42), 'started_at': datetime.datetime(2021, 8, 13, 15, 37, 42), 'heartbeat_timestamp': datetime.datetime(2021, 8, 13, 15, 40, 12), 'description': None, 'resources_synced': None, 'availability_zone': None, 'alive': True, 'configurations': {'vswitch_mappings': {'physnet1$': 'br-data'}}, 'resource_versions': {}} {{(pid=100441) bind_port /opt/stack/neutron/neutron/plugins/ml2/drivers/mech_agent.py:104}}
Aug 13 15:40:29.592849 dv-cinder-784956-11-smb neutron-server[100441]: DEBUG neutron.plugins.ml2.drivers.mech_agent [req-b463c317-4654-4590-bb1c-2ab0f275ec24 req-e748fbb4-5c02-4d2c-9470-f9de8956efbb service neutron] Checking segment: {'id': '058bb9a9-2838-44ba-afaa-3f3c83e6e4fc', 'network_type': 'vlan', 'physical_network': 'physnet1', 'segmentation_id': 172, 'network_id': '4481eb6a-2c4b-4747-a695-a87973690705'} for mappings: {'physnet1$': 'br-data'} with network types: ['local', 'flat', 'vlan'] {{(pid=100441) check_segment_for_agent /opt/stack/neutron/neutron/plugins/ml2/drivers/mech_agent.py:352}}
Aug 13 15:40:29.593221 dv-cinder-784956-11-smb neutron-server[100441]: DEBUG neutron.plugins.ml2.drivers.mech_agent [req-b463c317-4654-4590-bb1c-2ab0f275ec24 req-e748fbb4-5c02-4d2c-9470-f9de8956efbb service neutron] Bound using segment: {'id': '058bb9a9-2838-44ba-afaa-3f3c83e6e4fc', 'network_type': 'vlan', 'physical_network': 'physnet1', 'segmentation_id': 172, 'network_id': '4481eb6a-2c4b-4747-a695-a87973690705'} {{(pid=100441) bind_port /opt/stack/neutron/neutron/plugins/ml2/drivers/mech_agent.py:114}}
Aug 13 15:40:29.593635 dv-cinder-784956-11-smb neutron-server[100441]: DEBUG neutron.plugins.ml2.managers [req-b463c317-4654-4590-bb1c-2ab0f275ec24 req-e748fbb4-5c02-4d2c-9470-f9de8956efbb service neutron] Bound port: f290321c-f9a5-4f86-93bb-ddb87d7f8fb5, host: hv-cinder-78495, vif_type: hyperv, vif_details: {"connectivity": "legacy", "port_filter": false}, binding_levels: [{'bound_driver': 'hyperv', 'bound_segment': {'id': '058bb9a9-2838-44ba-afaa-3f3c83e6e4fc', 'network_type': 'vlan', 'physical_network': 'physnet1', 'segmentation_id': 172, 'network_id': '4481eb6a-2c4b-4747-a695-a87973690705'}}] {{(pid=100441) _bind_port_level /opt/stack/neutron/neutron/plugins/ml2/managers.py:928}}
Aug 13 15:40:29.593980 dv-cinder-784956-11-smb neutron-server[100441]: DEBUG neutron_lib.callbacks.manager [req-b463c317-4654-4590-bb1c-2ab0f275ec24 req-e748fbb4-5c02-4d2c-9470-f9de8956efbb service neutron] Notify callbacks ['neutron.plugins.ml2.plugin.SecurityGroupDbMixin._ensure_default_security_group_handler-937038'] for port, before_update {{(pid=100441) _notify_loop /usr/local/lib/python3.8/dist-packages/neutron_lib/callbacks/manager.py:192}}
Aug 13 15:40:29.659751 dv-cinder-784956-11-smb neutron-server[100441]: DEBUG neutron.plugins.ml2.db [req-b463c317-4654-4590-bb1c-2ab0f275ec24 req-e748fbb4-5c02-4d2c-9470-f9de8956efbb service neutron] For port f290321c-f9a5-4f86-93bb-ddb87d7f8fb5, host hv-cinder-78495, cleared binding levels {{(pid=100441) clear_binding_levels /opt/stack/neutron/neutron/plugins/ml2/db.py:87}}
Aug 13 15:40:29.662693 dv-cinder-784956-11-smb neutron-server[100441]: DEBUG neutron.plugins.ml2.db [req-b463c317-4654-4590-bb1c-2ab0f275ec24 req-e748fbb4-5c02-4d2c-9470-f9de8956efbb service neutron] For port f290321c-f9a5-4f86-93bb-ddb87d7f8fb5, host hv-cinder-78495, set binding levels [PortBindingLevel(driver='hyperv',host='hv-cinder-78495',level=0,port_id=f290321c-f9a5-4f86-93bb-ddb87d7f8fb5,segment=NetworkSegment(058bb9a9-2838-44ba-afaa-3f3c83e6e4fc),segment_id=058bb9a9-2838-44ba-afaa-3f3c83e6e4fc)] {{(pid=100441) set_binding_levels /opt/stack/neutron/neutron/plugins/ml2/db.py:59}}
Aug 13 15:40:29.667205 dv-cinder-784956-11-smb neutron-server[100441]: DEBUG neutron_lib.callbacks.manager [req-b463c317-4654-4590-bb1c-2ab0f275ec24 req-e748fbb4-5c02-4d2c-9470-f9de8956efbb service neutron] Notify callbacks ['neutron.plugins.ml2.plugin.SecurityGroupServerNotifierRpcMixin._notify_sg_on_port_change-937696', 'neutron.plugins.ml2.ovo_rpc._ObjectChangeHandler.handle_event-485082', 'neutron.api.rpc.agentnotifiers.dhcp_rpc_agent_api.DhcpAgentNotifyAPI._native_event_send_dhcp_notification-7929401', 'neutron.db.l3_db.L3RpcNotifierMixin._notify_gateway_port_ip_changed-8764430590612', 'neutron.db.l3_dvrscheduler_db._notify_l3_agent_port_update-8764430037773', 'neutron.db.l3_hascheduler_db._notify_l3_agent_ha_port_update-8764430037791'] for port, after_update {{(pid=100441) _notify_loop /usr/local/lib/python3.8/dist-packages/neutron_lib/callbacks/manager.py:192}}
Aug 13 15:40:29.701786 dv-cinder-784956-11-smb neutron-server[100441]: DEBUG neutron.pecan_wsgi.hooks.policy_enforcement [req-b463c317-4654-4590-bb1c-2ab0f275ec24 req-e748fbb4-5c02-4d2c-9470-f9de8956efbb service neutron] Attributes excluded by policy engine: ['standard_attr_id'] {{(pid=100441) _exclude_attributes_by_policy /opt/stack/neutron/neutron/pecan_wsgi/hooks/policy_enforcement.py:255}}
Aug 13 15:40:29.703763 dv-cinder-784956-11-smb neutron-server[100441]: DEBUG neutron_lib.callbacks.manager [req-b463c317-4654-4590-bb1c-2ab0f275ec24 req-e748fbb4-5c02-4d2c-9470-f9de8956efbb service neutron] Notify callbacks ['neutron.notifiers.nova.Notifier._send_nova_notification-483165', 'neutron.api.rpc.agentnotifiers.dhcp_rpc_agent_api.DhcpAgentNotifyAPI._send_dhcp_notification-7929383'] for port, before_response {{(pid=100441) _notify_loop /usr/local/lib/python3.8/dist-packages/neutron_lib/callbacks/manager.py:192}}
Aug 13 15:40:29.703763 dv-cinder-784956-11-smb neutron-server[100441]: INFO neutron.wsgi [req-b463c317-4654-4590-bb1c-2ab0f275ec24 req-e748fbb4-5c02-4d2c-9470-f9de8956efbb service neutron] 10.222.0.45 "PUT /v2.0/ports/f290321c-f9a5-4f86-93bb-ddb87d7f8fb5 HTTP/1.1" status: 200 len: 1093 time: 0.6182797
Aug 13 15:40:29.704268 dv-cinder-784956-11-smb neutron-server[100441]: DEBUG neutron.notifiers.nova [-] Sending events: [{'name': 'network-changed', 'server_uuid': '90d65f27-5a79-41a0-bdc7-18e9d0ba28f5', 'tag': 'f290321c-f9a5-4f86-93bb-ddb87d7f8fb5'}] {{(pid=100441) send_events /opt/stack/neutron/neutron/notifiers/nova.py:262}}
Aug 13 15:40:29.706536 dv-cinder-784956-11-smb neutron-server[100441]: DEBUG novaclient.v2.client [-] REQ: curl -g -i --cacert "/opt/stack/data/ca-bundle.pem" -X POST http://10.222.0.52/compute/v2.1/os-server-external-events -H "Accept: application/json" -H "Content-Type: application/json" -H "User-Agent: python-novaclient" -H "X-Auth-Token: {SHA256}0fb36be8d23f70f9f727f28bd62b8fcdbd24bc46a75fb9b2487d17c3f96d9179" -H "X-OpenStack-Nova-API-Version: 2.1" -H "X-OpenStack-Request-ID: req-c81e15c8-150d-4cc1-bad0-c2a4a2ff0e75" -d '{"events": [{"name": "network-changed", "server_uuid": "90d65f27-5a79-41a0-bdc7-18e9d0ba28f5", "tag": "f290321c-f9a5-4f86-93bb-ddb87d7f8fb5"}]}' {{(pid=100441) _http_log_request /usr/local/lib/python3.8/dist-packages/keystoneauth1/session.py:519}}
Aug 13 15:40:29.733697 dv-cinder-784956-11-smb neutron-server[100441]: DEBUG neutron.api.rpc.handlers.resources_rpc [None req-e748fbb4-5c02-4d2c-9470-f9de8956efbb service neutron] Pushing event updated for resources: {'Port': ['ID=f290321c-f9a5-4f86-93bb-ddb87d7f8fb5,revision_number=3']} {{(pid=100441) push /opt/stack/neutron/neutron/api/rpc/handlers/resources_rpc.py:237}}
Aug 13 15:40:29.779122 dv-cinder-784956-11-smb neutron-server[100441]: DEBUG novaclient.v2.client [-] RESP: [200] Connection: close Content-Length: 179 Content-Type: application/json Date: Fri, 13 Aug 2021 15:40:29 GMT OpenStack-API-Version: compute 2.1 Server: Apache/2.4.41 (Ubuntu) Vary: OpenStack-API-Version,X-OpenStack-Nova-API-Version X-OpenStack-Nova-API-Version: 2.1 x-compute-request-id: req-999b6ff8-2f44-4058-93c0-d3f2dd4c61b7 x-openstack-request-id: req-999b6ff8-2f44-4058-93c0-d3f2dd4c61b7 {{(pid=100441) _http_log_response /usr/local/lib/python3.8/dist-packages/keystoneauth1/session.py:550}}
Aug 13 15:40:29.779432 dv-cinder-784956-11-smb neutron-server[100441]: DEBUG novaclient.v2.client [-] RESP BODY: {"events": [{"name": "network-changed", "server_uuid": "90d65f27-5a79-41a0-bdc7-18e9d0ba28f5", "tag": "f290321c-f9a5-4f86-93bb-ddb87d7f8fb5", "status": "completed", "code": 200}]} {{(pid=100441) _http_log_response /usr/local/lib/python3.8/dist-packages/keystoneauth1/session.py:582}}
Aug 13 15:40:29.779681 dv-cinder-784956-11-smb neutron-server[100441]: DEBUG novaclient.v2.client [-] POST call to compute for http://10.222.0.52/compute/v2.1/os-server-external-events used request id req-999b6ff8-2f44-4058-93c0-d3f2dd4c61b7 {{(pid=100441) request /usr/local/lib/python3.8/dist-packages/keystoneauth1/session.py:954}}
Aug 13 15:40:29.780066 dv-cinder-784956-11-smb neutron-server[100441]: INFO neutron.notifiers.nova [-] Nova event response: {'name': 'network-changed', 'server_uuid': '90d65f27-5a79-41a0-bdc7-18e9d0ba28f5', 'tag': 'f290321c-f9a5-4f86-93bb-ddb87d7f8fb5', 'status': 'completed', 'code': 200}
Aug 13 15:40:29.820842 dv-cinder-784956-11-smb neutron-server[100441]: DEBUG neutron.pecan_wsgi.hooks.policy_enforcement [req-b463c317-4654-4590-bb1c-2ab0f275ec24 req-3620968f-cb3f-4f58-98e2-d45f702754f7 service neutron] Attributes excluded by policy engine: ['standard_attr_id'] {{(pid=100441) _exclude_attributes_by_policy /opt/stack/neutron/neutron/pecan_wsgi/hooks/policy_enforcement.py:255}}
Aug 13 15:40:29.822442 dv-cinder-784956-11-smb neutron-server[100441]: INFO neutron.wsgi [req-b463c317-4654-4590-bb1c-2ab0f275ec24 req-3620968f-cb3f-4f58-98e2-d45f702754f7 service neutron] 10.222.0.45 "GET /v2.0/ports?tenant_id=6a3c5b839ccc4ca5917dd1d587802702&device_id=90d65f27-5a79-41a0-bdc7-18e9d0ba28f5 HTTP/1.1" status: 200 len: 1096 time: 0.0526342
Aug 13 15:40:29.885301 dv-cinder-784956-11-smb neutron-server[100441]: INFO neutron.wsgi [req-b463c317-4654-4590-bb1c-2ab0f275ec24 req-fb75b179-128d-4505-a27a-cbec15b029a6 service neutron] 10.222.0.45 "GET /v2.0/floatingips?fixed_ip_address=172.20.0.7&port_id=f290321c-f9a5-4f86-93bb-ddb87d7f8fb5 HTTP/1.1" status: 200 len: 217 time: 0.0399516
Aug 13 15:40:29.948437 dv-cinder-784956-11-smb neutron-server[100441]: DEBUG neutron.pecan_wsgi.hooks.policy_enforcement [req-b463c317-4654-4590-bb1c-2ab0f275ec24 req-9c9e9b86-af90-412c-846a-43f0dd3bd0c5 service neutron] Attributes excluded by policy engine: ['standard_attr_id', 'shared'] {{(pid=100441) _exclude_attributes_by_policy /opt/stack/neutron/neutron/pecan_wsgi/hooks/policy_enforcement.py:255}}
Aug 13 15:40:29.950076 dv-cinder-784956-11-smb neutron-server[100441]: INFO neutron.wsgi [req-b463c317-4654-4590-bb1c-2ab0f275ec24 req-9c9e9b86-af90-412c-846a-43f0dd3bd0c5 service neutron] 10.222.0.45 "GET /v2.0/subnets?id=0e453a93-4a66-4fce-bb19-fdca05bef64b HTTP/1.1" status: 200 len: 848 time: 0.0545151
Aug 13 15:40:29.969069 dv-cinder-784956-11-smb neutron-server[100440]: DEBUG neutron.pecan_wsgi.hooks.policy_enforcement [req-04abaae8-a7d2-4b02-b792-6d1d04a579e9 req-cd081175-7196-4400-a5ec-48f195a76a0f tempest-ServerRescueNegativeTestJSON-859376754 tempest-ServerRescueNegativeTestJSON-859376754-project] Attributes excluded by policy engine: ['standard_attr_id', 'binding:profile', 'binding:host_id', 'binding:vif_type', 'binding:vif_details'] {{(pid=100440) _exclude_attributes_by_policy /opt/stack/neutron/neutron/pecan_wsgi/hooks/policy_enforcement.py:255}}
Aug 13 15:40:29.970607 dv-cinder-784956-11-smb neutron-server[100440]: INFO neutron.wsgi [req-04abaae8-a7d2-4b02-b792-6d1d04a579e9 req-cd081175-7196-4400-a5ec-48f195a76a0f tempest-ServerRescueNegativeTestJSON-859376754 tempest-ServerRescueNegativeTestJSON-859376754-project] 10.222.0.52 "GET /v2.0/ports?device_id=b68f4577-23f0-438c-9ed3-feafca12e0f5 HTTP/1.1" status: 200 len: 945 time: 0.0547173
Aug 13 15:40:30.003461 dv-cinder-784956-11-smb neutron-server[100441]: INFO neutron.wsgi [req-b463c317-4654-4590-bb1c-2ab0f275ec24 req-062eb002-c877-44ce-87b7-6ad26318dfbd service neutron] 10.222.0.45 "GET /v2.0/ports?network_id=4481eb6a-2c4b-4747-a695-a87973690705&device_owner=network%3Adhcp HTTP/1.1" status: 200 len: 210 time: 0.0324810
Aug 13 15:40:30.032500 dv-cinder-784956-11-smb neutron-server[100440]: INFO neutron.wsgi [req-04abaae8-a7d2-4b02-b792-6d1d04a579e9 req-3caa2279-5dcb-4099-a82c-7111320d146f tempest-ServerRescueNegativeTestJSON-859376754 tempest-ServerRescueNegativeTestJSON-859376754-project] 10.222.0.52 "GET /v2.0/security-groups?id=1050f1a0-48d2-4301-bf30-baf634c146ff&fields=id&fields=name HTTP/1.1" status: 200 len: 286 time: 0.0495546
Aug 13 15:40:30.121635 dv-cinder-784956-11-smb neutron-server[100441]: INFO neutron.wsgi [req-b463c317-4654-4590-bb1c-2ab0f275ec24 req-70c9dd2a-641c-4108-b062-c905d1560cc4 service neutron] 10.222.0.45 "GET /v2.0/networks/4481eb6a-2c4b-4747-a695-a87973690705?fields=segments HTTP/1.1" status: 200 len: 212 time: 0.1069121
Aug 13 15:40:30.200803 dv-cinder-784956-11-smb neutron-server[100440]: DEBUG neutron.pecan_wsgi.hooks.policy_enforcement [req-22791cc3-3530-4c95-b5de-df9102bd4858 req-21d2704b-e9db-4034-a95b-724ea3c0a6e7 tempest-AttachVolumeNegativeTest-174290680 tempest-AttachVolumeNegativeTest-174290680-project] Attributes excluded by policy engine: ['standard_attr_id', 'binding:profile', 'binding:host_id', 'binding:vif_type', 'binding:vif_details'] {{(pid=100440) _exclude_attributes_by_policy /opt/stack/neutron/neutron/pecan_wsgi/hooks/policy_enforcement.py:255}}
Aug 13 15:40:30.202615 dv-cinder-784956-11-smb neutron-server[100440]: INFO neutron.wsgi [req-22791cc3-3530-4c95-b5de-df9102bd4858 req-21d2704b-e9db-4034-a95b-724ea3c0a6e7 tempest-AttachVolumeNegativeTest-174290680 tempest-AttachVolumeNegativeTest-174290680-project] 10.222.0.52 "GET /v2.0/ports?device_id=555073a9-8728-47fc-af59-031e662c8a96 HTTP/1.1" status: 200 len: 943 time: 0.0566218
Aug 13 15:40:30.233440 dv-cinder-784956-11-smb neutron-server[100441]: INFO neutron.wsgi [req-b463c317-4654-4590-bb1c-2ab0f275ec24 req-ba4b128d-5bdd-41b1-9019-981338bcc931 service neutron] 10.222.0.45 "GET /v2.0/networks/4481eb6a-2c4b-4747-a695-a87973690705?fields=provider%3Aphysical_network&fields=provider%3Anetwork_type HTTP/1.1" status: 200 len: 281 time: 0.0952580
Aug 13 15:40:30.242885 dv-cinder-784956-11-smb neutron-server[100440]: INFO neutron.wsgi [req-22791cc3-3530-4c95-b5de-df9102bd4858 req-91d88dce-ce5c-4d70-abc9-50cc6e2cf6db tempest-AttachVolumeNegativeTest-174290680 tempest-AttachVolumeNegativeTest-174290680-project] 10.222.0.52 "GET /v2.0/security-groups?id=900191fa-0144-457a-a94b-792a789f28a1&fields=id&fields=name HTTP/1.1" status: 200 len: 286 time: 0.0329649
Aug 13 15:40:30.284979 dv-cinder-784956-11-smb neutron-server[100442]: DEBUG neutron.plugins.ml2.rpc [None req-da731bcf-5f7f-423c-a79b-476ef6164cef None None] Device 080a5028-a862-4ea9-99dd-d5c7522c60f8 details requested by agent hyperv_hv-cinder-78495 with host hv-cinder-78495 {{(pid=100442) get_device_details /opt/stack/neutron/neutron/plugins/ml2/rpc.py:102}}
Aug 13 15:40:30.377369 dv-cinder-784956-11-smb neutron-server[100441]: DEBUG neutron.pecan_wsgi.hooks.policy_enforcement [req-9e241157-8577-497b-b278-cdc75a9e4fbe req-98906a52-700f-4777-98a7-05890e4612a6 tempest-VolumesActionsTest-12411160 tempest-VolumesActionsTest-12411160-project] Attributes excluded by policy engine: ['standard_attr_id', 'binding:profile', 'binding:host_id', 'binding:vif_type', 'binding:vif_details'] {{(pid=100441) _exclude_attributes_by_policy /opt/stack/neutron/neutron/pecan_wsgi/hooks/policy_enforcement.py:255}}
Aug 13 15:40:30.378910 dv-cinder-784956-11-smb neutron-server[100441]: INFO neutron.wsgi [req-9e241157-8577-497b-b278-cdc75a9e4fbe req-98906a52-700f-4777-98a7-05890e4612a6 tempest-VolumesActionsTest-12411160 tempest-VolumesActionsTest-12411160-project] 10.222.0.52 "GET /v2.0/ports?device_id=90d65f27-5a79-41a0-bdc7-18e9d0ba28f5 HTTP/1.1" status: 200 len: 943 time: 0.0909028
Aug 13 15:40:30.385713 dv-cinder-784956-11-smb neutron-server[100441]: DEBUG neutron.pecan_wsgi.hooks.policy_enforcement [req-c81e15c8-150d-4cc1-bad0-c2a4a2ff0e75 req-d77e547d-fa23-4edd-831a-47bcc305d5bf service neutron] Attributes excluded by policy engine: ['standard_attr_id'] {{(pid=100441) _exclude_attributes_by_policy /opt/stack/neutron/neutron/pecan_wsgi/hooks/policy_enforcement.py:255}}
Aug 13 15:40:30.386374 dv-cinder-784956-11-smb neutron-server[100441]: INFO neutron.wsgi [req-c81e15c8-150d-4cc1-bad0-c2a4a2ff0e75 req-d77e547d-fa23-4edd-831a-47bcc305d5bf service neutron] 10.222.0.45 "GET /v2.0/ports?tenant_id=6a3c5b839ccc4ca5917dd1d587802702&device_id=90d65f27-5a79-41a0-bdc7-18e9d0ba28f5 HTTP/1.1" status: 200 len: 1096 time: 0.0879426
Aug 13 15:40:30.393640 dv-cinder-784956-11-smb neutron-server[100442]: DEBUG neutron.plugins.ml2.db [None req-da731bcf-5f7f-423c-a79b-476ef6164cef None None] For port 080a5028-a862-4ea9-99dd-d5c7522c60f8, host hv-cinder-78495, got binding levels [PortBindingLevel(driver='hyperv',host='hv-cinder-78495',level=0,port_id=080a5028-a862-4ea9-99dd-d5c7522c60f8,segment=NetworkSegment(38ea4030-8884-4b5a-96ee-3b22c4ac52dd),segment_id=38ea4030-8884-4b5a-96ee-3b22c4ac52dd)] {{(pid=100442) get_binding_level_objs /opt/stack/neutron/neutron/plugins/ml2/db.py:74}}
Aug 13 15:40:30.408481 dv-cinder-784956-11-smb neutron-server[100442]: DEBUG neutron.plugins.ml2.rpc [None req-da731bcf-5f7f-423c-a79b-476ef6164cef None None] Returning: {'device': '080a5028-a862-4ea9-99dd-d5c7522c60f8', 'network_id': '19ab795b-b3bb-4a04-bdc7-df508635d450', 'port_id': '080a5028-a862-4ea9-99dd-d5c7522c60f8', 'mac_address': 'fa:16:3e:59:53:21', 'admin_state_up': True, 'network_type': 'vlan', 'segmentation_id': 188, 'physical_network': 'physnet1', 'mtu': 1500, 'fixed_ips': [{'subnet_id': '31d181da-7cca-404d-9875-9db6ed44245e', 'ip_address': '172.20.0.2'}], 'device_owner': 'compute:nova', 'allowed_address_pairs': [], 'port_security_enabled': True, 'qos_policy_id': None, 'network_qos_policy_id': None, 'profile': {}, 'propagate_uplink_status': False} {{(pid=100442) _get_device_details /opt/stack/neutron/neutron/plugins/ml2/rpc.py:184}}
Aug 13 15:40:30.455859 dv-cinder-784956-11-smb neutron-server[100440]: DEBUG neutron.pecan_wsgi.hooks.policy_enforcement [req-712f2865-1593-4003-9ecd-762a96d5e0c0 req-878dd303-07e2-4e6a-b234-92b530d76ebe tempest-VolumesSnapshotTestJSON-196716398 tempest-VolumesSnapshotTestJSON-196716398-project] Attributes excluded by policy engine: ['standard_attr_id', 'binding:profile', 'binding:host_id', 'binding:vif_type', 'binding:vif_details'] {{(pid=100440) _exclude_attributes_by_policy /opt/stack/neutron/neutron/pecan_wsgi/hooks/policy_enforcement.py:255}}
Aug 13 15:40:30.457510 dv-cinder-784956-11-smb neutron-server[100440]: INFO neutron.wsgi [req-712f2865-1593-4003-9ecd-762a96d5e0c0 req-878dd303-07e2-4e6a-b234-92b530d76ebe tempest-VolumesSnapshotTestJSON-196716398 tempest-VolumesSnapshotTestJSON-196716398-project] 10.222.0.52 "GET /v2.0/ports?device_id=af677fe6-64d5-467b-b121-18b5b836cc43 HTTP/1.1" status: 200 len: 945 time: 0.0710080
Aug 13 15:40:30.468130 dv-cinder-784956-11-smb neutron-server[100442]: DEBUG neutron_lib.callbacks.manager [None req-da731bcf-5f7f-423c-a79b-476ef6164cef None None] Notify callbacks ['neutron.plugins.ml2.plugin.SecurityGroupDbMixin._ensure_default_security_group_handler-937038'] for port, before_update {{(pid=100442) _notify_loop /usr/local/lib/python3.8/dist-packages/neutron_lib/callbacks/manager.py:192}}
Aug 13 15:40:30.481734 dv-cinder-784956-11-smb neutron-server[100442]: DEBUG neutron.notifiers.nova [None req-da731bcf-5f7f-423c-a79b-476ef6164cef None None] Ignoring state change previous_port_status: DOWN current_port_status: BUILD port_id 080a5028-a862-4ea9-99dd-d5c7522c60f8 {{(pid=100442) record_port_status_changed /opt/stack/neutron/neutron/notifiers/nova.py:224}}
Aug 13 15:40:30.482703 dv-cinder-784956-11-smb neutron-server[100441]: INFO neutron.wsgi [req-9e241157-8577-497b-b278-cdc75a9e4fbe req-8ab5b3d6-c3d1-478a-b792-0317cfee018e tempest-VolumesActionsTest-12411160 tempest-VolumesActionsTest-12411160-project] 10.222.0.52 "GET /v2.0/security-groups?id=13c05f91-49bc-404e-a4e3-dd0dcbf863c2&fields=id&fields=name HTTP/1.1" status: 200 len: 286 time: 0.0934808
Aug 13 15:40:30.506716 dv-cinder-784956-11-smb neutron-server[100442]: DEBUG neutron.plugins.ml2.db [None req-da731bcf-5f7f-423c-a79b-476ef6164cef None None] For port 080a5028-a862-4ea9-99dd-d5c7522c60f8, host hv-cinder-78495, got binding levels [PortBindingLevel(driver='hyperv',host='hv-cinder-78495',level=0,port_id=080a5028-a862-4ea9-99dd-d5c7522c60f8,segment=NetworkSegment(38ea4030-8884-4b5a-96ee-3b22c4ac52dd),segment_id=38ea4030-8884-4b5a-96ee-3b22c4ac52dd)] {{(pid=100442) get_binding_level_objs /opt/stack/neutron/neutron/plugins/ml2/db.py:74}}
Aug 13 15:40:30.513868 dv-cinder-784956-11-smb neutron-server[100442]: DEBUG neutron_lib.callbacks.manager [None req-da731bcf-5f7f-423c-a79b-476ef6164cef None None] Notify callbacks ['neutron.plugins.ml2.plugin.SecurityGroupServerNotifierRpcMixin._notify_sg_on_port_change-937696', 'neutron.plugins.ml2.ovo_rpc._ObjectChangeHandler.handle_event-485082', 'neutron.api.rpc.agentnotifiers.dhcp_rpc_agent_api.DhcpAgentNotifyAPI._native_event_send_dhcp_notification-7929401', 'neutron.db.l3_db.L3RpcNotifierMixin._notify_gateway_port_ip_changed-8764430590612', 'neutron.db.l3_dvrscheduler_db._notify_l3_agent_port_update-8764430037773', 'neutron.db.l3_hascheduler_db._notify_l3_agent_ha_port_update-8764430037791'] for port, after_update {{(pid=100442) _notify_loop /usr/local/lib/python3.8/dist-packages/neutron_lib/callbacks/manager.py:192}}
Aug 13 15:40:30.514003 dv-cinder-784956-11-smb neutron-server[100440]: INFO neutron.wsgi [req-712f2865-1593-4003-9ecd-762a96d5e0c0 req-4e7eee3c-9cda-4645-88ed-7212dd597067 tempest-VolumesSnapshotTestJSON-196716398 tempest-VolumesSnapshotTestJSON-196716398-project] 10.222.0.52 "GET /v2.0/security-groups?id=e9448ec8-7fd1-47dc-85bf-2c024f544a20&fields=id&fields=name HTTP/1.1" status: 200 len: 286 time: 0.0471618
Aug 13 15:40:30.529433 dv-cinder-784956-11-smb neutron-server[100441]: DEBUG neutron.pecan_wsgi.hooks.policy_enforcement [req-c81e15c8-150d-4cc1-bad0-c2a4a2ff0e75 req-d8d6fa08-2871-49dd-83fb-7cd33a9775a0 service neutron] Attributes excluded by policy engine: ['standard_attr_id', 'vlan_transparent'] {{(pid=100441) _exclude_attributes_by_policy /opt/stack/neutron/neutron/pecan_wsgi/hooks/policy_enforcement.py:255}}
Aug 13 15:40:30.530996 dv-cinder-784956-11-smb neutron-server[100441]: INFO neutron.wsgi [req-c81e15c8-150d-4cc1-bad0-c2a4a2ff0e75 req-d8d6fa08-2871-49dd-83fb-7cd33a9775a0 service neutron] 10.222.0.45 "GET /v2.0/networks?id=4481eb6a-2c4b-4747-a695-a87973690705 HTTP/1.1" status: 200 len: 909 time: 0.1231079
Aug 13 15:40:30.559452 dv-cinder-784956-11-smb neutron-server[100442]: DEBUG neutron.api.rpc.handlers.resources_rpc [None req-da731bcf-5f7f-423c-a79b-476ef6164cef None None] Pushing event updated for resources: {'Port': ['ID=080a5028-a862-4ea9-99dd-d5c7522c60f8,revision_number=4']} {{(pid=100442) push /opt/stack/neutron/neutron/api/rpc/handlers/resources_rpc.py:237}}
Aug 13 15:40:30.591831 dv-cinder-784956-11-smb neutron-server[100441]: INFO neutron.wsgi [req-c81e15c8-150d-4cc1-bad0-c2a4a2ff0e75 req-aa2e6710-acc0-49f7-a1da-bfb82b7e77a3 service neutron] 10.222.0.45 "GET /v2.0/floatingips?fixed_ip_address=172.20.0.7&port_id=f290321c-f9a5-4f86-93bb-ddb87d7f8fb5 HTTP/1.1" status: 200 len: 217 time: 0.0391593
Aug 13 15:40:30.651027 dv-cinder-784956-11-smb neutron-server[100441]: DEBUG neutron.pecan_wsgi.hooks.policy_enforcement [req-c81e15c8-150d-4cc1-bad0-c2a4a2ff0e75 req-5ce85c17-b4ff-4c0c-a4b5-1b75cfa8767f service neutron] Attributes excluded by policy engine: ['standard_attr_id', 'shared'] {{(pid=100441) _exclude_attributes_by_policy /opt/stack/neutron/neutron/pecan_wsgi/hooks/policy_enforcement.py:255}}
Aug 13 15:40:30.652440 dv-cinder-784956-11-smb neutron-server[100441]: INFO neutron.wsgi [req-c81e15c8-150d-4cc1-bad0-c2a4a2ff0e75 req-5ce85c17-b4ff-4c0c-a4b5-1b75cfa8767f service neutron] 10.222.0.45 "GET /v2.0/subnets?id=0e453a93-4a66-4fce-bb19-fdca05bef64b HTTP/1.1" status: 200 len: 848 time: 0.0428655
Aug 13 15:40:30.699062 dv-cinder-784956-11-smb neutron-server[100441]: INFO neutron.wsgi [req-c81e15c8-150d-4cc1-bad0-c2a4a2ff0e75 req-dd4c4593-9ea1-4e46-93d9-87b442265b4c service neutron] 10.222.0.45 "GET /v2.0/ports?network_id=4481eb6a-2c4b-4747-a695-a87973690705&device_owner=network%3Adhcp HTTP/1.1" status: 200 len: 210 time: 0.0252824
Aug 13 15:40:30.791147 dv-cinder-784956-11-smb neutron-server[100441]: INFO neutron.wsgi [req-c81e15c8-150d-4cc1-bad0-c2a4a2ff0e75 req-b0e998fb-856a-4382-9cc5-6f4c472f35b6 service neutron] 10.222.0.45 "GET /v2.0/networks/4481eb6a-2c4b-4747-a695-a87973690705?fields=segments HTTP/1.1" status: 200 len: 212 time: 0.0779240
Aug 13 15:40:30.884422 dv-cinder-784956-11-smb neutron-server[100441]: INFO neutron.wsgi [req-c81e15c8-150d-4cc1-bad0-c2a4a2ff0e75 req-12b5ca6b-6851-42a5-a31f-402bcf195783 service neutron] 10.222.0.45 "GET /v2.0/networks/4481eb6a-2c4b-4747-a695-a87973690705?fields=provider%3Aphysical_network&fields=provider%3Anetwork_type HTTP/1.1" status: 200 len: 281 time: 0.0839324
Aug 13 15:40:31.160478 dv-cinder-784956-11-smb neutron-server[100441]: DEBUG neutron.pecan_wsgi.hooks.policy_enforcement [req-8c298606-4702-47ac-8924-ca6c167ef80e req-2e006a1b-c4cc-4d45-9e72-feb294b46355 tempest-ServerRescueNegativeTestJSON-859376754 tempest-ServerRescueNegativeTestJSON-859376754-project] Attributes excluded by policy engine: ['standard_attr_id', 'binding:profile', 'binding:host_id', 'binding:vif_type', 'binding:vif_details'] {{(pid=100441) _exclude_attributes_by_policy /opt/stack/neutron/neutron/pecan_wsgi/hooks/policy_enforcement.py:255}}
Aug 13 15:40:31.161981 dv-cinder-784956-11-smb neutron-server[100441]: INFO neutron.wsgi [req-8c298606-4702-47ac-8924-ca6c167ef80e req-2e006a1b-c4cc-4d45-9e72-feb294b46355 tempest-ServerRescueNegativeTestJSON-859376754 tempest-ServerRescueNegativeTestJSON-859376754-project] 10.222.0.52 "GET /v2.0/ports?device_id=b68f4577-23f0-438c-9ed3-feafca12e0f5 HTTP/1.1" status: 200 len: 945 time: 0.0652461
Aug 13 15:40:31.206027 dv-cinder-784956-11-smb neutron-server[100441]: INFO neutron.wsgi [req-8c298606-4702-47ac-8924-ca6c167ef80e req-dc84b6c3-1fb7-4c28-be79-85f7f4f4de3c tempest-ServerRescueNegativeTestJSON-859376754 tempest-ServerRescueNegativeTestJSON-859376754-project] 10.222.0.52 "GET /v2.0/security-groups?id=1050f1a0-48d2-4301-bf30-baf634c146ff&fields=id&fields=name HTTP/1.1" status: 200 len: 286 time: 0.0347056
Aug 13 15:40:31.207059 dv-cinder-784956-11-smb neutron-server[100442]: DEBUG neutron.plugins.ml2.db [None req-da731bcf-5f7f-423c-a79b-476ef6164cef None None] get_ports_and_sgs() called for port_ids ['080a5028-a862-4ea9-99dd-d5c7522c60f8'] {{(pid=100442) get_ports_and_sgs /opt/stack/neutron/neutron/plugins/ml2/db.py:156}}
Aug 13 15:40:31.379948 dv-cinder-784956-11-smb neutron-server[100441]: DEBUG neutron.pecan_wsgi.hooks.policy_enforcement [req-2ad494fe-daa5-4f18-a73e-c3787a2a88d9 req-09e6c016-118c-4c5b-8747-e83956f0a000 tempest-AttachVolumeNegativeTest-174290680 tempest-AttachVolumeNegativeTest-174290680-project] Attributes excluded by policy engine: ['standard_attr_id', 'binding:profile', 'binding:host_id', 'binding:vif_type', 'binding:vif_details'] {{(pid=100441) _exclude_attributes_by_policy /opt/stack/neutron/neutron/pecan_wsgi/hooks/policy_enforcement.py:255}}
Aug 13 15:40:31.382768 dv-cinder-784956-11-smb neutron-server[100441]: INFO neutron.wsgi [req-2ad494fe-daa5-4f18-a73e-c3787a2a88d9 req-09e6c016-118c-4c5b-8747-e83956f0a000 tempest-AttachVolumeNegativeTest-174290680 tempest-AttachVolumeNegativeTest-174290680-project] 10.222.0.52 "GET /v2.0/ports?device_id=555073a9-8728-47fc-af59-031e662c8a96 HTTP/1.1" status: 200 len: 944 time: 0.0689144
Aug 13 15:40:31.424429 dv-cinder-784956-11-smb neutron-server[100441]: INFO neutron.wsgi [req-2ad494fe-daa5-4f18-a73e-c3787a2a88d9 req-b413c589-2768-44e9-8149-0d94985c2eac tempest-AttachVolumeNegativeTest-174290680 tempest-AttachVolumeNegativeTest-174290680-project] 10.222.0.52 "GET /v2.0/security-groups?id=900191fa-0144-457a-a94b-792a789f28a1&fields=id&fields=name HTTP/1.1" status: 200 len: 286 time: 0.0351186
Aug 13 15:40:31.630980 dv-cinder-784956-11-smb neutron-server[100440]: DEBUG neutron.pecan_wsgi.hooks.policy_enforcement [req-2735f1a3-6678-44ce-9844-e9954e3bd6f8 req-0fe12bee-c46d-4109-bc51-4521d000ea6d tempest-VolumesActionsTest-12411160 tempest-VolumesActionsTest-12411160-project] Attributes excluded by policy engine: ['standard_attr_id', 'binding:profile', 'binding:host_id', 'binding:vif_type', 'binding:vif_details'] {{(pid=100440) _exclude_attributes_by_policy /opt/stack/neutron/neutron/pecan_wsgi/hooks/policy_enforcement.py:255}}
Aug 13 15:40:31.632523 dv-cinder-784956-11-smb neutron-server[100440]: INFO neutron.wsgi [req-2735f1a3-6678-44ce-9844-e9954e3bd6f8 req-0fe12bee-c46d-4109-bc51-4521d000ea6d tempest-VolumesActionsTest-12411160 tempest-VolumesActionsTest-12411160-project] 10.222.0.52 "GET /v2.0/ports?device_id=90d65f27-5a79-41a0-bdc7-18e9d0ba28f5 HTTP/1.1" status: 200 len: 943 time: 0.0581119
Aug 13 15:40:31.634343 dv-cinder-784956-11-smb neutron-server[100441]: DEBUG neutron.pecan_wsgi.hooks.policy_enforcement [req-3b344b15-b23f-403d-83a0-d8e9211367b9 req-deeeb993-298e-40ad-af02-085cb67487ff tempest-VolumesSnapshotTestJSON-196716398 tempest-VolumesSnapshotTestJSON-196716398-project] Attributes excluded by policy engine: ['standard_attr_id', 'binding:profile', 'binding:host_id', 'binding:vif_type', 'binding:vif_details'] {{(pid=100441) _exclude_attributes_by_policy /opt/stack/neutron/neutron/pecan_wsgi/hooks/policy_enforcement.py:255}}
Aug 13 15:40:31.635847 dv-cinder-784956-11-smb neutron-server[100441]: INFO neutron.wsgi [req-3b344b15-b23f-403d-83a0-d8e9211367b9 req-deeeb993-298e-40ad-af02-085cb67487ff tempest-VolumesSnapshotTestJSON-196716398 tempest-VolumesSnapshotTestJSON-196716398-project] 10.222.0.52 "GET /v2.0/ports?device_id=af677fe6-64d5-467b-b121-18b5b836cc43 HTTP/1.1" status: 200 len: 945 time: 0.0509703
Aug 13 15:40:31.677602 dv-cinder-784956-11-smb neutron-server[100441]: INFO neutron.wsgi [req-3b344b15-b23f-403d-83a0-d8e9211367b9 req-78dc4b81-8386-4960-b26b-2724e0d65233 tempest-VolumesSnapshotTestJSON-196716398 tempest-VolumesSnapshotTestJSON-196716398-project] 10.222.0.52 "GET /v2.0/security-groups?id=e9448ec8-7fd1-47dc-85bf-2c024f544a20&fields=id&fields=name HTTP/1.1" status: 200 len: 286 time: 0.0333200
Aug 13 15:40:31.683285 dv-cinder-784956-11-smb neutron-server[100440]: INFO neutron.wsgi [req-2735f1a3-6678-44ce-9844-e9954e3bd6f8 req-03a634e2-5e89-4c65-9c29-df032b2c8735 tempest-VolumesActionsTest-12411160 tempest-VolumesActionsTest-12411160-project] 10.222.0.52 "GET /v2.0/security-groups?id=13c05f91-49bc-404e-a4e3-dd0dcbf863c2&fields=id&fields=name HTTP/1.1" status: 200 len: 286 time: 0.0390110
Aug 13 15:40:32.319911 dv-cinder-784956-11-smb neutron-server[100441]: DEBUG neutron.pecan_wsgi.hooks.policy_enforcement [req-d7f5a56b-cbea-4d63-a431-77f2c4b9d6ad req-5086b1f4-e405-409b-8188-267fd9699d50 tempest-ServerRescueNegativeTestJSON-859376754 tempest-ServerRescueNegativeTestJSON-859376754-project] Attributes excluded by policy engine: ['standard_attr_id', 'binding:profile', 'binding:host_id', 'binding:vif_type', 'binding:vif_details'] {{(pid=100441) _exclude_attributes_by_policy /opt/stack/neutron/neutron/pecan_wsgi/hooks/policy_enforcement.py:255}}
Aug 13 15:40:32.321395 dv-cinder-784956-11-smb neutron-server[100441]: INFO neutron.wsgi [req-d7f5a56b-cbea-4d63-a431-77f2c4b9d6ad req-5086b1f4-e405-409b-8188-267fd9699d50 tempest-ServerRescueNegativeTestJSON-859376754 tempest-ServerRescueNegativeTestJSON-859376754-project] 10.222.0.52 "GET /v2.0/ports?device_id=b68f4577-23f0-438c-9ed3-feafca12e0f5 HTTP/1.1" status: 200 len: 945 time: 0.0483718
Aug 13 15:40:32.358750 dv-cinder-784956-11-smb neutron-server[100441]: INFO neutron.wsgi [req-d7f5a56b-cbea-4d63-a431-77f2c4b9d6ad req-dddab261-fcb9-454e-a98b-2c329f38597e tempest-ServerRescueNegativeTestJSON-859376754 tempest-ServerRescueNegativeTestJSON-859376754-project] 10.222.0.52 "GET /v2.0/security-groups?id=1050f1a0-48d2-4301-bf30-baf634c146ff&fields=id&fields=name HTTP/1.1" status: 200 len: 286 time: 0.0314441
Aug 13 15:40:32.546943 dv-cinder-784956-11-smb neutron-server[100440]: DEBUG neutron.pecan_wsgi.hooks.policy_enforcement [req-cb42ea4a-f0de-4b7a-9bc7-62bc11a3e063 req-319a9dba-46cf-4d05-b4d9-49e58015bc20 tempest-AttachVolumeNegativeTest-174290680 tempest-AttachVolumeNegativeTest-174290680-project] Attributes excluded by policy engine: ['standard_attr_id', 'binding:profile', 'binding:host_id', 'binding:vif_type', 'binding:vif_details'] {{(pid=100440) _exclude_attributes_by_policy /opt/stack/neutron/neutron/pecan_wsgi/hooks/policy_enforcement.py:255}}
Aug 13 15:40:32.548840 dv-cinder-784956-11-smb neutron-server[100440]: INFO neutron.wsgi [req-cb42ea4a-f0de-4b7a-9bc7-62bc11a3e063 req-319a9dba-46cf-4d05-b4d9-49e58015bc20 tempest-AttachVolumeNegativeTest-174290680 tempest-AttachVolumeNegativeTest-174290680-project] 10.222.0.52 "GET /v2.0/ports?device_id=555073a9-8728-47fc-af59-031e662c8a96 HTTP/1.1" status: 200 len: 944 time: 0.0531795
Aug 13 15:40:32.588728 dv-cinder-784956-11-smb neutron-server[100440]: INFO neutron.wsgi [req-cb42ea4a-f0de-4b7a-9bc7-62bc11a3e063 req-5707e046-0255-4bdb-a940-e81e089e3fdd tempest-AttachVolumeNegativeTest-174290680 tempest-AttachVolumeNegativeTest-174290680-project] 10.222.0.52 "GET /v2.0/security-groups?id=900191fa-0144-457a-a94b-792a789f28a1&fields=id&fields=name HTTP/1.1" status: 200 len: 286 time: 0.0335431
Aug 13 15:40:32.805224 dv-cinder-784956-11-smb neutron-server[100441]: DEBUG neutron.pecan_wsgi.hooks.policy_enforcement [req-6c2a47ff-abb4-4555-a399-b52bf3c0e1f3 req-395acd07-07d0-49ba-9ca8-130b61301b97 tempest-VolumesActionsTest-12411160 tempest-VolumesActionsTest-12411160-project] Attributes excluded by policy engine: ['standard_attr_id', 'binding:profile', 'binding:host_id', 'binding:vif_type', 'binding:vif_details'] {{(pid=100441) _exclude_attributes_by_policy /opt/stack/neutron/neutron/pecan_wsgi/hooks/policy_enforcement.py:255}}
Aug 13 15:40:32.806745 dv-cinder-784956-11-smb neutron-server[100441]: INFO neutron.wsgi [req-6c2a47ff-abb4-4555-a399-b52bf3c0e1f3 req-395acd07-07d0-49ba-9ca8-130b61301b97 tempest-VolumesActionsTest-12411160 tempest-VolumesActionsTest-12411160-project] 10.222.0.52 "GET /v2.0/ports?device_id=90d65f27-5a79-41a0-bdc7-18e9d0ba28f5 HTTP/1.1" status: 200 len: 943 time: 0.0519891
Aug 13 15:40:32.845587 dv-cinder-784956-11-smb neutron-server[100441]: INFO neutron.wsgi [req-6c2a47ff-abb4-4555-a399-b52bf3c0e1f3 req-b40ab9af-95d3-4fcc-903c-e6a627c0dfb3 tempest-VolumesActionsTest-12411160 tempest-VolumesActionsTest-12411160-project] 10.222.0.52 "GET /v2.0/security-groups?id=13c05f91-49bc-404e-a4e3-dd0dcbf863c2&fields=id&fields=name HTTP/1.1" status: 200 len: 286 time: 0.0328882
Aug 13 15:40:33.051110 dv-cinder-784956-11-smb neutron-server[100440]: DEBUG neutron.wsgi [-] (100440) accepted ('10.222.0.52', 41922) {{(pid=100440) server /usr/local/lib/python3.8/dist-packages/eventlet/wsgi.py:982}}
Aug 13 15:40:33.157550 dv-cinder-784956-11-smb neutron-server[100440]: DEBUG neutron_lib.callbacks.manager [None req-4065eef2-be80-4f14-8d24-a8b1fb16a16d admin admin] Notify callbacks [] for security_group, before_create {{(pid=100440) _notify_loop /usr/local/lib/python3.8/dist-packages/neutron_lib/callbacks/manager.py:192}}
Aug 13 15:40:33.247710 dv-cinder-784956-11-smb neutron-server[100440]: DEBUG neutron_lib.callbacks.manager [None req-4065eef2-be80-4f14-8d24-a8b1fb16a16d admin admin] Notify callbacks [] for security_group, precommit_create {{(pid=100440) _notify_loop /usr/local/lib/python3.8/dist-packages/neutron_lib/callbacks/manager.py:192}}
Aug 13 15:40:33.251793 dv-cinder-784956-11-smb neutron-server[100440]: DEBUG neutron_lib.callbacks.manager [None req-4065eef2-be80-4f14-8d24-a8b1fb16a16d admin admin] Notify callbacks ['neutron.plugins.ml2.ovo_rpc._ObjectChangeHandler.handle_event-7982262'] for security_group, after_create {{(pid=100440) _notify_loop /usr/local/lib/python3.8/dist-packages/neutron_lib/callbacks/manager.py:192}}
Aug 13 15:40:33.289857 dv-cinder-784956-11-smb neutron-server[100440]: DEBUG neutron.api.rpc.handlers.resources_rpc [None req-4065eef2-be80-4f14-8d24-a8b1fb16a16d admin admin] Pushing event updated for resources: {'SecurityGroup': ['ID=f0187b53-3a2d-4ae5-b95b-69f9a023d4db,revision_number=1']} {{(pid=100440) push /opt/stack/neutron/neutron/api/rpc/handlers/resources_rpc.py:237}}
Aug 13 15:40:33.294298 dv-cinder-784956-11-smb neutron-server[100440]: INFO neutron.wsgi [None req-4065eef2-be80-4f14-8d24-a8b1fb16a16d admin admin] 10.222.0.52 "GET /v2.0/security-groups?tenant_id=9d53390714ac47c0bee10e4c6cbd5b35&name=default HTTP/1.1" status: 200 len: 2979 time: 0.2421563
Aug 13 15:40:33.297806 dv-cinder-784956-11-smb neutron-server[100440]: DEBUG neutron.wsgi [-] (100440) accepted ('10.222.0.52', 41928) {{(pid=100440) server /usr/local/lib/python3.8/dist-packages/eventlet/wsgi.py:982}}
Aug 13 15:40:33.344923 dv-cinder-784956-11-smb neutron-server[100440]: DEBUG neutron_lib.callbacks.manager [None req-bcf30cee-da85-4d01-ac4b-fd836901793b admin admin] Notify callbacks [] for security_group, before_delete {{(pid=100440) _notify_loop /usr/local/lib/python3.8/dist-packages/neutron_lib/callbacks/manager.py:192}}
Aug 13 15:40:33.369033 dv-cinder-784956-11-smb neutron-server[100440]: DEBUG neutron_lib.callbacks.manager [None req-bcf30cee-da85-4d01-ac4b-fd836901793b admin admin] Notify callbacks [] for security_group, precommit_delete {{(pid=100440) _notify_loop /usr/local/lib/python3.8/dist-packages/neutron_lib/callbacks/manager.py:192}}
Aug 13 15:40:33.416569 dv-cinder-784956-11-smb neutron-server[100440]: DEBUG neutron_lib.callbacks.manager [None req-bcf30cee-da85-4d01-ac4b-fd836901793b admin admin] Notify callbacks ['neutron.plugins.ml2.ovo_rpc._ObjectChangeHandler.handle_event-7982262'] for security_group, after_delete {{(pid=100440) _notify_loop /usr/local/lib/python3.8/dist-packages/neutron_lib/callbacks/manager.py:192}}
Aug 13 15:40:33.419118 dv-cinder-784956-11-smb neutron-server[100440]: DEBUG neutron_lib.callbacks.manager [None req-bcf30cee-da85-4d01-ac4b-fd836901793b admin admin] Notify callbacks [] for security_group, before_response {{(pid=100440) _notify_loop /usr/local/lib/python3.8/dist-packages/neutron_lib/callbacks/manager.py:192}}
Aug 13 15:40:33.420565 dv-cinder-784956-11-smb neutron-server[100440]: INFO neutron.wsgi [None req-bcf30cee-da85-4d01-ac4b-fd836901793b admin admin] 10.222.0.52 "DELETE /v2.0/security-groups/f0187b53-3a2d-4ae5-b95b-69f9a023d4db HTTP/1.1" status: 204 len: 168 time: 0.1225412
Aug 13 15:40:33.429900 dv-cinder-784956-11-smb neutron-server[100440]: DEBUG neutron.api.rpc.handlers.resources_rpc [None req-bcf30cee-da85-4d01-ac4b-fd836901793b admin admin] Pushing event deleted for resources: {'SecurityGroup': ['ID=f0187b53-3a2d-4ae5-b95b-69f9a023d4db,revision_number=None']} {{(pid=100440) push /opt/stack/neutron/neutron/api/rpc/handlers/resources_rpc.py:237}}
Aug 13 15:40:33.491623 dv-cinder-784956-11-smb neutron-server[100441]: DEBUG neutron.pecan_wsgi.hooks.policy_enforcement [req-613e52e2-d3fa-4e35-b18d-ef35f70cdc5d req-b631b77b-066d-4efe-84e4-2ae159bae420 tempest-ServerRescueNegativeTestJSON-859376754 tempest-ServerRescueNegativeTestJSON-859376754-project] Attributes excluded by policy engine: ['standard_attr_id', 'binding:profile', 'binding:host_id', 'binding:vif_type', 'binding:vif_details'] {{(pid=100441) _exclude_attributes_by_policy /opt/stack/neutron/neutron/pecan_wsgi/hooks/policy_enforcement.py:255}}
Aug 13 15:40:33.493229 dv-cinder-784956-11-smb neutron-server[100441]: INFO neutron.wsgi [req-613e52e2-d3fa-4e35-b18d-ef35f70cdc5d req-b631b77b-066d-4efe-84e4-2ae159bae420 tempest-ServerRescueNegativeTestJSON-859376754 tempest-ServerRescueNegativeTestJSON-859376754-project] 10.222.0.52 "GET /v2.0/ports?device_id=b68f4577-23f0-438c-9ed3-feafca12e0f5 HTTP/1.1" status: 200 len: 945 time: 0.0549908
Aug 13 15:40:33.536050 dv-cinder-784956-11-smb neutron-server[100441]: INFO neutron.wsgi [req-613e52e2-d3fa-4e35-b18d-ef35f70cdc5d req-e437e609-28df-4a52-bd0d-e265f537e1af tempest-ServerRescueNegativeTestJSON-859376754 tempest-ServerRescueNegativeTestJSON-859376754-project] 10.222.0.52 "GET /v2.0/security-groups?id=1050f1a0-48d2-4301-bf30-baf634c146ff&fields=id&fields=name HTTP/1.1" status: 200 len: 286 time: 0.0366445
Aug 13 15:40:33.697649 dv-cinder-784956-11-smb neutron-server[100441]: DEBUG neutron.wsgi [-] (100441) accepted ('10.222.0.52', 41942) {{(pid=100441) server /usr/local/lib/python3.8/dist-packages/eventlet/wsgi.py:982}}
Aug 13 15:40:33.712955 dv-cinder-784956-11-smb neutron-server[100441]: DEBUG neutron_lib.callbacks.manager [None req-870cdb08-0060-4048-ba8a-65d50e077896 admin admin] Notify callbacks [] for security_group, before_create {{(pid=100441) _notify_loop /usr/local/lib/python3.8/dist-packages/neutron_lib/callbacks/manager.py:192}}
