May 10 13:31:30.067150 dv-cinder-784945-7-iscsi neutron-server[78708]: DEBUG neutron_lib.callbacks.manager [None req-bb1631fe-04ef-4d32-9dfa-44db24c754f3 admin admin] Notify callbacks [] for security_group, before_delete {{(pid=78708) _notify_loop /usr/local/lib/python3.8/dist-packages/neutron_lib/callbacks/manager.py:192}}
May 10 13:31:30.078203 dv-cinder-784945-7-iscsi neutron-server[78709]: DEBUG neutron.api.v2.base [req-a8f9c757-dfca-425b-9214-845235ab6d5e req-85a3ce02-3491-43ce-aeb4-062ea979850d service neutron] Request body: {'port': {'device_id': 'ed884f4f-696b-44a0-83e4-c9d85e8e638d', 'device_owner': 'compute:nova', 'binding:host_id': 'hv-cinder-78494'}} {{(pid=78709) prepare_request_body /opt/stack/neutron/neutron/api/v2/base.py:729}}
May 10 13:31:30.164742 dv-cinder-784945-7-iscsi neutron-server[78708]: DEBUG neutron_lib.callbacks.manager [None req-bb1631fe-04ef-4d32-9dfa-44db24c754f3 admin admin] Notify callbacks [] for security_group, precommit_delete {{(pid=78708) _notify_loop /usr/local/lib/python3.8/dist-packages/neutron_lib/callbacks/manager.py:192}}
May 10 13:31:30.247095 dv-cinder-784945-7-iscsi neutron-server[78709]: DEBUG neutron_lib.callbacks.manager [req-a8f9c757-dfca-425b-9214-845235ab6d5e req-85a3ce02-3491-43ce-aeb4-062ea979850d service neutron] Notify callbacks ['neutron.plugins.ml2.plugin.SecurityGroupDbMixin._ensure_default_security_group_handler-1801469'] for port, before_update {{(pid=78709) _notify_loop /usr/local/lib/python3.8/dist-packages/neutron_lib/callbacks/manager.py:192}}
May 10 13:31:30.277405 dv-cinder-784945-7-iscsi neutron-server[78708]: DEBUG neutron.wsgi [-] (78708) accepted ('10.222.0.36', 62173) {{(pid=78708) server /usr/local/lib/python3.8/dist-packages/eventlet/wsgi.py:992}}
May 10 13:31:30.340703 dv-cinder-784945-7-iscsi neutron-server[78709]: DEBUG neutron.pecan_wsgi.hooks.policy_enforcement [req-7bbb8202-9e0c-4d43-b55e-b553da272527 req-99336508-56b0-426c-acae-760b912d6c99 service neutron] Attributes excluded by policy engine: ['standard_attr_id'] {{(pid=78709) _exclude_attributes_by_policy /opt/stack/neutron/neutron/pecan_wsgi/hooks/policy_enforcement.py:255}}
May 10 13:31:30.342774 dv-cinder-784945-7-iscsi neutron-server[78709]: INFO neutron.wsgi [req-7bbb8202-9e0c-4d43-b55e-b553da272527 req-99336508-56b0-426c-acae-760b912d6c99 service neutron] 10.222.0.36 "GET /v2.0/ports?tenant_id=2cc99962f1734274adfbd00a099b7a29&device_id=cc94a775-a5fe-457f-a863-de0dc05f08dc HTTP/1.1" status: 200 len: 1096 time: 0.1655438
May 10 13:31:30.348335 dv-cinder-784945-7-iscsi neutron-server[78708]: INFO neutron.wsgi [req-0096f4bf-4e19-4c79-bf86-b20df025549c req-1c770ef3-b405-4177-91af-4754997c11f1 service neutron] 10.222.0.36 "GET /v2.0/networks/7909857c-8055-41c3-95c6-3f8457ebca19?fields=segments HTTP/1.1" status: 200 len: 212 time: 0.2722139
May 10 13:31:30.589026 dv-cinder-784945-7-iscsi neutron-server[78708]: DEBUG neutron_lib.callbacks.manager [None req-bb1631fe-04ef-4d32-9dfa-44db24c754f3 admin admin] Notify callbacks ['neutron.plugins.ml2.ovo_rpc._ObjectChangeHandler.handle_event-604561'] for security_group, after_delete {{(pid=78708) _notify_loop /usr/local/lib/python3.8/dist-packages/neutron_lib/callbacks/manager.py:192}}
May 10 13:31:30.607492 dv-cinder-784945-7-iscsi neutron-server[78708]: DEBUG oslo_concurrency.lockutils [-] Lock "event-dispatch" acquired by "neutron.plugins.ml2.ovo_rpc._ObjectChangeHandler.dispatch_events" :: waited 0.000s {{(pid=78708) inner /usr/local/lib/python3.8/dist-packages/oslo_concurrency/lockutils.py:355}}
May 10 13:31:30.621596 dv-cinder-784945-7-iscsi neutron-server[78709]: DEBUG neutron.pecan_wsgi.hooks.policy_enforcement [req-7bbb8202-9e0c-4d43-b55e-b553da272527 req-4c5645ed-e4c1-4f0c-afab-4e84573642eb service neutron] Attributes excluded by policy engine: ['standard_attr_id', 'vlan_transparent'] {{(pid=78709) _exclude_attributes_by_policy /opt/stack/neutron/neutron/pecan_wsgi/hooks/policy_enforcement.py:255}}
May 10 13:31:30.622977 dv-cinder-784945-7-iscsi neutron-server[78709]: INFO neutron.wsgi [req-7bbb8202-9e0c-4d43-b55e-b553da272527 req-4c5645ed-e4c1-4f0c-afab-4e84573642eb service neutron] 10.222.0.36 "GET /v2.0/networks?tenant_id=2cc99962f1734274adfbd00a099b7a29&shared=False HTTP/1.1" status: 200 len: 919 time: 0.2441168
May 10 13:31:30.650100 dv-cinder-784945-7-iscsi neutron-server[78708]: DEBUG neutron.api.rpc.handlers.resources_rpc [None req-bb1631fe-04ef-4d32-9dfa-44db24c754f3 admin admin] Pushing event deleted for resources: {'SecurityGroup': ['ID=f6a9a95d-6da6-4a1d-8099-c66877c0568b,revision_number=None']} {{(pid=78708) push /opt/stack/neutron/neutron/api/rpc/handlers/resources_rpc.py:237}}
May 10 13:31:30.652527 dv-cinder-784945-7-iscsi neutron-server[78708]: DEBUG oslo_concurrency.lockutils [None req-bb1631fe-04ef-4d32-9dfa-44db24c754f3 admin admin] Lock "event-dispatch" released by "neutron.plugins.ml2.ovo_rpc._ObjectChangeHandler.dispatch_events" :: held 0.045s {{(pid=78708) inner /usr/local/lib/python3.8/dist-packages/oslo_concurrency/lockutils.py:367}}
May 10 13:31:30.662128 dv-cinder-784945-7-iscsi neutron-server[78708]: DEBUG neutron.pecan_wsgi.hooks.policy_enforcement [req-c328c9b4-355e-4a52-8b80-e94c1d7dfb8e req-ac7402e0-0254-4990-a61e-8db80922a31c tempest-ServerRescueNegativeTestJSON-887829202 tempest-ServerRescueNegativeTestJSON-887829202-project] Attributes excluded by policy engine: ['standard_attr_id', 'binding:profile', 'binding:host_id', 'binding:vif_type', 'binding:vif_details'] {{(pid=78708) _exclude_attributes_by_policy /opt/stack/neutron/neutron/pecan_wsgi/hooks/policy_enforcement.py:255}}
May 10 13:31:30.663632 dv-cinder-784945-7-iscsi neutron-server[78708]: INFO neutron.wsgi [req-c328c9b4-355e-4a52-8b80-e94c1d7dfb8e req-ac7402e0-0254-4990-a61e-8db80922a31c tempest-ServerRescueNegativeTestJSON-887829202 tempest-ServerRescueNegativeTestJSON-887829202-project] 10.222.0.18 "GET /v2.0/ports?device_id=cc94a775-a5fe-457f-a863-de0dc05f08dc HTTP/1.1" status: 200 len: 943 time: 0.4412842
May 10 13:31:30.673392 dv-cinder-784945-7-iscsi neutron-server[78708]: DEBUG neutron.pecan_wsgi.hooks.policy_enforcement [req-c37c4f61-e0c6-4d99-a20b-f41910a875d6 req-7ff8a70d-9ecd-4d17-a856-58ae803252e4 service neutron] Attributes excluded by policy engine: ['standard_attr_id'] {{(pid=78708) _exclude_attributes_by_policy /opt/stack/neutron/neutron/pecan_wsgi/hooks/policy_enforcement.py:255}}
May 10 13:31:30.674855 dv-cinder-784945-7-iscsi neutron-server[78708]: INFO neutron.wsgi [req-c37c4f61-e0c6-4d99-a20b-f41910a875d6 req-7ff8a70d-9ecd-4d17-a856-58ae803252e4 service neutron] 10.222.0.36 "GET /v2.0/ports?device_id=3d685243-74d6-446d-9e80-306f14794821 HTTP/1.1" status: 200 len: 1099 time: 0.3965259
May 10 13:31:30.716354 dv-cinder-784945-7-iscsi neutron-server[78708]: DEBUG neutron_lib.callbacks.manager [None req-bb1631fe-04ef-4d32-9dfa-44db24c754f3 admin admin] Notify callbacks [] for security_group, before_response {{(pid=78708) _notify_loop /usr/local/lib/python3.8/dist-packages/neutron_lib/callbacks/manager.py:192}}
May 10 13:31:30.718078 dv-cinder-784945-7-iscsi neutron-server[78708]: INFO neutron.wsgi [None req-bb1631fe-04ef-4d32-9dfa-44db24c754f3 admin admin] 10.222.0.18 "DELETE /v2.0/security-groups/f6a9a95d-6da6-4a1d-8099-c66877c0568b HTTP/1.1" status: 204 len: 168 time: 0.7093523
May 10 13:31:30.736518 dv-cinder-784945-7-iscsi neutron-server[78708]: INFO neutron.wsgi [req-0096f4bf-4e19-4c79-bf86-b20df025549c req-22b358d3-b899-4a25-b122-4f77fd7251c2 service neutron] 10.222.0.36 "GET /v2.0/networks/7909857c-8055-41c3-95c6-3f8457ebca19?fields=provider%3Aphysical_network&fields=provider%3Anetwork_type HTTP/1.1" status: 200 len: 281 time: 0.3806655
May 10 13:31:30.753399 dv-cinder-784945-7-iscsi neutron-server[78709]: DEBUG neutron.notifiers.nova [req-a8f9c757-dfca-425b-9214-845235ab6d5e req-85a3ce02-3491-43ce-aeb4-062ea979850d service neutron] Ignoring state change previous_port_status: DOWN current_port_status: DOWN port_id 8f7b2b91-14e9-45ef-8c61-25d2e2563687 {{(pid=78709) record_port_status_changed /opt/stack/neutron/neutron/notifiers/nova.py:224}}
May 10 13:31:30.761248 dv-cinder-784945-7-iscsi neutron-server[78709]: DEBUG neutron_lib.callbacks.manager [req-a8f9c757-dfca-425b-9214-845235ab6d5e req-85a3ce02-3491-43ce-aeb4-062ea979850d service neutron] Notify callbacks [] for port, precommit_update {{(pid=78709) _notify_loop /usr/local/lib/python3.8/dist-packages/neutron_lib/callbacks/manager.py:192}}
May 10 13:31:30.764723 dv-cinder-784945-7-iscsi neutron-server[78708]: DEBUG neutron.pecan_wsgi.hooks.policy_enforcement [req-1b37b27b-0dfa-4c41-acbf-ae9ea3e3b278 req-c764ac4b-2147-4a2d-9daa-fc641eba3b9e tempest-DeleteServersTestJSON-616965869 tempest-DeleteServersTestJSON-616965869-project] Attributes excluded by policy engine: ['standard_attr_id', 'binding:profile', 'binding:host_id', 'binding:vif_type', 'binding:vif_details'] {{(pid=78708) _exclude_attributes_by_policy /opt/stack/neutron/neutron/pecan_wsgi/hooks/policy_enforcement.py:255}}
May 10 13:31:30.772087 dv-cinder-784945-7-iscsi neutron-server[78708]: INFO neutron.wsgi [req-1b37b27b-0dfa-4c41-acbf-ae9ea3e3b278 req-c764ac4b-2147-4a2d-9daa-fc641eba3b9e tempest-DeleteServersTestJSON-616965869 tempest-DeleteServersTestJSON-616965869-project] 10.222.0.18 "GET /v2.0/ports?device_id=3d685243-74d6-446d-9e80-306f14794821 HTTP/1.1" status: 200 len: 946 time: 0.3711486
May 10 13:31:30.776659 dv-cinder-784945-7-iscsi neutron-server[78709]: DEBUG neutron.db.provisioning_blocks [req-a8f9c757-dfca-425b-9214-845235ab6d5e req-85a3ce02-3491-43ce-aeb4-062ea979850d service neutron] Transition to ACTIVE for port object 8f7b2b91-14e9-45ef-8c61-25d2e2563687 will not be triggered until provisioned by entity L2. {{(pid=78709) add_provisioning_component /opt/stack/neutron/neutron/db/provisioning_blocks.py:73}}
May 10 13:31:30.784585 dv-cinder-784945-7-iscsi neutron-server[78709]: DEBUG neutron_lib.callbacks.manager [req-a8f9c757-dfca-425b-9214-845235ab6d5e req-85a3ce02-3491-43ce-aeb4-062ea979850d service neutron] Notify callbacks ['neutron.plugins.ml2.plugin.SecurityGroupServerNotifierRpcMixin.notify_sg_on_port_change-1801406', 'neutron.plugins.ml2.ovo_rpc._ObjectChangeHandler.handle_event-911511', 'neutron.api.rpc.agentnotifiers.dhcp_rpc_agent_api.DhcpAgentNotifyAPI._native_event_send_dhcp_notification-552328', 'neutron.db.l3_db.L3RpcNotifierMixin._notify_gateway_port_ip_changed-8756627325031', 'neutron.db.l3_dvrscheduler_db._notify_l3_agent_port_update-8756626907158', 'neutron.db.l3_hascheduler_db._notify_l3_agent_ha_port_update-8756626907203', 'neutron.services.segments.plugin.NovaSegmentNotifier._notify_port_updated-2183729'] for port, after_update {{(pid=78709) _notify_loop /usr/local/lib/python3.8/dist-packages/neutron_lib/callbacks/manager.py:192}}
May 10 13:31:30.800774 dv-cinder-784945-7-iscsi neutron-server[78709]: DEBUG oslo_concurrency.lockutils [None req-774917f9-c023-4a58-a8d5-65b3af6319f0 tempest-DeleteServersTestJSON-616965869 tempest-DeleteServersTestJSON-616965869-project] Lock "event-dispatch" acquired by "neutron.plugins.ml2.ovo_rpc._ObjectChangeHandler.dispatch_events" :: waited 0.000s {{(pid=78709) inner /usr/local/lib/python3.8/dist-packages/oslo_concurrency/lockutils.py:355}}
May 10 13:31:30.802444 dv-cinder-784945-7-iscsi neutron-server[78708]: INFO neutron.wsgi [req-c328c9b4-355e-4a52-8b80-e94c1d7dfb8e req-13865344-cf89-4055-b57f-f897eb616172 tempest-ServerRescueNegativeTestJSON-887829202 tempest-ServerRescueNegativeTestJSON-887829202-project] 10.222.0.18 "GET /v2.0/security-groups?id=439f569e-1c39-4a8a-b715-8b8a2660cb81&fields=id&fields=name HTTP/1.1" status: 200 len: 286 time: 0.1211092
May 10 13:31:30.836667 dv-cinder-784945-7-iscsi neutron-server[78708]: INFO neutron.wsgi [req-1b37b27b-0dfa-4c41-acbf-ae9ea3e3b278 req-4e5de8e5-2bfc-4989-97cf-6d52a0c3cee5 tempest-DeleteServersTestJSON-616965869 tempest-DeleteServersTestJSON-616965869-project] 10.222.0.18 "GET /v2.0/security-groups?id=368d832b-437b-48a9-afc0-a6ab3bfee541&fields=id&fields=name HTTP/1.1" status: 200 len: 286 time: 0.0637629
May 10 13:31:31.047200 dv-cinder-784945-7-iscsi neutron-server[78709]: DEBUG neutron.api.rpc.handlers.resources_rpc [None req-85a3ce02-3491-43ce-aeb4-062ea979850d service neutron] Pushing event updated for resources: {'Port': ['ID=8f7b2b91-14e9-45ef-8c61-25d2e2563687,revision_number=2']} {{(pid=78709) push /opt/stack/neutron/neutron/api/rpc/handlers/resources_rpc.py:237}}
May 10 13:31:31.055056 dv-cinder-784945-7-iscsi neutron-server[78709]: DEBUG oslo_concurrency.lockutils [None req-85a3ce02-3491-43ce-aeb4-062ea979850d service neutron] Lock "event-dispatch" released by "neutron.plugins.ml2.ovo_rpc._ObjectChangeHandler.dispatch_events" :: held 0.258s {{(pid=78709) inner /usr/local/lib/python3.8/dist-packages/oslo_concurrency/lockutils.py:367}}
May 10 13:31:31.077089 dv-cinder-784945-7-iscsi neutron-server[78709]: DEBUG neutron.plugins.ml2.managers [req-a8f9c757-dfca-425b-9214-845235ab6d5e req-85a3ce02-3491-43ce-aeb4-062ea979850d service neutron] Attempting to bind port 8f7b2b91-14e9-45ef-8c61-25d2e2563687 on host hv-cinder-78494 for vnic_type normal with profile {{(pid=78709) bind_port /opt/stack/neutron/neutron/plugins/ml2/managers.py:790}}
May 10 13:31:31.077531 dv-cinder-784945-7-iscsi neutron-server[78709]: DEBUG neutron.plugins.ml2.managers [req-a8f9c757-dfca-425b-9214-845235ab6d5e req-85a3ce02-3491-43ce-aeb4-062ea979850d service neutron] Attempting to bind port 8f7b2b91-14e9-45ef-8c61-25d2e2563687 by drivers openvswitch,hyperv on host hv-cinder-78494 at level 0 using segments [{'id': 'baa7af7d-f9c0-498f-9f5f-ac86d740fc16', 'network_type': 'vlan', 'physical_network': 'physnet1', 'segmentation_id': 227, 'network_id': '5bee9eb3-c6e1-4778-92ce-cf358ce1d6ea'}] {{(pid=78709) _bind_port_level /opt/stack/neutron/neutron/plugins/ml2/managers.py:815}}
May 10 13:31:31.077753 dv-cinder-784945-7-iscsi neutron-server[78709]: DEBUG neutron.plugins.ml2.drivers.mech_agent [req-a8f9c757-dfca-425b-9214-845235ab6d5e req-85a3ce02-3491-43ce-aeb4-062ea979850d service neutron] Attempting to bind port 8f7b2b91-14e9-45ef-8c61-25d2e2563687 on network 5bee9eb3-c6e1-4778-92ce-cf358ce1d6ea {{(pid=78709) bind_port /opt/stack/neutron/neutron/plugins/ml2/drivers/mech_agent.py:86}}
May 10 13:31:31.082599 dv-cinder-784945-7-iscsi neutron-server[78709]: DEBUG neutron.plugins.ml2.drivers.mech_agent [req-a8f9c757-dfca-425b-9214-845235ab6d5e req-85a3ce02-3491-43ce-aeb4-062ea979850d service neutron] Port 8f7b2b91-14e9-45ef-8c61-25d2e2563687 on network 5bee9eb3-c6e1-4778-92ce-cf358ce1d6ea not bound, no agent of type Open vSwitch agent registered on host hv-cinder-78494 {{(pid=78709) bind_port /opt/stack/neutron/neutron/plugins/ml2/drivers/mech_agent.py:98}}
May 10 13:31:31.083206 dv-cinder-784945-7-iscsi neutron-server[78709]: DEBUG neutron.plugins.ml2.drivers.mech_agent [req-a8f9c757-dfca-425b-9214-845235ab6d5e req-85a3ce02-3491-43ce-aeb4-062ea979850d service neutron] Attempting to bind port 8f7b2b91-14e9-45ef-8c61-25d2e2563687 on network 5bee9eb3-c6e1-4778-92ce-cf358ce1d6ea {{(pid=78709) bind_port /opt/stack/neutron/neutron/plugins/ml2/drivers/mech_agent.py:86}}
May 10 13:31:31.088328 dv-cinder-784945-7-iscsi neutron-server[78709]: DEBUG neutron.plugins.ml2.drivers.mech_agent [req-a8f9c757-dfca-425b-9214-845235ab6d5e req-85a3ce02-3491-43ce-aeb4-062ea979850d service neutron] Checking agent: {'id': '8ac64d0e-5c19-4bf9-b6f5-6936bd571b48', 'agent_type': 'HyperV agent', 'binary': 'neutron-hyperv-agent', 'topic': 'N/A', 'host': 'hv-cinder-78494', 'admin_state_up': True, 'created_at': datetime.datetime(2021, 5, 10, 13, 29, 21), 'started_at': datetime.datetime(2021, 5, 10, 13, 29, 21), 'heartbeat_timestamp': datetime.datetime(2021, 5, 10, 13, 31, 21), 'description': None, 'resources_synced': None, 'availability_zone': None, 'alive': True, 'configurations': {'vswitch_mappings': {'physnet1$': 'br-data'}}, 'resource_versions': {}} {{(pid=78709) bind_port /opt/stack/neutron/neutron/plugins/ml2/drivers/mech_agent.py:105}}
May 10 13:31:31.088662 dv-cinder-784945-7-iscsi neutron-server[78709]: DEBUG neutron.plugins.ml2.drivers.mech_agent [req-a8f9c757-dfca-425b-9214-845235ab6d5e req-85a3ce02-3491-43ce-aeb4-062ea979850d service neutron] Checking segment: {'id': 'baa7af7d-f9c0-498f-9f5f-ac86d740fc16', 'network_type': 'vlan', 'physical_network': 'physnet1', 'segmentation_id': 227, 'network_id': '5bee9eb3-c6e1-4778-92ce-cf358ce1d6ea'} for mappings: {'physnet1$': 'br-data'} with network types: ['local', 'flat', 'vlan'] {{(pid=78709) check_segment_for_agent /opt/stack/neutron/neutron/plugins/ml2/drivers/mech_agent.py:341}}
May 10 13:31:31.089049 dv-cinder-784945-7-iscsi neutron-server[78709]: DEBUG neutron.plugins.ml2.drivers.mech_agent [req-a8f9c757-dfca-425b-9214-845235ab6d5e req-85a3ce02-3491-43ce-aeb4-062ea979850d service neutron] Bound using segment: {'id': 'baa7af7d-f9c0-498f-9f5f-ac86d740fc16', 'network_type': 'vlan', 'physical_network': 'physnet1', 'segmentation_id': 227, 'network_id': '5bee9eb3-c6e1-4778-92ce-cf358ce1d6ea'} {{(pid=78709) bind_port /opt/stack/neutron/neutron/plugins/ml2/drivers/mech_agent.py:115}}
May 10 13:31:31.089473 dv-cinder-784945-7-iscsi neutron-server[78709]: DEBUG neutron.plugins.ml2.managers [req-a8f9c757-dfca-425b-9214-845235ab6d5e req-85a3ce02-3491-43ce-aeb4-062ea979850d service neutron] Bound port: 8f7b2b91-14e9-45ef-8c61-25d2e2563687, host: hv-cinder-78494, vif_type: hyperv, vif_details: {"connectivity": "legacy", "port_filter": false}, binding_levels: [{'bound_driver': 'hyperv', 'bound_segment': {'id': 'baa7af7d-f9c0-498f-9f5f-ac86d740fc16', 'network_type': 'vlan', 'physical_network': 'physnet1', 'segmentation_id': 227, 'network_id': '5bee9eb3-c6e1-4778-92ce-cf358ce1d6ea'}}] {{(pid=78709) _bind_port_level /opt/stack/neutron/neutron/plugins/ml2/managers.py:928}}
May 10 13:31:31.089821 dv-cinder-784945-7-iscsi neutron-server[78709]: DEBUG neutron_lib.callbacks.manager [req-a8f9c757-dfca-425b-9214-845235ab6d5e req-85a3ce02-3491-43ce-aeb4-062ea979850d service neutron] Notify callbacks ['neutron.plugins.ml2.plugin.SecurityGroupDbMixin._ensure_default_security_group_handler-1801469'] for port, before_update {{(pid=78709) _notify_loop /usr/local/lib/python3.8/dist-packages/neutron_lib/callbacks/manager.py:192}}
May 10 13:31:31.185068 dv-cinder-784945-7-iscsi neutron-server[78709]: DEBUG neutron.plugins.ml2.db [req-a8f9c757-dfca-425b-9214-845235ab6d5e req-85a3ce02-3491-43ce-aeb4-062ea979850d service neutron] For port 8f7b2b91-14e9-45ef-8c61-25d2e2563687, host hv-cinder-78494, cleared binding levels {{(pid=78709) clear_binding_levels /opt/stack/neutron/neutron/plugins/ml2/db.py:88}}
May 10 13:31:31.189146 dv-cinder-784945-7-iscsi neutron-server[78708]: DEBUG neutron.pecan_wsgi.hooks.policy_enforcement [req-38cf5bf3-f7d2-4a28-b798-0f48f8a2d5bd req-2e3ef3bd-3b3a-488e-8042-e5c7b3703af8 tempest-AttachVolumeTestJSON-191626259 tempest-AttachVolumeTestJSON-191626259-project] Attributes excluded by policy engine: ['standard_attr_id', 'binding:profile', 'binding:host_id', 'binding:vif_type', 'binding:vif_details'] {{(pid=78708) _exclude_attributes_by_policy /opt/stack/neutron/neutron/pecan_wsgi/hooks/policy_enforcement.py:255}}
May 10 13:31:31.189701 dv-cinder-784945-7-iscsi neutron-server[78709]: DEBUG neutron.plugins.ml2.db [req-a8f9c757-dfca-425b-9214-845235ab6d5e req-85a3ce02-3491-43ce-aeb4-062ea979850d service neutron] For port 8f7b2b91-14e9-45ef-8c61-25d2e2563687, host hv-cinder-78494, set binding levels [PortBindingLevel(driver='hyperv',host='hv-cinder-78494',level=0,port_id=8f7b2b91-14e9-45ef-8c61-25d2e2563687,segment=NetworkSegment(baa7af7d-f9c0-498f-9f5f-ac86d740fc16),segment_id=baa7af7d-f9c0-498f-9f5f-ac86d740fc16)] {{(pid=78709) set_binding_levels /opt/stack/neutron/neutron/plugins/ml2/db.py:60}}
May 10 13:31:31.190912 dv-cinder-784945-7-iscsi neutron-server[78708]: INFO neutron.wsgi [req-38cf5bf3-f7d2-4a28-b798-0f48f8a2d5bd req-2e3ef3bd-3b3a-488e-8042-e5c7b3703af8 tempest-AttachVolumeTestJSON-191626259 tempest-AttachVolumeTestJSON-191626259-project] 10.222.0.18 "GET /v2.0/ports?device_id=ed884f4f-696b-44a0-83e4-c9d85e8e638d HTTP/1.1" status: 200 len: 943 time: 0.0841937
May 10 13:31:31.195733 dv-cinder-784945-7-iscsi neutron-server[78709]: DEBUG neutron_lib.callbacks.manager [req-a8f9c757-dfca-425b-9214-845235ab6d5e req-85a3ce02-3491-43ce-aeb4-062ea979850d service neutron] Notify callbacks ['neutron.plugins.ml2.plugin.SecurityGroupServerNotifierRpcMixin.notify_sg_on_port_change-1801406', 'neutron.plugins.ml2.ovo_rpc._ObjectChangeHandler.handle_event-911511', 'neutron.api.rpc.agentnotifiers.dhcp_rpc_agent_api.DhcpAgentNotifyAPI._native_event_send_dhcp_notification-552328', 'neutron.db.l3_db.L3RpcNotifierMixin._notify_gateway_port_ip_changed-8756627325031', 'neutron.db.l3_dvrscheduler_db._notify_l3_agent_port_update-8756626907158', 'neutron.db.l3_hascheduler_db._notify_l3_agent_ha_port_update-8756626907203', 'neutron.services.segments.plugin.NovaSegmentNotifier._notify_port_updated-2183729'] for port, after_update {{(pid=78709) _notify_loop /usr/local/lib/python3.8/dist-packages/neutron_lib/callbacks/manager.py:192}}
May 10 13:31:31.199831 dv-cinder-784945-7-iscsi neutron-server[78709]: DEBUG oslo_concurrency.lockutils [None req-26aaa1ab-0443-444d-acae-da43a0b74f91 tempest-AttachVolumeTestJSON-191626259 tempest-AttachVolumeTestJSON-191626259-project] Lock "event-dispatch" acquired by "neutron.plugins.ml2.ovo_rpc._ObjectChangeHandler.dispatch_events" :: waited 0.000s {{(pid=78709) inner /usr/local/lib/python3.8/dist-packages/oslo_concurrency/lockutils.py:355}}
May 10 13:31:31.236652 dv-cinder-784945-7-iscsi neutron-server[78708]: INFO neutron.wsgi [req-38cf5bf3-f7d2-4a28-b798-0f48f8a2d5bd req-91668455-fa60-4e7a-b1ce-bfe4e5cfc151 tempest-AttachVolumeTestJSON-191626259 tempest-AttachVolumeTestJSON-191626259-project] 10.222.0.18 "GET /v2.0/security-groups?id=d51e2ba6-0b02-4045-a25e-f3c3b3cf4b81&fields=id&fields=name HTTP/1.1" status: 200 len: 313 time: 0.0394332
May 10 13:31:31.276577 dv-cinder-784945-7-iscsi neutron-server[78709]: DEBUG neutron.pecan_wsgi.hooks.policy_enforcement [req-a8f9c757-dfca-425b-9214-845235ab6d5e req-85a3ce02-3491-43ce-aeb4-062ea979850d service neutron] Attributes excluded by policy engine: ['standard_attr_id'] {{(pid=78709) _exclude_attributes_by_policy /opt/stack/neutron/neutron/pecan_wsgi/hooks/policy_enforcement.py:255}}
May 10 13:31:31.277179 dv-cinder-784945-7-iscsi neutron-server[78709]: DEBUG neutron_lib.callbacks.manager [req-a8f9c757-dfca-425b-9214-845235ab6d5e req-85a3ce02-3491-43ce-aeb4-062ea979850d service neutron] Notify callbacks ['neutron.notifiers.nova.Notifier._send_nova_notification-999756', 'neutron.api.rpc.agentnotifiers.dhcp_rpc_agent_api.DhcpAgentNotifyAPI._send_dhcp_notification-552358'] for port, before_response {{(pid=78709) _notify_loop /usr/local/lib/python3.8/dist-packages/neutron_lib/callbacks/manager.py:192}}
May 10 13:31:31.278560 dv-cinder-784945-7-iscsi neutron-server[78709]: INFO neutron.wsgi [req-a8f9c757-dfca-425b-9214-845235ab6d5e req-85a3ce02-3491-43ce-aeb4-062ea979850d service neutron] 10.222.0.36 "PUT /v2.0/ports/8f7b2b91-14e9-45ef-8c61-25d2e2563687 HTTP/1.1" status: 200 len: 1093 time: 1.2050426
May 10 13:31:31.279036 dv-cinder-784945-7-iscsi neutron-server[78709]: DEBUG neutron.notifiers.nova [-] Sending events: [{'name': 'network-changed', 'server_uuid': 'ed884f4f-696b-44a0-83e4-c9d85e8e638d', 'tag': '8f7b2b91-14e9-45ef-8c61-25d2e2563687'}] {{(pid=78709) send_events /opt/stack/neutron/neutron/notifiers/nova.py:262}}
May 10 13:31:31.286698 dv-cinder-784945-7-iscsi neutron-server[78709]: DEBUG neutron.api.rpc.handlers.resources_rpc [None req-85a3ce02-3491-43ce-aeb4-062ea979850d service neutron] Pushing event updated for resources: {'Port': ['ID=8f7b2b91-14e9-45ef-8c61-25d2e2563687,revision_number=3']} {{(pid=78709) push /opt/stack/neutron/neutron/api/rpc/handlers/resources_rpc.py:237}}
May 10 13:31:31.289794 dv-cinder-784945-7-iscsi neutron-server[78709]: DEBUG oslo_concurrency.lockutils [None req-85a3ce02-3491-43ce-aeb4-062ea979850d service neutron] Lock "event-dispatch" released by "neutron.plugins.ml2.ovo_rpc._ObjectChangeHandler.dispatch_events" :: held 0.090s {{(pid=78709) inner /usr/local/lib/python3.8/dist-packages/oslo_concurrency/lockutils.py:367}}
May 10 13:31:31.332321 dv-cinder-784945-7-iscsi neutron-server[78709]: INFO neutron.notifiers.nova [-] Nova event response: {'name': 'network-changed', 'server_uuid': 'ed884f4f-696b-44a0-83e4-c9d85e8e638d', 'tag': '8f7b2b91-14e9-45ef-8c61-25d2e2563687', 'status': 'completed', 'code': 200}
May 10 13:31:32.099527 dv-cinder-784945-7-iscsi neutron-server[78708]: DEBUG neutron.pecan_wsgi.hooks.policy_enforcement [req-1b8f8ea5-c165-4127-b01e-b812f020e110 req-04f4114c-4d01-42fd-ab5c-c09fb3f45f9f tempest-ServerRescueNegativeTestJSON-887829202 tempest-ServerRescueNegativeTestJSON-887829202-project] Attributes excluded by policy engine: ['standard_attr_id', 'binding:profile', 'binding:host_id', 'binding:vif_type', 'binding:vif_details'] {{(pid=78708) _exclude_attributes_by_policy /opt/stack/neutron/neutron/pecan_wsgi/hooks/policy_enforcement.py:255}}
May 10 13:31:32.100974 dv-cinder-784945-7-iscsi neutron-server[78708]: INFO neutron.wsgi [req-1b8f8ea5-c165-4127-b01e-b812f020e110 req-04f4114c-4d01-42fd-ab5c-c09fb3f45f9f tempest-ServerRescueNegativeTestJSON-887829202 tempest-ServerRescueNegativeTestJSON-887829202-project] 10.222.0.18 "GET /v2.0/ports?device_id=cc94a775-a5fe-457f-a863-de0dc05f08dc HTTP/1.1" status: 200 len: 943 time: 0.1779664
May 10 13:31:32.109505 dv-cinder-784945-7-iscsi neutron-server[78708]: DEBUG neutron.pecan_wsgi.hooks.policy_enforcement [req-2d06c0ef-65e6-4910-9c2d-4b3542c6f424 req-86c0acc9-efd8-40c8-a9f3-c13b535d7c42 tempest-DeleteServersTestJSON-616965869 tempest-DeleteServersTestJSON-616965869-project] Attributes excluded by policy engine: ['standard_attr_id', 'binding:profile', 'binding:host_id', 'binding:vif_type', 'binding:vif_details'] {{(pid=78708) _exclude_attributes_by_policy /opt/stack/neutron/neutron/pecan_wsgi/hooks/policy_enforcement.py:255}}
May 10 13:31:32.110879 dv-cinder-784945-7-iscsi neutron-server[78708]: INFO neutron.wsgi [req-2d06c0ef-65e6-4910-9c2d-4b3542c6f424 req-86c0acc9-efd8-40c8-a9f3-c13b535d7c42 tempest-DeleteServersTestJSON-616965869 tempest-DeleteServersTestJSON-616965869-project] 10.222.0.18 "GET /v2.0/ports?device_id=3d685243-74d6-446d-9e80-306f14794821 HTTP/1.1" status: 200 len: 946 time: 0.1240654
May 10 13:31:32.181163 dv-cinder-784945-7-iscsi neutron-server[78708]: INFO neutron.wsgi [req-1b8f8ea5-c165-4127-b01e-b812f020e110 req-23d49994-0b95-44a5-a0f0-6e3ec5a1408e tempest-ServerRescueNegativeTestJSON-887829202 tempest-ServerRescueNegativeTestJSON-887829202-project] 10.222.0.18 "GET /v2.0/security-groups?id=439f569e-1c39-4a8a-b715-8b8a2660cb81&fields=id&fields=name HTTP/1.1" status: 200 len: 286 time: 0.0690715
May 10 13:31:32.186044 dv-cinder-784945-7-iscsi neutron-server[78708]: INFO neutron.wsgi [req-2d06c0ef-65e6-4910-9c2d-4b3542c6f424 req-62c4805f-75be-46bc-831b-ac790e410ef3 tempest-DeleteServersTestJSON-616965869 tempest-DeleteServersTestJSON-616965869-project] 10.222.0.18 "GET /v2.0/security-groups?id=368d832b-437b-48a9-afc0-a6ab3bfee541&fields=id&fields=name HTTP/1.1" status: 200 len: 286 time: 0.0610344
May 10 13:31:32.422900 dv-cinder-784945-7-iscsi neutron-server[78708]: DEBUG neutron.pecan_wsgi.hooks.policy_enforcement [req-aed27f00-8cca-48b2-996d-6210a8581011 req-7c9cc261-87d1-4c4b-a49c-54f04d2371b8 tempest-AttachVolumeTestJSON-191626259 tempest-AttachVolumeTestJSON-191626259-project] Attributes excluded by policy engine: ['standard_attr_id', 'binding:profile', 'binding:host_id', 'binding:vif_type', 'binding:vif_details'] {{(pid=78708) _exclude_attributes_by_policy /opt/stack/neutron/neutron/pecan_wsgi/hooks/policy_enforcement.py:255}}
May 10 13:31:32.424362 dv-cinder-784945-7-iscsi neutron-server[78708]: INFO neutron.wsgi [req-aed27f00-8cca-48b2-996d-6210a8581011 req-7c9cc261-87d1-4c4b-a49c-54f04d2371b8 tempest-AttachVolumeTestJSON-191626259 tempest-AttachVolumeTestJSON-191626259-project] 10.222.0.18 "GET /v2.0/ports?device_id=ed884f4f-696b-44a0-83e4-c9d85e8e638d HTTP/1.1" status: 200 len: 943 time: 0.0782332
May 10 13:31:32.470419 dv-cinder-784945-7-iscsi neutron-server[78708]: INFO neutron.wsgi [req-aed27f00-8cca-48b2-996d-6210a8581011 req-fd25daa1-0b89-45a4-81b2-b559eaa3aa51 tempest-AttachVolumeTestJSON-191626259 tempest-AttachVolumeTestJSON-191626259-project] 10.222.0.18 "GET /v2.0/security-groups?id=d51e2ba6-0b02-4045-a25e-f3c3b3cf4b81&fields=id&fields=name HTTP/1.1" status: 200 len: 313 time: 0.0397451
May 10 13:31:32.634666 dv-cinder-784945-7-iscsi neutron-server[78709]: DEBUG neutron.wsgi [-] (78709) accepted ('10.222.0.18', 51068) {{(pid=78709) server /usr/local/lib/python3.8/dist-packages/eventlet/wsgi.py:992}}
May 10 13:31:32.752301 dv-cinder-784945-7-iscsi neutron-server[78709]: DEBUG neutron_lib.callbacks.manager [None req-8f314802-f32c-411d-be5f-794ba473f83f admin admin] Notify callbacks [] for security_group, before_create {{(pid=78709) _notify_loop /usr/local/lib/python3.8/dist-packages/neutron_lib/callbacks/manager.py:192}}
May 10 13:31:32.769173 dv-cinder-784945-7-iscsi neutron-server[78709]: DEBUG neutron.db.quota.driver [None req-8f314802-f32c-411d-be5f-794ba473f83f admin admin] Resources subnetpool have unlimited quota limit. It is not required to calculate headroom {{(pid=78709) make_reservation /opt/stack/neutron/neutron/db/quota/driver.py:219}}
May 10 13:31:32.772940 dv-cinder-784945-7-iscsi neutron-server[78709]: DEBUG neutron.quota.resource [None req-8f314802-f32c-411d-be5f-794ba473f83f admin admin] Usage tracker for resource:security_group_rule and tenant:8f349c91cf8d4207beee62ba6617ddf4 is out of sync, need to count used quota {{(pid=78709) count_used /opt/stack/neutron/neutron/quota/resource.py:270}}
May 10 13:31:32.775738 dv-cinder-784945-7-iscsi neutron-server[78709]: DEBUG neutron.quota.resource [None req-8f314802-f32c-411d-be5f-794ba473f83f admin admin] Quota usage for security_group_rule was recalculated. Used quota:0. {{(pid=78709) count_used /opt/stack/neutron/neutron/quota/resource.py:290}}
May 10 13:31:32.781409 dv-cinder-784945-7-iscsi neutron-server[78709]: DEBUG neutron.db.quota.driver [None req-8f314802-f32c-411d-be5f-794ba473f83f admin admin] Attempting to reserve 4 items for resource security_group_rule. Total usage: 0; quota limit: 100; headroom:100 {{(pid=78709) make_reservation /opt/stack/neutron/neutron/db/quota/driver.py:246}}
May 10 13:31:32.864156 dv-cinder-784945-7-iscsi neutron-server[78709]: DEBUG neutron_lib.callbacks.manager [None req-8f314802-f32c-411d-be5f-794ba473f83f admin admin] Notify callbacks [] for security_group, precommit_create {{(pid=78709) _notify_loop /usr/local/lib/python3.8/dist-packages/neutron_lib/callbacks/manager.py:192}}
May 10 13:31:32.867645 dv-cinder-784945-7-iscsi neutron-server[78709]: DEBUG neutron_lib.callbacks.manager [None req-8f314802-f32c-411d-be5f-794ba473f83f admin admin] Notify callbacks ['neutron.plugins.ml2.ovo_rpc._ObjectChangeHandler.handle_event-604561'] for security_group, after_create {{(pid=78709) _notify_loop /usr/local/lib/python3.8/dist-packages/neutron_lib/callbacks/manager.py:192}}
May 10 13:31:32.876681 dv-cinder-784945-7-iscsi neutron-server[78709]: DEBUG oslo_concurrency.lockutils [None req-77d461b5-a851-45d2-99df-e855b01d27ba admin admin] Lock "event-dispatch" acquired by "neutron.plugins.ml2.ovo_rpc._ObjectChangeHandler.dispatch_events" :: waited 0.000s {{(pid=78709) inner /usr/local/lib/python3.8/dist-packages/oslo_concurrency/lockutils.py:355}}
May 10 13:31:32.914610 dv-cinder-784945-7-iscsi neutron-server[78709]: INFO neutron.wsgi [None req-8f314802-f32c-411d-be5f-794ba473f83f admin admin] 10.222.0.18 "GET /v2.0/security-groups?tenant_id=8f349c91cf8d4207beee62ba6617ddf4&name=default HTTP/1.1" status: 200 len: 2979 time: 0.2789209
May 10 13:31:32.915490 dv-cinder-784945-7-iscsi neutron-server[78709]: DEBUG neutron.api.rpc.handlers.resources_rpc [None req-8f314802-f32c-411d-be5f-794ba473f83f admin admin] Pushing event updated for resources: {'SecurityGroup': ['ID=939b7bef-177a-40f3-90a7-e10a41c05fa9,revision_number=1']} {{(pid=78709) push /opt/stack/neutron/neutron/api/rpc/handlers/resources_rpc.py:237}}
May 10 13:31:32.917223 dv-cinder-784945-7-iscsi neutron-server[78708]: DEBUG neutron.wsgi [-] (78708) accepted ('10.222.0.18', 51076) {{(pid=78708) server /usr/local/lib/python3.8/dist-packages/eventlet/wsgi.py:992}}
May 10 13:31:32.918546 dv-cinder-784945-7-iscsi neutron-server[78709]: DEBUG oslo_concurrency.lockutils [None req-8f314802-f32c-411d-be5f-794ba473f83f admin admin] Lock "event-dispatch" released by "neutron.plugins.ml2.ovo_rpc._ObjectChangeHandler.dispatch_events" :: held 0.042s {{(pid=78709) inner /usr/local/lib/python3.8/dist-packages/oslo_concurrency/lockutils.py:367}}
May 10 13:31:32.978617 dv-cinder-784945-7-iscsi neutron-server[78708]: DEBUG neutron_lib.callbacks.manager [None req-69dd6d27-0d91-4a3a-9d47-fcb4f268ed1f admin admin] Notify callbacks [] for security_group, before_delete {{(pid=78708) _notify_loop /usr/local/lib/python3.8/dist-packages/neutron_lib/callbacks/manager.py:192}}
May 10 13:31:33.003976 dv-cinder-784945-7-iscsi neutron-server[78708]: DEBUG neutron_lib.callbacks.manager [None req-69dd6d27-0d91-4a3a-9d47-fcb4f268ed1f admin admin] Notify callbacks [] for security_group, precommit_delete {{(pid=78708) _notify_loop /usr/local/lib/python3.8/dist-packages/neutron_lib/callbacks/manager.py:192}}
May 10 13:31:33.054936 dv-cinder-784945-7-iscsi neutron-server[78708]: DEBUG neutron_lib.callbacks.manager [None req-69dd6d27-0d91-4a3a-9d47-fcb4f268ed1f admin admin] Notify callbacks ['neutron.plugins.ml2.ovo_rpc._ObjectChangeHandler.handle_event-604561'] for security_group, after_delete {{(pid=78708) _notify_loop /usr/local/lib/python3.8/dist-packages/neutron_lib/callbacks/manager.py:192}}
May 10 13:31:33.059216 dv-cinder-784945-7-iscsi neutron-server[78708]: DEBUG oslo_concurrency.lockutils [None req-bb1631fe-04ef-4d32-9dfa-44db24c754f3 admin admin] Lock "event-dispatch" acquired by "neutron.plugins.ml2.ovo_rpc._ObjectChangeHandler.dispatch_events" :: waited 0.000s {{(pid=78708) inner /usr/local/lib/python3.8/dist-packages/oslo_concurrency/lockutils.py:355}}
May 10 13:31:33.071211 dv-cinder-784945-7-iscsi neutron-server[78708]: DEBUG neutron.api.rpc.handlers.resources_rpc [None req-69dd6d27-0d91-4a3a-9d47-fcb4f268ed1f admin admin] Pushing event deleted for resources: {'SecurityGroup': ['ID=939b7bef-177a-40f3-90a7-e10a41c05fa9,revision_number=None']} {{(pid=78708) push /opt/stack/neutron/neutron/api/rpc/handlers/resources_rpc.py:237}}
May 10 13:31:33.077392 dv-cinder-784945-7-iscsi neutron-server[78708]: DEBUG oslo_concurrency.lockutils [None req-69dd6d27-0d91-4a3a-9d47-fcb4f268ed1f admin admin] Lock "event-dispatch" released by "neutron.plugins.ml2.ovo_rpc._ObjectChangeHandler.dispatch_events" :: held 0.018s {{(pid=78708) inner /usr/local/lib/python3.8/dist-packages/oslo_concurrency/lockutils.py:367}}
May 10 13:31:33.082415 dv-cinder-784945-7-iscsi neutron-server[78708]: DEBUG neutron_lib.callbacks.manager [None req-69dd6d27-0d91-4a3a-9d47-fcb4f268ed1f admin admin] Notify callbacks [] for security_group, before_response {{(pid=78708) _notify_loop /usr/local/lib/python3.8/dist-packages/neutron_lib/callbacks/manager.py:192}}
May 10 13:31:33.083522 dv-cinder-784945-7-iscsi neutron-server[78708]: INFO neutron.wsgi [None req-69dd6d27-0d91-4a3a-9d47-fcb4f268ed1f admin admin] 10.222.0.18 "DELETE /v2.0/security-groups/939b7bef-177a-40f3-90a7-e10a41c05fa9 HTTP/1.1" status: 204 len: 168 time: 0.1653619
May 10 13:31:33.212503 dv-cinder-784945-7-iscsi neutron-server[78708]: DEBUG neutron_lib.callbacks.manager [req-c37c4f61-e0c6-4d99-a20b-f41910a875d6 req-d01e33c7-5f84-42f6-b343-f90aa7f930e5 service neutron] Notify callbacks [] for security_group, before_create {{(pid=78708) _notify_loop /usr/local/lib/python3.8/dist-packages/neutron_lib/callbacks/manager.py:192}}
May 10 13:31:33.263558 dv-cinder-784945-7-iscsi neutron-server[78708]: DEBUG neutron.db.quota.driver [req-c37c4f61-e0c6-4d99-a20b-f41910a875d6 req-d01e33c7-5f84-42f6-b343-f90aa7f930e5 service neutron] Resources subnetpool have unlimited quota limit. It is not required to calculate headroom {{(pid=78708) make_reservation /opt/stack/neutron/neutron/db/quota/driver.py:219}}
May 10 13:31:33.267535 dv-cinder-784945-7-iscsi neutron-server[78708]: DEBUG neutron.quota.resource [req-c37c4f61-e0c6-4d99-a20b-f41910a875d6 req-d01e33c7-5f84-42f6-b343-f90aa7f930e5 service neutron] Usage tracker for resource:security_group_rule and tenant:b11b566d25b543848bcaf99aee4b4c9c is out of sync, need to count used quota {{(pid=78708) count_used /opt/stack/neutron/neutron/quota/resource.py:270}}
May 10 13:31:33.270348 dv-cinder-784945-7-iscsi neutron-server[78708]: DEBUG neutron.quota.resource [req-c37c4f61-e0c6-4d99-a20b-f41910a875d6 req-d01e33c7-5f84-42f6-b343-f90aa7f930e5 service neutron] Quota usage for security_group_rule was recalculated. Used quota:0. {{(pid=78708) count_used /opt/stack/neutron/neutron/quota/resource.py:290}}
May 10 13:31:33.277489 dv-cinder-784945-7-iscsi neutron-server[78708]: DEBUG neutron.db.quota.driver [req-c37c4f61-e0c6-4d99-a20b-f41910a875d6 req-d01e33c7-5f84-42f6-b343-f90aa7f930e5 service neutron] Attempting to reserve 4 items for resource security_group_rule. Total usage: 0; quota limit: 100; headroom:100 {{(pid=78708) make_reservation /opt/stack/neutron/neutron/db/quota/driver.py:246}}
May 10 13:31:33.366856 dv-cinder-784945-7-iscsi neutron-server[78708]: DEBUG neutron_lib.callbacks.manager [req-c37c4f61-e0c6-4d99-a20b-f41910a875d6 req-d01e33c7-5f84-42f6-b343-f90aa7f930e5 service neutron] Notify callbacks [] for security_group, precommit_create {{(pid=78708) _notify_loop /usr/local/lib/python3.8/dist-packages/neutron_lib/callbacks/manager.py:192}}
May 10 13:31:33.423029 dv-cinder-784945-7-iscsi neutron-server[78710]: DEBUG neutron_lib.callbacks.manager [None req-d2bdedc0-d52c-40de-abfa-469ca7f42b7d None None] Notify callbacks ['neutron.services.segments.db._update_segment_host_mapping_for_agent-8756627330982', 'neutron.plugins.ml2.plugin.Ml2Plugin._retry_binding_revived_agents-1379033'] for agent, after_update {{(pid=78710) _notify_loop /usr/local/lib/python3.8/dist-packages/neutron_lib/callbacks/manager.py:192}}
May 10 13:31:33.438027 dv-cinder-784945-7-iscsi neutron-server[78708]: DEBUG neutron_lib.callbacks.manager [req-c37c4f61-e0c6-4d99-a20b-f41910a875d6 req-d01e33c7-5f84-42f6-b343-f90aa7f930e5 service neutron] Notify callbacks ['neutron.plugins.ml2.ovo_rpc._ObjectChangeHandler.handle_event-604561'] for security_group, after_create {{(pid=78708) _notify_loop /usr/local/lib/python3.8/dist-packages/neutron_lib/callbacks/manager.py:192}}
May 10 13:31:33.443924 dv-cinder-784945-7-iscsi neutron-server[78709]: DEBUG neutron.pecan_wsgi.hooks.policy_enforcement [req-7bbb8202-9e0c-4d43-b55e-b553da272527 req-8e211116-7ff9-4545-b377-1c4e0dd1ac5d service neutron] Attributes excluded by policy engine: ['standard_attr_id', 'vlan_transparent'] {{(pid=78709) _exclude_attributes_by_policy /opt/stack/neutron/neutron/pecan_wsgi/hooks/policy_enforcement.py:255}}
May 10 13:31:33.445395 dv-cinder-784945-7-iscsi neutron-server[78709]: INFO neutron.wsgi [req-7bbb8202-9e0c-4d43-b55e-b553da272527 req-8e211116-7ff9-4545-b377-1c4e0dd1ac5d service neutron] 10.222.0.36 "GET /v2.0/networks?shared=True HTTP/1.1" status: 200 len: 870 time: 0.2652462
May 10 13:31:33.452982 dv-cinder-784945-7-iscsi neutron-server[78709]: DEBUG neutron.wsgi [-] (78709) accepted ('10.222.0.18', 51096) {{(pid=78709) server /usr/local/lib/python3.8/dist-packages/eventlet/wsgi.py:992}}
May 10 13:31:33.471154 dv-cinder-784945-7-iscsi neutron-server[78708]: DEBUG oslo_concurrency.lockutils [None req-69dd6d27-0d91-4a3a-9d47-fcb4f268ed1f admin admin] Lock "event-dispatch" acquired by "neutron.plugins.ml2.ovo_rpc._ObjectChangeHandler.dispatch_events" :: waited 0.000s {{(pid=78708) inner /usr/local/lib/python3.8/dist-packages/oslo_concurrency/lockutils.py:355}}
May 10 13:31:33.477503 dv-cinder-784945-7-iscsi neutron-server[78709]: DEBUG neutron.pecan_wsgi.hooks.policy_enforcement [req-cce19bf8-17d8-4dea-bca7-1e2941a5ceac req-1bc52b1e-69a0-4ef6-9233-31355136f77e service neutron] Attributes excluded by policy engine: ['standard_attr_id'] {{(pid=78709) _exclude_attributes_by_policy /opt/stack/neutron/neutron/pecan_wsgi/hooks/policy_enforcement.py:255}}
May 10 13:31:33.479126 dv-cinder-784945-7-iscsi neutron-server[78709]: INFO neutron.wsgi [req-cce19bf8-17d8-4dea-bca7-1e2941a5ceac req-1bc52b1e-69a0-4ef6-9233-31355136f77e service neutron] 10.222.0.36 "GET /v2.0/ports?tenant_id=2cc99962f1734274adfbd00a099b7a29&device_id=69cf9668-0706-4ba8-9cfe-02617d383a08 HTTP/1.1" status: 200 len: 1096 time: 0.1543334
May 10 13:31:33.481779 dv-cinder-784945-7-iscsi neutron-server[78709]: DEBUG neutron_lib.callbacks.manager [None req-f75befa3-36ac-4164-9989-4b727c03f325 admin admin] Notify callbacks [] for security_group, before_create {{(pid=78709) _notify_loop /usr/local/lib/python3.8/dist-packages/neutron_lib/callbacks/manager.py:192}}
May 10 13:31:33.507026 dv-cinder-784945-7-iscsi neutron-server[78708]: INFO neutron.wsgi [req-c37c4f61-e0c6-4d99-a20b-f41910a875d6 req-d01e33c7-5f84-42f6-b343-f90aa7f930e5 service neutron] 10.222.0.36 "GET /v2.0/security-groups?id=368d832b-437b-48a9-afc0-a6ab3bfee541&fields=id&fields=name HTTP/1.1" status: 200 len: 286 time: 0.3212721
May 10 13:31:33.527608 dv-cinder-784945-7-iscsi neutron-server[78708]: DEBUG neutron.api.rpc.handlers.resources_rpc [None req-d01e33c7-5f84-42f6-b343-f90aa7f930e5 service neutron] Pushing event updated for resources: {'SecurityGroup': ['ID=98aa134d-13f3-4351-9883-57cd94d06892,revision_number=1']} {{(pid=78708) push /opt/stack/neutron/neutron/api/rpc/handlers/resources_rpc.py:237}}
May 10 13:31:33.534784 dv-cinder-784945-7-iscsi neutron-server[78708]: DEBUG oslo_concurrency.lockutils [None req-d01e33c7-5f84-42f6-b343-f90aa7f930e5 service neutron] Lock "event-dispatch" released by "neutron.plugins.ml2.ovo_rpc._ObjectChangeHandler.dispatch_events" :: held 0.064s {{(pid=78708) inner /usr/local/lib/python3.8/dist-packages/oslo_concurrency/lockutils.py:367}}
May 10 13:31:33.580580 dv-cinder-784945-7-iscsi neutron-server[78708]: DEBUG neutron.pecan_wsgi.hooks.policy_enforcement [req-a8f9c757-dfca-425b-9214-845235ab6d5e req-b63a16a6-a4b9-4173-a130-615745346428 service neutron] Attributes excluded by policy engine: ['standard_attr_id'] {{(pid=78708) _exclude_attributes_by_policy /opt/stack/neutron/neutron/pecan_wsgi/hooks/policy_enforcement.py:255}}
May 10 13:31:33.582300 dv-cinder-784945-7-iscsi neutron-server[78708]: INFO neutron.wsgi [req-a8f9c757-dfca-425b-9214-845235ab6d5e req-b63a16a6-a4b9-4173-a130-615745346428 service neutron] 10.222.0.36 "GET /v2.0/ports?tenant_id=c59a5b8aaf544fbea096af3c008cea91&device_id=ed884f4f-696b-44a0-83e4-c9d85e8e638d HTTP/1.1" status: 200 len: 1096 time: 0.3579574
May 10 13:31:33.598007 dv-cinder-784945-7-iscsi neutron-server[78708]: DEBUG neutron.pecan_wsgi.hooks.policy_enforcement [req-f6fdbce9-33b8-4284-b8fe-1f9f0cba4744 req-ee3ff024-070f-4c0a-be7c-1bcd16f7b543 tempest-ServerRescueNegativeTestJSON-887829202 tempest-ServerRescueNegativeTestJSON-887829202-project] Attributes excluded by policy engine: ['standard_attr_id', 'binding:profile', 'binding:host_id', 'binding:vif_type', 'binding:vif_details'] {{(pid=78708) _exclude_attributes_by_policy /opt/stack/neutron/neutron/pecan_wsgi/hooks/policy_enforcement.py:255}}
May 10 13:31:33.599440 dv-cinder-784945-7-iscsi neutron-server[78708]: INFO neutron.wsgi [req-f6fdbce9-33b8-4284-b8fe-1f9f0cba4744 req-ee3ff024-070f-4c0a-be7c-1bcd16f7b543 tempest-ServerRescueNegativeTestJSON-887829202 tempest-ServerRescueNegativeTestJSON-887829202-project] 10.222.0.18 "GET /v2.0/ports?device_id=cc94a775-a5fe-457f-a863-de0dc05f08dc HTTP/1.1" status: 200 len: 943 time: 0.2252419
May 10 13:31:33.610557 dv-cinder-784945-7-iscsi neutron-server[78708]: DEBUG neutron.pecan_wsgi.hooks.policy_enforcement [req-8e70227f-edda-4e60-9756-4d4277cd2207 req-4399a70b-8b01-4786-8a40-ff1e51518e0e tempest-DeleteServersTestJSON-616965869 tempest-DeleteServersTestJSON-616965869-project] Attributes excluded by policy engine: ['standard_attr_id', 'binding:profile', 'binding:host_id', 'binding:vif_type', 'binding:vif_details'] {{(pid=78708) _exclude_attributes_by_policy /opt/stack/neutron/neutron/pecan_wsgi/hooks/policy_enforcement.py:255}}
May 10 13:31:33.611994 dv-cinder-784945-7-iscsi neutron-server[78708]: INFO neutron.wsgi [req-8e70227f-edda-4e60-9756-4d4277cd2207 req-4399a70b-8b01-4786-8a40-ff1e51518e0e tempest-DeleteServersTestJSON-616965869 tempest-DeleteServersTestJSON-616965869-project] 10.222.0.18 "GET /v2.0/ports?device_id=3d685243-74d6-446d-9e80-306f14794821 HTTP/1.1" status: 200 len: 946 time: 0.2437572
May 10 13:31:33.691796 dv-cinder-784945-7-iscsi neutron-server[78709]: DEBUG neutron.db.quota.driver [None req-f75befa3-36ac-4164-9989-4b727c03f325 admin admin] Resources subnetpool have unlimited quota limit. It is not required to calculate headroom {{(pid=78709) make_reservation /opt/stack/neutron/neutron/db/quota/driver.py:219}}
May 10 13:31:33.703444 dv-cinder-784945-7-iscsi neutron-server[78709]: DEBUG neutron.quota.resource [None req-f75befa3-36ac-4164-9989-4b727c03f325 admin admin] Usage tracker for resource:security_group_rule and tenant:8e547dd9b3484a8d96c2b4ff09d89a6a is out of sync, need to count used quota {{(pid=78709) count_used /opt/stack/neutron/neutron/quota/resource.py:270}}
May 10 13:31:33.718962 dv-cinder-784945-7-iscsi neutron-server[78709]: DEBUG neutron.quota.resource [None req-f75befa3-36ac-4164-9989-4b727c03f325 admin admin] Quota usage for security_group_rule was recalculated. Used quota:0. {{(pid=78709) count_used /opt/stack/neutron/neutron/quota/resource.py:290}}
May 10 13:31:33.729460 dv-cinder-784945-7-iscsi neutron-server[78709]: DEBUG neutron.db.quota.driver [None req-f75befa3-36ac-4164-9989-4b727c03f325 admin admin] Attempting to reserve 4 items for resource security_group_rule. Total usage: 0; quota limit: 100; headroom:100 {{(pid=78709) make_reservation /opt/stack/neutron/neutron/db/quota/driver.py:246}}
May 10 13:31:33.730233 dv-cinder-784945-7-iscsi neutron-server[78708]: INFO neutron.wsgi [req-a8f9c757-dfca-425b-9214-845235ab6d5e req-a5edb74d-7a0a-45ea-a06e-7ffbc53128f7 service neutron] 10.222.0.36 "GET /v2.0/floatingips?fixed_ip_address=172.20.0.6&port_id=8f7b2b91-14e9-45ef-8c61-25d2e2563687 HTTP/1.1" status: 200 len: 217 time: 0.1296885
May 10 13:31:33.792692 dv-cinder-784945-7-iscsi neutron-server[78708]: INFO neutron.wsgi [req-f6fdbce9-33b8-4284-b8fe-1f9f0cba4744 req-391f133f-82fe-48fa-9338-bf491027e86c tempest-ServerRescueNegativeTestJSON-887829202 tempest-ServerRescueNegativeTestJSON-887829202-project] 10.222.0.18 "GET /v2.0/security-groups?id=439f569e-1c39-4a8a-b715-8b8a2660cb81&fields=id&fields=name HTTP/1.1" status: 200 len: 286 time: 0.1797314
May 10 13:31:33.831731 dv-cinder-784945-7-iscsi neutron-server[78709]: DEBUG neutron.pecan_wsgi.hooks.policy_enforcement [req-870b039d-3155-4319-99c0-cace5f2e033f req-69ccc37c-c100-4819-94e0-2f21d18a9a1b service neutron] Attributes excluded by policy engine: ['standard_attr_id'] {{(pid=78709) _exclude_attributes_by_policy /opt/stack/neutron/neutron/pecan_wsgi/hooks/policy_enforcement.py:255}}
May 10 13:31:33.833225 dv-cinder-784945-7-iscsi neutron-server[78709]: INFO neutron.wsgi [req-870b039d-3155-4319-99c0-cace5f2e033f req-69ccc37c-c100-4819-94e0-2f21d18a9a1b service neutron] 10.222.0.36 "GET /v2.0/ports?tenant_id=2cc99962f1734274adfbd00a099b7a29&device_id=cc94a775-a5fe-457f-a863-de0dc05f08dc HTTP/1.1" status: 200 len: 1096 time: 0.2663589
May 10 13:31:33.837709 dv-cinder-784945-7-iscsi neutron-server[78709]: DEBUG neutron.pecan_wsgi.hooks.policy_enforcement [req-cce19bf8-17d8-4dea-bca7-1e2941a5ceac req-729fc83e-8234-4995-8e60-178745a71c30 service neutron] Attributes excluded by policy engine: ['standard_attr_id', 'vlan_transparent'] {{(pid=78709) _exclude_attributes_by_policy /opt/stack/neutron/neutron/pecan_wsgi/hooks/policy_enforcement.py:255}}
May 10 13:31:33.851432 dv-cinder-784945-7-iscsi neutron-server[78709]: INFO neutron.wsgi [req-cce19bf8-17d8-4dea-bca7-1e2941a5ceac req-729fc83e-8234-4995-8e60-178745a71c30 service neutron] 10.222.0.36 "GET /v2.0/networks?id=7909857c-8055-41c3-95c6-3f8457ebca19 HTTP/1.1" status: 200 len: 919 time: 0.2537982
May 10 13:31:33.851884 dv-cinder-784945-7-iscsi neutron-server[78708]: INFO neutron.wsgi [req-8e70227f-edda-4e60-9756-4d4277cd2207 req-26a9c677-c9e7-4e1d-bd98-93e7f8695db8 tempest-DeleteServersTestJSON-616965869 tempest-DeleteServersTestJSON-616965869-project] 10.222.0.18 "GET /v2.0/security-groups?id=368d832b-437b-48a9-afc0-a6ab3bfee541&fields=id&fields=name HTTP/1.1" status: 200 len: 286 time: 0.1786795
May 10 13:31:33.881810 dv-cinder-784945-7-iscsi neutron-server[78708]: DEBUG neutron.pecan_wsgi.hooks.policy_enforcement [req-a8f9c757-dfca-425b-9214-845235ab6d5e req-d0b476ec-3fd4-49bf-8e52-59f01e8e59ba service neutron] Attributes excluded by policy engine: ['standard_attr_id', 'shared', 'segment_id'] {{(pid=78708) _exclude_attributes_by_policy /opt/stack/neutron/neutron/pecan_wsgi/hooks/policy_enforcement.py:255}}
May 10 13:31:33.883995 dv-cinder-784945-7-iscsi neutron-server[78708]: INFO neutron.wsgi [req-a8f9c757-dfca-425b-9214-845235ab6d5e req-d0b476ec-3fd4-49bf-8e52-59f01e8e59ba service neutron] 10.222.0.36 "GET /v2.0/subnets?id=fe15ef8e-e46a-4b19-97a8-3a3c2b609d3b HTTP/1.1" status: 200 len: 849 time: 0.1281691
