Sep 14 12:19:16.422780 dv-cinder-784945-14-smb neutron-server[93913]: DEBUG neutron_lib.callbacks.manager [None req-d1ab9801-7d10-4bde-81d0-001fa9248896 tempest-AttachVolumeTestJSON-1166426349 tempest-AttachVolumeTestJSON-1166426349-project] Notify callbacks ['neutron.plugins.ml2.plugin.SecurityGroupDbMixin._ensure_default_security_group_handler-532959'] for port, before_update {{(pid=93913) _notify_loop /usr/local/lib/python3.8/dist-packages/neutron_lib/callbacks/manager.py:192}}
Sep 14 12:19:16.543957 dv-cinder-784945-14-smb neutron-server[93914]: DEBUG neutron.plugins.ml2.rpc [None req-8f0904c3-e84b-4c42-b4a1-9da3fbc36fc3 None None] Device 09f0d3fc-6e86-4446-97b8-ad784b2027da up at agent ovs-agent-dv-cinder-784945-14-smb {{(pid=93914) update_device_up /opt/stack/neutron/neutron/plugins/ml2/rpc.py:296}}
Sep 14 12:19:16.631939 dv-cinder-784945-14-smb neutron-server[93913]: DEBUG neutron_lib.callbacks.manager [None req-d1ab9801-7d10-4bde-81d0-001fa9248896 tempest-AttachVolumeTestJSON-1166426349 tempest-AttachVolumeTestJSON-1166426349-project] Notify callbacks [] for port, precommit_update {{(pid=93913) _notify_loop /usr/local/lib/python3.8/dist-packages/neutron_lib/callbacks/manager.py:192}}
Sep 14 12:19:16.635723 dv-cinder-784945-14-smb neutron-server[93914]: DEBUG neutron.db.provisioning_blocks [None req-8f0904c3-e84b-4c42-b4a1-9da3fbc36fc3 None None] Provisioning complete for port 09f0d3fc-6e86-4446-97b8-ad784b2027da triggered by entity L2. {{(pid=93914) provisioning_complete /opt/stack/neutron/neutron/db/provisioning_blocks.py:139}}
Sep 14 12:19:16.636042 dv-cinder-784945-14-smb neutron-server[93914]: DEBUG neutron_lib.callbacks.manager [None req-8f0904c3-e84b-4c42-b4a1-9da3fbc36fc3 None None] Notify callbacks ['neutron.plugins.ml2.plugin.Ml2Plugin._port_provisioned-723243'] for port, provisioning_complete {{(pid=93914) _notify_loop /usr/local/lib/python3.8/dist-packages/neutron_lib/callbacks/manager.py:192}}
Sep 14 12:19:16.637844 dv-cinder-784945-14-smb neutron-server[93913]: DEBUG neutron_lib.callbacks.manager [None req-d1ab9801-7d10-4bde-81d0-001fa9248896 tempest-AttachVolumeTestJSON-1166426349 tempest-AttachVolumeTestJSON-1166426349-project] Notify callbacks ['neutron.plugins.ml2.plugin.SecurityGroupServerNotifierRpcMixin._notify_sg_on_port_change-532880', 'neutron.plugins.ml2.ovo_rpc._ObjectChangeHandler.handle_event-151983', 'neutron.api.rpc.agentnotifiers.dhcp_rpc_agent_api.DhcpAgentNotifyAPI._native_event_send_dhcp_notification-1651002', 'neutron.db.l3_db.L3RpcNotifierMixin._notify_gateway_port_ip_changed-8727362182678', 'neutron.db.l3_dvrscheduler_db._notify_l3_agent_port_update-8727361661669', 'neutron.db.l3_hascheduler_db._notify_l3_agent_ha_port_update-8727361661687', 'neutron.services.segments.plugin.NovaSegmentNotifier._notify_port_updated-8309918'] for port, after_update {{(pid=93913) _notify_loop /usr/local/lib/python3.8/dist-packages/neutron_lib/callbacks/manager.py:192}}
Sep 14 12:19:16.677084 dv-cinder-784945-14-smb neutron-server[93914]: DEBUG neutron.db.l3_hamode_db [None req-d85deb28-dbd0-4247-bd50-2776431ed547 None None] neutron.services.l3_router.l3_router_plugin.L3RouterPlugin method _process_sync_ha_data called with arguments (, [{'id': '11d623ab-4e2e-42c3-ba82-2bdefc0e95ae', 'name': 'tempest-AttachVolumeTestJSON-759052009-router', 'tenant_id': '4f62fabe928146768b2437e0e419778c', 'admin_state_up': True, 'status': 'ACTIVE', 'external_gateway_info': {'network_id': '9aec10c5-32b7-498d-9a2d-b4368aaa0879', 'external_fixed_ips': [{'subnet_id': '0c1fe98f-ffda-43fd-87a5-8479eefdd262', 'ip_address': '172.28.1.29'}], 'enable_snat': True}, 'gw_port_id': '09f0d3fc-6e86-4446-97b8-ad784b2027da', 'description': '', 'availability_zones': ['nova'], 'distributed': False, 'ha': False, 'ha_vr_id': 0, 'availability_zone_hints': [], 'routes': [], 'flavor_id': None, 'tags': [], 'created_at': '2021-09-14T12:19:09Z', 'updated_at': '2021-09-14T12:19:13Z', 'revision_number': 4, 'project_id': '4f62fabe928146768b2437e0e419778c', 'gw_port': {'id': '09f0d3fc-6e86-4446-97b8-ad784b2027da', 'name': '', 'network_id': '9aec10c5-32b7-498d-9a2d-b4368aaa0879', 'tenant_id': '', 'mac_address': 'fa:16:3e:7e:e9:c1', 'admin_state_up': True, 'status': 'ACTIVE', 'device_id': '11d623ab-4e2e-42c3-ba82-2bdefc0e95ae', 'device_owner': 'network:router_gateway', 'standard_attr_id': 259, 'fixed_ips': [{'subnet_id': '0c1fe98f-ffda-43fd-87a5-8479eefdd262', 'ip_address': '172.28.1.29', 'prefixlen': 24}], 'allowed_address_pairs': [], 'extra_dhcp_opts': [], 'security_groups': [], 'description': '', 'binding:vnic_type': 'normal', 'binding:profile': {}, 'binding:host_id': 'dv-cinder-784945-14-smb', 'binding:vif_type': 'ovs', 'binding:vif_details': {'connectivity': 'l2', 'port_filter': True, 'ovs_hybrid_plug': False, 'datapath_type': 'system', 'bridge_name': 'br-int'}, 'port_security_enabled': False, 'tags': [], 'created_at': '2021-09-14T12:19:09Z', 'updated_at': '2021-09-14T12:19:14Z', 'revision_number': 4, 'project_id': '', 'subnets': [{'id': '0c1fe98f-ffda-43fd-87a5-8479eefdd262', 'cidr': '172.28.1.0/24', 'gateway_ip': '172.28.1.1', 'dns_nameservers': [], 'ipv6_ra_mode': None, 'subnetpool_id': None}], 'extra_subnets': [], 'address_scopes': {4: None, 6: None}, 'mtu': 1500}, 'enable_snat': True, 'gw_port_host': 'dv-cinder-784945-14-smb', '_interfaces': [{'id': '8da20896-dffb-4d83-b19a-5398d095a65a', 'name': '', 'network_id': 'd4cfcc09-fdbc-4073-8cd6-82b28f1f18b7', 'tenant_id': '4f62fabe928146768b2437e0e419778c', 'mac_address': 'fa:16:3e:40:5f:44', 'admin_state_up': True, 'status': 'DOWN', 'device_id': '11d623ab-4e2e-42c3-ba82-2bdefc0e95ae', 'device_owner': 'network:router_interface', 'standard_attr_id': 270, 'fixed_ips': [{'subnet_id': '4be8f196-8f59-4f29-95a2-fcf57ff6de28', 'ip_address': '172.20.0.1', 'prefixlen': 28}], 'allowed_address_pairs': [], 'extra_dhcp_opts': [], 'security_groups': [], 'description': '', 'binding:vnic_type': 'normal', 'binding:profile': {}, 'binding:host_id': 'dv-cinder-784945-14-smb', 'binding:vif_type': 'ovs', 'binding:vif_details': {'connectivity': 'l2', 'port_filter': True, 'ovs_hybrid_plug': False, 'datapath_type': 'system', 'bridge_name': 'br-int'}, 'port_security_enabled': False, 'tags': [], 'created_at': '2021-09-14T12:19:12Z', 'updated_at': '2021-09-14T12:19:16Z', 'revision_number': 4, 'project_id': '4f62fabe928146768b2437e0e419778c', 'subnets': [{'id': '4be8f196-8f59-4f29-95a2-fcf57ff6de28', 'cidr': '172.20.0.0/28', 'gateway_ip': '172.20.0.1', 'dns_nameservers': [], 'ipv6_ra_mode': None, 'subnetpool_id': None}], 'extra_subnets': [], 'address_scopes': {4: None, 6: None}, 'mtu': 1500}]}], 'dv-cinder-784945-14-smb', False) {} {{(pid=93914) wrapper /usr/local/lib/python3.8/dist-packages/oslo_log/helpers.py:65}}
Sep 14 12:19:16.680301 dv-cinder-784945-14-smb neutron-server[93913]: DEBUG neutron.api.rpc.handlers.resources_rpc [None req-d1ab9801-7d10-4bde-81d0-001fa9248896 tempest-AttachVolumeTestJSON-1166426349 tempest-AttachVolumeTestJSON-1166426349-project] Pushing event updated for resources: {'Port': ['ID=7e671bd9-5809-476e-95a1-531a8690a95c,revision_number=2']} {{(pid=93913) push /opt/stack/neutron/neutron/api/rpc/handlers/resources_rpc.py:237}}
Sep 14 12:19:16.712332 dv-cinder-784945-14-smb neutron-server[93914]: DEBUG neutron.api.rpc.handlers.l3_rpc [None req-d85deb28-dbd0-4247-bd50-2776431ed547 None None] The sync data for ids ['11d623ab-4e2e-42c3-ba82-2bdefc0e95ae'] in dv-cinder-784945-14-smb is: [{'id': '11d623ab-4e2e-42c3-ba82-2bdefc0e95ae', 'name': 'tempest-AttachVolumeTestJSON-759052009-router', 'tenant_id': '4f62fabe928146768b2437e0e419778c', 'admin_state_up': True, 'status': 'ACTIVE', 'external_gateway_info': {'network_id': '9aec10c5-32b7-498d-9a2d-b4368aaa0879', 'external_fixed_ips': [{'subnet_id': '0c1fe98f-ffda-43fd-87a5-8479eefdd262', 'ip_address': '172.28.1.29'}], 'enable_snat': True}, 'gw_port_id': '09f0d3fc-6e86-4446-97b8-ad784b2027da', 'description': '', 'availability_zones': ['nova'], 'distributed': False, 'ha': False, 'ha_vr_id': 0, 'availability_zone_hints': [], 'routes': [], 'flavor_id': None, 'tags': [], 'created_at': '2021-09-14T12:19:09Z', 'updated_at': '2021-09-14T12:19:13Z', 'revision_number': 4, 'project_id': '4f62fabe928146768b2437e0e419778c', 'gw_port': {'id': '09f0d3fc-6e86-4446-97b8-ad784b2027da', 'name': '', 'network_id': '9aec10c5-32b7-498d-9a2d-b4368aaa0879', 'tenant_id': '', 'mac_address': 'fa:16:3e:7e:e9:c1', 'admin_state_up': True, 'status': 'ACTIVE', 'device_id': '11d623ab-4e2e-42c3-ba82-2bdefc0e95ae', 'device_owner': 'network:router_gateway', 'standard_attr_id': 259, 'fixed_ips': [{'subnet_id': '0c1fe98f-ffda-43fd-87a5-8479eefdd262', 'ip_address': '172.28.1.29', 'prefixlen': 24}], 'allowed_address_pairs': [], 'extra_dhcp_opts': [], 'security_groups': [], 'description': '', 'binding:vnic_type': 'normal', 'binding:profile': {}, 'binding:host_id': 'dv-cinder-784945-14-smb', 'binding:vif_type': 'ovs', 'binding:vif_details': {'connectivity': 'l2', 'port_filter': True, 'ovs_hybrid_plug': False, 'datapath_type': 'system', 'bridge_name': 'br-int'}, 'port_security_enabled': False, 'tags': [], 'created_at': '2021-09-14T12:19:09Z', 'updated_at': '2021-09-14T12:19:14Z', 'revision_number': 4, 'project_id': '', 'subnets': [{'id': '0c1fe98f-ffda-43fd-87a5-8479eefdd262', 'cidr': '172.28.1.0/24', 'gateway_ip': '172.28.1.1', 'dns_nameservers': [], 'ipv6_ra_mode': None, 'subnetpool_id': None}], 'extra_subnets': [], 'address_scopes': {4: None, 6: None}, 'mtu': 1500}, 'enable_snat': True, 'gw_port_host': 'dv-cinder-784945-14-smb', '_interfaces': [{'id': '8da20896-dffb-4d83-b19a-5398d095a65a', 'name': '', 'network_id': 'd4cfcc09-fdbc-4073-8cd6-82b28f1f18b7', 'tenant_id': '4f62fabe928146768b2437e0e419778c', 'mac_address': 'fa:16:3e:40:5f:44', 'admin_state_up': True, 'status': 'DOWN', 'device_id': '11d623ab-4e2e-42c3-ba82-2bdefc0e95ae', 'device_owner': 'network:router_interface', 'standard_attr_id': 270, 'fixed_ips': [{'subnet_id': '4be8f196-8f59-4f29-95a2-fcf57ff6de28', 'ip_address': '172.20.0.1', 'prefixlen': 28}], 'allowed_address_pairs': [], 'extra_dhcp_opts': [], 'security_groups': [], 'description': '', 'binding:vnic_type': 'normal', 'binding:profile': {}, 'binding:host_id': 'dv-cinder-784945-14-smb', 'binding:vif_type': 'ovs', 'binding:vif_details': {'connectivity': 'l2', 'port_filter': True, 'ovs_hybrid_plug': False, 'datapath_type': 'system', 'bridge_name': 'br-int'}, 'port_security_enabled': False, 'tags': [], 'created_at': '2021-09-14T12:19:12Z', 'updated_at': '2021-09-14T12:19:16Z', 'revision_number': 4, 'project_id': '4f62fabe928146768b2437e0e419778c', 'subnets': [{'id': '4be8f196-8f59-4f29-95a2-fcf57ff6de28', 'cidr': '172.20.0.0/28', 'gateway_ip': '172.20.0.1', 'dns_nameservers': [], 'ipv6_ra_mode': None, 'subnetpool_id': None}], 'extra_subnets': [], 'address_scopes': {4: None, 6: None}, 'mtu': 1500}]}] {{(pid=93914) sync_routers /opt/stack/neutron/neutron/api/rpc/handlers/l3_rpc.py:137}}
Sep 14 12:19:16.730793 dv-cinder-784945-14-smb neutron-server[93913]: DEBUG neutron_lib.callbacks.manager [None req-d1ab9801-7d10-4bde-81d0-001fa9248896 tempest-AttachVolumeTestJSON-1166426349 tempest-AttachVolumeTestJSON-1166426349-project] Notify callbacks ['neutron.services.l3_router.l3_router_plugin.DVRResourceOperationHandler._create_dvr_floating_gw_port-1633323'] for floatingip, after_create {{(pid=93913) _notify_loop /usr/local/lib/python3.8/dist-packages/neutron_lib/callbacks/manager.py:192}}
Sep 14 12:19:16.739276 dv-cinder-784945-14-smb neutron-server[93912]: DEBUG neutron.pecan_wsgi.hooks.policy_enforcement [req-bd4d30d1-7111-42ea-8bf9-a62eea9a1f21 req-325293c3-ca86-4a9e-9245-8b88d306404c tempest-ServerRescueNegativeTestJSON-1934254006 tempest-ServerRescueNegativeTestJSON-1934254006-project] Attributes excluded by policy engine: ['standard_attr_id', 'binding:profile', 'binding:host_id', 'binding:vif_type', 'binding:vif_details'] {{(pid=93912) _exclude_attributes_by_policy /opt/stack/neutron/neutron/pecan_wsgi/hooks/policy_enforcement.py:255}}
Sep 14 12:19:16.741298 dv-cinder-784945-14-smb neutron-server[93912]: INFO neutron.wsgi [req-bd4d30d1-7111-42ea-8bf9-a62eea9a1f21 req-325293c3-ca86-4a9e-9245-8b88d306404c tempest-ServerRescueNegativeTestJSON-1934254006 tempest-ServerRescueNegativeTestJSON-1934254006-project] 10.222.0.45 "GET /v2.0/ports?device_id=5d0de20f-2d03-4159-8ad1-fbb8fe5af41a HTTP/1.1" status: 200 len: 945 time: 0.0558052
Sep 14 12:19:16.759228 dv-cinder-784945-14-smb neutron-server[93913]: DEBUG neutron_lib.callbacks.manager [None req-d1ab9801-7d10-4bde-81d0-001fa9248896 tempest-AttachVolumeTestJSON-1166426349 tempest-AttachVolumeTestJSON-1166426349-project] Notify callbacks ['neutron.notifiers.nova.Notifier._send_nova_notification-219044'] for floatingip, before_response {{(pid=93913) _notify_loop /usr/local/lib/python3.8/dist-packages/neutron_lib/callbacks/manager.py:192}}
Sep 14 12:19:16.760657 dv-cinder-784945-14-smb neutron-server[93913]: INFO neutron.wsgi [None req-d1ab9801-7d10-4bde-81d0-001fa9248896 tempest-AttachVolumeTestJSON-1166426349 tempest-AttachVolumeTestJSON-1166426349-project] 10.222.0.45 "POST /v2.0/floatingips HTTP/1.1" status: 201 len: 693 time: 1.0429122
Sep 14 12:19:16.813586 dv-cinder-784945-14-smb neutron-server[93912]: INFO neutron.wsgi [req-bd4d30d1-7111-42ea-8bf9-a62eea9a1f21 req-0d6bcfa6-7ffb-48ca-8597-95b54767c90a tempest-ServerRescueNegativeTestJSON-1934254006 tempest-ServerRescueNegativeTestJSON-1934254006-project] 10.222.0.45 "GET /v2.0/security-groups?id=c6dfeed6-d1aa-4e07-a85d-cea25e1700ad&fields=id&fields=name HTTP/1.1" status: 200 len: 286 time: 0.0647616
Sep 14 12:19:18.512886 dv-cinder-784945-14-smb neutron-server[93914]: DEBUG neutron.plugins.ml2.rpc [None req-8f0904c3-e84b-4c42-b4a1-9da3fbc36fc3 None None] Device 8da20896-dffb-4d83-b19a-5398d095a65a up at agent ovs-agent-dv-cinder-784945-14-smb {{(pid=93914) update_device_up /opt/stack/neutron/neutron/plugins/ml2/rpc.py:296}}
Sep 14 12:19:18.570973 dv-cinder-784945-14-smb neutron-server[93914]: DEBUG neutron.db.provisioning_blocks [None req-8f0904c3-e84b-4c42-b4a1-9da3fbc36fc3 None None] Provisioning for port 8da20896-dffb-4d83-b19a-5398d095a65a completed by entity L2. {{(pid=93914) provisioning_complete /opt/stack/neutron/neutron/db/provisioning_blocks.py:133}}
Sep 14 12:19:18.574831 dv-cinder-784945-14-smb neutron-server[93914]: DEBUG neutron.db.provisioning_blocks [None req-8f0904c3-e84b-4c42-b4a1-9da3fbc36fc3 None None] Provisioning complete for port 8da20896-dffb-4d83-b19a-5398d095a65a triggered by entity L2. {{(pid=93914) provisioning_complete /opt/stack/neutron/neutron/db/provisioning_blocks.py:139}}
Sep 14 12:19:18.575404 dv-cinder-784945-14-smb neutron-server[93914]: DEBUG neutron_lib.callbacks.manager [None req-8f0904c3-e84b-4c42-b4a1-9da3fbc36fc3 None None] Notify callbacks ['neutron.plugins.ml2.plugin.Ml2Plugin._port_provisioned-723243'] for port, provisioning_complete {{(pid=93914) _notify_loop /usr/local/lib/python3.8/dist-packages/neutron_lib/callbacks/manager.py:192}}
Sep 14 12:19:18.657856 dv-cinder-784945-14-smb neutron-server[93914]: DEBUG neutron_lib.callbacks.manager [None req-8f0904c3-e84b-4c42-b4a1-9da3fbc36fc3 None None] Notify callbacks ['neutron.plugins.ml2.plugin.SecurityGroupDbMixin._ensure_default_security_group_handler-532959'] for port, before_update {{(pid=93914) _notify_loop /usr/local/lib/python3.8/dist-packages/neutron_lib/callbacks/manager.py:192}}
Sep 14 12:19:18.700611 dv-cinder-784945-14-smb neutron-server[93914]: DEBUG neutron.plugins.ml2.db [None req-8f0904c3-e84b-4c42-b4a1-9da3fbc36fc3 None None] For port 8da20896-dffb-4d83-b19a-5398d095a65a, host dv-cinder-784945-14-smb, got binding levels [PortBindingLevel(driver='openvswitch',host='dv-cinder-784945-14-smb',level=0,port_id=8da20896-dffb-4d83-b19a-5398d095a65a,segment=NetworkSegment(18eee9c4-b825-4a0e-bae1-e28304c5da8b),segment_id=18eee9c4-b825-4a0e-bae1-e28304c5da8b)] {{(pid=93914) get_binding_level_objs /opt/stack/neutron/neutron/plugins/ml2/db.py:74}}
Sep 14 12:19:18.705220 dv-cinder-784945-14-smb neutron-server[93914]: DEBUG neutron_lib.callbacks.manager [None req-8f0904c3-e84b-4c42-b4a1-9da3fbc36fc3 None None] Notify callbacks ['neutron.plugins.ml2.plugin.SecurityGroupServerNotifierRpcMixin._notify_sg_on_port_change-532880', 'neutron.plugins.ml2.ovo_rpc._ObjectChangeHandler.handle_event-151983', 'neutron.api.rpc.agentnotifiers.dhcp_rpc_agent_api.DhcpAgentNotifyAPI._native_event_send_dhcp_notification-1651002', 'neutron.db.l3_db.L3RpcNotifierMixin._notify_gateway_port_ip_changed-8727362182678', 'neutron.db.l3_dvrscheduler_db._notify_l3_agent_port_update-8727361661669', 'neutron.db.l3_hascheduler_db._notify_l3_agent_ha_port_update-8727361661687'] for port, after_update {{(pid=93914) _notify_loop /usr/local/lib/python3.8/dist-packages/neutron_lib/callbacks/manager.py:192}}
Sep 14 12:19:18.753500 dv-cinder-784945-14-smb neutron-server[93914]: DEBUG neutron.api.rpc.handlers.resources_rpc [None req-8f0904c3-e84b-4c42-b4a1-9da3fbc36fc3 None None] Pushing event updated for resources: {'Port': ['ID=8da20896-dffb-4d83-b19a-5398d095a65a,revision_number=5']} {{(pid=93914) push /opt/stack/neutron/neutron/api/rpc/handlers/resources_rpc.py:237}}
Sep 14 12:19:20.502407 dv-cinder-784945-14-smb neutron-server[93914]: DEBUG neutron.plugins.ml2.rpc [None req-8f0904c3-e84b-4c42-b4a1-9da3fbc36fc3 None None] Device 8da20896-dffb-4d83-b19a-5398d095a65a up at agent ovs-agent-dv-cinder-784945-14-smb {{(pid=93914) update_device_up /opt/stack/neutron/neutron/plugins/ml2/rpc.py:296}}
Sep 14 12:19:20.550064 dv-cinder-784945-14-smb neutron-server[93914]: DEBUG neutron.db.provisioning_blocks [None req-8f0904c3-e84b-4c42-b4a1-9da3fbc36fc3 None None] Provisioning complete for port 8da20896-dffb-4d83-b19a-5398d095a65a triggered by entity L2. {{(pid=93914) provisioning_complete /opt/stack/neutron/neutron/db/provisioning_blocks.py:139}}
Sep 14 12:19:20.550469 dv-cinder-784945-14-smb neutron-server[93914]: DEBUG neutron_lib.callbacks.manager [None req-8f0904c3-e84b-4c42-b4a1-9da3fbc36fc3 None None] Notify callbacks ['neutron.plugins.ml2.plugin.Ml2Plugin._port_provisioned-723243'] for port, provisioning_complete {{(pid=93914) _notify_loop /usr/local/lib/python3.8/dist-packages/neutron_lib/callbacks/manager.py:192}}
Sep 14 12:19:21.010612 dv-cinder-784945-14-smb neutron-server[93913]: DEBUG neutron.wsgi [-] (93913) accepted ('10.222.0.45', 48178) {{(pid=93913) server /usr/local/lib/python3.8/dist-packages/eventlet/wsgi.py:982}}
Sep 14 12:19:21.113045 dv-cinder-784945-14-smb neutron-server[93913]: DEBUG neutron_lib.callbacks.manager [None req-5146e319-cc5a-4c30-a397-f05506a08234 admin admin] Notify callbacks [] for security_group, before_create {{(pid=93913) _notify_loop /usr/local/lib/python3.8/dist-packages/neutron_lib/callbacks/manager.py:192}}
Sep 14 12:19:21.210431 dv-cinder-784945-14-smb neutron-server[93913]: DEBUG neutron_lib.callbacks.manager [None req-5146e319-cc5a-4c30-a397-f05506a08234 admin admin] Notify callbacks [] for security_group, precommit_create {{(pid=93913) _notify_loop /usr/local/lib/python3.8/dist-packages/neutron_lib/callbacks/manager.py:192}}
Sep 14 12:19:21.214431 dv-cinder-784945-14-smb neutron-server[93913]: DEBUG neutron_lib.callbacks.manager [None req-5146e319-cc5a-4c30-a397-f05506a08234 admin admin] Notify callbacks ['neutron.plugins.ml2.ovo_rpc._ObjectChangeHandler.handle_event-1586886'] for security_group, after_create {{(pid=93913) _notify_loop /usr/local/lib/python3.8/dist-packages/neutron_lib/callbacks/manager.py:192}}
Sep 14 12:19:21.253469 dv-cinder-784945-14-smb neutron-server[93913]: INFO neutron.wsgi [None req-5146e319-cc5a-4c30-a397-f05506a08234 admin admin] 10.222.0.45 "GET /v2.0/security-groups?tenant_id=d9a072473f0e47e7b013d8a295eb67fe&name=default HTTP/1.1" status: 200 len: 2979 time: 0.2417185
Sep 14 12:19:21.256133 dv-cinder-784945-14-smb neutron-server[93912]: DEBUG neutron.wsgi [-] (93912) accepted ('10.222.0.45', 48188) {{(pid=93912) server /usr/local/lib/python3.8/dist-packages/eventlet/wsgi.py:982}}
Sep 14 12:19:21.258263 dv-cinder-784945-14-smb neutron-server[93913]: DEBUG neutron.api.rpc.handlers.resources_rpc [None req-5146e319-cc5a-4c30-a397-f05506a08234 admin admin] Pushing event updated for resources: {'SecurityGroup': ['ID=b6b283f4-c902-42aa-8a13-36e4dab08980,revision_number=1']} {{(pid=93913) push /opt/stack/neutron/neutron/api/rpc/handlers/resources_rpc.py:237}}
Sep 14 12:19:21.305255 dv-cinder-784945-14-smb neutron-server[93912]: DEBUG neutron_lib.callbacks.manager [None req-33898ee9-3430-4dd9-b0cb-621f4c37aff1 admin admin] Notify callbacks [] for security_group, before_delete {{(pid=93912) _notify_loop /usr/local/lib/python3.8/dist-packages/neutron_lib/callbacks/manager.py:192}}
Sep 14 12:19:21.326589 dv-cinder-784945-14-smb neutron-server[93912]: DEBUG neutron_lib.callbacks.manager [None req-33898ee9-3430-4dd9-b0cb-621f4c37aff1 admin admin] Notify callbacks [] for security_group, precommit_delete {{(pid=93912) _notify_loop /usr/local/lib/python3.8/dist-packages/neutron_lib/callbacks/manager.py:192}}
Sep 14 12:19:21.371183 dv-cinder-784945-14-smb neutron-server[93912]: DEBUG neutron_lib.callbacks.manager [None req-33898ee9-3430-4dd9-b0cb-621f4c37aff1 admin admin] Notify callbacks ['neutron.plugins.ml2.ovo_rpc._ObjectChangeHandler.handle_event-1586886'] for security_group, after_delete {{(pid=93912) _notify_loop /usr/local/lib/python3.8/dist-packages/neutron_lib/callbacks/manager.py:192}}
Sep 14 12:19:21.373885 dv-cinder-784945-14-smb neutron-server[93912]: DEBUG neutron_lib.callbacks.manager [None req-33898ee9-3430-4dd9-b0cb-621f4c37aff1 admin admin] Notify callbacks [] for security_group, before_response {{(pid=93912) _notify_loop /usr/local/lib/python3.8/dist-packages/neutron_lib/callbacks/manager.py:192}}
Sep 14 12:19:21.374928 dv-cinder-784945-14-smb neutron-server[93912]: INFO neutron.wsgi [None req-33898ee9-3430-4dd9-b0cb-621f4c37aff1 admin admin] 10.222.0.45 "DELETE /v2.0/security-groups/b6b283f4-c902-42aa-8a13-36e4dab08980 HTTP/1.1" status: 204 len: 168 time: 0.1174879
Sep 14 12:19:21.382696 dv-cinder-784945-14-smb neutron-server[93912]: DEBUG neutron.api.rpc.handlers.resources_rpc [None req-33898ee9-3430-4dd9-b0cb-621f4c37aff1 admin admin] Pushing event deleted for resources: {'SecurityGroup': ['ID=b6b283f4-c902-42aa-8a13-36e4dab08980,revision_number=None']} {{(pid=93912) push /opt/stack/neutron/neutron/api/rpc/handlers/resources_rpc.py:237}}
Sep 14 12:19:21.389403 dv-cinder-784945-14-smb neutron-server[93912]: DEBUG neutron.api.rpc.callbacks.version_manager [None req-33898ee9-3430-4dd9-b0cb-621f4c37aff1 admin admin] Version for resource type AddressGroup changed None to 1.2 on consumer Open vSwitch agent@dv-cinder-784945-14-smb {{(pid=93912) _set_version /opt/stack/neutron/neutron/api/rpc/callbacks/version_manager.py:113}}
Sep 14 12:19:21.389770 dv-cinder-784945-14-smb neutron-server[93912]: DEBUG neutron.api.rpc.callbacks.version_manager [None req-33898ee9-3430-4dd9-b0cb-621f4c37aff1 admin admin] Version for resource type ConntrackHelper changed None to 1.0 on consumer Open vSwitch agent@dv-cinder-784945-14-smb {{(pid=93912) _set_version /opt/stack/neutron/neutron/api/rpc/callbacks/version_manager.py:113}}
Sep 14 12:19:21.390121 dv-cinder-784945-14-smb neutron-server[93912]: DEBUG neutron.api.rpc.callbacks.version_manager [None req-33898ee9-3430-4dd9-b0cb-621f4c37aff1 admin admin] Version for resource type Log changed None to 1.0 on consumer Open vSwitch agent@dv-cinder-784945-14-smb {{(pid=93912) _set_version /opt/stack/neutron/neutron/api/rpc/callbacks/version_manager.py:113}}
Sep 14 12:19:21.390463 dv-cinder-784945-14-smb neutron-server[93912]: DEBUG neutron.api.rpc.callbacks.version_manager [None req-33898ee9-3430-4dd9-b0cb-621f4c37aff1 admin admin] Version for resource type Network changed None to 1.1 on consumer Open vSwitch agent@dv-cinder-784945-14-smb {{(pid=93912) _set_version /opt/stack/neutron/neutron/api/rpc/callbacks/version_manager.py:113}}
Sep 14 12:19:21.390825 dv-cinder-784945-14-smb neutron-server[93912]: DEBUG neutron.api.rpc.callbacks.version_manager [None req-33898ee9-3430-4dd9-b0cb-621f4c37aff1 admin admin] Version for resource type Port changed None to 1.7 on consumer Open vSwitch agent@dv-cinder-784945-14-smb {{(pid=93912) _set_version /opt/stack/neutron/neutron/api/rpc/callbacks/version_manager.py:113}}
Sep 14 12:19:21.391156 dv-cinder-784945-14-smb neutron-server[93912]: DEBUG neutron.api.rpc.callbacks.version_manager [None req-33898ee9-3430-4dd9-b0cb-621f4c37aff1 admin admin] Version for resource type PortForwarding changed None to 1.2 on consumer Open vSwitch agent@dv-cinder-784945-14-smb {{(pid=93912) _set_version /opt/stack/neutron/neutron/api/rpc/callbacks/version_manager.py:113}}
Sep 14 12:19:21.391479 dv-cinder-784945-14-smb neutron-server[93912]: DEBUG neutron.api.rpc.callbacks.version_manager [None req-33898ee9-3430-4dd9-b0cb-621f4c37aff1 admin admin] Version for resource type QosPolicy changed None to 1.9 on consumer Open vSwitch agent@dv-cinder-784945-14-smb {{(pid=93912) _set_version /opt/stack/neutron/neutron/api/rpc/callbacks/version_manager.py:113}}
Sep 14 12:19:21.391805 dv-cinder-784945-14-smb neutron-server[93912]: DEBUG neutron.api.rpc.callbacks.version_manager [None req-33898ee9-3430-4dd9-b0cb-621f4c37aff1 admin admin] Version for resource type SecurityGroup changed None to 1.4 on consumer Open vSwitch agent@dv-cinder-784945-14-smb {{(pid=93912) _set_version /opt/stack/neutron/neutron/api/rpc/callbacks/version_manager.py:113}}
Sep 14 12:19:21.392130 dv-cinder-784945-14-smb neutron-server[93912]: DEBUG neutron.api.rpc.callbacks.version_manager [None req-33898ee9-3430-4dd9-b0cb-621f4c37aff1 admin admin] Version for resource type SecurityGroupRule changed None to 1.2 on consumer Open vSwitch agent@dv-cinder-784945-14-smb {{(pid=93912) _set_version /opt/stack/neutron/neutron/api/rpc/callbacks/version_manager.py:113}}
Sep 14 12:19:21.392451 dv-cinder-784945-14-smb neutron-server[93912]: DEBUG neutron.api.rpc.callbacks.version_manager [None req-33898ee9-3430-4dd9-b0cb-621f4c37aff1 admin admin] Version for resource type SubPort changed None to 1.0 on consumer Open vSwitch agent@dv-cinder-784945-14-smb {{(pid=93912) _set_version /opt/stack/neutron/neutron/api/rpc/callbacks/version_manager.py:113}}
Sep 14 12:19:21.392770 dv-cinder-784945-14-smb neutron-server[93912]: DEBUG neutron.api.rpc.callbacks.version_manager [None req-33898ee9-3430-4dd9-b0cb-621f4c37aff1 admin admin] Version for resource type Subnet changed None to 1.1 on consumer Open vSwitch agent@dv-cinder-784945-14-smb {{(pid=93912) _set_version /opt/stack/neutron/neutron/api/rpc/callbacks/version_manager.py:113}}
Sep 14 12:19:21.393090 dv-cinder-784945-14-smb neutron-server[93912]: DEBUG neutron.api.rpc.callbacks.version_manager [None req-33898ee9-3430-4dd9-b0cb-621f4c37aff1 admin admin] Version for resource type Trunk changed None to 1.1 on consumer Open vSwitch agent@dv-cinder-784945-14-smb {{(pid=93912) _set_version /opt/stack/neutron/neutron/api/rpc/callbacks/version_manager.py:113}}
Sep 14 12:19:23.204458 dv-cinder-784945-14-smb neutron-server[93913]: INFO neutron.wsgi [req-51cb6960-68c7-4c17-95ee-67b50639a640 req-17177b37-2dde-48ea-9f35-284cd4f923f2 service neutron] 10.222.0.58 "GET /v2.0/ports?device_id=9d0ffe76-3eef-48d7-99f5-a7296551abee&fields=binding%3Ahost_id&fields=binding%3Avif_type HTTP/1.1" status: 200 len: 275 time: 0.0408347
Sep 14 12:19:23.292400 dv-cinder-784945-14-smb neutron-server[93913]: DEBUG neutron.pecan_wsgi.hooks.policy_enforcement [req-51cb6960-68c7-4c17-95ee-67b50639a640 req-84ee4ba7-8300-4da9-9dc5-9bf54f916f7d service neutron] Attributes excluded by policy engine: ['standard_attr_id'] {{(pid=93913) _exclude_attributes_by_policy /opt/stack/neutron/neutron/pecan_wsgi/hooks/policy_enforcement.py:255}}
Sep 14 12:19:23.293959 dv-cinder-784945-14-smb neutron-server[93913]: INFO neutron.wsgi [req-51cb6960-68c7-4c17-95ee-67b50639a640 req-84ee4ba7-8300-4da9-9dc5-9bf54f916f7d service neutron] 10.222.0.58 "GET /v2.0/ports?tenant_id=a0f9ac9aa11644d28de88b633eb2f524&device_id=9d0ffe76-3eef-48d7-99f5-a7296551abee HTTP/1.1" status: 200 len: 1098 time: 0.0412037
Sep 14 12:19:23.412215 dv-cinder-784945-14-smb neutron-server[93913]: DEBUG neutron.pecan_wsgi.hooks.policy_enforcement [req-51cb6960-68c7-4c17-95ee-67b50639a640 req-1276e1fc-e045-474a-9e6f-f5527fbccb7a service neutron] Attributes excluded by policy engine: ['standard_attr_id', 'vlan_transparent'] {{(pid=93913) _exclude_attributes_by_policy /opt/stack/neutron/neutron/pecan_wsgi/hooks/policy_enforcement.py:255}}
Sep 14 12:19:23.413695 dv-cinder-784945-14-smb neutron-server[93913]: INFO neutron.wsgi [req-51cb6960-68c7-4c17-95ee-67b50639a640 req-1276e1fc-e045-474a-9e6f-f5527fbccb7a service neutron] 10.222.0.58 "GET /v2.0/networks?id=49a06cfd-fd2c-4c54-96e1-39c9f11bb3ba HTTP/1.1" status: 200 len: 916 time: 0.0883319
Sep 14 12:19:23.461526 dv-cinder-784945-14-smb neutron-server[93913]: INFO neutron.wsgi [req-51cb6960-68c7-4c17-95ee-67b50639a640 req-af0ac39d-e22f-4c17-b011-01cbc237472a service neutron] 10.222.0.58 "GET /v2.0/floatingips?fixed_ip_address=172.20.0.2&port_id=7037f5e0-fa47-4390-a02d-99238f3fc8e1 HTTP/1.1" status: 200 len: 217 time: 0.0336323
Sep 14 12:19:23.520534 dv-cinder-784945-14-smb neutron-server[93913]: DEBUG neutron.pecan_wsgi.hooks.policy_enforcement [req-51cb6960-68c7-4c17-95ee-67b50639a640 req-8a143a04-1812-44d5-9bd5-bb0fe2e87c3c service neutron] Attributes excluded by policy engine: ['standard_attr_id', 'shared', 'segment_id'] {{(pid=93913) _exclude_attributes_by_policy /opt/stack/neutron/neutron/pecan_wsgi/hooks/policy_enforcement.py:255}}
Sep 14 12:19:23.520534 dv-cinder-784945-14-smb neutron-server[93913]: INFO neutron.wsgi [req-51cb6960-68c7-4c17-95ee-67b50639a640 req-8a143a04-1812-44d5-9bd5-bb0fe2e87c3c service neutron] 10.222.0.58 "GET /v2.0/subnets?id=03167f15-714f-4cc8-8ea3-00d6f34edd54 HTTP/1.1" status: 200 len: 855 time: 0.0472519
Sep 14 12:19:23.564186 dv-cinder-784945-14-smb neutron-server[93913]: INFO neutron.wsgi [req-51cb6960-68c7-4c17-95ee-67b50639a640 req-637e83db-7d29-41ca-854f-f6be31f8f1a8 service neutron] 10.222.0.58 "GET /v2.0/ports?network_id=49a06cfd-fd2c-4c54-96e1-39c9f11bb3ba&device_owner=network%3Adhcp HTTP/1.1" status: 200 len: 210 time: 0.0247786
Sep 14 12:19:23.641192 dv-cinder-784945-14-smb neutron-server[93912]: DEBUG neutron.wsgi [-] (93912) accepted ('10.222.0.45', 48236) {{(pid=93912) server /usr/local/lib/python3.8/dist-packages/eventlet/wsgi.py:982}}
Sep 14 12:19:23.664073 dv-cinder-784945-14-smb neutron-server[93913]: INFO neutron.wsgi [req-51cb6960-68c7-4c17-95ee-67b50639a640 req-c65474cb-0148-4b02-b62b-b399ccb8e68e service neutron] 10.222.0.58 "GET /v2.0/networks/49a06cfd-fd2c-4c54-96e1-39c9f11bb3ba?fields=segments HTTP/1.1" status: 200 len: 212 time: 0.0861640
Sep 14 12:19:23.749410 dv-cinder-784945-14-smb neutron-server[93912]: DEBUG neutron_lib.callbacks.manager [None req-0479844c-5fbd-4f21-8fca-577db2634e29 admin admin] Notify callbacks [] for security_group, before_create {{(pid=93912) _notify_loop /usr/local/lib/python3.8/dist-packages/neutron_lib/callbacks/manager.py:192}}
Sep 14 12:19:23.764477 dv-cinder-784945-14-smb neutron-server[93913]: INFO neutron.wsgi [req-51cb6960-68c7-4c17-95ee-67b50639a640 req-df73755b-8bc2-496f-9fd7-e0f752b095d1 service neutron] 10.222.0.58 "GET /v2.0/networks/49a06cfd-fd2c-4c54-96e1-39c9f11bb3ba?fields=provider%3Aphysical_network&fields=provider%3Anetwork_type HTTP/1.1" status: 200 len: 281 time: 0.0886874
Sep 14 12:19:23.842890 dv-cinder-784945-14-smb neutron-server[93912]: DEBUG neutron_lib.callbacks.manager [None req-0479844c-5fbd-4f21-8fca-577db2634e29 admin admin] Notify callbacks [] for security_group, precommit_create {{(pid=93912) _notify_loop /usr/local/lib/python3.8/dist-packages/neutron_lib/callbacks/manager.py:192}}
Sep 14 12:19:23.847071 dv-cinder-784945-14-smb neutron-server[93912]: DEBUG neutron_lib.callbacks.manager [None req-0479844c-5fbd-4f21-8fca-577db2634e29 admin admin] Notify callbacks ['neutron.plugins.ml2.ovo_rpc._ObjectChangeHandler.handle_event-1586886'] for security_group, after_create {{(pid=93912) _notify_loop /usr/local/lib/python3.8/dist-packages/neutron_lib/callbacks/manager.py:192}}
Sep 14 12:19:23.887546 dv-cinder-784945-14-smb neutron-server[93912]: INFO neutron.wsgi [None req-0479844c-5fbd-4f21-8fca-577db2634e29 admin admin] 10.222.0.45 "GET /v2.0/security-groups?tenant_id=a65805f6c2db4320968413379417c2bb&name=default HTTP/1.1" status: 200 len: 2979 time: 0.2445922
Sep 14 12:19:23.888443 dv-cinder-784945-14-smb neutron-server[93912]: DEBUG neutron.api.rpc.handlers.resources_rpc [None req-0479844c-5fbd-4f21-8fca-577db2634e29 admin admin] Pushing event updated for resources: {'SecurityGroup': ['ID=c507bb8f-de68-4217-8bc1-9e0d96e81ffe,revision_number=1']} {{(pid=93912) push /opt/stack/neutron/neutron/api/rpc/handlers/resources_rpc.py:237}}
Sep 14 12:19:23.890211 dv-cinder-784945-14-smb neutron-server[93913]: DEBUG neutron.wsgi [-] (93913) accepted ('10.222.0.45', 48244) {{(pid=93913) server /usr/local/lib/python3.8/dist-packages/eventlet/wsgi.py:982}}
Sep 14 12:19:23.940029 dv-cinder-784945-14-smb neutron-server[93913]: DEBUG neutron_lib.callbacks.manager [None req-040ffa41-2364-4978-bebd-327af14794fc admin admin] Notify callbacks [] for security_group, before_delete {{(pid=93913) _notify_loop /usr/local/lib/python3.8/dist-packages/neutron_lib/callbacks/manager.py:192}}
Sep 14 12:19:23.960943 dv-cinder-784945-14-smb neutron-server[93913]: DEBUG neutron_lib.callbacks.manager [None req-040ffa41-2364-4978-bebd-327af14794fc admin admin] Notify callbacks [] for security_group, precommit_delete {{(pid=93913) _notify_loop /usr/local/lib/python3.8/dist-packages/neutron_lib/callbacks/manager.py:192}}
Sep 14 12:19:24.006216 dv-cinder-784945-14-smb neutron-server[93913]: DEBUG neutron_lib.callbacks.manager [None req-040ffa41-2364-4978-bebd-327af14794fc admin admin] Notify callbacks ['neutron.plugins.ml2.ovo_rpc._ObjectChangeHandler.handle_event-1586886'] for security_group, after_delete {{(pid=93913) _notify_loop /usr/local/lib/python3.8/dist-packages/neutron_lib/callbacks/manager.py:192}}
Sep 14 12:19:24.008647 dv-cinder-784945-14-smb neutron-server[93913]: DEBUG neutron_lib.callbacks.manager [None req-040ffa41-2364-4978-bebd-327af14794fc admin admin] Notify callbacks [] for security_group, before_response {{(pid=93913) _notify_loop /usr/local/lib/python3.8/dist-packages/neutron_lib/callbacks/manager.py:192}}
Sep 14 12:19:24.009806 dv-cinder-784945-14-smb neutron-server[93913]: INFO neutron.wsgi [None req-040ffa41-2364-4978-bebd-327af14794fc admin admin] 10.222.0.45 "DELETE /v2.0/security-groups/c507bb8f-de68-4217-8bc1-9e0d96e81ffe HTTP/1.1" status: 204 len: 168 time: 0.1173391
Sep 14 12:19:24.017465 dv-cinder-784945-14-smb neutron-server[93913]: DEBUG neutron.api.rpc.handlers.resources_rpc [None req-040ffa41-2364-4978-bebd-327af14794fc admin admin] Pushing event deleted for resources: {'SecurityGroup': ['ID=c507bb8f-de68-4217-8bc1-9e0d96e81ffe,revision_number=None']} {{(pid=93913) push /opt/stack/neutron/neutron/api/rpc/handlers/resources_rpc.py:237}}
Sep 14 12:19:24.291205 dv-cinder-784945-14-smb neutron-server[93914]: DEBUG neutron_lib.callbacks.manager [None req-6363e6ff-8a2a-407e-b569-9a172a42f9bb None None] Notify callbacks ['neutron.services.segments.db._update_segment_host_mapping_for_agent-8727362157451', 'neutron.plugins.ml2.plugin.Ml2Plugin._retry_binding_revived_agents-723654'] for agent, after_update {{(pid=93914) _notify_loop /usr/local/lib/python3.8/dist-packages/neutron_lib/callbacks/manager.py:192}}
Sep 14 12:19:26.596968 dv-cinder-784945-14-smb neutron-server[93915]: DEBUG neutron.db.agents_db [None req-5fafcb34-d4e1-4204-8dd6-5339f27e7f5d None None] Agent healthcheck: found 6 active agents {{(pid=93915) agent_health_check /opt/stack/neutron/neutron/db/agents_db.py:317}}
Sep 14 12:19:29.132483 dv-cinder-784945-14-smb neutron-server[93914]: DEBUG neutron_lib.callbacks.manager [None req-fa7e9701-8691-478c-900c-55bc5fac34de None None] Notify callbacks ['neutron.services.segments.db._update_segment_host_mapping_for_agent-8727362157451', 'neutron.plugins.ml2.plugin.Ml2Plugin._retry_binding_revived_agents-723654'] for agent, after_update {{(pid=93914) _notify_loop /usr/local/lib/python3.8/dist-packages/neutron_lib/callbacks/manager.py:192}}
Sep 14 12:19:29.889796 dv-cinder-784945-14-smb neutron-server[93913]: DEBUG neutron.wsgi [-] (93913) accepted ('10.222.0.45', 48330) {{(pid=93913) server /usr/local/lib/python3.8/dist-packages/eventlet/wsgi.py:982}}
Sep 14 12:19:29.995086 dv-cinder-784945-14-smb neutron-server[93913]: DEBUG neutron_lib.callbacks.manager [None req-140befad-88c1-45fe-8d88-5fd5ab892bca admin admin] Notify callbacks [] for security_group, before_create {{(pid=93913) _notify_loop /usr/local/lib/python3.8/dist-packages/neutron_lib/callbacks/manager.py:192}}
Sep 14 12:19:30.079554 dv-cinder-784945-14-smb neutron-server[93913]: DEBUG neutron_lib.callbacks.manager [None req-140befad-88c1-45fe-8d88-5fd5ab892bca admin admin] Notify callbacks [] for security_group, precommit_create {{(pid=93913) _notify_loop /usr/local/lib/python3.8/dist-packages/neutron_lib/callbacks/manager.py:192}}
Sep 14 12:19:30.083401 dv-cinder-784945-14-smb neutron-server[93913]: DEBUG neutron_lib.callbacks.manager [None req-140befad-88c1-45fe-8d88-5fd5ab892bca admin admin] Notify callbacks ['neutron.plugins.ml2.ovo_rpc._ObjectChangeHandler.handle_event-1586886'] for security_group, after_create {{(pid=93913) _notify_loop /usr/local/lib/python3.8/dist-packages/neutron_lib/callbacks/manager.py:192}}
Sep 14 12:19:30.123731 dv-cinder-784945-14-smb neutron-server[93913]: INFO neutron.wsgi [None req-140befad-88c1-45fe-8d88-5fd5ab892bca admin admin] 10.222.0.45 "GET /v2.0/security-groups?tenant_id=4769093d6b3c45c8981c00631f14a3f5&name=default HTTP/1.1" status: 200 len: 2979 time: 0.2305670
Sep 14 12:19:30.123731 dv-cinder-784945-14-smb neutron-server[93913]: DEBUG neutron.api.rpc.handlers.resources_rpc [None req-140befad-88c1-45fe-8d88-5fd5ab892bca admin admin] Pushing event updated for resources: {'SecurityGroup': ['ID=cec00b6b-07bf-4750-8797-8031cdd47c50,revision_number=1']} {{(pid=93913) push /opt/stack/neutron/neutron/api/rpc/handlers/resources_rpc.py:237}}
Sep 14 12:19:30.124121 dv-cinder-784945-14-smb neutron-server[93912]: DEBUG neutron.wsgi [-] (93912) accepted ('10.222.0.45', 48336) {{(pid=93912) server /usr/local/lib/python3.8/dist-packages/eventlet/wsgi.py:982}}
Sep 14 12:19:30.178828 dv-cinder-784945-14-smb neutron-server[93912]: DEBUG neutron_lib.callbacks.manager [None req-958d1bb7-c9ec-44bc-b057-8420b7923eab admin admin] Notify callbacks [] for security_group, before_delete {{(pid=93912) _notify_loop /usr/local/lib/python3.8/dist-packages/neutron_lib/callbacks/manager.py:192}}
Sep 14 12:19:30.199174 dv-cinder-784945-14-smb neutron-server[93912]: DEBUG neutron_lib.callbacks.manager [None req-958d1bb7-c9ec-44bc-b057-8420b7923eab admin admin] Notify callbacks [] for security_group, precommit_delete {{(pid=93912) _notify_loop /usr/local/lib/python3.8/dist-packages/neutron_lib/callbacks/manager.py:192}}
Sep 14 12:19:30.245933 dv-cinder-784945-14-smb neutron-server[93912]: DEBUG neutron_lib.callbacks.manager [None req-958d1bb7-c9ec-44bc-b057-8420b7923eab admin admin] Notify callbacks ['neutron.plugins.ml2.ovo_rpc._ObjectChangeHandler.handle_event-1586886'] for security_group, after_delete {{(pid=93912) _notify_loop /usr/local/lib/python3.8/dist-packages/neutron_lib/callbacks/manager.py:192}}
Sep 14 12:19:30.248452 dv-cinder-784945-14-smb neutron-server[93912]: DEBUG neutron_lib.callbacks.manager [None req-958d1bb7-c9ec-44bc-b057-8420b7923eab admin admin] Notify callbacks [] for security_group, before_response {{(pid=93912) _notify_loop /usr/local/lib/python3.8/dist-packages/neutron_lib/callbacks/manager.py:192}}
Sep 14 12:19:30.249630 dv-cinder-784945-14-smb neutron-server[93912]: INFO neutron.wsgi [None req-958d1bb7-c9ec-44bc-b057-8420b7923eab admin admin] 10.222.0.45 "DELETE /v2.0/security-groups/cec00b6b-07bf-4750-8797-8031cdd47c50 HTTP/1.1" status: 204 len: 168 time: 0.1238177
Sep 14 12:19:30.256922 dv-cinder-784945-14-smb neutron-server[93912]: DEBUG neutron.api.rpc.handlers.resources_rpc [None req-958d1bb7-c9ec-44bc-b057-8420b7923eab admin admin] Pushing event deleted for resources: {'SecurityGroup': ['ID=cec00b6b-07bf-4750-8797-8031cdd47c50,revision_number=None']} {{(pid=93912) push /opt/stack/neutron/neutron/api/rpc/handlers/resources_rpc.py:237}}
Sep 14 12:19:31.153990 dv-cinder-784945-14-smb neutron-server[93912]: INFO neutron.wsgi [req-0a20b7ae-6900-4b91-8f20-3c19899939d3 req-0deacc2e-356c-4729-9420-b54b7d9b450a tempest-AttachVolumeTestJSON-1166426349 tempest-AttachVolumeTestJSON-1166426349-project] 10.222.0.45 "GET /v2.0/security-groups?name=tempest-securitygroup--1960285134&fields=id&tenant_id=4f62fabe928146768b2437e0e419778c HTTP/1.1" status: 200 len: 267 time: 0.0561378
Sep 14 12:19:31.227138 dv-cinder-784945-14-smb neutron-server[93913]: DEBUG neutron.pecan_wsgi.hooks.policy_enforcement [req-52944516-a762-4d80-aed0-a68a20600298 req-16a8153a-8eae-47cc-846e-b4481d6a4b24 tempest-AttachVolumeNegativeTest-1034354991 tempest-AttachVolumeNegativeTest-1034354991-project] Attributes excluded by policy engine: ['standard_attr_id', 'vlan_transparent', 'provider:network_type', 'provider:physical_network', 'provider:segmentation_id'] {{(pid=93913) _exclude_attributes_by_policy /opt/stack/neutron/neutron/pecan_wsgi/hooks/policy_enforcement.py:255}}
Sep 14 12:19:31.238581 dv-cinder-784945-14-smb neutron-server[93913]: INFO neutron.wsgi [req-52944516-a762-4d80-aed0-a68a20600298 req-16a8153a-8eae-47cc-846e-b4481d6a4b24 tempest-AttachVolumeNegativeTest-1034354991 tempest-AttachVolumeNegativeTest-1034354991-project] 10.222.0.45 "GET /v2.0/networks?id=49a06cfd-fd2c-4c54-96e1-39c9f11bb3ba HTTP/1.1" status: 200 len: 815 time: 0.1404977
Sep 14 12:19:31.256024 dv-cinder-784945-14-smb neutron-server[93913]: INFO neutron.wsgi [req-52944516-a762-4d80-aed0-a68a20600298 req-e1958723-8ba4-41a3-8dad-008ad2de5c39 tempest-AttachVolumeNegativeTest-1034354991 tempest-AttachVolumeNegativeTest-1034354991-project] 10.222.0.45 "GET /v2.0/quotas/a0f9ac9aa11644d28de88b633eb2f524 HTTP/1.1" status: 200 len: 375 time: 0.0168490
Sep 14 12:19:31.280260 dv-cinder-784945-14-smb neutron-server[93912]: DEBUG neutron.pecan_wsgi.hooks.policy_enforcement [req-0a20b7ae-6900-4b91-8f20-3c19899939d3 req-4da073ba-2690-444e-9440-200e2811ed11 tempest-AttachVolumeTestJSON-1166426349 tempest-AttachVolumeTestJSON-1166426349-project] Attributes excluded by policy engine: ['standard_attr_id', 'vlan_transparent', 'provider:network_type', 'provider:physical_network', 'provider:segmentation_id'] {{(pid=93912) _exclude_attributes_by_policy /opt/stack/neutron/neutron/pecan_wsgi/hooks/policy_enforcement.py:255}}
Sep 14 12:19:31.288634 dv-cinder-784945-14-smb neutron-server[93912]: INFO neutron.wsgi [req-0a20b7ae-6900-4b91-8f20-3c19899939d3 req-4da073ba-2690-444e-9440-200e2811ed11 tempest-AttachVolumeTestJSON-1166426349 tempest-AttachVolumeTestJSON-1166426349-project] 10.222.0.45 "GET /v2.0/networks?id=d4cfcc09-fdbc-4073-8cd6-82b28f1f18b7 HTTP/1.1" status: 200 len: 810 time: 0.1271508
Sep 14 12:19:31.302539 dv-cinder-784945-14-smb neutron-server[93912]: INFO neutron.wsgi [req-0a20b7ae-6900-4b91-8f20-3c19899939d3 req-5dd48b5f-802d-4ed7-85bf-0a013fd15fa4 tempest-AttachVolumeTestJSON-1166426349 tempest-AttachVolumeTestJSON-1166426349-project] 10.222.0.45 "GET /v2.0/quotas/4f62fabe928146768b2437e0e419778c HTTP/1.1" status: 200 len: 375 time: 0.0127604
Sep 14 12:19:31.313205 dv-cinder-784945-14-smb neutron-server[93913]: INFO neutron.wsgi [req-52944516-a762-4d80-aed0-a68a20600298 req-a16d4080-6712-4def-be5a-44cee4be6c6b tempest-AttachVolumeNegativeTest-1034354991 tempest-AttachVolumeNegativeTest-1034354991-project] 10.222.0.45 "GET /v2.0/ports?tenant_id=a0f9ac9aa11644d28de88b633eb2f524&fields=id HTTP/1.1" status: 200 len: 302 time: 0.0562630
Sep 14 12:19:31.352724 dv-cinder-784945-14-smb neutron-server[93912]: INFO neutron.wsgi [req-0a20b7ae-6900-4b91-8f20-3c19899939d3 req-a8ce86a9-88a0-476e-8e41-21a1d600b600 tempest-AttachVolumeTestJSON-1166426349 tempest-AttachVolumeTestJSON-1166426349-project] 10.222.0.45 "GET /v2.0/ports?tenant_id=4f62fabe928146768b2437e0e419778c&fields=id HTTP/1.1" status: 200 len: 348 time: 0.0471606
Sep 14 12:19:31.419408 dv-cinder-784945-14-smb neutron-server[93913]: INFO neutron.wsgi [req-52944516-a762-4d80-aed0-a68a20600298 req-51ce60bf-592e-4e38-98d2-28cdebee7850 service neutron] 10.222.0.45 "GET /v2.0/networks/49a06cfd-fd2c-4c54-96e1-39c9f11bb3ba?fields=segments HTTP/1.1" status: 200 len: 212 time: 0.0989969
Sep 14 12:19:31.468953 dv-cinder-784945-14-smb neutron-server[93912]: INFO neutron.wsgi [req-0a20b7ae-6900-4b91-8f20-3c19899939d3 req-5bf9c4c2-919b-47a4-8d94-78e19429b432 service neutron] 10.222.0.45 "GET /v2.0/networks/d4cfcc09-fdbc-4073-8cd6-82b28f1f18b7?fields=segments HTTP/1.1" status: 200 len: 212 time: 0.0984888
Sep 14 12:19:31.549696 dv-cinder-784945-14-smb neutron-server[93913]: INFO neutron.wsgi [req-52944516-a762-4d80-aed0-a68a20600298 req-dadbe3e8-f2a7-4f74-a9af-3d279235a5f9 service neutron] 10.222.0.45 "GET /v2.0/networks/49a06cfd-fd2c-4c54-96e1-39c9f11bb3ba?fields=provider%3Aphysical_network&fields=provider%3Anetwork_type HTTP/1.1" status: 200 len: 281 time: 0.1234462
Sep 14 12:19:31.729695 dv-cinder-784945-14-smb neutron-server[93914]: DEBUG neutron_lib.callbacks.manager [None req-fb1558fa-46af-4d4d-bf59-d267f6177b10 None None] Notify callbacks ['neutron.services.segments.db._update_segment_host_mapping_for_agent-8727362157451', 'neutron.plugins.ml2.plugin.Ml2Plugin._retry_binding_revived_agents-723654'] for agent, after_update {{(pid=93914) _notify_loop /usr/local/lib/python3.8/dist-packages/neutron_lib/callbacks/manager.py:192}}
Sep 14 12:19:31.790007 dv-cinder-784945-14-smb neutron-server[93912]: INFO neutron.wsgi [req-0a20b7ae-6900-4b91-8f20-3c19899939d3 req-d2d34bd7-b069-4c5c-b1ce-fe43004cddfa service neutron] 10.222.0.45 "GET /v2.0/networks/d4cfcc09-fdbc-4073-8cd6-82b28f1f18b7?fields=provider%3Aphysical_network&fields=provider%3Anetwork_type HTTP/1.1" status: 200 len: 281 time: 0.3126585
Sep 14 12:19:31.880707 dv-cinder-784945-14-smb neutron-server[93913]: DEBUG neutron.pecan_wsgi.hooks.policy_enforcement [req-cfbe337b-bc4f-4338-b873-14b31507a917 req-fe6347fe-678f-4929-9ede-130918c8b113 tempest-ServerRescueNegativeTestJSON-1934254006 tempest-ServerRescueNegativeTestJSON-1934254006-project] Attributes excluded by policy engine: ['standard_attr_id', 'binding:profile', 'binding:host_id', 'binding:vif_type', 'binding:vif_details'] {{(pid=93913) _exclude_attributes_by_policy /opt/stack/neutron/neutron/pecan_wsgi/hooks/policy_enforcement.py:255}}
Sep 14 12:19:31.882575 dv-cinder-784945-14-smb neutron-server[93913]: INFO neutron.wsgi [req-cfbe337b-bc4f-4338-b873-14b31507a917 req-fe6347fe-678f-4929-9ede-130918c8b113 tempest-ServerRescueNegativeTestJSON-1934254006 tempest-ServerRescueNegativeTestJSON-1934254006-project] 10.222.0.45 "GET /v2.0/ports?device_id=5d0de20f-2d03-4159-8ad1-fbb8fe5af41a HTTP/1.1" status: 200 len: 945 time: 0.0571413
Sep 14 12:19:31.963854 dv-cinder-784945-14-smb neutron-server[93913]: INFO neutron.wsgi [req-cfbe337b-bc4f-4338-b873-14b31507a917 req-8e8fb351-8f4a-4536-823c-9a0919f721b2 tempest-ServerRescueNegativeTestJSON-1934254006 tempest-ServerRescueNegativeTestJSON-1934254006-project] 10.222.0.45 "GET /v2.0/security-groups?id=c6dfeed6-d1aa-4e07-a85d-cea25e1700ad&fields=id&fields=name HTTP/1.1" status: 200 len: 286 time: 0.0715792
Sep 14 12:19:31.989505 dv-cinder-784945-14-smb neutron-server[93912]: INFO neutron.wsgi [req-be25ee9d-7c85-4101-97ca-a59c52b40225 req-691f501e-815b-4fab-b77a-403761d342aa tempest-AttachVolumeNegativeTest-1034354991 tempest-AttachVolumeNegativeTest-1034354991-project] 10.222.0.45 "GET /v2.0/ports?device_id=37079a36-df7e-4704-88ff-0e37f89432c6 HTTP/1.1" status: 200 len: 210 time: 0.0452063
Sep 14 12:19:32.045986 dv-cinder-784945-14-smb neutron-server[93913]: INFO neutron.wsgi [req-ff348ed2-9b5a-4830-8803-776f06950332 req-e66e75af-3ba7-4b81-80d2-309095cf778a tempest-AttachVolumeTestJSON-1166426349 tempest-AttachVolumeTestJSON-1166426349-project] 10.222.0.45 "GET /v2.0/ports?device_id=37c1ad52-cea8-40b1-905d-5e36eaa60cf2 HTTP/1.1" status: 200 len: 210 time: 0.0278788
Sep 14 12:19:32.207586 dv-cinder-784945-14-smb neutron-server[93914]: DEBUG neutron_lib.callbacks.manager [None req-8f0904c3-e84b-4c42-b4a1-9da3fbc36fc3 None None] Notify callbacks ['neutron.services.segments.db._update_segment_host_mapping_for_agent-8727362157451', 'neutron.plugins.ml2.plugin.Ml2Plugin._retry_binding_revived_agents-723654'] for agent, after_update {{(pid=93914) _notify_loop /usr/local/lib/python3.8/dist-packages/neutron_lib/callbacks/manager.py:192}}
Sep 14 12:19:32.610009 dv-cinder-784945-14-smb neutron-server[93913]: DEBUG neutron.pecan_wsgi.hooks.policy_enforcement [req-c820b8a4-8026-4243-a497-4bf0b9c2d146 req-2bc2b09d-dc70-434a-baac-8591768f2f58 service neutron] Attributes excluded by policy engine: ['standard_attr_id'] {{(pid=93913) _exclude_attributes_by_policy /opt/stack/neutron/neutron/pecan_wsgi/hooks/policy_enforcement.py:255}}
Sep 14 12:19:32.611497 dv-cinder-784945-14-smb neutron-server[93913]: INFO neutron.wsgi [req-c820b8a4-8026-4243-a497-4bf0b9c2d146 req-2bc2b09d-dc70-434a-baac-8591768f2f58 service neutron] 10.222.0.58 "GET /v2.0/ports?device_id=5d0de20f-2d03-4159-8ad1-fbb8fe5af41a HTTP/1.1" status: 200 len: 1098 time: 0.0384095
