Sep 14 12:09:58.168089 dv-cinder-784945-14-iscsi neutron-server[94160]: INFO neutron.wsgi [None req-5c5cdfe0-249c-477c-b9e8-281a93967a66 admin admin] 10.222.0.20 "DELETE /v2.0/security-groups/4c9d55db-eb66-43d0-82c0-1f51a1961a82 HTTP/1.1" status: 204 len: 168 time: 0.1718061
Sep 14 12:09:58.174729 dv-cinder-784945-14-iscsi neutron-server[94160]: DEBUG neutron.api.rpc.handlers.resources_rpc [None req-5c5cdfe0-249c-477c-b9e8-281a93967a66 admin admin] Pushing event deleted for resources: {'SecurityGroup': ['ID=4c9d55db-eb66-43d0-82c0-1f51a1961a82,revision_number=None']} {{(pid=94160) push /opt/stack/neutron/neutron/api/rpc/handlers/resources_rpc.py:237}}
Sep 14 12:09:58.180757 dv-cinder-784945-14-iscsi neutron-server[94159]: DEBUG neutron_lib.callbacks.manager [req-843b0135-5193-4392-aca6-6d85407e5c9d req-99729c1c-25c2-4811-b55a-716ce9e58191 service neutron] Notify callbacks ['neutron.plugins.ml2.plugin.SecurityGroupServerNotifierRpcMixin._notify_sg_on_port_change-531330', 'neutron.plugins.ml2.ovo_rpc._ObjectChangeHandler.handle_event-430739', 'neutron.api.rpc.agentnotifiers.dhcp_rpc_agent_api.DhcpAgentNotifyAPI._native_event_send_dhcp_notification-1653838', 'neutron.db.l3_db.L3RpcNotifierMixin._notify_gateway_port_ip_changed-8740119291670', 'neutron.db.l3_dvrscheduler_db._notify_l3_agent_port_update-8740118786533', 'neutron.db.l3_hascheduler_db._notify_l3_agent_ha_port_update-8740118786551'] for port, after_update {{(pid=94159) _notify_loop /usr/local/lib/python3.8/dist-packages/neutron_lib/callbacks/manager.py:192}}
Sep 14 12:09:58.264444 dv-cinder-784945-14-iscsi neutron-server[94159]: DEBUG neutron.api.rpc.handlers.resources_rpc [None req-7621e97a-d7e2-42e1-b022-beb59af798fd service neutron] Pushing event updated for resources: {'Port': ['ID=e1a9fa5f-3ebc-4a18-90d5-2b0b155852cf,revision_number=2']} {{(pid=94159) push /opt/stack/neutron/neutron/api/rpc/handlers/resources_rpc.py:237}}
Sep 14 12:09:58.276171 dv-cinder-784945-14-iscsi neutron-server[94159]: INFO neutron.wsgi [req-8adbf539-1d71-4a24-819d-981ce4336b25 req-b8f93a49-562b-420f-8531-fe7008341e70 tempest-DeleteServersTestJSON-319311524 tempest-DeleteServersTestJSON-319311524-project] 10.222.0.20 "GET /v2.0/security-groups?id=8d4e8487-0baf-49a2-94c7-026313b3b824&fields=id&fields=name HTTP/1.1" status: 200 len: 286 time: 0.1912467
Sep 14 12:09:58.428056 dv-cinder-784945-14-iscsi neutron-server[94159]: DEBUG neutron.api.rpc.handlers.resources_rpc [None req-99729c1c-25c2-4811-b55a-716ce9e58191 service neutron] Pushing event updated for resources: {'Port': ['ID=b4f7c6a4-76f7-4033-ae3c-5630b3e3eddf,revision_number=2']} {{(pid=94159) push /opt/stack/neutron/neutron/api/rpc/handlers/resources_rpc.py:237}}
Sep 14 12:09:58.455222 dv-cinder-784945-14-iscsi neutron-server[94159]: DEBUG neutron.plugins.ml2.managers [req-cd7775a3-d922-452e-a01f-0e462cff5ee4 req-7621e97a-d7e2-42e1-b022-beb59af798fd service neutron] Attempting to bind port e1a9fa5f-3ebc-4a18-90d5-2b0b155852cf on host hv-cinder-78494 for vnic_type normal with profile {{(pid=94159) bind_port /opt/stack/neutron/neutron/plugins/ml2/managers.py:790}}
Sep 14 12:09:58.455856 dv-cinder-784945-14-iscsi neutron-server[94159]: DEBUG neutron.plugins.ml2.managers [req-cd7775a3-d922-452e-a01f-0e462cff5ee4 req-7621e97a-d7e2-42e1-b022-beb59af798fd service neutron] Attempting to bind port e1a9fa5f-3ebc-4a18-90d5-2b0b155852cf by drivers openvswitch,hyperv on host hv-cinder-78494 at level 0 using segments [{'id': '3f2d7a91-3dd4-4446-870d-ce887d43071a', 'network_type': 'vlan', 'physical_network': 'physnet1', 'segmentation_id': 615, 'network_id': '3329974f-caa5-4fbb-a97c-79e694482018'}] {{(pid=94159) _bind_port_level /opt/stack/neutron/neutron/plugins/ml2/managers.py:815}}
Sep 14 12:09:58.456397 dv-cinder-784945-14-iscsi neutron-server[94159]: DEBUG neutron.plugins.ml2.drivers.mech_agent [req-cd7775a3-d922-452e-a01f-0e462cff5ee4 req-7621e97a-d7e2-42e1-b022-beb59af798fd service neutron] Attempting to bind port e1a9fa5f-3ebc-4a18-90d5-2b0b155852cf on network 3329974f-caa5-4fbb-a97c-79e694482018 {{(pid=94159) bind_port /opt/stack/neutron/neutron/plugins/ml2/drivers/mech_agent.py:85}}
Sep 14 12:09:58.482849 dv-cinder-784945-14-iscsi neutron-server[94159]: DEBUG neutron.plugins.ml2.drivers.mech_agent [req-cd7775a3-d922-452e-a01f-0e462cff5ee4 req-7621e97a-d7e2-42e1-b022-beb59af798fd service neutron] Port e1a9fa5f-3ebc-4a18-90d5-2b0b155852cf on network 3329974f-caa5-4fbb-a97c-79e694482018 not bound, no agent of type Open vSwitch agent registered on host hv-cinder-78494 {{(pid=94159) bind_port /opt/stack/neutron/neutron/plugins/ml2/drivers/mech_agent.py:97}}
Sep 14 12:09:58.483388 dv-cinder-784945-14-iscsi neutron-server[94159]: DEBUG neutron.plugins.ml2.drivers.mech_agent [req-cd7775a3-d922-452e-a01f-0e462cff5ee4 req-7621e97a-d7e2-42e1-b022-beb59af798fd service neutron] Attempting to bind port e1a9fa5f-3ebc-4a18-90d5-2b0b155852cf on network 3329974f-caa5-4fbb-a97c-79e694482018 {{(pid=94159) bind_port /opt/stack/neutron/neutron/plugins/ml2/drivers/mech_agent.py:85}}
Sep 14 12:09:58.495331 dv-cinder-784945-14-iscsi neutron-server[94159]: DEBUG neutron.plugins.ml2.drivers.mech_agent [req-cd7775a3-d922-452e-a01f-0e462cff5ee4 req-7621e97a-d7e2-42e1-b022-beb59af798fd service neutron] Checking agent: {'id': 'dc93b8d1-e35f-4407-b99c-25c3d41f5b89', 'agent_type': 'HyperV agent', 'binary': 'neutron-hyperv-agent', 'topic': 'N/A', 'host': 'hv-cinder-78494', 'admin_state_up': True, 'created_at': datetime.datetime(2021, 9, 14, 12, 7, 35), 'started_at': datetime.datetime(2021, 9, 14, 12, 7, 35), 'heartbeat_timestamp': datetime.datetime(2021, 9, 14, 12, 9, 35), 'description': None, 'resources_synced': None, 'availability_zone': None, 'alive': True, 'configurations': {'vswitch_mappings': {'physnet1$': 'br-data'}}, 'resource_versions': {}} {{(pid=94159) bind_port /opt/stack/neutron/neutron/plugins/ml2/drivers/mech_agent.py:104}}
Sep 14 12:09:58.495938 dv-cinder-784945-14-iscsi neutron-server[94159]: DEBUG neutron.plugins.ml2.drivers.mech_agent [req-cd7775a3-d922-452e-a01f-0e462cff5ee4 req-7621e97a-d7e2-42e1-b022-beb59af798fd service neutron] Checking segment: {'id': '3f2d7a91-3dd4-4446-870d-ce887d43071a', 'network_type': 'vlan', 'physical_network': 'physnet1', 'segmentation_id': 615, 'network_id': '3329974f-caa5-4fbb-a97c-79e694482018'} for mappings: {'physnet1$': 'br-data'} with network types: ['local', 'flat', 'vlan'] {{(pid=94159) check_segment_for_agent /opt/stack/neutron/neutron/plugins/ml2/drivers/mech_agent.py:352}}
Sep 14 12:09:58.496613 dv-cinder-784945-14-iscsi neutron-server[94159]: DEBUG neutron.plugins.ml2.drivers.mech_agent [req-cd7775a3-d922-452e-a01f-0e462cff5ee4 req-7621e97a-d7e2-42e1-b022-beb59af798fd service neutron] Bound using segment: {'id': '3f2d7a91-3dd4-4446-870d-ce887d43071a', 'network_type': 'vlan', 'physical_network': 'physnet1', 'segmentation_id': 615, 'network_id': '3329974f-caa5-4fbb-a97c-79e694482018'} {{(pid=94159) bind_port /opt/stack/neutron/neutron/plugins/ml2/drivers/mech_agent.py:114}}
Sep 14 12:09:58.497269 dv-cinder-784945-14-iscsi neutron-server[94159]: DEBUG neutron.plugins.ml2.managers [req-cd7775a3-d922-452e-a01f-0e462cff5ee4 req-7621e97a-d7e2-42e1-b022-beb59af798fd service neutron] Bound port: e1a9fa5f-3ebc-4a18-90d5-2b0b155852cf, host: hv-cinder-78494, vif_type: hyperv, vif_details: {"connectivity": "legacy", "port_filter": false}, binding_levels: [{'bound_driver': 'hyperv', 'bound_segment': {'id': '3f2d7a91-3dd4-4446-870d-ce887d43071a', 'network_type': 'vlan', 'physical_network': 'physnet1', 'segmentation_id': 615, 'network_id': '3329974f-caa5-4fbb-a97c-79e694482018'}}] {{(pid=94159) _bind_port_level /opt/stack/neutron/neutron/plugins/ml2/managers.py:928}}
Sep 14 12:09:58.498060 dv-cinder-784945-14-iscsi neutron-server[94159]: DEBUG neutron_lib.callbacks.manager [req-cd7775a3-d922-452e-a01f-0e462cff5ee4 req-7621e97a-d7e2-42e1-b022-beb59af798fd service neutron] Notify callbacks ['neutron.plugins.ml2.plugin.SecurityGroupDbMixin._ensure_default_security_group_handler-531405'] for port, before_update {{(pid=94159) _notify_loop /usr/local/lib/python3.8/dist-packages/neutron_lib/callbacks/manager.py:192}}
Sep 14 12:09:58.546987 dv-cinder-784945-14-iscsi neutron-server[94159]: DEBUG neutron.pecan_wsgi.hooks.policy_enforcement [req-b6c4ca2c-af54-493a-bce6-1df846dd9f6c req-10e31846-caba-41ef-bc42-853b7b75e21b service neutron] Attributes excluded by policy engine: ['standard_attr_id', 'vlan_transparent'] {{(pid=94159) _exclude_attributes_by_policy /opt/stack/neutron/neutron/pecan_wsgi/hooks/policy_enforcement.py:255}}
Sep 14 12:09:58.548489 dv-cinder-784945-14-iscsi neutron-server[94159]: INFO neutron.wsgi [req-b6c4ca2c-af54-493a-bce6-1df846dd9f6c req-10e31846-caba-41ef-bc42-853b7b75e21b service neutron] 10.222.0.22 "GET /v2.0/networks?id=3a071452-e54a-489e-92ba-31d21538d42c HTTP/1.1" status: 200 len: 919 time: 0.4285502
Sep 14 12:09:58.557964 dv-cinder-784945-14-iscsi neutron-server[94159]: DEBUG neutron.plugins.ml2.managers [req-843b0135-5193-4392-aca6-6d85407e5c9d req-99729c1c-25c2-4811-b55a-716ce9e58191 service neutron] Attempting to bind port b4f7c6a4-76f7-4033-ae3c-5630b3e3eddf on host hv-cinder-78494 for vnic_type normal with profile {{(pid=94159) bind_port /opt/stack/neutron/neutron/plugins/ml2/managers.py:790}}
Sep 14 12:09:58.558121 dv-cinder-784945-14-iscsi neutron-server[94159]: DEBUG neutron.plugins.ml2.managers [req-843b0135-5193-4392-aca6-6d85407e5c9d req-99729c1c-25c2-4811-b55a-716ce9e58191 service neutron] Attempting to bind port b4f7c6a4-76f7-4033-ae3c-5630b3e3eddf by drivers openvswitch,hyperv on host hv-cinder-78494 at level 0 using segments [{'id': 'e19ead96-005b-4ffe-8dc7-98382ea95648', 'network_type': 'vlan', 'physical_network': 'physnet1', 'segmentation_id': 634, 'network_id': 'a954f315-17f5-4dc0-ad82-4574b6dfc4d7'}] {{(pid=94159) _bind_port_level /opt/stack/neutron/neutron/plugins/ml2/managers.py:815}}
Sep 14 12:09:58.558414 dv-cinder-784945-14-iscsi neutron-server[94159]: DEBUG neutron.plugins.ml2.drivers.mech_agent [req-843b0135-5193-4392-aca6-6d85407e5c9d req-99729c1c-25c2-4811-b55a-716ce9e58191 service neutron] Attempting to bind port b4f7c6a4-76f7-4033-ae3c-5630b3e3eddf on network a954f315-17f5-4dc0-ad82-4574b6dfc4d7 {{(pid=94159) bind_port /opt/stack/neutron/neutron/plugins/ml2/drivers/mech_agent.py:85}}
Sep 14 12:09:58.606998 dv-cinder-784945-14-iscsi neutron-server[94161]: DEBUG neutron.plugins.ml2.rpc [None req-60020ba8-d5c7-4f92-8bb0-bad53f76d150 None None] Device ce11cbc8-3d50-4742-b9bd-9b31e171ec25 details requested by agent hyperv_hv-cinder-78494 with host hv-cinder-78494 {{(pid=94161) get_device_details /opt/stack/neutron/neutron/plugins/ml2/rpc.py:102}}
Sep 14 12:09:58.611642 dv-cinder-784945-14-iscsi neutron-server[94160]: DEBUG neutron.wsgi [-] (94160) accepted ('10.222.0.20', 43914) {{(pid=94160) server /usr/local/lib/python3.8/dist-packages/eventlet/wsgi.py:982}}
Sep 14 12:09:58.628182 dv-cinder-784945-14-iscsi neutron-server[94159]: DEBUG neutron.plugins.ml2.drivers.mech_agent [req-843b0135-5193-4392-aca6-6d85407e5c9d req-99729c1c-25c2-4811-b55a-716ce9e58191 service neutron] Port b4f7c6a4-76f7-4033-ae3c-5630b3e3eddf on network a954f315-17f5-4dc0-ad82-4574b6dfc4d7 not bound, no agent of type Open vSwitch agent registered on host hv-cinder-78494 {{(pid=94159) bind_port /opt/stack/neutron/neutron/plugins/ml2/drivers/mech_agent.py:97}}
Sep 14 12:09:58.628503 dv-cinder-784945-14-iscsi neutron-server[94159]: DEBUG neutron.plugins.ml2.drivers.mech_agent [req-843b0135-5193-4392-aca6-6d85407e5c9d req-99729c1c-25c2-4811-b55a-716ce9e58191 service neutron] Attempting to bind port b4f7c6a4-76f7-4033-ae3c-5630b3e3eddf on network a954f315-17f5-4dc0-ad82-4574b6dfc4d7 {{(pid=94159) bind_port /opt/stack/neutron/neutron/plugins/ml2/drivers/mech_agent.py:85}}
Sep 14 12:09:58.633749 dv-cinder-784945-14-iscsi neutron-server[94159]: INFO neutron.wsgi [req-b6c4ca2c-af54-493a-bce6-1df846dd9f6c req-9b40334c-23d0-4f67-8225-7afe4cb7a2d2 service neutron] 10.222.0.22 "GET /v2.0/floatingips?fixed_ip_address=172.20.0.6&port_id=f1047694-2ee4-4cca-bfea-4d91ad7937cf HTTP/1.1" status: 200 len: 217 time: 0.0729437
Sep 14 12:09:58.640829 dv-cinder-784945-14-iscsi neutron-server[94161]: DEBUG neutron.plugins.ml2.rpc [None req-60020ba8-d5c7-4f92-8bb0-bad53f76d150 None None] Device b28cee58-9c56-40f2-97f8-98d9d1b5ab24 up at agent hyperv_hv-cinder-78494 {{(pid=94161) update_device_up /opt/stack/neutron/neutron/plugins/ml2/rpc.py:296}}
Sep 14 12:09:58.662312 dv-cinder-784945-14-iscsi neutron-server[94159]: DEBUG neutron.pecan_wsgi.hooks.policy_enforcement [req-89d1a5b7-7728-4b59-91bc-21e01e14b389 req-cb6d139f-4175-4bbc-b197-41f0fd3c029d tempest-AttachVolumeShelveTestJSON-228018170 tempest-AttachVolumeShelveTestJSON-228018170-project] Attributes excluded by policy engine: ['standard_attr_id', 'binding:profile', 'binding:host_id', 'binding:vif_type', 'binding:vif_details'] {{(pid=94159) _exclude_attributes_by_policy /opt/stack/neutron/neutron/pecan_wsgi/hooks/policy_enforcement.py:255}}
Sep 14 12:09:58.670280 dv-cinder-784945-14-iscsi neutron-server[94159]: INFO neutron.wsgi [req-89d1a5b7-7728-4b59-91bc-21e01e14b389 req-cb6d139f-4175-4bbc-b197-41f0fd3c029d tempest-AttachVolumeShelveTestJSON-228018170 tempest-AttachVolumeShelveTestJSON-228018170-project] 10.222.0.20 "GET /v2.0/ports?device_id=9f6c4345-386e-4cc0-bae8-7feab55d535f HTTP/1.1" status: 200 len: 944 time: 0.2731230
Sep 14 12:09:58.673171 dv-cinder-784945-14-iscsi neutron-server[94159]: DEBUG neutron.plugins.ml2.drivers.mech_agent [req-843b0135-5193-4392-aca6-6d85407e5c9d req-99729c1c-25c2-4811-b55a-716ce9e58191 service neutron] Checking agent: {'id': 'dc93b8d1-e35f-4407-b99c-25c3d41f5b89', 'agent_type': 'HyperV agent', 'binary': 'neutron-hyperv-agent', 'topic': 'N/A', 'host': 'hv-cinder-78494', 'admin_state_up': True, 'created_at': datetime.datetime(2021, 9, 14, 12, 7, 35), 'started_at': datetime.datetime(2021, 9, 14, 12, 7, 35), 'heartbeat_timestamp': datetime.datetime(2021, 9, 14, 12, 9, 35), 'description': None, 'resources_synced': None, 'availability_zone': None, 'alive': True, 'configurations': {'vswitch_mappings': {'physnet1$': 'br-data'}}, 'resource_versions': {}} {{(pid=94159) bind_port /opt/stack/neutron/neutron/plugins/ml2/drivers/mech_agent.py:104}}
Sep 14 12:09:58.673507 dv-cinder-784945-14-iscsi neutron-server[94159]: DEBUG neutron.plugins.ml2.drivers.mech_agent [req-843b0135-5193-4392-aca6-6d85407e5c9d req-99729c1c-25c2-4811-b55a-716ce9e58191 service neutron] Checking segment: {'id': 'e19ead96-005b-4ffe-8dc7-98382ea95648', 'network_type': 'vlan', 'physical_network': 'physnet1', 'segmentation_id': 634, 'network_id': 'a954f315-17f5-4dc0-ad82-4574b6dfc4d7'} for mappings: {'physnet1$': 'br-data'} with network types: ['local', 'flat', 'vlan'] {{(pid=94159) check_segment_for_agent /opt/stack/neutron/neutron/plugins/ml2/drivers/mech_agent.py:352}}
Sep 14 12:09:58.673879 dv-cinder-784945-14-iscsi neutron-server[94159]: DEBUG neutron.plugins.ml2.drivers.mech_agent [req-843b0135-5193-4392-aca6-6d85407e5c9d req-99729c1c-25c2-4811-b55a-716ce9e58191 service neutron] Bound using segment: {'id': 'e19ead96-005b-4ffe-8dc7-98382ea95648', 'network_type': 'vlan', 'physical_network': 'physnet1', 'segmentation_id': 634, 'network_id': 'a954f315-17f5-4dc0-ad82-4574b6dfc4d7'} {{(pid=94159) bind_port /opt/stack/neutron/neutron/plugins/ml2/drivers/mech_agent.py:114}}
Sep 14 12:09:58.674331 dv-cinder-784945-14-iscsi neutron-server[94159]: DEBUG neutron.plugins.ml2.managers [req-843b0135-5193-4392-aca6-6d85407e5c9d req-99729c1c-25c2-4811-b55a-716ce9e58191 service neutron] Bound port: b4f7c6a4-76f7-4033-ae3c-5630b3e3eddf, host: hv-cinder-78494, vif_type: hyperv, vif_details: {"connectivity": "legacy", "port_filter": false}, binding_levels: [{'bound_driver': 'hyperv', 'bound_segment': {'id': 'e19ead96-005b-4ffe-8dc7-98382ea95648', 'network_type': 'vlan', 'physical_network': 'physnet1', 'segmentation_id': 634, 'network_id': 'a954f315-17f5-4dc0-ad82-4574b6dfc4d7'}}] {{(pid=94159) _bind_port_level /opt/stack/neutron/neutron/plugins/ml2/managers.py:928}}
Sep 14 12:09:58.674676 dv-cinder-784945-14-iscsi neutron-server[94159]: DEBUG neutron_lib.callbacks.manager [req-843b0135-5193-4392-aca6-6d85407e5c9d req-99729c1c-25c2-4811-b55a-716ce9e58191 service neutron] Notify callbacks ['neutron.plugins.ml2.plugin.SecurityGroupDbMixin._ensure_default_security_group_handler-531405'] for port, before_update {{(pid=94159) _notify_loop /usr/local/lib/python3.8/dist-packages/neutron_lib/callbacks/manager.py:192}}
Sep 14 12:09:58.770977 dv-cinder-784945-14-iscsi neutron-server[94159]: DEBUG neutron.plugins.ml2.db [req-cd7775a3-d922-452e-a01f-0e462cff5ee4 req-7621e97a-d7e2-42e1-b022-beb59af798fd service neutron] For port e1a9fa5f-3ebc-4a18-90d5-2b0b155852cf, host hv-cinder-78494, cleared binding levels {{(pid=94159) clear_binding_levels /opt/stack/neutron/neutron/plugins/ml2/db.py:87}}
Sep 14 12:09:58.771143 dv-cinder-784945-14-iscsi neutron-server[94160]: DEBUG neutron_lib.callbacks.manager [None req-418fcd42-729c-4e5c-a8d8-b3cd290ecc96 admin admin] Notify callbacks [] for security_group, before_create {{(pid=94160) _notify_loop /usr/local/lib/python3.8/dist-packages/neutron_lib/callbacks/manager.py:192}}
Sep 14 12:09:58.774665 dv-cinder-784945-14-iscsi neutron-server[94159]: DEBUG neutron.pecan_wsgi.hooks.policy_enforcement [req-b6c4ca2c-af54-493a-bce6-1df846dd9f6c req-6d342e35-bb44-457e-8891-08385f53b6e2 service neutron] Attributes excluded by policy engine: ['standard_attr_id', 'shared'] {{(pid=94159) _exclude_attributes_by_policy /opt/stack/neutron/neutron/pecan_wsgi/hooks/policy_enforcement.py:255}}
Sep 14 12:09:58.776499 dv-cinder-784945-14-iscsi neutron-server[94159]: INFO neutron.wsgi [req-b6c4ca2c-af54-493a-bce6-1df846dd9f6c req-6d342e35-bb44-457e-8891-08385f53b6e2 service neutron] 10.222.0.22 "GET /v2.0/subnets?id=a3ea5e92-0ff4-4e73-ace0-515dc4388b17 HTTP/1.1" status: 200 len: 858 time: 0.1336913
Sep 14 12:09:58.794210 dv-cinder-784945-14-iscsi neutron-server[94161]: DEBUG neutron.db.provisioning_blocks [None req-60020ba8-d5c7-4f92-8bb0-bad53f76d150 None None] Provisioning for port b28cee58-9c56-40f2-97f8-98d9d1b5ab24 completed by entity L2. {{(pid=94161) provisioning_complete /opt/stack/neutron/neutron/db/provisioning_blocks.py:133}}
Sep 14 12:09:58.808036 dv-cinder-784945-14-iscsi neutron-server[94161]: DEBUG neutron.db.provisioning_blocks [None req-60020ba8-d5c7-4f92-8bb0-bad53f76d150 None None] Provisioning complete for port b28cee58-9c56-40f2-97f8-98d9d1b5ab24 triggered by entity L2. {{(pid=94161) provisioning_complete /opt/stack/neutron/neutron/db/provisioning_blocks.py:139}}
Sep 14 12:09:58.808776 dv-cinder-784945-14-iscsi neutron-server[94161]: DEBUG neutron_lib.callbacks.manager [None req-60020ba8-d5c7-4f92-8bb0-bad53f76d150 None None] Notify callbacks ['neutron.plugins.ml2.plugin.Ml2Plugin._port_provisioned-604985'] for port, provisioning_complete {{(pid=94161) _notify_loop /usr/local/lib/python3.8/dist-packages/neutron_lib/callbacks/manager.py:192}}
Sep 14 12:09:58.811932 dv-cinder-784945-14-iscsi neutron-server[94161]: DEBUG neutron.plugins.ml2.db [None req-60020ba8-d5c7-4f92-8bb0-bad53f76d150 None None] For port ce11cbc8-3d50-4742-b9bd-9b31e171ec25, host hv-cinder-78494, got binding levels [PortBindingLevel(driver='hyperv',host='hv-cinder-78494',level=0,port_id=ce11cbc8-3d50-4742-b9bd-9b31e171ec25,segment=NetworkSegment(374805a8-30f8-41af-bb97-b8749f10030f),segment_id=374805a8-30f8-41af-bb97-b8749f10030f)] {{(pid=94161) get_binding_level_objs /opt/stack/neutron/neutron/plugins/ml2/db.py:74}}
Sep 14 12:09:58.885948 dv-cinder-784945-14-iscsi neutron-server[94161]: DEBUG neutron.plugins.ml2.rpc [None req-60020ba8-d5c7-4f92-8bb0-bad53f76d150 None None] Returning: {'device': 'ce11cbc8-3d50-4742-b9bd-9b31e171ec25', 'network_id': '3a071452-e54a-489e-92ba-31d21538d42c', 'port_id': 'ce11cbc8-3d50-4742-b9bd-9b31e171ec25', 'mac_address': 'fa:16:3e:e2:0d:8b', 'admin_state_up': True, 'network_type': 'vlan', 'segmentation_id': 612, 'physical_network': 'physnet1', 'mtu': 1500, 'fixed_ips': [{'subnet_id': 'a3ea5e92-0ff4-4e73-ace0-515dc4388b17', 'ip_address': '172.20.0.10'}], 'device_owner': 'compute:nova', 'allowed_address_pairs': [], 'port_security_enabled': True, 'qos_policy_id': None, 'network_qos_policy_id': None, 'profile': {}, 'propagate_uplink_status': False} {{(pid=94161) _get_device_details /opt/stack/neutron/neutron/plugins/ml2/rpc.py:184}}
Sep 14 12:09:58.901107 dv-cinder-784945-14-iscsi neutron-server[94159]: INFO neutron.wsgi [req-89d1a5b7-7728-4b59-91bc-21e01e14b389 req-09584873-8ac5-48e9-972b-db185219b37a tempest-AttachVolumeShelveTestJSON-228018170 tempest-AttachVolumeShelveTestJSON-228018170-project] 10.222.0.20 "GET /v2.0/security-groups?id=33fdcdfb-d497-4c88-91fe-f89d52188fc4&fields=id&fields=name HTTP/1.1" status: 200 len: 313 time: 0.2298963
Sep 14 12:09:58.924142 dv-cinder-784945-14-iscsi neutron-server[94160]: DEBUG neutron_lib.callbacks.manager [None req-418fcd42-729c-4e5c-a8d8-b3cd290ecc96 admin admin] Notify callbacks [] for security_group, precommit_create {{(pid=94160) _notify_loop /usr/local/lib/python3.8/dist-packages/neutron_lib/callbacks/manager.py:192}}
Sep 14 12:09:58.931827 dv-cinder-784945-14-iscsi neutron-server[94160]: DEBUG neutron_lib.callbacks.manager [None req-418fcd42-729c-4e5c-a8d8-b3cd290ecc96 admin admin] Notify callbacks ['neutron.plugins.ml2.ovo_rpc._ObjectChangeHandler.handle_event-1584330'] for security_group, after_create {{(pid=94160) _notify_loop /usr/local/lib/python3.8/dist-packages/neutron_lib/callbacks/manager.py:192}}
Sep 14 12:09:58.954065 dv-cinder-784945-14-iscsi neutron-server[94159]: DEBUG neutron.plugins.ml2.db [req-cd7775a3-d922-452e-a01f-0e462cff5ee4 req-7621e97a-d7e2-42e1-b022-beb59af798fd service neutron] For port e1a9fa5f-3ebc-4a18-90d5-2b0b155852cf, host hv-cinder-78494, set binding levels [PortBindingLevel(driver='hyperv',host='hv-cinder-78494',level=0,port_id=e1a9fa5f-3ebc-4a18-90d5-2b0b155852cf,segment=NetworkSegment(3f2d7a91-3dd4-4446-870d-ce887d43071a),segment_id=3f2d7a91-3dd4-4446-870d-ce887d43071a)] {{(pid=94159) set_binding_levels /opt/stack/neutron/neutron/plugins/ml2/db.py:59}}
Sep 14 12:09:58.956363 dv-cinder-784945-14-iscsi neutron-server[94159]: INFO neutron.wsgi [req-b6c4ca2c-af54-493a-bce6-1df846dd9f6c req-040c403d-6fb1-4ee3-954d-838a3ccc4d2a service neutron] 10.222.0.22 "GET /v2.0/ports?network_id=3a071452-e54a-489e-92ba-31d21538d42c&device_owner=network%3Adhcp HTTP/1.1" status: 200 len: 210 time: 0.1056252
Sep 14 12:09:58.972514 dv-cinder-784945-14-iscsi neutron-server[94161]: DEBUG neutron_lib.callbacks.manager [None req-919ea645-e1ed-48a4-9cce-29939e865386 None None] Notify callbacks ['neutron.services.segments.db._update_segment_host_mapping_for_agent-8740119298955', 'neutron.plugins.ml2.plugin.Ml2Plugin._retry_binding_revived_agents-604628'] for agent, after_update {{(pid=94161) _notify_loop /usr/local/lib/python3.8/dist-packages/neutron_lib/callbacks/manager.py:192}}
Sep 14 12:09:58.974346 dv-cinder-784945-14-iscsi neutron-server[94160]: INFO neutron.wsgi [None req-418fcd42-729c-4e5c-a8d8-b3cd290ecc96 admin admin] 10.222.0.20 "GET /v2.0/security-groups?tenant_id=78878dbbc04543d4b5bdeb97859203a3&name=default HTTP/1.1" status: 200 len: 2979 time: 0.3609583
Sep 14 12:09:58.982145 dv-cinder-784945-14-iscsi neutron-server[94160]: DEBUG neutron.wsgi [-] (94160) accepted ('10.222.0.20', 43938) {{(pid=94160) server /usr/local/lib/python3.8/dist-packages/eventlet/wsgi.py:982}}
Sep 14 12:09:58.983658 dv-cinder-784945-14-iscsi neutron-server[94161]: DEBUG neutron_lib.callbacks.manager [None req-60020ba8-d5c7-4f92-8bb0-bad53f76d150 None None] Notify callbacks ['neutron.plugins.ml2.plugin.SecurityGroupDbMixin._ensure_default_security_group_handler-531405'] for port, before_update {{(pid=94161) _notify_loop /usr/local/lib/python3.8/dist-packages/neutron_lib/callbacks/manager.py:192}}
Sep 14 12:09:59.042101 dv-cinder-784945-14-iscsi neutron-server[94159]: DEBUG neutron_lib.callbacks.manager [req-cd7775a3-d922-452e-a01f-0e462cff5ee4 req-7621e97a-d7e2-42e1-b022-beb59af798fd service neutron] Notify callbacks ['neutron.plugins.ml2.plugin.SecurityGroupServerNotifierRpcMixin._notify_sg_on_port_change-531330', 'neutron.plugins.ml2.ovo_rpc._ObjectChangeHandler.handle_event-430739', 'neutron.api.rpc.agentnotifiers.dhcp_rpc_agent_api.DhcpAgentNotifyAPI._native_event_send_dhcp_notification-1653838', 'neutron.db.l3_db.L3RpcNotifierMixin._notify_gateway_port_ip_changed-8740119291670', 'neutron.db.l3_dvrscheduler_db._notify_l3_agent_port_update-8740118786533', 'neutron.db.l3_hascheduler_db._notify_l3_agent_ha_port_update-8740118786551'] for port, after_update {{(pid=94159) _notify_loop /usr/local/lib/python3.8/dist-packages/neutron_lib/callbacks/manager.py:192}}
Sep 14 12:09:59.066297 dv-cinder-784945-14-iscsi neutron-server[94161]: DEBUG neutron.notifiers.nova [None req-60020ba8-d5c7-4f92-8bb0-bad53f76d150 None None] Ignoring state change previous_port_status: DOWN current_port_status: BUILD port_id ce11cbc8-3d50-4742-b9bd-9b31e171ec25 {{(pid=94161) record_port_status_changed /opt/stack/neutron/neutron/notifiers/nova.py:224}}
Sep 14 12:09:59.086467 dv-cinder-784945-14-iscsi neutron-server[94160]: DEBUG neutron_lib.callbacks.manager [None req-1e6338d6-e659-4e13-94ff-1e6d14221d65 admin admin] Notify callbacks [] for security_group, before_delete {{(pid=94160) _notify_loop /usr/local/lib/python3.8/dist-packages/neutron_lib/callbacks/manager.py:192}}
Sep 14 12:09:59.119275 dv-cinder-784945-14-iscsi neutron-server[94160]: DEBUG neutron_lib.callbacks.manager [None req-1e6338d6-e659-4e13-94ff-1e6d14221d65 admin admin] Notify callbacks [] for security_group, precommit_delete {{(pid=94160) _notify_loop /usr/local/lib/python3.8/dist-packages/neutron_lib/callbacks/manager.py:192}}
Sep 14 12:09:59.165355 dv-cinder-784945-14-iscsi neutron-server[94161]: DEBUG neutron_lib.callbacks.manager [None req-60020ba8-d5c7-4f92-8bb0-bad53f76d150 None None] Notify callbacks ['neutron.plugins.ml2.plugin.SecurityGroupDbMixin._ensure_default_security_group_handler-531405'] for port, before_update {{(pid=94161) _notify_loop /usr/local/lib/python3.8/dist-packages/neutron_lib/callbacks/manager.py:192}}
Sep 14 12:09:59.173430 dv-cinder-784945-14-iscsi neutron-server[94160]: DEBUG neutron.api.rpc.handlers.resources_rpc [None req-418fcd42-729c-4e5c-a8d8-b3cd290ecc96 admin admin] Pushing event updated for resources: {'SecurityGroup': ['ID=cbfa5752-4363-42e3-b3d6-e1da7a48cafe,revision_number=1']} {{(pid=94160) push /opt/stack/neutron/neutron/api/rpc/handlers/resources_rpc.py:237}}
Sep 14 12:09:59.175724 dv-cinder-784945-14-iscsi neutron-server[94161]: DEBUG neutron.plugins.ml2.db [None req-60020ba8-d5c7-4f92-8bb0-bad53f76d150 None None] For port ce11cbc8-3d50-4742-b9bd-9b31e171ec25, host hv-cinder-78494, got binding levels [PortBindingLevel(driver='hyperv',host='hv-cinder-78494',level=0,port_id=ce11cbc8-3d50-4742-b9bd-9b31e171ec25,segment=NetworkSegment(374805a8-30f8-41af-bb97-b8749f10030f),segment_id=374805a8-30f8-41af-bb97-b8749f10030f)] {{(pid=94161) get_binding_level_objs /opt/stack/neutron/neutron/plugins/ml2/db.py:74}}
Sep 14 12:09:59.189857 dv-cinder-784945-14-iscsi neutron-server[94161]: DEBUG neutron_lib.callbacks.manager [None req-60020ba8-d5c7-4f92-8bb0-bad53f76d150 None None] Notify callbacks ['neutron.plugins.ml2.plugin.SecurityGroupServerNotifierRpcMixin._notify_sg_on_port_change-531330', 'neutron.plugins.ml2.ovo_rpc._ObjectChangeHandler.handle_event-430739', 'neutron.api.rpc.agentnotifiers.dhcp_rpc_agent_api.DhcpAgentNotifyAPI._native_event_send_dhcp_notification-1653838', 'neutron.db.l3_db.L3RpcNotifierMixin._notify_gateway_port_ip_changed-8740119291670', 'neutron.db.l3_dvrscheduler_db._notify_l3_agent_port_update-8740118786533', 'neutron.db.l3_hascheduler_db._notify_l3_agent_ha_port_update-8740118786551'] for port, after_update {{(pid=94161) _notify_loop /usr/local/lib/python3.8/dist-packages/neutron_lib/callbacks/manager.py:192}}
Sep 14 12:09:59.212846 dv-cinder-784945-14-iscsi neutron-server[94160]: DEBUG neutron_lib.callbacks.manager [None req-1e6338d6-e659-4e13-94ff-1e6d14221d65 admin admin] Notify callbacks ['neutron.plugins.ml2.ovo_rpc._ObjectChangeHandler.handle_event-1584330'] for security_group, after_delete {{(pid=94160) _notify_loop /usr/local/lib/python3.8/dist-packages/neutron_lib/callbacks/manager.py:192}}
Sep 14 12:09:59.215747 dv-cinder-784945-14-iscsi neutron-server[94160]: DEBUG neutron_lib.callbacks.manager [None req-1e6338d6-e659-4e13-94ff-1e6d14221d65 admin admin] Notify callbacks [] for security_group, before_response {{(pid=94160) _notify_loop /usr/local/lib/python3.8/dist-packages/neutron_lib/callbacks/manager.py:192}}
Sep 14 12:09:59.219488 dv-cinder-784945-14-iscsi neutron-server[94160]: INFO neutron.wsgi [None req-1e6338d6-e659-4e13-94ff-1e6d14221d65 admin admin] 10.222.0.20 "DELETE /v2.0/security-groups/cbfa5752-4363-42e3-b3d6-e1da7a48cafe HTTP/1.1" status: 204 len: 168 time: 0.2336359
Sep 14 12:09:59.229996 dv-cinder-784945-14-iscsi neutron-server[94160]: DEBUG neutron.api.rpc.handlers.resources_rpc [None req-1e6338d6-e659-4e13-94ff-1e6d14221d65 admin admin] Pushing event deleted for resources: {'SecurityGroup': ['ID=cbfa5752-4363-42e3-b3d6-e1da7a48cafe,revision_number=None']} {{(pid=94160) push /opt/stack/neutron/neutron/api/rpc/handlers/resources_rpc.py:237}}
Sep 14 12:09:59.258036 dv-cinder-784945-14-iscsi neutron-server[94161]: DEBUG neutron.notifiers.nova [-] Sending events: [{'server_uuid': '0e14842b-b579-428d-abd4-6be2dceeea92', 'name': 'network-vif-plugged', 'status': 'completed', 'tag': 'b28cee58-9c56-40f2-97f8-98d9d1b5ab24'}] {{(pid=94161) send_events /opt/stack/neutron/neutron/notifiers/nova.py:262}}
Sep 14 12:09:59.262775 dv-cinder-784945-14-iscsi neutron-server[94159]: DEBUG neutron.pecan_wsgi.hooks.policy_enforcement [req-cd7775a3-d922-452e-a01f-0e462cff5ee4 req-7621e97a-d7e2-42e1-b022-beb59af798fd service neutron] Attributes excluded by policy engine: ['standard_attr_id'] {{(pid=94159) _exclude_attributes_by_policy /opt/stack/neutron/neutron/pecan_wsgi/hooks/policy_enforcement.py:255}}
Sep 14 12:09:59.263671 dv-cinder-784945-14-iscsi neutron-server[94159]: DEBUG neutron_lib.callbacks.manager [req-cd7775a3-d922-452e-a01f-0e462cff5ee4 req-7621e97a-d7e2-42e1-b022-beb59af798fd service neutron] Notify callbacks ['neutron.notifiers.nova.Notifier._send_nova_notification-513208', 'neutron.api.rpc.agentnotifiers.dhcp_rpc_agent_api.DhcpAgentNotifyAPI._send_dhcp_notification-1653852'] for port, before_response {{(pid=94159) _notify_loop /usr/local/lib/python3.8/dist-packages/neutron_lib/callbacks/manager.py:192}}
Sep 14 12:09:59.265453 dv-cinder-784945-14-iscsi neutron-server[94159]: INFO neutron.wsgi [req-cd7775a3-d922-452e-a01f-0e462cff5ee4 req-7621e97a-d7e2-42e1-b022-beb59af798fd service neutron] 10.222.0.22 "PUT /v2.0/ports/e1a9fa5f-3ebc-4a18-90d5-2b0b155852cf HTTP/1.1" status: 200 len: 1093 time: 2.6704793
Sep 14 12:09:59.275541 dv-cinder-784945-14-iscsi neutron-server[94159]: DEBUG neutron.notifiers.nova [-] Sending events: [{'name': 'network-changed', 'server_uuid': '35d74d64-7872-47f6-99e2-6b42f518dc45', 'tag': 'e1a9fa5f-3ebc-4a18-90d5-2b0b155852cf'}] {{(pid=94159) send_events /opt/stack/neutron/neutron/notifiers/nova.py:262}}
Sep 14 12:09:59.278242 dv-cinder-784945-14-iscsi neutron-server[94159]: DEBUG novaclient.v2.client [-] REQ: curl -g -i --cacert "/opt/stack/data/ca-bundle.pem" -X POST http://10.222.0.20/compute/v2.1/os-server-external-events -H "Accept: application/json" -H "Content-Type: application/json" -H "User-Agent: python-novaclient" -H "X-Auth-Token: {SHA256}417b8a24ea7d9cce59f717fc1b511b7c1a1944d8d0758de4db2852b3307084f1" -H "X-OpenStack-Nova-API-Version: 2.1" -H "X-OpenStack-Request-ID: req-e262b408-40eb-4aa9-8d95-6cec05f476bd" -d '{"events": [{"name": "network-changed", "server_uuid": "35d74d64-7872-47f6-99e2-6b42f518dc45", "tag": "e1a9fa5f-3ebc-4a18-90d5-2b0b155852cf"}]}' {{(pid=94159) _http_log_request /usr/local/lib/python3.8/dist-packages/keystoneauth1/session.py:519}}
Sep 14 12:09:59.319260 dv-cinder-784945-14-iscsi neutron-server[94159]: DEBUG neutron.pecan_wsgi.hooks.policy_enforcement [req-7956862d-7c62-4b07-9688-e807d234986e req-486ab71c-2da1-435b-b582-5570152275cb tempest-AttachVolumeTestJSON-1103454686 tempest-AttachVolumeTestJSON-1103454686-project] Attributes excluded by policy engine: ['standard_attr_id', 'binding:profile', 'binding:host_id', 'binding:vif_type', 'binding:vif_details'] {{(pid=94159) _exclude_attributes_by_policy /opt/stack/neutron/neutron/pecan_wsgi/hooks/policy_enforcement.py:255}}
Sep 14 12:09:59.326776 dv-cinder-784945-14-iscsi neutron-server[94159]: INFO neutron.wsgi [req-7956862d-7c62-4b07-9688-e807d234986e req-486ab71c-2da1-435b-b582-5570152275cb tempest-AttachVolumeTestJSON-1103454686 tempest-AttachVolumeTestJSON-1103454686-project] 10.222.0.20 "GET /v2.0/ports?device_id=35d74d64-7872-47f6-99e2-6b42f518dc45 HTTP/1.1" status: 200 len: 943 time: 0.4113154
Sep 14 12:09:59.328755 dv-cinder-784945-14-iscsi neutron-server[94159]: DEBUG neutron.api.rpc.handlers.resources_rpc [None req-7621e97a-d7e2-42e1-b022-beb59af798fd service neutron] Pushing event updated for resources: {'Port': ['ID=e1a9fa5f-3ebc-4a18-90d5-2b0b155852cf,revision_number=3']} {{(pid=94159) push /opt/stack/neutron/neutron/api/rpc/handlers/resources_rpc.py:237}}
Sep 14 12:09:59.384304 dv-cinder-784945-14-iscsi neutron-server[94161]: DEBUG neutron.plugins.ml2.db [None req-60020ba8-d5c7-4f92-8bb0-bad53f76d150 None None] For port b28cee58-9c56-40f2-97f8-98d9d1b5ab24, host hv-cinder-78494, got binding levels [PortBindingLevel(driver='hyperv',host='hv-cinder-78494',level=0,port_id=b28cee58-9c56-40f2-97f8-98d9d1b5ab24,segment=NetworkSegment(e7c0df0b-cd03-4e97-9906-35b3f9e7d89a),segment_id=e7c0df0b-cd03-4e97-9906-35b3f9e7d89a)] {{(pid=94161) get_binding_level_objs /opt/stack/neutron/neutron/plugins/ml2/db.py:74}}
Sep 14 12:09:59.399494 dv-cinder-784945-14-iscsi neutron-server[94161]: DEBUG neutron_lib.callbacks.manager [None req-60020ba8-d5c7-4f92-8bb0-bad53f76d150 None None] Notify callbacks ['neutron.plugins.ml2.plugin.SecurityGroupServerNotifierRpcMixin._notify_sg_on_port_change-531330', 'neutron.plugins.ml2.ovo_rpc._ObjectChangeHandler.handle_event-430739', 'neutron.api.rpc.agentnotifiers.dhcp_rpc_agent_api.DhcpAgentNotifyAPI._native_event_send_dhcp_notification-1653838', 'neutron.db.l3_db.L3RpcNotifierMixin._notify_gateway_port_ip_changed-8740119291670', 'neutron.db.l3_dvrscheduler_db._notify_l3_agent_port_update-8740118786533', 'neutron.db.l3_hascheduler_db._notify_l3_agent_ha_port_update-8740118786551'] for port, after_update {{(pid=94161) _notify_loop /usr/local/lib/python3.8/dist-packages/neutron_lib/callbacks/manager.py:192}}
Sep 14 12:09:59.403721 dv-cinder-784945-14-iscsi neutron-server[94161]: DEBUG neutron.api.rpc.handlers.resources_rpc [None req-60020ba8-d5c7-4f92-8bb0-bad53f76d150 None None] Pushing event updated for resources: {'Port': ['ID=ce11cbc8-3d50-4742-b9bd-9b31e171ec25,revision_number=4']} {{(pid=94161) push /opt/stack/neutron/neutron/api/rpc/handlers/resources_rpc.py:237}}
Sep 14 12:09:59.406417 dv-cinder-784945-14-iscsi neutron-server[94159]: DEBUG neutron.plugins.ml2.db [req-843b0135-5193-4392-aca6-6d85407e5c9d req-99729c1c-25c2-4811-b55a-716ce9e58191 service neutron] For port b4f7c6a4-76f7-4033-ae3c-5630b3e3eddf, host hv-cinder-78494, cleared binding levels {{(pid=94159) clear_binding_levels /opt/stack/neutron/neutron/plugins/ml2/db.py:87}}
Sep 14 12:09:59.484264 dv-cinder-784945-14-iscsi neutron-server[94161]: DEBUG neutron.api.rpc.handlers.resources_rpc [None req-60020ba8-d5c7-4f92-8bb0-bad53f76d150 None None] Pushing event updated for resources: {'Port': ['ID=b28cee58-9c56-40f2-97f8-98d9d1b5ab24,revision_number=5']} {{(pid=94161) push /opt/stack/neutron/neutron/api/rpc/handlers/resources_rpc.py:237}}
Sep 14 12:09:59.626775 dv-cinder-784945-14-iscsi neutron-server[94160]: DEBUG neutron.wsgi [-] (94160) accepted ('10.222.0.20', 43970) {{(pid=94160) server /usr/local/lib/python3.8/dist-packages/eventlet/wsgi.py:982}}
Sep 14 12:09:59.643450 dv-cinder-784945-14-iscsi neutron-server[94159]: DEBUG neutron.pecan_wsgi.hooks.policy_enforcement [req-c3badc8a-8446-46f1-b37c-c4cf57c13bcb req-e611240b-4ff2-4911-9e28-9e01b6d3713b tempest-ServerRescueNegativeTestJSON-141983032 tempest-ServerRescueNegativeTestJSON-141983032-project] Attributes excluded by policy engine: ['standard_attr_id', 'binding:profile', 'binding:host_id', 'binding:vif_type', 'binding:vif_details'] {{(pid=94159) _exclude_attributes_by_policy /opt/stack/neutron/neutron/pecan_wsgi/hooks/policy_enforcement.py:255}}
Sep 14 12:09:59.647369 dv-cinder-784945-14-iscsi neutron-server[94159]: INFO neutron.wsgi [req-c3badc8a-8446-46f1-b37c-c4cf57c13bcb req-e611240b-4ff2-4911-9e28-9e01b6d3713b tempest-ServerRescueNegativeTestJSON-141983032 tempest-ServerRescueNegativeTestJSON-141983032-project] 10.222.0.20 "GET /v2.0/ports?device_id=402800b9-4b66-4346-be05-6821b000842c HTTP/1.1" status: 200 len: 943 time: 0.6065614
Sep 14 12:09:59.713948 dv-cinder-784945-14-iscsi neutron-server[94159]: DEBUG neutron.plugins.ml2.db [req-843b0135-5193-4392-aca6-6d85407e5c9d req-99729c1c-25c2-4811-b55a-716ce9e58191 service neutron] For port b4f7c6a4-76f7-4033-ae3c-5630b3e3eddf, host hv-cinder-78494, set binding levels [PortBindingLevel(driver='hyperv',host='hv-cinder-78494',level=0,port_id=b4f7c6a4-76f7-4033-ae3c-5630b3e3eddf,segment=NetworkSegment(e19ead96-005b-4ffe-8dc7-98382ea95648),segment_id=e19ead96-005b-4ffe-8dc7-98382ea95648)] {{(pid=94159) set_binding_levels /opt/stack/neutron/neutron/plugins/ml2/db.py:59}}
Sep 14 12:09:59.741706 dv-cinder-784945-14-iscsi neutron-server[94161]: DEBUG novaclient.v2.client [-] REQ: curl -g -i --cacert "/opt/stack/data/ca-bundle.pem" -X POST http://10.222.0.20/compute/v2.1/os-server-external-events -H "Accept: application/json" -H "Content-Type: application/json" -H "User-Agent: python-novaclient" -H "X-Auth-Token: {SHA256}3d744f03943afa21051116ed1785b029a16b99582c79ae05b504dba181d486f2" -H "X-OpenStack-Nova-API-Version: 2.1" -H "X-OpenStack-Request-ID: req-e6287f9c-5fa0-42f4-950c-383099f76b28" -d '{"events": [{"server_uuid": "0e14842b-b579-428d-abd4-6be2dceeea92", "name": "network-vif-plugged", "status": "completed", "tag": "b28cee58-9c56-40f2-97f8-98d9d1b5ab24"}]}' {{(pid=94161) _http_log_request /usr/local/lib/python3.8/dist-packages/keystoneauth1/session.py:519}}
Sep 14 12:09:59.742996 dv-cinder-784945-14-iscsi neutron-server[94159]: DEBUG neutron_lib.callbacks.manager [req-843b0135-5193-4392-aca6-6d85407e5c9d req-99729c1c-25c2-4811-b55a-716ce9e58191 service neutron] Notify callbacks ['neutron.plugins.ml2.plugin.SecurityGroupServerNotifierRpcMixin._notify_sg_on_port_change-531330', 'neutron.plugins.ml2.ovo_rpc._ObjectChangeHandler.handle_event-430739', 'neutron.api.rpc.agentnotifiers.dhcp_rpc_agent_api.DhcpAgentNotifyAPI._native_event_send_dhcp_notification-1653838', 'neutron.db.l3_db.L3RpcNotifierMixin._notify_gateway_port_ip_changed-8740119291670', 'neutron.db.l3_dvrscheduler_db._notify_l3_agent_port_update-8740118786533', 'neutron.db.l3_hascheduler_db._notify_l3_agent_ha_port_update-8740118786551'] for port, after_update {{(pid=94159) _notify_loop /usr/local/lib/python3.8/dist-packages/neutron_lib/callbacks/manager.py:192}}
Sep 14 12:09:59.786964 dv-cinder-784945-14-iscsi neutron-server[94159]: INFO neutron.wsgi [req-7956862d-7c62-4b07-9688-e807d234986e req-af4ea793-b81e-4c9f-a8cb-8b34e23964e5 tempest-AttachVolumeTestJSON-1103454686 tempest-AttachVolumeTestJSON-1103454686-project] 10.222.0.20 "GET /v2.0/security-groups?id=21a86fea-96d5-42ce-94b6-db00a7630461&fields=id&fields=name HTTP/1.1" status: 200 len: 313 time: 0.4588153
Sep 14 12:09:59.801102 dv-cinder-784945-14-iscsi neutron-server[94159]: INFO neutron.wsgi [req-c3badc8a-8446-46f1-b37c-c4cf57c13bcb req-832ca84e-93b2-422c-9452-eaf2f6b69c26 tempest-ServerRescueNegativeTestJSON-141983032 tempest-ServerRescueNegativeTestJSON-141983032-project] 10.222.0.20 "GET /v2.0/security-groups?id=a748296a-f4d1-43da-b987-c8c36d3c30e5&fields=id&fields=name HTTP/1.1" status: 200 len: 286 time: 0.1225080
Sep 14 12:09:59.820815 dv-cinder-784945-14-iscsi neutron-server[94159]: INFO neutron.wsgi [req-b6c4ca2c-af54-493a-bce6-1df846dd9f6c req-5c7b541c-f5a4-4227-8f9b-3ca9954c9e82 service neutron] 10.222.0.22 "GET /v2.0/networks/3a071452-e54a-489e-92ba-31d21538d42c?fields=segments HTTP/1.1" status: 200 len: 212 time: 0.7904956
Sep 14 12:09:59.829165 dv-cinder-784945-14-iscsi neutron-server[94159]: DEBUG neutron.pecan_wsgi.hooks.policy_enforcement [req-843b0135-5193-4392-aca6-6d85407e5c9d req-99729c1c-25c2-4811-b55a-716ce9e58191 service neutron] Attributes excluded by policy engine: ['standard_attr_id'] {{(pid=94159) _exclude_attributes_by_policy /opt/stack/neutron/neutron/pecan_wsgi/hooks/policy_enforcement.py:255}}
Sep 14 12:09:59.829807 dv-cinder-784945-14-iscsi neutron-server[94159]: DEBUG neutron_lib.callbacks.manager [req-843b0135-5193-4392-aca6-6d85407e5c9d req-99729c1c-25c2-4811-b55a-716ce9e58191 service neutron] Notify callbacks ['neutron.notifiers.nova.Notifier._send_nova_notification-513208', 'neutron.api.rpc.agentnotifiers.dhcp_rpc_agent_api.DhcpAgentNotifyAPI._send_dhcp_notification-1653852'] for port, before_response {{(pid=94159) _notify_loop /usr/local/lib/python3.8/dist-packages/neutron_lib/callbacks/manager.py:192}}
Sep 14 12:09:59.839418 dv-cinder-784945-14-iscsi neutron-server[94159]: INFO neutron.wsgi [req-843b0135-5193-4392-aca6-6d85407e5c9d req-99729c1c-25c2-4811-b55a-716ce9e58191 service neutron] 10.222.0.22 "PUT /v2.0/ports/b4f7c6a4-76f7-4033-ae3c-5630b3e3eddf HTTP/1.1" status: 200 len: 1094 time: 3.2352579
Sep 14 12:09:59.841654 dv-cinder-784945-14-iscsi neutron-server[94159]: DEBUG neutron.pecan_wsgi.hooks.policy_enforcement [req-cd7775a3-d922-452e-a01f-0e462cff5ee4 req-3b7d90c9-1359-467e-a745-70f1127d9837 service neutron] Attributes excluded by policy engine: ['standard_attr_id'] {{(pid=94159) _exclude_attributes_by_policy /opt/stack/neutron/neutron/pecan_wsgi/hooks/policy_enforcement.py:255}}
Sep 14 12:09:59.843189 dv-cinder-784945-14-iscsi neutron-server[94159]: INFO neutron.wsgi [req-cd7775a3-d922-452e-a01f-0e462cff5ee4 req-3b7d90c9-1359-467e-a745-70f1127d9837 service neutron] 10.222.0.22 "GET /v2.0/ports?tenant_id=bc7f932fd90541ac8eb8962205371d28&device_id=35d74d64-7872-47f6-99e2-6b42f518dc45 HTTP/1.1" status: 200 len: 1096 time: 0.4971621
Sep 14 12:09:59.870878 dv-cinder-784945-14-iscsi neutron-server[94159]: DEBUG novaclient.v2.client [-] RESP: [200] Connection: close Content-Length: 179 Content-Type: application/json Date: Tue, 14 Sep 2021 12:09:59 GMT OpenStack-API-Version: compute 2.1 Server: Apache/2.4.41 (Ubuntu) Vary: OpenStack-API-Version,X-OpenStack-Nova-API-Version X-OpenStack-Nova-API-Version: 2.1 x-compute-request-id: req-b63c2b1c-dd7d-4bc1-9109-6eb0e126f22b x-openstack-request-id: req-b63c2b1c-dd7d-4bc1-9109-6eb0e126f22b {{(pid=94159) _http_log_response /usr/local/lib/python3.8/dist-packages/keystoneauth1/session.py:550}}
Sep 14 12:09:59.875362 dv-cinder-784945-14-iscsi neutron-server[94159]: DEBUG novaclient.v2.client [-] RESP BODY: {"events": [{"name": "network-changed", "server_uuid": "35d74d64-7872-47f6-99e2-6b42f518dc45", "tag": "e1a9fa5f-3ebc-4a18-90d5-2b0b155852cf", "status": "completed", "code": 200}]} {{(pid=94159) _http_log_response /usr/local/lib/python3.8/dist-packages/keystoneauth1/session.py:582}}
Sep 14 12:09:59.875562 dv-cinder-784945-14-iscsi neutron-server[94159]: DEBUG novaclient.v2.client [-] POST call to compute for http://10.222.0.20/compute/v2.1/os-server-external-events used request id req-b63c2b1c-dd7d-4bc1-9109-6eb0e126f22b {{(pid=94159) request /usr/local/lib/python3.8/dist-packages/keystoneauth1/session.py:954}}
Sep 14 12:09:59.882959 dv-cinder-784945-14-iscsi neutron-server[94159]: INFO neutron.notifiers.nova [-] Nova event response: {'name': 'network-changed', 'server_uuid': '35d74d64-7872-47f6-99e2-6b42f518dc45', 'tag': 'e1a9fa5f-3ebc-4a18-90d5-2b0b155852cf', 'status': 'completed', 'code': 200}
Sep 14 12:09:59.904905 dv-cinder-784945-14-iscsi neutron-server[94159]: DEBUG neutron.api.rpc.handlers.resources_rpc [None req-99729c1c-25c2-4811-b55a-716ce9e58191 service neutron] Pushing event updated for resources: {'Port': ['ID=b4f7c6a4-76f7-4033-ae3c-5630b3e3eddf,revision_number=3']} {{(pid=94159) push /opt/stack/neutron/neutron/api/rpc/handlers/resources_rpc.py:237}}
Sep 14 12:09:59.907578 dv-cinder-784945-14-iscsi neutron-server[94160]: DEBUG neutron_lib.callbacks.manager [None req-8b465ace-0f63-4d70-98b9-fadbc6640e3f admin admin] Notify callbacks [] for security_group, before_create {{(pid=94160) _notify_loop /usr/local/lib/python3.8/dist-packages/neutron_lib/callbacks/manager.py:192}}
Sep 14 12:09:59.998312 dv-cinder-784945-14-iscsi neutron-server[94159]: DEBUG neutron.pecan_wsgi.hooks.policy_enforcement [req-3d4e7bb6-458a-43e8-bb6d-647d5cf2399b req-e8400d21-e181-40e7-9ed8-9a9a2971bf87 tempest-DeleteServersTestJSON-319311524 tempest-DeleteServersTestJSON-319311524-project] Attributes excluded by policy engine: ['standard_attr_id', 'binding:profile', 'binding:host_id', 'binding:vif_type', 'binding:vif_details'] {{(pid=94159) _exclude_attributes_by_policy /opt/stack/neutron/neutron/pecan_wsgi/hooks/policy_enforcement.py:255}}
Sep 14 12:10:00.011391 dv-cinder-784945-14-iscsi neutron-server[94159]: INFO neutron.wsgi [req-3d4e7bb6-458a-43e8-bb6d-647d5cf2399b req-e8400d21-e181-40e7-9ed8-9a9a2971bf87 tempest-DeleteServersTestJSON-319311524 tempest-DeleteServersTestJSON-319311524-project] 10.222.0.20 "GET /v2.0/ports?device_id=0e14842b-b579-428d-abd4-6be2dceeea92 HTTP/1.1" status: 200 len: 945 time: 0.1081131
Sep 14 12:10:00.044138 dv-cinder-784945-14-iscsi neutron-server[94160]: DEBUG neutron_lib.callbacks.manager [None req-8b465ace-0f63-4d70-98b9-fadbc6640e3f admin admin] Notify callbacks [] for security_group, precommit_create {{(pid=94160) _notify_loop /usr/local/lib/python3.8/dist-packages/neutron_lib/callbacks/manager.py:192}}
Sep 14 12:10:00.049484 dv-cinder-784945-14-iscsi neutron-server[94160]: DEBUG neutron_lib.callbacks.manager [None req-8b465ace-0f63-4d70-98b9-fadbc6640e3f admin admin] Notify callbacks ['neutron.plugins.ml2.ovo_rpc._ObjectChangeHandler.handle_event-1584330'] for security_group, after_create {{(pid=94160) _notify_loop /usr/local/lib/python3.8/dist-packages/neutron_lib/callbacks/manager.py:192}}
Sep 14 12:10:00.063725 dv-cinder-784945-14-iscsi neutron-server[94159]: INFO neutron.wsgi [req-3d4e7bb6-458a-43e8-bb6d-647d5cf2399b req-929ccd97-22fd-4a97-af25-1a26e4517b1c tempest-DeleteServersTestJSON-319311524 tempest-DeleteServersTestJSON-319311524-project] 10.222.0.20 "GET /v2.0/security-groups?id=8d4e8487-0baf-49a2-94c7-026313b3b824&fields=id&fields=name HTTP/1.1" status: 200 len: 286 time: 0.0468342
Sep 14 12:10:00.091367 dv-cinder-784945-14-iscsi neutron-server[94160]: INFO neutron.wsgi [None req-8b465ace-0f63-4d70-98b9-fadbc6640e3f admin admin] 10.222.0.20 "GET /v2.0/security-groups?tenant_id=426f5aa73d6b4b9fa08a55cdfa872152&name=default HTTP/1.1" status: 200 len: 2979 time: 0.4610698
Sep 14 12:10:00.092550 dv-cinder-784945-14-iscsi neutron-server[94159]: DEBUG neutron.wsgi [-] (94159) accepted ('10.222.0.20', 43992) {{(pid=94159) server /usr/local/lib/python3.8/dist-packages/eventlet/wsgi.py:982}}
Sep 14 12:10:00.141124 dv-cinder-784945-14-iscsi neutron-server[94160]: DEBUG neutron.api.rpc.handlers.resources_rpc [None req-8b465ace-0f63-4d70-98b9-fadbc6640e3f admin admin] Pushing event updated for resources: {'SecurityGroup': ['ID=f0c19c3b-d181-4fd4-80a6-ab12265546ad,revision_number=1']} {{(pid=94160) push /opt/stack/neutron/neutron/api/rpc/handlers/resources_rpc.py:237}}
Sep 14 12:10:00.205848 dv-cinder-784945-14-iscsi neutron-server[94161]: DEBUG novaclient.v2.client [-] RESP: [200] Connection: close Content-Length: 183 Content-Type: application/json Date: Tue, 14 Sep 2021 12:09:59 GMT OpenStack-API-Version: compute 2.1 Server: Apache/2.4.41 (Ubuntu) Vary: OpenStack-API-Version,X-OpenStack-Nova-API-Version X-OpenStack-Nova-API-Version: 2.1 x-compute-request-id: req-dfa07cfb-153d-4445-92a7-6c48cd0f04ef x-openstack-request-id: req-dfa07cfb-153d-4445-92a7-6c48cd0f04ef {{(pid=94161) _http_log_response /usr/local/lib/python3.8/dist-packages/keystoneauth1/session.py:550}}
Sep 14 12:10:00.206696 dv-cinder-784945-14-iscsi neutron-server[94161]: DEBUG novaclient.v2.client [-] RESP BODY: {"events": [{"server_uuid": "0e14842b-b579-428d-abd4-6be2dceeea92", "name": "network-vif-plugged", "status": "completed", "tag": "b28cee58-9c56-40f2-97f8-98d9d1b5ab24", "code": 200}]} {{(pid=94161) _http_log_response /usr/local/lib/python3.8/dist-packages/keystoneauth1/session.py:582}}
Sep 14 12:10:00.207121 dv-cinder-784945-14-iscsi neutron-server[94161]: DEBUG novaclient.v2.client [-] POST call to compute for http://10.222.0.20/compute/v2.1/os-server-external-events used request id req-dfa07cfb-153d-4445-92a7-6c48cd0f04ef {{(pid=94161) request /usr/local/lib/python3.8/dist-packages/keystoneauth1/session.py:954}}
Sep 14 12:10:00.208943 dv-cinder-784945-14-iscsi neutron-server[94161]: INFO neutron.notifiers.nova [-] Nova event response: {'server_uuid': '0e14842b-b579-428d-abd4-6be2dceeea92', 'name': 'network-vif-plugged', 'status': 'completed', 'tag': 'b28cee58-9c56-40f2-97f8-98d9d1b5ab24', 'code': 200}
Sep 14 12:10:00.232839 dv-cinder-784945-14-iscsi neutron-server[94159]: DEBUG neutron_lib.callbacks.manager [None req-0f04fbf4-7e1a-493e-a84e-57f8543086cd admin admin] Notify callbacks [] for security_group, before_delete {{(pid=94159) _notify_loop /usr/local/lib/python3.8/dist-packages/neutron_lib/callbacks/manager.py:192}}
