Jul 08 08:20:27.404811 dv-cinder-784945-12-iscsi neutron-server[93743]: INFO neutron.wsgi [req-eb106993-98c6-4f17-844b-c2d897b37390 req-bf8c7109-f72f-41ec-817f-7083442b6e1c tempest-AttachVolumeShelveTestJSON-595755159 tempest-AttachVolumeShelveTestJSON-595755159-project] 10.222.0.72 "GET /v2.0/ports?device_id=cbd318e9-6a2a-49fb-8939-5941e07f52ec HTTP/1.1" status: 200 len: 210 time: 0.0478914
Jul 08 08:20:27.434613 dv-cinder-784945-12-iscsi neutron-server[93743]: DEBUG neutron_lib.callbacks.manager [None req-47120a38-78f5-41ce-ba34-2fe6bb0447ed admin admin] Notify callbacks [] for security_group, precommit_delete {{(pid=93743) _notify_loop /usr/local/lib/python3.8/dist-packages/neutron_lib/callbacks/manager.py:192}}
Jul 08 08:20:27.747387 dv-cinder-784945-12-iscsi neutron-server[93744]: DEBUG neutron_lib.callbacks.manager [None req-83fc9176-e5a7-4971-b939-6ce228c4cdce None None] Notify callbacks ['neutron.services.segments.db._update_segment_host_mapping_for_agent-8750377589571', 'neutron.plugins.ml2.plugin.Ml2Plugin._retry_binding_revived_agents-894350'] for agent, after_update {{(pid=93744) _notify_loop /usr/local/lib/python3.8/dist-packages/neutron_lib/callbacks/manager.py:192}}
Jul 08 08:20:27.748739 dv-cinder-784945-12-iscsi neutron-server[93743]: DEBUG neutron_lib.callbacks.manager [None req-47120a38-78f5-41ce-ba34-2fe6bb0447ed admin admin] Notify callbacks ['neutron.plugins.ml2.ovo_rpc._ObjectChangeHandler.handle_payload_event-4025724'] for security_group, after_delete {{(pid=93743) _notify_loop /usr/local/lib/python3.8/dist-packages/neutron_lib/callbacks/manager.py:192}}
Jul 08 08:20:27.754128 dv-cinder-784945-12-iscsi neutron-server[93743]: DEBUG neutron_lib.callbacks.manager [None req-47120a38-78f5-41ce-ba34-2fe6bb0447ed admin admin] Notify callbacks [] for security_group, before_response {{(pid=93743) _notify_loop /usr/local/lib/python3.8/dist-packages/neutron_lib/callbacks/manager.py:192}}
Jul 08 08:20:27.755974 dv-cinder-784945-12-iscsi neutron-server[93743]: INFO neutron.wsgi [None req-47120a38-78f5-41ce-ba34-2fe6bb0447ed admin admin] 10.222.0.72 "DELETE /v2.0/security-groups/75f49d5e-5806-493a-aaae-e0b6392808fc HTTP/1.1" status: 204 len: 168 time: 0.4915848
Jul 08 08:20:27.768621 dv-cinder-784945-12-iscsi neutron-server[93743]: DEBUG neutron.api.rpc.handlers.resources_rpc [None req-47120a38-78f5-41ce-ba34-2fe6bb0447ed admin admin] Pushing event deleted for resources: {'SecurityGroup': ['ID=75f49d5e-5806-493a-aaae-e0b6392808fc,revision_number=None']} {{(pid=93743) push /opt/stack/neutron/neutron/api/rpc/handlers/resources_rpc.py:237}}
Jul 08 08:20:28.351288 dv-cinder-784945-12-iscsi neutron-server[93743]: DEBUG neutron.pecan_wsgi.hooks.policy_enforcement [req-61104b26-178e-49e3-9e8c-1d3acf32ee2d req-3aa4656d-effe-4f63-a8a8-513425f9b032 tempest-DeleteServersTestJSON-307581196 tempest-DeleteServersTestJSON-307581196-project] Attributes excluded by policy engine: ['standard_attr_id', 'binding:profile', 'binding:host_id', 'binding:vif_type', 'binding:vif_details'] {{(pid=93743) _exclude_attributes_by_policy /opt/stack/neutron/neutron/pecan_wsgi/hooks/policy_enforcement.py:255}}
Jul 08 08:20:28.353644 dv-cinder-784945-12-iscsi neutron-server[93743]: INFO neutron.wsgi [req-61104b26-178e-49e3-9e8c-1d3acf32ee2d req-3aa4656d-effe-4f63-a8a8-513425f9b032 tempest-DeleteServersTestJSON-307581196 tempest-DeleteServersTestJSON-307581196-project] 10.222.0.72 "GET /v2.0/ports?device_id=44b8fb9c-f5b2-42d2-ae2b-0dad5be083c3 HTTP/1.1" status: 200 len: 932 time: 0.0813606
Jul 08 08:20:28.419972 dv-cinder-784945-12-iscsi neutron-server[93743]: INFO neutron.wsgi [req-61104b26-178e-49e3-9e8c-1d3acf32ee2d req-e1a7bc5e-daa9-400c-9b77-293a759517dc tempest-DeleteServersTestJSON-307581196 tempest-DeleteServersTestJSON-307581196-project] 10.222.0.72 "GET /v2.0/security-groups?id=9808d43c-f95d-40c3-abe0-0f9c6f9a6300&fields=id&fields=name HTTP/1.1" status: 200 len: 286 time: 0.0597174
Jul 08 08:20:28.441350 dv-cinder-784945-12-iscsi neutron-server[93744]: DEBUG neutron_lib.callbacks.manager [None req-e3c71ce2-6340-48db-8c0d-18dc69d52f4e None None] Notify callbacks ['neutron.services.segments.db._update_segment_host_mapping_for_agent-8750377589571', 'neutron.plugins.ml2.plugin.Ml2Plugin._retry_binding_revived_agents-894350'] for agent, after_update {{(pid=93744) _notify_loop /usr/local/lib/python3.8/dist-packages/neutron_lib/callbacks/manager.py:192}}
Jul 08 08:20:28.547752 dv-cinder-784945-12-iscsi neutron-server[93744]: DEBUG neutron_lib.callbacks.manager [None req-f2e5f022-3304-40c5-9b90-34978e027010 None None] Notify callbacks ['neutron.services.segments.db._update_segment_host_mapping_for_agent-8750377589571', 'neutron.plugins.ml2.plugin.Ml2Plugin._retry_binding_revived_agents-894350'] for agent, after_update {{(pid=93744) _notify_loop /usr/local/lib/python3.8/dist-packages/neutron_lib/callbacks/manager.py:192}}
Jul 08 08:20:28.561097 dv-cinder-784945-12-iscsi neutron-server[93743]: INFO neutron.wsgi [req-3daf602e-fca0-45e4-a2c8-fda0e73810b6 req-68c9b44a-9541-4e91-9b2c-f30bb6599073 tempest-AttachVolumeShelveTestJSON-595755159 tempest-AttachVolumeShelveTestJSON-595755159-project] 10.222.0.72 "GET /v2.0/ports?device_id=cbd318e9-6a2a-49fb-8939-5941e07f52ec HTTP/1.1" status: 200 len: 210 time: 0.0346661
Jul 08 08:20:29.183802 dv-cinder-784945-12-iscsi neutron-server[93744]: DEBUG neutron_lib.callbacks.manager [None req-41666b34-fb4a-4abd-8582-a15c5edb0e19 None None] Notify callbacks ['neutron.services.segments.db._update_segment_host_mapping_for_agent-8750377589571', 'neutron.plugins.ml2.plugin.Ml2Plugin._retry_binding_revived_agents-894350'] for agent, after_update {{(pid=93744) _notify_loop /usr/local/lib/python3.8/dist-packages/neutron_lib/callbacks/manager.py:192}}
Jul 08 08:20:29.612254 dv-cinder-784945-12-iscsi neutron-server[93743]: DEBUG neutron.pecan_wsgi.hooks.policy_enforcement [req-1a09bc10-10f4-471c-bda1-e9a398521f0a req-0107a688-3811-4019-988e-fdf36d622859 tempest-DeleteServersTestJSON-307581196 tempest-DeleteServersTestJSON-307581196-project] Attributes excluded by policy engine: ['standard_attr_id', 'binding:profile', 'binding:host_id', 'binding:vif_type', 'binding:vif_details'] {{(pid=93743) _exclude_attributes_by_policy /opt/stack/neutron/neutron/pecan_wsgi/hooks/policy_enforcement.py:255}}
Jul 08 08:20:29.613841 dv-cinder-784945-12-iscsi neutron-server[93743]: INFO neutron.wsgi [req-1a09bc10-10f4-471c-bda1-e9a398521f0a req-0107a688-3811-4019-988e-fdf36d622859 tempest-DeleteServersTestJSON-307581196 tempest-DeleteServersTestJSON-307581196-project] 10.222.0.72 "GET /v2.0/ports?device_id=44b8fb9c-f5b2-42d2-ae2b-0dad5be083c3 HTTP/1.1" status: 200 len: 932 time: 0.0676596
Jul 08 08:20:29.661868 dv-cinder-784945-12-iscsi neutron-server[93743]: INFO neutron.wsgi [req-1a09bc10-10f4-471c-bda1-e9a398521f0a req-bbde4b0b-c68e-4edf-900e-7ab2d6781996 tempest-DeleteServersTestJSON-307581196 tempest-DeleteServersTestJSON-307581196-project] 10.222.0.72 "GET /v2.0/security-groups?id=9808d43c-f95d-40c3-abe0-0f9c6f9a6300&fields=id&fields=name HTTP/1.1" status: 200 len: 286 time: 0.0379686
Jul 08 08:20:29.729689 dv-cinder-784945-12-iscsi neutron-server[93743]: INFO neutron.wsgi [req-af4576ac-9d9f-41c8-9173-d378865b4aef req-02c8f410-31f4-4873-809f-da2ad33609a5 tempest-AttachVolumeShelveTestJSON-595755159 tempest-AttachVolumeShelveTestJSON-595755159-project] 10.222.0.72 "GET /v2.0/ports?device_id=cbd318e9-6a2a-49fb-8939-5941e07f52ec HTTP/1.1" status: 200 len: 210 time: 0.0346017
Jul 08 08:20:30.174504 dv-cinder-784945-12-iscsi neutron-server[93743]: DEBUG neutron.wsgi [req-0d312ecd-1c7f-42f4-927c-55b575bae4cc req-70cb610e-634d-420f-8aad-8ef45076f682 tempest-DeleteServersTestJSON-307581196 tempest-DeleteServersTestJSON-307581196-project] http://10.222.0.72:9696/v2.0/extensions returned with HTTP 200 {{(pid=93743) __call__ /opt/stack/neutron/neutron/wsgi.py:729}}
Jul 08 08:20:30.177980 dv-cinder-784945-12-iscsi neutron-server[93743]: INFO neutron.wsgi [req-0d312ecd-1c7f-42f4-927c-55b575bae4cc req-70cb610e-634d-420f-8aad-8ef45076f682 tempest-DeleteServersTestJSON-307581196 tempest-DeleteServersTestJSON-307581196-project] 10.222.0.67 "GET /v2.0/extensions HTTP/1.1" status: 200 len: 13640 time: 0.0086758
Jul 08 08:20:30.395156 dv-cinder-784945-12-iscsi neutron-server[93743]: DEBUG neutron.api.v2.base [req-0d312ecd-1c7f-42f4-927c-55b575bae4cc req-ed7c94b1-1307-4f9e-9519-59fd2d40dbd1 service neutron] Request body: {'port': {'device_id': '44b8fb9c-f5b2-42d2-ae2b-0dad5be083c3', 'device_owner': 'compute:nova', 'binding:host_id': 'hv-cinder-78494'}} {{(pid=93743) prepare_request_body /opt/stack/neutron/neutron/api/v2/base.py:729}}
Jul 08 08:20:30.472692 dv-cinder-784945-12-iscsi neutron-server[93743]: DEBUG neutron_lib.callbacks.manager [req-0d312ecd-1c7f-42f4-927c-55b575bae4cc req-ed7c94b1-1307-4f9e-9519-59fd2d40dbd1 service neutron] Notify callbacks ['neutron.plugins.ml2.plugin.SecurityGroupDbMixin._ensure_default_security_group_handler-542434'] for port, before_update {{(pid=93743) _notify_loop /usr/local/lib/python3.8/dist-packages/neutron_lib/callbacks/manager.py:192}}
Jul 08 08:20:30.855408 dv-cinder-784945-12-iscsi neutron-server[93743]: DEBUG neutron.notifiers.nova [req-0d312ecd-1c7f-42f4-927c-55b575bae4cc req-ed7c94b1-1307-4f9e-9519-59fd2d40dbd1 service neutron] Ignoring state change previous_port_status: DOWN current_port_status: DOWN port_id e339fa0a-9630-4987-8b5f-86a3383746f0 {{(pid=93743) record_port_status_changed /opt/stack/neutron/neutron/notifiers/nova.py:224}}
Jul 08 08:20:30.861400 dv-cinder-784945-12-iscsi neutron-server[93744]: DEBUG neutron_lib.callbacks.manager [None req-0f03990f-8338-4b46-be82-a8c8838b1c42 None None] Notify callbacks ['neutron.services.segments.db._update_segment_host_mapping_for_agent-8750377589571', 'neutron.plugins.ml2.plugin.Ml2Plugin._retry_binding_revived_agents-894350'] for agent, after_update {{(pid=93744) _notify_loop /usr/local/lib/python3.8/dist-packages/neutron_lib/callbacks/manager.py:192}}
Jul 08 08:20:30.867660 dv-cinder-784945-12-iscsi neutron-server[93743]: DEBUG neutron_lib.callbacks.manager [req-0d312ecd-1c7f-42f4-927c-55b575bae4cc req-ed7c94b1-1307-4f9e-9519-59fd2d40dbd1 service neutron] Notify callbacks [] for port, precommit_update {{(pid=93743) _notify_loop /usr/local/lib/python3.8/dist-packages/neutron_lib/callbacks/manager.py:192}}
Jul 08 08:20:30.916978 dv-cinder-784945-12-iscsi neutron-server[93743]: INFO neutron.wsgi [req-6bc70fc4-d0bd-48a4-9650-7e499c5ff46a req-7db200c2-2895-44da-9b26-87a64cf76ac6 tempest-AttachVolumeShelveTestJSON-595755159 tempest-AttachVolumeShelveTestJSON-595755159-project] 10.222.0.72 "GET /v2.0/ports?device_id=cbd318e9-6a2a-49fb-8939-5941e07f52ec HTTP/1.1" status: 200 len: 210 time: 0.0425687
Jul 08 08:20:30.920158 dv-cinder-784945-12-iscsi neutron-server[93743]: DEBUG neutron.db.provisioning_blocks [req-0d312ecd-1c7f-42f4-927c-55b575bae4cc req-ed7c94b1-1307-4f9e-9519-59fd2d40dbd1 service neutron] Transition to ACTIVE for port object e339fa0a-9630-4987-8b5f-86a3383746f0 will not be triggered until provisioned by entity L2. {{(pid=93743) add_provisioning_component /opt/stack/neutron/neutron/db/provisioning_blocks.py:73}}
Jul 08 08:20:30.944773 dv-cinder-784945-12-iscsi neutron-server[93743]: DEBUG neutron.pecan_wsgi.hooks.policy_enforcement [req-ad02be59-957f-47f7-a99b-abfc10e327a6 req-15f3d537-fa9c-41a3-8389-673da686e335 tempest-DeleteServersTestJSON-307581196 tempest-DeleteServersTestJSON-307581196-project] Attributes excluded by policy engine: ['standard_attr_id', 'binding:profile', 'binding:host_id', 'binding:vif_type', 'binding:vif_details'] {{(pid=93743) _exclude_attributes_by_policy /opt/stack/neutron/neutron/pecan_wsgi/hooks/policy_enforcement.py:255}}
Jul 08 08:20:30.948556 dv-cinder-784945-12-iscsi neutron-server[93743]: INFO neutron.wsgi [req-ad02be59-957f-47f7-a99b-abfc10e327a6 req-15f3d537-fa9c-41a3-8389-673da686e335 tempest-DeleteServersTestJSON-307581196 tempest-DeleteServersTestJSON-307581196-project] 10.222.0.72 "GET /v2.0/ports?device_id=44b8fb9c-f5b2-42d2-ae2b-0dad5be083c3 HTTP/1.1" status: 200 len: 932 time: 0.1369121
Jul 08 08:20:30.984326 dv-cinder-784945-12-iscsi neutron-server[93743]: INFO neutron.wsgi [req-ad02be59-957f-47f7-a99b-abfc10e327a6 req-89112596-ecde-4eee-b108-460c75676c24 tempest-DeleteServersTestJSON-307581196 tempest-DeleteServersTestJSON-307581196-project] 10.222.0.72 "GET /v2.0/security-groups?id=9808d43c-f95d-40c3-abe0-0f9c6f9a6300&fields=id&fields=name HTTP/1.1" status: 200 len: 286 time: 0.0349183
Jul 08 08:20:31.029455 dv-cinder-784945-12-iscsi neutron-server[93743]: DEBUG neutron_lib.callbacks.manager [req-0d312ecd-1c7f-42f4-927c-55b575bae4cc req-ed7c94b1-1307-4f9e-9519-59fd2d40dbd1 service neutron] Notify callbacks ['neutron.plugins.ml2.plugin.SecurityGroupServerNotifierRpcMixin.notify_sg_on_port_change-541758', 'neutron.plugins.ml2.ovo_rpc._ObjectChangeHandler.handle_event-409572', 'neutron.api.rpc.agentnotifiers.dhcp_rpc_agent_api.DhcpAgentNotifyAPI._native_event_send_dhcp_notification-3728290', 'neutron.db.l3_db.L3RpcNotifierMixin._notify_gateway_port_ip_changed-8750377577503', 'neutron.db.l3_dvrscheduler_db._notify_l3_agent_port_update-8750377076709', 'neutron.db.l3_hascheduler_db._notify_l3_agent_ha_port_update-8750377073430'] for port, after_update {{(pid=93743) _notify_loop /usr/local/lib/python3.8/dist-packages/neutron_lib/callbacks/manager.py:192}}
Jul 08 08:20:31.118446 dv-cinder-784945-12-iscsi neutron-server[93743]: DEBUG neutron.api.rpc.handlers.resources_rpc [None req-ed7c94b1-1307-4f9e-9519-59fd2d40dbd1 service neutron] Pushing event updated for resources: {'Port': ['ID=e339fa0a-9630-4987-8b5f-86a3383746f0,revision_number=2']} {{(pid=93743) push /opt/stack/neutron/neutron/api/rpc/handlers/resources_rpc.py:237}}
Jul 08 08:20:31.132569 dv-cinder-784945-12-iscsi neutron-server[93743]: DEBUG neutron.plugins.ml2.managers [req-0d312ecd-1c7f-42f4-927c-55b575bae4cc req-ed7c94b1-1307-4f9e-9519-59fd2d40dbd1 service neutron] Attempting to bind port e339fa0a-9630-4987-8b5f-86a3383746f0 on host hv-cinder-78494 for vnic_type normal with profile {{(pid=93743) bind_port /opt/stack/neutron/neutron/plugins/ml2/managers.py:790}}
Jul 08 08:20:31.132569 dv-cinder-784945-12-iscsi neutron-server[93743]: DEBUG neutron.plugins.ml2.managers [req-0d312ecd-1c7f-42f4-927c-55b575bae4cc req-ed7c94b1-1307-4f9e-9519-59fd2d40dbd1 service neutron] Attempting to bind port e339fa0a-9630-4987-8b5f-86a3383746f0 by drivers openvswitch,hyperv on host hv-cinder-78494 at level 0 using segments [{'id': '10a10fa0-6e83-4cdb-8393-6d5c8c5ca86e', 'network_type': 'vlan', 'physical_network': 'physnet1', 'segmentation_id': 542, 'network_id': '63dd26c1-68b8-430a-8657-01c5a198d2e9'}] {{(pid=93743) _bind_port_level /opt/stack/neutron/neutron/plugins/ml2/managers.py:815}}
Jul 08 08:20:31.132569 dv-cinder-784945-12-iscsi neutron-server[93743]: DEBUG neutron.plugins.ml2.drivers.mech_agent [req-0d312ecd-1c7f-42f4-927c-55b575bae4cc req-ed7c94b1-1307-4f9e-9519-59fd2d40dbd1 service neutron] Attempting to bind port e339fa0a-9630-4987-8b5f-86a3383746f0 on network 63dd26c1-68b8-430a-8657-01c5a198d2e9 {{(pid=93743) bind_port /opt/stack/neutron/neutron/plugins/ml2/drivers/mech_agent.py:86}}
Jul 08 08:20:31.136219 dv-cinder-784945-12-iscsi neutron-server[93743]: DEBUG neutron.plugins.ml2.drivers.mech_agent [req-0d312ecd-1c7f-42f4-927c-55b575bae4cc req-ed7c94b1-1307-4f9e-9519-59fd2d40dbd1 service neutron] Port e339fa0a-9630-4987-8b5f-86a3383746f0 on network 63dd26c1-68b8-430a-8657-01c5a198d2e9 not bound, no agent of type Open vSwitch agent registered on host hv-cinder-78494 {{(pid=93743) bind_port /opt/stack/neutron/neutron/plugins/ml2/drivers/mech_agent.py:98}}
Jul 08 08:20:31.136711 dv-cinder-784945-12-iscsi neutron-server[93743]: DEBUG neutron.plugins.ml2.drivers.mech_agent [req-0d312ecd-1c7f-42f4-927c-55b575bae4cc req-ed7c94b1-1307-4f9e-9519-59fd2d40dbd1 service neutron] Attempting to bind port e339fa0a-9630-4987-8b5f-86a3383746f0 on network 63dd26c1-68b8-430a-8657-01c5a198d2e9 {{(pid=93743) bind_port /opt/stack/neutron/neutron/plugins/ml2/drivers/mech_agent.py:86}}
Jul 08 08:20:31.142929 dv-cinder-784945-12-iscsi neutron-server[93743]: DEBUG neutron.plugins.ml2.drivers.mech_agent [req-0d312ecd-1c7f-42f4-927c-55b575bae4cc req-ed7c94b1-1307-4f9e-9519-59fd2d40dbd1 service neutron] Checking agent: {'id': '0d8aaa8d-2979-42c9-ba8e-55c5f66dde9a', 'agent_type': 'HyperV agent', 'binary': 'neutron-hyperv-agent', 'topic': 'N/A', 'host': 'hv-cinder-78494', 'admin_state_up': True, 'created_at': datetime.datetime(2021, 7, 8, 8, 18, 28), 'started_at': datetime.datetime(2021, 7, 8, 8, 18, 28), 'heartbeat_timestamp': datetime.datetime(2021, 7, 8, 8, 20, 28), 'description': None, 'resources_synced': None, 'availability_zone': None, 'alive': True, 'configurations': {'vswitch_mappings': {'physnet1$': 'br-data'}}, 'resource_versions': {}} {{(pid=93743) bind_port /opt/stack/neutron/neutron/plugins/ml2/drivers/mech_agent.py:105}}
Jul 08 08:20:31.143262 dv-cinder-784945-12-iscsi neutron-server[93743]: DEBUG neutron.plugins.ml2.drivers.mech_agent [req-0d312ecd-1c7f-42f4-927c-55b575bae4cc req-ed7c94b1-1307-4f9e-9519-59fd2d40dbd1 service neutron] Checking segment: {'id': '10a10fa0-6e83-4cdb-8393-6d5c8c5ca86e', 'network_type': 'vlan', 'physical_network': 'physnet1', 'segmentation_id': 542, 'network_id': '63dd26c1-68b8-430a-8657-01c5a198d2e9'} for mappings: {'physnet1$': 'br-data'} with network types: ['local', 'flat', 'vlan'] {{(pid=93743) check_segment_for_agent /opt/stack/neutron/neutron/plugins/ml2/drivers/mech_agent.py:341}}
Jul 08 08:20:31.143803 dv-cinder-784945-12-iscsi neutron-server[93743]: DEBUG neutron.plugins.ml2.drivers.mech_agent [req-0d312ecd-1c7f-42f4-927c-55b575bae4cc req-ed7c94b1-1307-4f9e-9519-59fd2d40dbd1 service neutron] Bound using segment: {'id': '10a10fa0-6e83-4cdb-8393-6d5c8c5ca86e', 'network_type': 'vlan', 'physical_network': 'physnet1', 'segmentation_id': 542, 'network_id': '63dd26c1-68b8-430a-8657-01c5a198d2e9'} {{(pid=93743) bind_port /opt/stack/neutron/neutron/plugins/ml2/drivers/mech_agent.py:115}}
Jul 08 08:20:31.144252 dv-cinder-784945-12-iscsi neutron-server[93743]: DEBUG neutron.plugins.ml2.managers [req-0d312ecd-1c7f-42f4-927c-55b575bae4cc req-ed7c94b1-1307-4f9e-9519-59fd2d40dbd1 service neutron] Bound port: e339fa0a-9630-4987-8b5f-86a3383746f0, host: hv-cinder-78494, vif_type: hyperv, vif_details: {"connectivity": "legacy", "port_filter": false}, binding_levels: [{'bound_driver': 'hyperv', 'bound_segment': {'id': '10a10fa0-6e83-4cdb-8393-6d5c8c5ca86e', 'network_type': 'vlan', 'physical_network': 'physnet1', 'segmentation_id': 542, 'network_id': '63dd26c1-68b8-430a-8657-01c5a198d2e9'}}] {{(pid=93743) _bind_port_level /opt/stack/neutron/neutron/plugins/ml2/managers.py:928}}
Jul 08 08:20:31.144668 dv-cinder-784945-12-iscsi neutron-server[93743]: DEBUG neutron_lib.callbacks.manager [req-0d312ecd-1c7f-42f4-927c-55b575bae4cc req-ed7c94b1-1307-4f9e-9519-59fd2d40dbd1 service neutron] Notify callbacks ['neutron.plugins.ml2.plugin.SecurityGroupDbMixin._ensure_default_security_group_handler-542434'] for port, before_update {{(pid=93743) _notify_loop /usr/local/lib/python3.8/dist-packages/neutron_lib/callbacks/manager.py:192}}
Jul 08 08:20:31.208461 dv-cinder-784945-12-iscsi neutron-server[93743]: DEBUG neutron.plugins.ml2.db [req-0d312ecd-1c7f-42f4-927c-55b575bae4cc req-ed7c94b1-1307-4f9e-9519-59fd2d40dbd1 service neutron] For port e339fa0a-9630-4987-8b5f-86a3383746f0, host hv-cinder-78494, cleared binding levels {{(pid=93743) clear_binding_levels /opt/stack/neutron/neutron/plugins/ml2/db.py:87}}
Jul 08 08:20:31.212931 dv-cinder-784945-12-iscsi neutron-server[93743]: DEBUG neutron.plugins.ml2.db [req-0d312ecd-1c7f-42f4-927c-55b575bae4cc req-ed7c94b1-1307-4f9e-9519-59fd2d40dbd1 service neutron] For port e339fa0a-9630-4987-8b5f-86a3383746f0, host hv-cinder-78494, set binding levels [PortBindingLevel(driver='hyperv',host='hv-cinder-78494',level=0,port_id=e339fa0a-9630-4987-8b5f-86a3383746f0,segment=NetworkSegment(10a10fa0-6e83-4cdb-8393-6d5c8c5ca86e),segment_id=10a10fa0-6e83-4cdb-8393-6d5c8c5ca86e)] {{(pid=93743) set_binding_levels /opt/stack/neutron/neutron/plugins/ml2/db.py:59}}
Jul 08 08:20:31.326822 dv-cinder-784945-12-iscsi neutron-server[93743]: DEBUG neutron_lib.callbacks.manager [req-0d312ecd-1c7f-42f4-927c-55b575bae4cc req-ed7c94b1-1307-4f9e-9519-59fd2d40dbd1 service neutron] Notify callbacks ['neutron.plugins.ml2.plugin.SecurityGroupServerNotifierRpcMixin.notify_sg_on_port_change-541758', 'neutron.plugins.ml2.ovo_rpc._ObjectChangeHandler.handle_event-409572', 'neutron.api.rpc.agentnotifiers.dhcp_rpc_agent_api.DhcpAgentNotifyAPI._native_event_send_dhcp_notification-3728290', 'neutron.db.l3_db.L3RpcNotifierMixin._notify_gateway_port_ip_changed-8750377577503', 'neutron.db.l3_dvrscheduler_db._notify_l3_agent_port_update-8750377076709', 'neutron.db.l3_hascheduler_db._notify_l3_agent_ha_port_update-8750377073430'] for port, after_update {{(pid=93743) _notify_loop /usr/local/lib/python3.8/dist-packages/neutron_lib/callbacks/manager.py:192}}
Jul 08 08:20:31.370907 dv-cinder-784945-12-iscsi neutron-server[93743]: DEBUG neutron.pecan_wsgi.hooks.policy_enforcement [req-0d312ecd-1c7f-42f4-927c-55b575bae4cc req-ed7c94b1-1307-4f9e-9519-59fd2d40dbd1 service neutron] Attributes excluded by policy engine: ['standard_attr_id'] {{(pid=93743) _exclude_attributes_by_policy /opt/stack/neutron/neutron/pecan_wsgi/hooks/policy_enforcement.py:255}}
Jul 08 08:20:31.371521 dv-cinder-784945-12-iscsi neutron-server[93743]: DEBUG neutron_lib.callbacks.manager [req-0d312ecd-1c7f-42f4-927c-55b575bae4cc req-ed7c94b1-1307-4f9e-9519-59fd2d40dbd1 service neutron] Notify callbacks ['neutron.notifiers.nova.Notifier._send_nova_notification-445335', 'neutron.api.rpc.agentnotifiers.dhcp_rpc_agent_api.DhcpAgentNotifyAPI._send_dhcp_notification-3728304'] for port, before_response {{(pid=93743) _notify_loop /usr/local/lib/python3.8/dist-packages/neutron_lib/callbacks/manager.py:192}}
Jul 08 08:20:31.372952 dv-cinder-784945-12-iscsi neutron-server[93743]: INFO neutron.wsgi [req-0d312ecd-1c7f-42f4-927c-55b575bae4cc req-ed7c94b1-1307-4f9e-9519-59fd2d40dbd1 service neutron] 10.222.0.67 "PUT /v2.0/ports/e339fa0a-9630-4987-8b5f-86a3383746f0 HTTP/1.1" status: 200 len: 1094 time: 1.0389106
Jul 08 08:20:31.373381 dv-cinder-784945-12-iscsi neutron-server[93743]: DEBUG neutron.notifiers.nova [-] Sending events: [{'name': 'network-changed', 'server_uuid': '44b8fb9c-f5b2-42d2-ae2b-0dad5be083c3', 'tag': 'e339fa0a-9630-4987-8b5f-86a3383746f0'}] {{(pid=93743) send_events /opt/stack/neutron/neutron/notifiers/nova.py:262}}
Jul 08 08:20:31.459262 dv-cinder-784945-12-iscsi neutron-server[93743]: DEBUG neutron.api.rpc.handlers.resources_rpc [None req-ed7c94b1-1307-4f9e-9519-59fd2d40dbd1 service neutron] Pushing event updated for resources: {'Port': ['ID=e339fa0a-9630-4987-8b5f-86a3383746f0,revision_number=3']} {{(pid=93743) push /opt/stack/neutron/neutron/api/rpc/handlers/resources_rpc.py:237}}
Jul 08 08:20:31.554857 dv-cinder-784945-12-iscsi neutron-server[93743]: DEBUG novaclient.v2.client [-] REQ: curl -g -i --cacert "/opt/stack/data/ca-bundle.pem" -X POST http://10.222.0.72/compute/v2.1/os-server-external-events -H "Accept: application/json" -H "Content-Type: application/json" -H "User-Agent: python-novaclient" -H "X-Auth-Token: {SHA256}5e5b4d6c6ed5021609e3dcc1e0b45632923e7b517d3338b37ab8e578619b62aa" -H "X-OpenStack-Nova-API-Version: 2.1" -H "X-OpenStack-Request-ID: req-fec3e973-1f4c-4fb1-b83a-cb80dfce99a7" -d '{"events": [{"name": "network-changed", "server_uuid": "44b8fb9c-f5b2-42d2-ae2b-0dad5be083c3", "tag": "e339fa0a-9630-4987-8b5f-86a3383746f0"}]}' {{(pid=93743) _http_log_request /usr/local/lib/python3.8/dist-packages/keystoneauth1/session.py:519}}
Jul 08 08:20:31.709219 dv-cinder-784945-12-iscsi neutron-server[93743]: DEBUG novaclient.v2.client [-] RESP: [200] Connection: close Content-Length: 179 Content-Type: application/json Date: Thu, 08 Jul 2021 08:20:31 GMT OpenStack-API-Version: compute 2.1 Server: Apache/2.4.41 (Ubuntu) Vary: OpenStack-API-Version,X-OpenStack-Nova-API-Version X-OpenStack-Nova-API-Version: 2.1 x-compute-request-id: req-c4e48f9c-9abf-4367-8004-2de8fcd9ecbd x-openstack-request-id: req-c4e48f9c-9abf-4367-8004-2de8fcd9ecbd {{(pid=93743) _http_log_response /usr/local/lib/python3.8/dist-packages/keystoneauth1/session.py:550}}
Jul 08 08:20:31.709676 dv-cinder-784945-12-iscsi neutron-server[93743]: DEBUG novaclient.v2.client [-] RESP BODY: {"events": [{"name": "network-changed", "server_uuid": "44b8fb9c-f5b2-42d2-ae2b-0dad5be083c3", "tag": "e339fa0a-9630-4987-8b5f-86a3383746f0", "status": "completed", "code": 200}]} {{(pid=93743) _http_log_response /usr/local/lib/python3.8/dist-packages/keystoneauth1/session.py:582}}
Jul 08 08:20:31.709889 dv-cinder-784945-12-iscsi neutron-server[93743]: DEBUG novaclient.v2.client [-] POST call to compute for http://10.222.0.72/compute/v2.1/os-server-external-events used request id req-c4e48f9c-9abf-4367-8004-2de8fcd9ecbd {{(pid=93743) request /usr/local/lib/python3.8/dist-packages/keystoneauth1/session.py:954}}
Jul 08 08:20:31.710423 dv-cinder-784945-12-iscsi neutron-server[93743]: INFO neutron.notifiers.nova [-] Nova event response: {'name': 'network-changed', 'server_uuid': '44b8fb9c-f5b2-42d2-ae2b-0dad5be083c3', 'tag': 'e339fa0a-9630-4987-8b5f-86a3383746f0', 'status': 'completed', 'code': 200}
Jul 08 08:20:32.062769 dv-cinder-784945-12-iscsi neutron-server[93743]: INFO neutron.wsgi [req-6627c251-a549-43ca-b269-9c6eddaa9d15 req-8c62a93f-c10e-4aba-bdd0-c560f6de3c9b tempest-AttachVolumeShelveTestJSON-595755159 tempest-AttachVolumeShelveTestJSON-595755159-project] 10.222.0.72 "GET /v2.0/ports?device_id=cbd318e9-6a2a-49fb-8939-5941e07f52ec HTTP/1.1" status: 200 len: 210 time: 0.0291419
Jul 08 08:20:32.175658 dv-cinder-784945-12-iscsi neutron-server[93743]: DEBUG neutron.pecan_wsgi.hooks.policy_enforcement [req-316b2658-ed70-4f6d-9cc7-4ceef7ceeb2a req-02be2904-94ab-4f72-8425-518d12dadc43 tempest-DeleteServersTestJSON-307581196 tempest-DeleteServersTestJSON-307581196-project] Attributes excluded by policy engine: ['standard_attr_id', 'binding:profile', 'binding:host_id', 'binding:vif_type', 'binding:vif_details'] {{(pid=93743) _exclude_attributes_by_policy /opt/stack/neutron/neutron/pecan_wsgi/hooks/policy_enforcement.py:255}}
Jul 08 08:20:32.177174 dv-cinder-784945-12-iscsi neutron-server[93743]: INFO neutron.wsgi [req-316b2658-ed70-4f6d-9cc7-4ceef7ceeb2a req-02be2904-94ab-4f72-8425-518d12dadc43 tempest-DeleteServersTestJSON-307581196 tempest-DeleteServersTestJSON-307581196-project] 10.222.0.72 "GET /v2.0/ports?device_id=44b8fb9c-f5b2-42d2-ae2b-0dad5be083c3 HTTP/1.1" status: 200 len: 944 time: 0.0665729
Jul 08 08:20:32.216103 dv-cinder-784945-12-iscsi neutron-server[93743]: INFO neutron.wsgi [req-316b2658-ed70-4f6d-9cc7-4ceef7ceeb2a req-614922ea-63af-4e13-91a2-23ae7af05ace tempest-DeleteServersTestJSON-307581196 tempest-DeleteServersTestJSON-307581196-project] 10.222.0.72 "GET /v2.0/security-groups?id=9808d43c-f95d-40c3-abe0-0f9c6f9a6300&fields=id&fields=name HTTP/1.1" status: 200 len: 286 time: 0.0307882
Jul 08 08:20:33.206502 dv-cinder-784945-12-iscsi neutron-server[93743]: INFO neutron.wsgi [req-f3ddbd05-dd0f-4b7e-9d2f-03782e55277c req-77f7eef6-f7f2-4816-8a1b-a2574df0bec5 tempest-AttachVolumeShelveTestJSON-595755159 tempest-AttachVolumeShelveTestJSON-595755159-project] 10.222.0.72 "GET /v2.0/ports?device_id=cbd318e9-6a2a-49fb-8939-5941e07f52ec HTTP/1.1" status: 200 len: 210 time: 0.0267057
Jul 08 08:20:33.386857 dv-cinder-784945-12-iscsi neutron-server[93743]: DEBUG neutron.pecan_wsgi.hooks.policy_enforcement [req-9e7c15c6-553c-4c5f-b8f9-8da2af8ac971 req-188a7fe8-16ec-4a75-81d7-b102656f2ab8 tempest-DeleteServersTestJSON-307581196 tempest-DeleteServersTestJSON-307581196-project] Attributes excluded by policy engine: ['standard_attr_id', 'binding:profile', 'binding:host_id', 'binding:vif_type', 'binding:vif_details'] {{(pid=93743) _exclude_attributes_by_policy /opt/stack/neutron/neutron/pecan_wsgi/hooks/policy_enforcement.py:255}}
Jul 08 08:20:33.388319 dv-cinder-784945-12-iscsi neutron-server[93743]: INFO neutron.wsgi [req-9e7c15c6-553c-4c5f-b8f9-8da2af8ac971 req-188a7fe8-16ec-4a75-81d7-b102656f2ab8 tempest-DeleteServersTestJSON-307581196 tempest-DeleteServersTestJSON-307581196-project] 10.222.0.72 "GET /v2.0/ports?device_id=44b8fb9c-f5b2-42d2-ae2b-0dad5be083c3 HTTP/1.1" status: 200 len: 944 time: 0.0600905
Jul 08 08:20:33.429164 dv-cinder-784945-12-iscsi neutron-server[93743]: INFO neutron.wsgi [req-9e7c15c6-553c-4c5f-b8f9-8da2af8ac971 req-93d757c4-94b7-4953-8885-4e88df47afb9 tempest-DeleteServersTestJSON-307581196 tempest-DeleteServersTestJSON-307581196-project] 10.222.0.72 "GET /v2.0/security-groups?id=9808d43c-f95d-40c3-abe0-0f9c6f9a6300&fields=id&fields=name HTTP/1.1" status: 200 len: 286 time: 0.0348644
Jul 08 08:20:33.973429 dv-cinder-784945-12-iscsi neutron-server[93743]: DEBUG neutron.wsgi [-] (93743) accepted ('10.222.0.72', 57704) {{(pid=93743) server /usr/local/lib/python3.8/dist-packages/eventlet/wsgi.py:982}}
Jul 08 08:20:34.073122 dv-cinder-784945-12-iscsi neutron-server[93743]: DEBUG neutron_lib.callbacks.manager [None req-5c43cbcb-d6de-4c38-a0c8-eadaa307e271 admin admin] Notify callbacks [] for security_group, before_create {{(pid=93743) _notify_loop /usr/local/lib/python3.8/dist-packages/neutron_lib/callbacks/manager.py:192}}
Jul 08 08:20:34.160026 dv-cinder-784945-12-iscsi neutron-server[93743]: DEBUG neutron_lib.callbacks.manager [None req-5c43cbcb-d6de-4c38-a0c8-eadaa307e271 admin admin] Notify callbacks [] for security_group, precommit_create {{(pid=93743) _notify_loop /usr/local/lib/python3.8/dist-packages/neutron_lib/callbacks/manager.py:192}}
Jul 08 08:20:34.235077 dv-cinder-784945-12-iscsi neutron-server[93743]: DEBUG neutron_lib.callbacks.manager [None req-5c43cbcb-d6de-4c38-a0c8-eadaa307e271 admin admin] Notify callbacks ['neutron.plugins.ml2.ovo_rpc._ObjectChangeHandler.handle_payload_event-4025724'] for security_group, after_create {{(pid=93743) _notify_loop /usr/local/lib/python3.8/dist-packages/neutron_lib/callbacks/manager.py:192}}
Jul 08 08:20:34.273069 dv-cinder-784945-12-iscsi neutron-server[93743]: INFO neutron.wsgi [None req-5c43cbcb-d6de-4c38-a0c8-eadaa307e271 admin admin] 10.222.0.72 "GET /v2.0/security-groups?tenant_id=a5c4a71b7c894668b840adfe9e0e05b2&name=default HTTP/1.1" status: 200 len: 2979 time: 0.2985260
Jul 08 08:20:34.273939 dv-cinder-784945-12-iscsi neutron-server[93743]: DEBUG neutron.api.rpc.handlers.resources_rpc [None req-5c43cbcb-d6de-4c38-a0c8-eadaa307e271 admin admin] Pushing event updated for resources: {'SecurityGroup': ['ID=24af9ce1-862d-43a8-8df8-90eed0041f08,revision_number=1']} {{(pid=93743) push /opt/stack/neutron/neutron/api/rpc/handlers/resources_rpc.py:237}}
Jul 08 08:20:34.275807 dv-cinder-784945-12-iscsi neutron-server[93742]: DEBUG neutron.wsgi [-] (93742) accepted ('10.222.0.72', 57710) {{(pid=93742) server /usr/local/lib/python3.8/dist-packages/eventlet/wsgi.py:982}}
Jul 08 08:20:34.329971 dv-cinder-784945-12-iscsi neutron-server[93742]: DEBUG neutron_lib.callbacks.manager [None req-6206dd31-9091-4d88-b1fc-c36aa0ab3e5e admin admin] Notify callbacks [] for security_group, before_delete {{(pid=93742) _notify_loop /usr/local/lib/python3.8/dist-packages/neutron_lib/callbacks/manager.py:192}}
Jul 08 08:20:34.351040 dv-cinder-784945-12-iscsi neutron-server[93742]: DEBUG neutron_lib.callbacks.manager [None req-6206dd31-9091-4d88-b1fc-c36aa0ab3e5e admin admin] Notify callbacks [] for security_group, precommit_delete {{(pid=93742) _notify_loop /usr/local/lib/python3.8/dist-packages/neutron_lib/callbacks/manager.py:192}}
Jul 08 08:20:34.354512 dv-cinder-784945-12-iscsi neutron-server[93743]: INFO neutron.wsgi [req-f4119aa1-ed2d-4840-be6a-6280ba2fa50c req-d8a4d6d0-e06a-4231-aefd-d59be1270a34 tempest-AttachVolumeShelveTestJSON-595755159 tempest-AttachVolumeShelveTestJSON-595755159-project] 10.222.0.72 "GET /v2.0/ports?device_id=cbd318e9-6a2a-49fb-8939-5941e07f52ec HTTP/1.1" status: 200 len: 210 time: 0.0266726
Jul 08 08:20:34.486470 dv-cinder-784945-12-iscsi neutron-server[93742]: DEBUG neutron_lib.callbacks.manager [None req-6206dd31-9091-4d88-b1fc-c36aa0ab3e5e admin admin] Notify callbacks ['neutron.plugins.ml2.ovo_rpc._ObjectChangeHandler.handle_payload_event-4025724'] for security_group, after_delete {{(pid=93742) _notify_loop /usr/local/lib/python3.8/dist-packages/neutron_lib/callbacks/manager.py:192}}
Jul 08 08:20:34.489585 dv-cinder-784945-12-iscsi neutron-server[93742]: DEBUG neutron_lib.callbacks.manager [None req-6206dd31-9091-4d88-b1fc-c36aa0ab3e5e admin admin] Notify callbacks [] for security_group, before_response {{(pid=93742) _notify_loop /usr/local/lib/python3.8/dist-packages/neutron_lib/callbacks/manager.py:192}}
Jul 08 08:20:34.493931 dv-cinder-784945-12-iscsi neutron-server[93742]: INFO neutron.wsgi [None req-6206dd31-9091-4d88-b1fc-c36aa0ab3e5e admin admin] 10.222.0.72 "DELETE /v2.0/security-groups/24af9ce1-862d-43a8-8df8-90eed0041f08 HTTP/1.1" status: 204 len: 168 time: 0.2161179
Jul 08 08:20:34.503957 dv-cinder-784945-12-iscsi neutron-server[93742]: DEBUG neutron.api.rpc.handlers.resources_rpc [None req-6206dd31-9091-4d88-b1fc-c36aa0ab3e5e admin admin] Pushing event deleted for resources: {'SecurityGroup': ['ID=24af9ce1-862d-43a8-8df8-90eed0041f08,revision_number=None']} {{(pid=93742) push /opt/stack/neutron/neutron/api/rpc/handlers/resources_rpc.py:237}}
Jul 08 08:20:34.504895 dv-cinder-784945-12-iscsi neutron-server[93743]: DEBUG neutron.pecan_wsgi.hooks.policy_enforcement [req-0d312ecd-1c7f-42f4-927c-55b575bae4cc req-76c6fb08-7016-421b-a9a9-474f9ca42ac7 service neutron] Attributes excluded by policy engine: ['standard_attr_id'] {{(pid=93743) _exclude_attributes_by_policy /opt/stack/neutron/neutron/pecan_wsgi/hooks/policy_enforcement.py:255}}
Jul 08 08:20:34.506389 dv-cinder-784945-12-iscsi neutron-server[93743]: INFO neutron.wsgi [req-0d312ecd-1c7f-42f4-927c-55b575bae4cc req-76c6fb08-7016-421b-a9a9-474f9ca42ac7 service neutron] 10.222.0.67 "GET /v2.0/ports?tenant_id=c25e632dd3a84ac8bc2af6afcd3bde0d&device_id=44b8fb9c-f5b2-42d2-ae2b-0dad5be083c3 HTTP/1.1" status: 200 len: 1097 time: 0.1104834
Jul 08 08:20:34.584379 dv-cinder-784945-12-iscsi neutron-server[93743]: INFO neutron.wsgi [req-0d312ecd-1c7f-42f4-927c-55b575bae4cc req-9ded28a4-21fb-45b4-97d9-12bf56fc0863 service neutron] 10.222.0.67 "GET /v2.0/floatingips?fixed_ip_address=172.20.0.14&port_id=e339fa0a-9630-4987-8b5f-86a3383746f0 HTTP/1.1" status: 200 len: 217 time: 0.0694568
Jul 08 08:20:34.667208 dv-cinder-784945-12-iscsi neutron-server[93743]: DEBUG neutron.pecan_wsgi.hooks.policy_enforcement [req-0d312ecd-1c7f-42f4-927c-55b575bae4cc req-45643f4e-c864-4af7-b5ad-2cb50a751d2c service neutron] Attributes excluded by policy engine: ['standard_attr_id', 'shared'] {{(pid=93743) _exclude_attributes_by_policy /opt/stack/neutron/neutron/pecan_wsgi/hooks/policy_enforcement.py:255}}
Jul 08 08:20:34.668678 dv-cinder-784945-12-iscsi neutron-server[93743]: INFO neutron.wsgi [req-0d312ecd-1c7f-42f4-927c-55b575bae4cc req-45643f4e-c864-4af7-b5ad-2cb50a751d2c service neutron] 10.222.0.67 "GET /v2.0/subnets?id=7ff4e25d-6906-48af-ab80-9bfe89e0fba8 HTTP/1.1" status: 200 len: 852 time: 0.0767756
Jul 08 08:20:34.893107 dv-cinder-784945-12-iscsi neutron-server[93743]: INFO neutron.wsgi [req-0d312ecd-1c7f-42f4-927c-55b575bae4cc req-2c21c51e-8435-4d52-b001-356c7e98210f service neutron] 10.222.0.67 "GET /v2.0/ports?network_id=63dd26c1-68b8-430a-8657-01c5a198d2e9&device_owner=network%3Adhcp HTTP/1.1" status: 200 len: 210 time: 0.2164435
Jul 08 08:20:34.902009 dv-cinder-784945-12-iscsi neutron-server[93743]: DEBUG neutron.pecan_wsgi.hooks.policy_enforcement [req-a1c1b864-ace5-4c1b-9ff4-34f9e5252b75 req-fd8ea4c3-3a7f-4845-a339-f7e378c96ef8 tempest-DeleteServersTestJSON-307581196 tempest-DeleteServersTestJSON-307581196-project] Attributes excluded by policy engine: ['standard_attr_id', 'binding:profile', 'binding:host_id', 'binding:vif_type', 'binding:vif_details'] {{(pid=93743) _exclude_attributes_by_policy /opt/stack/neutron/neutron/pecan_wsgi/hooks/policy_enforcement.py:255}}
Jul 08 08:20:34.904812 dv-cinder-784945-12-iscsi neutron-server[93743]: INFO neutron.wsgi [req-a1c1b864-ace5-4c1b-9ff4-34f9e5252b75 req-fd8ea4c3-3a7f-4845-a339-f7e378c96ef8 tempest-DeleteServersTestJSON-307581196 tempest-DeleteServersTestJSON-307581196-project] 10.222.0.72 "GET /v2.0/ports?device_id=44b8fb9c-f5b2-42d2-ae2b-0dad5be083c3 HTTP/1.1" status: 200 len: 944 time: 0.3235223
Jul 08 08:20:34.995670 dv-cinder-784945-12-iscsi neutron-server[93743]: INFO neutron.wsgi [req-a1c1b864-ace5-4c1b-9ff4-34f9e5252b75 req-80fbc7cf-e98c-45fe-bcbb-9fac5b0153ad tempest-DeleteServersTestJSON-307581196 tempest-DeleteServersTestJSON-307581196-project] 10.222.0.72 "GET /v2.0/security-groups?id=9808d43c-f95d-40c3-abe0-0f9c6f9a6300&fields=id&fields=name HTTP/1.1" status: 200 len: 286 time: 0.0810459
Jul 08 08:20:35.026959 dv-cinder-784945-12-iscsi neutron-server[93743]: INFO neutron.wsgi [req-0d312ecd-1c7f-42f4-927c-55b575bae4cc req-93c251e8-368e-4a51-9b84-740bacacd020 service neutron] 10.222.0.67 "GET /v2.0/networks/63dd26c1-68b8-430a-8657-01c5a198d2e9?fields=segments HTTP/1.1" status: 200 len: 212 time: 0.1205549
Jul 08 08:20:35.120878 dv-cinder-784945-12-iscsi neutron-server[93743]: INFO neutron.wsgi [req-0d312ecd-1c7f-42f4-927c-55b575bae4cc req-280db153-9ed0-4d43-85c0-9015023cf079 service neutron] 10.222.0.67 "GET /v2.0/networks/63dd26c1-68b8-430a-8657-01c5a198d2e9?fields=provider%3Aphysical_network&fields=provider%3Anetwork_type HTTP/1.1" status: 200 len: 281 time: 0.0870872
Jul 08 08:20:35.268230 dv-cinder-784945-12-iscsi neutron-server[93743]: DEBUG neutron.pecan_wsgi.hooks.policy_enforcement [req-dbd52a7d-ab2c-4ead-9352-c807066b9e9b req-905e1f46-1a82-4766-82c7-a2607849a2e1 tempest-AttachVolumeShelveTestJSON-595755159 tempest-AttachVolumeShelveTestJSON-595755159-project] Attributes excluded by policy engine: ['standard_attr_id', 'vlan_transparent', 'provider:network_type', 'provider:physical_network', 'provider:segmentation_id'] {{(pid=93743) _exclude_attributes_by_policy /opt/stack/neutron/neutron/pecan_wsgi/hooks/policy_enforcement.py:255}}
Jul 08 08:20:35.269679 dv-cinder-784945-12-iscsi neutron-server[93743]: INFO neutron.wsgi [req-dbd52a7d-ab2c-4ead-9352-c807066b9e9b req-905e1f46-1a82-4766-82c7-a2607849a2e1 tempest-AttachVolumeShelveTestJSON-595755159 tempest-AttachVolumeShelveTestJSON-595755159-project] 10.222.0.67 "GET /v2.0/networks?id=d310105e-3045-40b0-8674-b4b6744b6f87 HTTP/1.1" status: 200 len: 817 time: 0.1082876
Jul 08 08:20:35.307383 dv-cinder-784945-12-iscsi neutron-server[93742]: DEBUG neutron.wsgi [-] (93742) accepted ('10.222.0.67', 64261) {{(pid=93742) server /usr/local/lib/python3.8/dist-packages/eventlet/wsgi.py:982}}
Jul 08 08:20:35.331681 dv-cinder-784945-12-iscsi neutron-server[93743]: INFO neutron.wsgi [req-dbd52a7d-ab2c-4ead-9352-c807066b9e9b req-353f3fed-500f-415e-a5e2-3c73de981c0b tempest-AttachVolumeShelveTestJSON-595755159 tempest-AttachVolumeShelveTestJSON-595755159-project] 10.222.0.67 "GET /v2.0/security-groups?fields=id&fields=name&tenant_id=99c71c5cec8d415fb9b99a08972e8bc1 HTTP/1.1" status: 200 len: 380 time: 0.0490198
Jul 08 08:20:35.343440 dv-cinder-784945-12-iscsi neutron-server[93743]: DEBUG neutron.api.v2.base [req-dbd52a7d-ab2c-4ead-9352-c807066b9e9b req-136bac93-9cc9-4ac1-b043-451e39cb333d tempest-AttachVolumeShelveTestJSON-595755159 tempest-AttachVolumeShelveTestJSON-595755159-project] Request body: {'port': {'device_id': 'cbd318e9-6a2a-49fb-8939-5941e07f52ec', 'network_id': 'd310105e-3045-40b0-8674-b4b6744b6f87', 'admin_state_up': True, 'tenant_id': '99c71c5cec8d415fb9b99a08972e8bc1', 'security_groups': ['132ca060-03ac-46f2-827f-098b06ddcd9f']}} {{(pid=93743) prepare_request_body /opt/stack/neutron/neutron/api/v2/base.py:729}}
Jul 08 08:20:35.397691 dv-cinder-784945-12-iscsi neutron-server[93743]: DEBUG neutron.wsgi [-] (93743) accepted ('10.222.0.72', 57744) {{(pid=93743) server /usr/local/lib/python3.8/dist-packages/eventlet/wsgi.py:982}}
Jul 08 08:20:35.440460 dv-cinder-784945-12-iscsi neutron-server[93742]: DEBUG neutron.pecan_wsgi.hooks.policy_enforcement [req-fec3e973-1f4c-4fb1-b83a-cb80dfce99a7 req-8d10690e-5ddc-42f1-a3fe-300649a9182d service neutron] Attributes excluded by policy engine: ['standard_attr_id'] {{(pid=93742) _exclude_attributes_by_policy /opt/stack/neutron/neutron/pecan_wsgi/hooks/policy_enforcement.py:255}}
Jul 08 08:20:35.442538 dv-cinder-784945-12-iscsi neutron-server[93742]: INFO neutron.wsgi [req-fec3e973-1f4c-4fb1-b83a-cb80dfce99a7 req-8d10690e-5ddc-42f1-a3fe-300649a9182d service neutron] 10.222.0.67 "GET /v2.0/ports?tenant_id=c25e632dd3a84ac8bc2af6afcd3bde0d&device_id=44b8fb9c-f5b2-42d2-ae2b-0dad5be083c3 HTTP/1.1" status: 200 len: 1097 time: 0.1276581
Jul 08 08:20:35.445927 dv-cinder-784945-12-iscsi neutron-server[93743]: DEBUG neutron_lib.callbacks.manager [None req-ff968269-c561-45b0-a300-63d2fcbf78c0 admin admin] Notify callbacks [] for security_group, before_create {{(pid=93743) _notify_loop /usr/local/lib/python3.8/dist-packages/neutron_lib/callbacks/manager.py:192}}
Jul 08 08:20:35.560422 dv-cinder-784945-12-iscsi neutron-server[93743]: INFO neutron.wsgi [req-b458b85f-66fe-4b0d-a316-4e688de2f0f0 req-ec71794f-7f85-45d4-acf9-9bb4a0619165 tempest-AttachVolumeShelveTestJSON-595755159 tempest-AttachVolumeShelveTestJSON-595755159-project] 10.222.0.72 "GET /v2.0/ports?device_id=cbd318e9-6a2a-49fb-8939-5941e07f52ec HTTP/1.1" status: 200 len: 210 time: 0.0635755
Jul 08 08:20:35.638598 dv-cinder-784945-12-iscsi neutron-server[93743]: DEBUG neutron_lib.callbacks.manager [None req-ff968269-c561-45b0-a300-63d2fcbf78c0 admin admin] Notify callbacks [] for security_group, precommit_create {{(pid=93743) _notify_loop /usr/local/lib/python3.8/dist-packages/neutron_lib/callbacks/manager.py:192}}
Jul 08 08:20:35.657907 dv-cinder-784945-12-iscsi neutron-server[93742]: DEBUG neutron.pecan_wsgi.hooks.policy_enforcement [req-fec3e973-1f4c-4fb1-b83a-cb80dfce99a7 req-fc5c8201-da24-48bb-bc94-306c4517beb7 service neutron] Attributes excluded by policy engine: ['standard_attr_id', 'vlan_transparent'] {{(pid=93742) _exclude_attributes_by_policy /opt/stack/neutron/neutron/pecan_wsgi/hooks/policy_enforcement.py:255}}
Jul 08 08:20:35.659438 dv-cinder-784945-12-iscsi neutron-server[93742]: INFO neutron.wsgi [req-fec3e973-1f4c-4fb1-b83a-cb80dfce99a7 req-fc5c8201-da24-48bb-bc94-306c4517beb7 service neutron] 10.222.0.67 "GET /v2.0/networks?id=63dd26c1-68b8-430a-8657-01c5a198d2e9 HTTP/1.1" status: 200 len: 913 time: 0.2051554
Jul 08 08:20:35.720343 dv-cinder-784945-12-iscsi neutron-server[93743]: DEBUG neutron_lib.callbacks.manager [None req-ff968269-c561-45b0-a300-63d2fcbf78c0 admin admin] Notify callbacks ['neutron.plugins.ml2.ovo_rpc._ObjectChangeHandler.handle_payload_event-4025724'] for security_group, after_create {{(pid=93743) _notify_loop /usr/local/lib/python3.8/dist-packages/neutron_lib/callbacks/manager.py:192}}
Jul 08 08:20:35.745137 dv-cinder-784945-12-iscsi neutron-server[93742]: INFO neutron.wsgi [req-fec3e973-1f4c-4fb1-b83a-cb80dfce99a7 req-694d62f1-5b3b-4b07-ba09-de13f596b5b1 service neutron] 10.222.0.67 "GET /v2.0/floatingips?fixed_ip_address=172.20.0.14&port_id=e339fa0a-9630-4987-8b5f-86a3383746f0 HTTP/1.1" status: 200 len: 217 time: 0.0782611
Jul 08 08:20:35.767540 dv-cinder-784945-12-iscsi neutron-server[93743]: INFO neutron.wsgi [None req-ff968269-c561-45b0-a300-63d2fcbf78c0 admin admin] 10.222.0.72 "GET /v2.0/security-groups?tenant_id=0b80376543f04d53ae34e6ced2e09b9e&name=default HTTP/1.1" status: 200 len: 2979 time: 0.3695915
Jul 08 08:20:35.771196 dv-cinder-784945-12-iscsi neutron-server[93743]: DEBUG neutron.wsgi [-] (93743) accepted ('10.222.0.72', 57756) {{(pid=93743) server /usr/local/lib/python3.8/dist-packages/eventlet/wsgi.py:982}}
Jul 08 08:20:35.779735 dv-cinder-784945-12-iscsi neutron-server[93743]: DEBUG neutron.api.rpc.handlers.resources_rpc [None req-ff968269-c561-45b0-a300-63d2fcbf78c0 admin admin] Pushing event updated for resources: {'SecurityGroup': ['ID=8ea41292-b356-45a2-ad58-966efa00da45,revision_number=1']} {{(pid=93743) push /opt/stack/neutron/neutron/api/rpc/handlers/resources_rpc.py:237}}
Jul 08 08:20:35.840007 dv-cinder-784945-12-iscsi neutron-server[93742]: DEBUG neutron.pecan_wsgi.hooks.policy_enforcement [req-fec3e973-1f4c-4fb1-b83a-cb80dfce99a7 req-f318817e-4ceb-47fd-9bf4-1314d21a0e26 service neutron] Attributes excluded by policy engine: ['standard_attr_id', 'shared'] {{(pid=93742) _exclude_attributes_by_policy /opt/stack/neutron/neutron/pecan_wsgi/hooks/policy_enforcement.py:255}}
Jul 08 08:20:35.842151 dv-cinder-784945-12-iscsi neutron-server[93742]: INFO neutron.wsgi [req-fec3e973-1f4c-4fb1-b83a-cb80dfce99a7 req-f318817e-4ceb-47fd-9bf4-1314d21a0e26 service neutron] 10.222.0.67 "GET /v2.0/subnets?id=7ff4e25d-6906-48af-ab80-9bfe89e0fba8 HTTP/1.1" status: 200 len: 852 time: 0.0884378
Jul 08 08:20:35.852255 dv-cinder-784945-12-iscsi neutron-server[93743]: DEBUG neutron_lib.callbacks.manager [None req-b18b66bc-7afe-4590-904a-9a77561e8486 admin admin] Notify callbacks [] for security_group, before_delete {{(pid=93743) _notify_loop /usr/local/lib/python3.8/dist-packages/neutron_lib/callbacks/manager.py:192}}
Jul 08 08:20:35.902011 dv-cinder-784945-12-iscsi neutron-server[93742]: INFO neutron.wsgi [req-fec3e973-1f4c-4fb1-b83a-cb80dfce99a7 req-5ca2ccfe-cc97-4a6d-8ace-64ebddac7931 service neutron] 10.222.0.67 "GET /v2.0/ports?network_id=63dd26c1-68b8-430a-8657-01c5a198d2e9&device_owner=network%3Adhcp HTTP/1.1" status: 200 len: 210 time: 0.0525956
Jul 08 08:20:35.902258 dv-cinder-784945-12-iscsi neutron-server[93743]: DEBUG neutron_lib.callbacks.manager [None req-b18b66bc-7afe-4590-904a-9a77561e8486 admin admin] Notify callbacks [] for security_group, precommit_delete {{(pid=93743) _notify_loop /usr/local/lib/python3.8/dist-packages/neutron_lib/callbacks/manager.py:192}}
Jul 08 08:20:35.936541 dv-cinder-784945-12-iscsi neutron-server[93743]: DEBUG neutron.pecan_wsgi.hooks.quota_enforcement [req-dbd52a7d-ab2c-4ead-9352-c807066b9e9b req-136bac93-9cc9-4ac1-b043-451e39cb333d tempest-AttachVolumeShelveTestJSON-595755159 tempest-AttachVolumeShelveTestJSON-595755159-project] Made reservation on behalf of 99c71c5cec8d415fb9b99a08972e8bc1 for: {'port': 1} {{(pid=93743) before /opt/stack/neutron/neutron/pecan_wsgi/hooks/quota_enforcement.py:53}}
Jul 08 08:20:35.959181 dv-cinder-784945-12-iscsi neutron-server[93743]: DEBUG neutron_lib.callbacks.manager [req-dbd52a7d-ab2c-4ead-9352-c807066b9e9b req-136bac93-9cc9-4ac1-b043-451e39cb333d tempest-AttachVolumeShelveTestJSON-595755159 tempest-AttachVolumeShelveTestJSON-595755159-project] Notify callbacks ['neutron.plugins.ml2.plugin.SecurityGroupDbMixin._ensure_default_security_group_handler-542434'] for port, before_create {{(pid=93743) _notify_loop /usr/local/lib/python3.8/dist-packages/neutron_lib/callbacks/manager.py:192}}
Jul 08 08:20:36.023339 dv-cinder-784945-12-iscsi neutron-server[93742]: INFO neutron.wsgi [req-fec3e973-1f4c-4fb1-b83a-cb80dfce99a7 req-7e9c79ae-2a10-4c47-9704-3d7fe4ad98c1 service neutron] 10.222.0.67 "GET /v2.0/networks/63dd26c1-68b8-430a-8657-01c5a198d2e9?fields=segments HTTP/1.1" status: 200 len: 212 time: 0.1140018
Jul 08 08:20:36.160923 dv-cinder-784945-12-iscsi neutron-server[93743]: DEBUG neutron_lib.callbacks.manager [None req-b18b66bc-7afe-4590-904a-9a77561e8486 admin admin] Notify callbacks ['neutron.plugins.ml2.ovo_rpc._ObjectChangeHandler.handle_payload_event-4025724'] for security_group, after_delete {{(pid=93743) _notify_loop /usr/local/lib/python3.8/dist-packages/neutron_lib/callbacks/manager.py:192}}
Jul 08 08:20:36.163575 dv-cinder-784945-12-iscsi neutron-server[93743]: DEBUG neutron_lib.callbacks.manager [None req-b18b66bc-7afe-4590-904a-9a77561e8486 admin admin] Notify callbacks [] for security_group, before_response {{(pid=93743) _notify_loop /usr/local/lib/python3.8/dist-packages/neutron_lib/callbacks/manager.py:192}}
Jul 08 08:20:36.164876 dv-cinder-784945-12-iscsi neutron-server[93743]: INFO neutron.wsgi [None req-b18b66bc-7afe-4590-904a-9a77561e8486 admin admin] 10.222.0.72 "DELETE /v2.0/security-groups/8ea41292-b356-45a2-ad58-966efa00da45 HTTP/1.1" status: 204 len: 168 time: 0.3927767
Jul 08 08:20:36.204887 dv-cinder-784945-12-iscsi neutron-server[93743]: DEBUG neutron.api.rpc.handlers.resources_rpc [None req-b18b66bc-7afe-4590-904a-9a77561e8486 admin admin] Pushing event deleted for resources: {'SecurityGroup': ['ID=8ea41292-b356-45a2-ad58-966efa00da45,revision_number=None']} {{(pid=93743) push /opt/stack/neutron/neutron/api/rpc/handlers/resources_rpc.py:237}}
Jul 08 08:20:36.283949 dv-cinder-784945-12-iscsi neutron-server[93742]: INFO neutron.wsgi [req-fec3e973-1f4c-4fb1-b83a-cb80dfce99a7 req-892f450b-aa04-4c82-ad48-526e4eaa4491 service neutron] 10.222.0.67 "GET /v2.0/networks/63dd26c1-68b8-430a-8657-01c5a198d2e9?fields=provider%3Aphysical_network&fields=provider%3Anetwork_type HTTP/1.1" status: 200 len: 281 time: 0.2523720
Jul 08 08:20:36.293638 dv-cinder-784945-12-iscsi neutron-server[93743]: DEBUG neutron.pecan_wsgi.hooks.policy_enforcement [req-73573b6b-201e-4be6-8066-ace94136bc00 req-b952c71c-ec5e-44df-aac6-7843af0cf64d tempest-DeleteServersTestJSON-307581196 tempest-DeleteServersTestJSON-307581196-project] Attributes excluded by policy engine: ['standard_attr_id', 'binding:profile', 'binding:host_id', 'binding:vif_type', 'binding:vif_details'] {{(pid=93743) _exclude_attributes_by_policy /opt/stack/neutron/neutron/pecan_wsgi/hooks/policy_enforcement.py:255}}
