Jun 07 08:12:50.829394 dv-cinder-784945-11-smb devstack@placement-api.service[92385]: [pid: 92385|app: 0|req: 11/23] 10.222.0.35 () {60 vars in 1506 bytes} [Mon Jun 7 08:12:50 2021] GET /placement/allocation_candidates?limit=1000&resources=DISK_GB%3A1%2CMEMORY_MB%3A1024%2CVCPU%3A1&root_required=%21COMPUTE_STATUS_DISABLED => generated 767 bytes in 201 msecs (HTTP/1.1 200) 8 headers in 296 bytes (1 switches on core 0)
Jun 07 08:12:50.932506 dv-cinder-784945-11-smb devstack@placement-api.service[92386]: DEBUG placement.requestlog [req-c3d052d4-1801-48a2-b3b0-858a53b37e65 req-65e874cd-508f-4f1c-8831-2182539d3f55 None None] Starting request: 10.222.0.35 "GET /placement/allocations/7870b511-6dc3-40bf-881c-3394e5c6b54a" {{(pid=92386) __call__ /opt/stack/placement/placement/requestlog.py:55}}
Jun 07 08:12:50.958695 dv-cinder-784945-11-smb devstack@placement-api.service[92386]: INFO placement.requestlog [req-c3d052d4-1801-48a2-b3b0-858a53b37e65 req-65e874cd-508f-4f1c-8831-2182539d3f55 service placement] 10.222.0.35 "GET /placement/allocations/7870b511-6dc3-40bf-881c-3394e5c6b54a" status: 200 len: 19 microversion: 1.28
Jun 07 08:12:50.959273 dv-cinder-784945-11-smb devstack@placement-api.service[92386]: [pid: 92386|app: 0|req: 13/24] 10.222.0.35 () {60 vars in 1380 bytes} [Mon Jun 7 08:12:50 2021] GET /placement/allocations/7870b511-6dc3-40bf-881c-3394e5c6b54a => generated 19 bytes in 27 msecs (HTTP/1.1 200) 8 headers in 295 bytes (1 switches on core 0)
Jun 07 08:12:50.964807 dv-cinder-784945-11-smb devstack@placement-api.service[92385]: DEBUG placement.requestlog [req-c3d052d4-1801-48a2-b3b0-858a53b37e65 req-c445a680-614b-48c3-899d-6a66fa7c5695 None None] Starting request: 10.222.0.35 "PUT /placement/allocations/7870b511-6dc3-40bf-881c-3394e5c6b54a" {{(pid=92385) __call__ /opt/stack/placement/placement/requestlog.py:55}}
Jun 07 08:12:51.164016 dv-cinder-784945-11-smb devstack@placement-api.service[92385]: DEBUG placement.handlers.allocation [req-c3d052d4-1801-48a2-b3b0-858a53b37e65 req-c445a680-614b-48c3-899d-6a66fa7c5695 service placement] Successfully wrote allocations [, , ] {{(pid=92385) _create_allocations /opt/stack/placement/placement/handlers/allocation.py:435}}
Jun 07 08:12:51.164658 dv-cinder-784945-11-smb devstack@placement-api.service[92385]: INFO placement.requestlog [req-c3d052d4-1801-48a2-b3b0-858a53b37e65 req-c445a680-614b-48c3-899d-6a66fa7c5695 service placement] 10.222.0.35 "PUT /placement/allocations/7870b511-6dc3-40bf-881c-3394e5c6b54a" status: 204 len: 0 microversion: 1.35
Jun 07 08:12:51.165124 dv-cinder-784945-11-smb devstack@placement-api.service[92385]: [pid: 92385|app: 0|req: 12/25] 10.222.0.35 () {64 vars in 1433 bytes} [Mon Jun 7 08:12:50 2021] PUT /placement/allocations/7870b511-6dc3-40bf-881c-3394e5c6b54a => generated 0 bytes in 200 msecs (HTTP/1.1 204) 5 headers in 199 bytes (2 switches on core 0)
Jun 07 08:12:51.975840 dv-cinder-784945-11-smb devstack@placement-api.service[92386]: DEBUG placement.requestlog [req-c3d052d4-1801-48a2-b3b0-858a53b37e65 req-b7b04c66-4995-41d5-b4d4-c2cd2bacdea2 None None] Starting request: 10.222.0.22 "GET /placement/allocations/7870b511-6dc3-40bf-881c-3394e5c6b54a" {{(pid=92386) __call__ /opt/stack/placement/placement/requestlog.py:55}}
Jun 07 08:12:52.010234 dv-cinder-784945-11-smb devstack@placement-api.service[92386]: INFO placement.requestlog [req-c3d052d4-1801-48a2-b3b0-858a53b37e65 req-b7b04c66-4995-41d5-b4d4-c2cd2bacdea2 service placement] 10.222.0.22 "GET /placement/allocations/7870b511-6dc3-40bf-881c-3394e5c6b54a" status: 200 len: 258 microversion: 1.28
Jun 07 08:12:52.014925 dv-cinder-784945-11-smb devstack@placement-api.service[92386]: [pid: 92386|app: 0|req: 14/26] 10.222.0.22 () {60 vars in 1378 bytes} [Mon Jun 7 08:12:51 2021] GET /placement/allocations/7870b511-6dc3-40bf-881c-3394e5c6b54a => generated 258 bytes in 39 msecs (HTTP/1.1 200) 8 headers in 296 bytes (1 switches on core 0)
Jun 07 08:12:54.994723 dv-cinder-784945-11-smb devstack@placement-api.service[92385]: DEBUG placement.requestlog [req-723417a8-b6c5-48ff-bc20-8f306af6668e req-8e3e8e3d-4268-4b1d-a62c-ed14d78c9eb9 None None] Starting request: 10.222.0.35 "GET /placement/allocation_candidates?limit=1000&resources=DISK_GB%3A1%2CMEMORY_MB%3A1024%2CVCPU%3A1&root_required=%21COMPUTE_STATUS_DISABLED" {{(pid=92385) __call__ /opt/stack/placement/placement/requestlog.py:55}}
Jun 07 08:12:55.098506 dv-cinder-784945-11-smb devstack@placement-api.service[92385]: DEBUG placement.objects.research_context [req-723417a8-b6c5-48ff-bc20-8f306af6668e req-8e3e8e3d-4268-4b1d-a62c-ed14d78c9eb9 service placement] getting providers with 1 DISK_GB {{(pid=92385) __init__ /opt/stack/placement/placement/objects/research_context.py:126}}
Jun 07 08:12:55.123506 dv-cinder-784945-11-smb devstack@placement-api.service[92385]: DEBUG placement.objects.research_context [req-723417a8-b6c5-48ff-bc20-8f306af6668e req-8e3e8e3d-4268-4b1d-a62c-ed14d78c9eb9 service placement] getting providers with 1024 MEMORY_MB {{(pid=92385) __init__ /opt/stack/placement/placement/objects/research_context.py:126}}
Jun 07 08:12:55.147961 dv-cinder-784945-11-smb devstack@placement-api.service[92385]: DEBUG placement.objects.research_context [req-723417a8-b6c5-48ff-bc20-8f306af6668e req-8e3e8e3d-4268-4b1d-a62c-ed14d78c9eb9 service placement] getting providers with 1 VCPU {{(pid=92385) __init__ /opt/stack/placement/placement/objects/research_context.py:126}}
Jun 07 08:12:55.166375 dv-cinder-784945-11-smb devstack@placement-api.service[92385]: DEBUG placement.objects.research_context [req-723417a8-b6c5-48ff-bc20-8f306af6668e req-8e3e8e3d-4268-4b1d-a62c-ed14d78c9eb9 service placement] found 1 providers with available 1 DISK_GB {{(pid=92385) get_provider_ids_matching /opt/stack/placement/placement/objects/research_context.py:549}}
Jun 07 08:12:55.166697 dv-cinder-784945-11-smb devstack@placement-api.service[92385]: DEBUG placement.objects.research_context [req-723417a8-b6c5-48ff-bc20-8f306af6668e req-8e3e8e3d-4268-4b1d-a62c-ed14d78c9eb9 service placement] found 1 providers with available 1024 MEMORY_MB {{(pid=92385) get_provider_ids_matching /opt/stack/placement/placement/objects/research_context.py:549}}
Jun 07 08:12:55.166921 dv-cinder-784945-11-smb devstack@placement-api.service[92385]: DEBUG placement.objects.research_context [req-723417a8-b6c5-48ff-bc20-8f306af6668e req-8e3e8e3d-4268-4b1d-a62c-ed14d78c9eb9 service placement] found 1 providers after filtering by previous result {{(pid=92385) get_provider_ids_matching /opt/stack/placement/placement/objects/research_context.py:580}}
Jun 07 08:12:55.167185 dv-cinder-784945-11-smb devstack@placement-api.service[92385]: DEBUG placement.objects.research_context [req-723417a8-b6c5-48ff-bc20-8f306af6668e req-8e3e8e3d-4268-4b1d-a62c-ed14d78c9eb9 service placement] found 1 providers with available 1 VCPU {{(pid=92385) get_provider_ids_matching /opt/stack/placement/placement/objects/research_context.py:549}}
Jun 07 08:12:55.167468 dv-cinder-784945-11-smb devstack@placement-api.service[92385]: DEBUG placement.objects.research_context [req-723417a8-b6c5-48ff-bc20-8f306af6668e req-8e3e8e3d-4268-4b1d-a62c-ed14d78c9eb9 service placement] found 1 providers after filtering by previous result {{(pid=92385) get_provider_ids_matching /opt/stack/placement/placement/objects/research_context.py:580}}
Jun 07 08:12:55.213619 dv-cinder-784945-11-smb devstack@placement-api.service[92385]: DEBUG placement.objects.allocation_candidate [req-723417a8-b6c5-48ff-bc20-8f306af6668e req-8e3e8e3d-4268-4b1d-a62c-ed14d78c9eb9 service placement] RequestGroup(use_same_provider=False, resources={DISK_GB:1, MEMORY_MB:1024, VCPU:1}, traits=[], aggregates=[]) (suffix '') returned 1 matches {{(pid=92385) _get_by_requests /opt/stack/placement/placement/objects/allocation_candidate.py:145}}
Jun 07 08:12:55.213841 dv-cinder-784945-11-smb devstack@placement-api.service[92385]: DEBUG placement.objects.allocation_candidate [req-723417a8-b6c5-48ff-bc20-8f306af6668e req-8e3e8e3d-4268-4b1d-a62c-ed14d78c9eb9 service placement] Merging candidates yields 1 allocation requests and 1 provider summaries {{(pid=92385) _merge_candidates /opt/stack/placement/placement/objects/allocation_candidate.py:783}}
Jun 07 08:12:55.216781 dv-cinder-784945-11-smb devstack@placement-api.service[92385]: INFO placement.requestlog [req-723417a8-b6c5-48ff-bc20-8f306af6668e req-8e3e8e3d-4268-4b1d-a62c-ed14d78c9eb9 service placement] 10.222.0.35 "GET /placement/allocation_candidates?limit=1000&resources=DISK_GB%3A1%2CMEMORY_MB%3A1024%2CVCPU%3A1&root_required=%21COMPUTE_STATUS_DISABLED" status: 200 len: 767 microversion: 1.35
Jun 07 08:12:55.217923 dv-cinder-784945-11-smb devstack@placement-api.service[92385]: [pid: 92385|app: 0|req: 13/27] 10.222.0.35 () {60 vars in 1506 bytes} [Mon Jun 7 08:12:54 2021] GET /placement/allocation_candidates?limit=1000&resources=DISK_GB%3A1%2CMEMORY_MB%3A1024%2CVCPU%3A1&root_required=%21COMPUTE_STATUS_DISABLED => generated 767 bytes in 224 msecs (HTTP/1.1 200) 8 headers in 296 bytes (1 switches on core 0)
Jun 07 08:12:55.291027 dv-cinder-784945-11-smb devstack@placement-api.service[92386]: DEBUG placement.requestlog [req-723417a8-b6c5-48ff-bc20-8f306af6668e req-d68372c8-8f63-4050-935c-140b6fa5f34b None None] Starting request: 10.222.0.35 "GET /placement/allocations/7f97642f-eb40-4fb1-b679-175680ae4aab" {{(pid=92386) __call__ /opt/stack/placement/placement/requestlog.py:55}}
Jun 07 08:12:55.303524 dv-cinder-784945-11-smb devstack@placement-api.service[92386]: INFO placement.requestlog [req-723417a8-b6c5-48ff-bc20-8f306af6668e req-d68372c8-8f63-4050-935c-140b6fa5f34b service placement] 10.222.0.35 "GET /placement/allocations/7f97642f-eb40-4fb1-b679-175680ae4aab" status: 200 len: 19 microversion: 1.28
Jun 07 08:12:55.309483 dv-cinder-784945-11-smb devstack@placement-api.service[92386]: [pid: 92386|app: 0|req: 15/28] 10.222.0.35 () {60 vars in 1380 bytes} [Mon Jun 7 08:12:55 2021] GET /placement/allocations/7f97642f-eb40-4fb1-b679-175680ae4aab => generated 19 bytes in 18 msecs (HTTP/1.1 200) 8 headers in 295 bytes (1 switches on core 0)
Jun 07 08:12:55.309966 dv-cinder-784945-11-smb devstack@placement-api.service[92385]: DEBUG placement.requestlog [req-723417a8-b6c5-48ff-bc20-8f306af6668e req-a93d02f2-1cde-4ac2-aa22-67939c1dc86f None None] Starting request: 10.222.0.35 "PUT /placement/allocations/7f97642f-eb40-4fb1-b679-175680ae4aab" {{(pid=92385) __call__ /opt/stack/placement/placement/requestlog.py:55}}
Jun 07 08:12:55.460882 dv-cinder-784945-11-smb devstack@placement-api.service[92385]: DEBUG placement.handlers.allocation [req-723417a8-b6c5-48ff-bc20-8f306af6668e req-a93d02f2-1cde-4ac2-aa22-67939c1dc86f service placement] Successfully wrote allocations [, , ] {{(pid=92385) _create_allocations /opt/stack/placement/placement/handlers/allocation.py:435}}
Jun 07 08:12:55.461570 dv-cinder-784945-11-smb devstack@placement-api.service[92385]: INFO placement.requestlog [req-723417a8-b6c5-48ff-bc20-8f306af6668e req-a93d02f2-1cde-4ac2-aa22-67939c1dc86f service placement] 10.222.0.35 "PUT /placement/allocations/7f97642f-eb40-4fb1-b679-175680ae4aab" status: 204 len: 0 microversion: 1.35
Jun 07 08:12:55.462347 dv-cinder-784945-11-smb devstack@placement-api.service[92385]: [pid: 92385|app: 0|req: 14/29] 10.222.0.35 () {64 vars in 1433 bytes} [Mon Jun 7 08:12:55 2021] PUT /placement/allocations/7f97642f-eb40-4fb1-b679-175680ae4aab => generated 0 bytes in 153 msecs (HTTP/1.1 204) 5 headers in 199 bytes (2 switches on core 0)
Jun 07 08:12:56.029349 dv-cinder-784945-11-smb devstack@placement-api.service[92386]: DEBUG placement.requestlog [req-723417a8-b6c5-48ff-bc20-8f306af6668e req-ed7c46c7-83a3-4f44-82a2-9463ee2736b6 None None] Starting request: 10.222.0.22 "GET /placement/allocations/7f97642f-eb40-4fb1-b679-175680ae4aab" {{(pid=92386) __call__ /opt/stack/placement/placement/requestlog.py:55}}
Jun 07 08:12:56.046740 dv-cinder-784945-11-smb devstack@placement-api.service[92386]: INFO placement.requestlog [req-723417a8-b6c5-48ff-bc20-8f306af6668e req-ed7c46c7-83a3-4f44-82a2-9463ee2736b6 service placement] 10.222.0.22 "GET /placement/allocations/7f97642f-eb40-4fb1-b679-175680ae4aab" status: 200 len: 258 microversion: 1.28
Jun 07 08:12:56.047870 dv-cinder-784945-11-smb devstack@placement-api.service[92386]: [pid: 92386|app: 0|req: 16/30] 10.222.0.22 () {60 vars in 1378 bytes} [Mon Jun 7 08:12:56 2021] GET /placement/allocations/7f97642f-eb40-4fb1-b679-175680ae4aab => generated 258 bytes in 18 msecs (HTTP/1.1 200) 8 headers in 296 bytes (1 switches on core 0)
Jun 07 08:12:58.046229 dv-cinder-784945-11-smb devstack@placement-api.service[92385]: DEBUG placement.requestlog [req-6e6c1abf-80fb-4000-9691-2513f2ed7094 req-d0b351e7-a95d-471c-9c4e-ad8fd08d5fef None None] Starting request: 10.222.0.35 "GET /placement/allocation_candidates?limit=1000&resources=DISK_GB%3A1%2CMEMORY_MB%3A1024%2CVCPU%3A1&root_required=%21COMPUTE_STATUS_DISABLED" {{(pid=92385) __call__ /opt/stack/placement/placement/requestlog.py:55}}
Jun 07 08:12:58.095659 dv-cinder-784945-11-smb devstack@placement-api.service[92385]: DEBUG placement.objects.research_context [req-6e6c1abf-80fb-4000-9691-2513f2ed7094 req-d0b351e7-a95d-471c-9c4e-ad8fd08d5fef service placement] getting providers with 1 DISK_GB {{(pid=92385) __init__ /opt/stack/placement/placement/objects/research_context.py:126}}
Jun 07 08:12:58.101815 dv-cinder-784945-11-smb devstack@placement-api.service[92385]: DEBUG placement.objects.research_context [req-6e6c1abf-80fb-4000-9691-2513f2ed7094 req-d0b351e7-a95d-471c-9c4e-ad8fd08d5fef service placement] getting providers with 1024 MEMORY_MB {{(pid=92385) __init__ /opt/stack/placement/placement/objects/research_context.py:126}}
Jun 07 08:12:58.111553 dv-cinder-784945-11-smb devstack@placement-api.service[92385]: DEBUG placement.objects.research_context [req-6e6c1abf-80fb-4000-9691-2513f2ed7094 req-d0b351e7-a95d-471c-9c4e-ad8fd08d5fef service placement] getting providers with 1 VCPU {{(pid=92385) __init__ /opt/stack/placement/placement/objects/research_context.py:126}}
Jun 07 08:12:58.118926 dv-cinder-784945-11-smb devstack@placement-api.service[92385]: DEBUG placement.objects.research_context [req-6e6c1abf-80fb-4000-9691-2513f2ed7094 req-d0b351e7-a95d-471c-9c4e-ad8fd08d5fef service placement] found 1 providers with available 1 DISK_GB {{(pid=92385) get_provider_ids_matching /opt/stack/placement/placement/objects/research_context.py:549}}
Jun 07 08:12:58.119402 dv-cinder-784945-11-smb devstack@placement-api.service[92385]: DEBUG placement.objects.research_context [req-6e6c1abf-80fb-4000-9691-2513f2ed7094 req-d0b351e7-a95d-471c-9c4e-ad8fd08d5fef service placement] found 1 providers with available 1024 MEMORY_MB {{(pid=92385) get_provider_ids_matching /opt/stack/placement/placement/objects/research_context.py:549}}
Jun 07 08:12:58.119907 dv-cinder-784945-11-smb devstack@placement-api.service[92385]: DEBUG placement.objects.research_context [req-6e6c1abf-80fb-4000-9691-2513f2ed7094 req-d0b351e7-a95d-471c-9c4e-ad8fd08d5fef service placement] found 1 providers after filtering by previous result {{(pid=92385) get_provider_ids_matching /opt/stack/placement/placement/objects/research_context.py:580}}
Jun 07 08:12:58.120313 dv-cinder-784945-11-smb devstack@placement-api.service[92385]: DEBUG placement.objects.research_context [req-6e6c1abf-80fb-4000-9691-2513f2ed7094 req-d0b351e7-a95d-471c-9c4e-ad8fd08d5fef service placement] found 1 providers with available 1 VCPU {{(pid=92385) get_provider_ids_matching /opt/stack/placement/placement/objects/research_context.py:549}}
Jun 07 08:12:58.120783 dv-cinder-784945-11-smb devstack@placement-api.service[92385]: DEBUG placement.objects.research_context [req-6e6c1abf-80fb-4000-9691-2513f2ed7094 req-d0b351e7-a95d-471c-9c4e-ad8fd08d5fef service placement] found 1 providers after filtering by previous result {{(pid=92385) get_provider_ids_matching /opt/stack/placement/placement/objects/research_context.py:580}}
Jun 07 08:12:58.134390 dv-cinder-784945-11-smb devstack@placement-api.service[92385]: DEBUG placement.objects.allocation_candidate [req-6e6c1abf-80fb-4000-9691-2513f2ed7094 req-d0b351e7-a95d-471c-9c4e-ad8fd08d5fef service placement] RequestGroup(use_same_provider=False, resources={DISK_GB:1, MEMORY_MB:1024, VCPU:1}, traits=[], aggregates=[]) (suffix '') returned 1 matches {{(pid=92385) _get_by_requests /opt/stack/placement/placement/objects/allocation_candidate.py:145}}
Jun 07 08:12:58.134976 dv-cinder-784945-11-smb devstack@placement-api.service[92385]: DEBUG placement.objects.allocation_candidate [req-6e6c1abf-80fb-4000-9691-2513f2ed7094 req-d0b351e7-a95d-471c-9c4e-ad8fd08d5fef service placement] Merging candidates yields 1 allocation requests and 1 provider summaries {{(pid=92385) _merge_candidates /opt/stack/placement/placement/objects/allocation_candidate.py:783}}
Jun 07 08:12:58.142242 dv-cinder-784945-11-smb devstack@placement-api.service[92385]: INFO placement.requestlog [req-6e6c1abf-80fb-4000-9691-2513f2ed7094 req-d0b351e7-a95d-471c-9c4e-ad8fd08d5fef service placement] 10.222.0.35 "GET /placement/allocation_candidates?limit=1000&resources=DISK_GB%3A1%2CMEMORY_MB%3A1024%2CVCPU%3A1&root_required=%21COMPUTE_STATUS_DISABLED" status: 200 len: 767 microversion: 1.35
Jun 07 08:12:58.143020 dv-cinder-784945-11-smb devstack@placement-api.service[92385]: [pid: 92385|app: 0|req: 15/31] 10.222.0.35 () {60 vars in 1506 bytes} [Mon Jun 7 08:12:58 2021] GET /placement/allocation_candidates?limit=1000&resources=DISK_GB%3A1%2CMEMORY_MB%3A1024%2CVCPU%3A1&root_required=%21COMPUTE_STATUS_DISABLED => generated 767 bytes in 97 msecs (HTTP/1.1 200) 8 headers in 296 bytes (1 switches on core 0)
Jun 07 08:12:58.197164 dv-cinder-784945-11-smb devstack@placement-api.service[92386]: DEBUG placement.requestlog [req-6e6c1abf-80fb-4000-9691-2513f2ed7094 req-55222b85-21c4-4b15-8165-258c87c5aa3f None None] Starting request: 10.222.0.35 "GET /placement/allocations/8aecb454-77f6-4e80-b915-8131aa7463c1" {{(pid=92386) __call__ /opt/stack/placement/placement/requestlog.py:55}}
Jun 07 08:12:58.210296 dv-cinder-784945-11-smb devstack@placement-api.service[92386]: INFO placement.requestlog [req-6e6c1abf-80fb-4000-9691-2513f2ed7094 req-55222b85-21c4-4b15-8165-258c87c5aa3f service placement] 10.222.0.35 "GET /placement/allocations/8aecb454-77f6-4e80-b915-8131aa7463c1" status: 200 len: 19 microversion: 1.28
Jun 07 08:12:58.225717 dv-cinder-784945-11-smb devstack@placement-api.service[92386]: [pid: 92386|app: 0|req: 17/32] 10.222.0.35 () {60 vars in 1380 bytes} [Mon Jun 7 08:12:58 2021] GET /placement/allocations/8aecb454-77f6-4e80-b915-8131aa7463c1 => generated 19 bytes in 28 msecs (HTTP/1.1 200) 8 headers in 295 bytes (1 switches on core 0)
Jun 07 08:12:58.229903 dv-cinder-784945-11-smb devstack@placement-api.service[92385]: DEBUG placement.requestlog [req-6e6c1abf-80fb-4000-9691-2513f2ed7094 req-b4e99eb5-e7c9-48de-9039-6a3e6725f65b None None] Starting request: 10.222.0.35 "PUT /placement/allocations/8aecb454-77f6-4e80-b915-8131aa7463c1" {{(pid=92385) __call__ /opt/stack/placement/placement/requestlog.py:55}}
Jun 07 08:12:58.317277 dv-cinder-784945-11-smb devstack@placement-api.service[92385]: DEBUG placement.handlers.allocation [req-6e6c1abf-80fb-4000-9691-2513f2ed7094 req-b4e99eb5-e7c9-48de-9039-6a3e6725f65b service placement] Successfully wrote allocations [, , ] {{(pid=92385) _create_allocations /opt/stack/placement/placement/handlers/allocation.py:435}}
Jun 07 08:12:58.318442 dv-cinder-784945-11-smb devstack@placement-api.service[92385]: INFO placement.requestlog [req-6e6c1abf-80fb-4000-9691-2513f2ed7094 req-b4e99eb5-e7c9-48de-9039-6a3e6725f65b service placement] 10.222.0.35 "PUT /placement/allocations/8aecb454-77f6-4e80-b915-8131aa7463c1" status: 204 len: 0 microversion: 1.35
Jun 07 08:12:58.319635 dv-cinder-784945-11-smb devstack@placement-api.service[92385]: [pid: 92385|app: 0|req: 16/33] 10.222.0.35 () {64 vars in 1433 bytes} [Mon Jun 7 08:12:58 2021] PUT /placement/allocations/8aecb454-77f6-4e80-b915-8131aa7463c1 => generated 0 bytes in 90 msecs (HTTP/1.1 204) 5 headers in 199 bytes (1 switches on core 0)
Jun 07 08:12:58.753708 dv-cinder-784945-11-smb devstack@placement-api.service[92386]: DEBUG placement.requestlog [req-6e6c1abf-80fb-4000-9691-2513f2ed7094 req-b58bb830-9108-46e8-9fc2-0e1cd851ccff None None] Starting request: 10.222.0.22 "GET /placement/allocations/8aecb454-77f6-4e80-b915-8131aa7463c1" {{(pid=92386) __call__ /opt/stack/placement/placement/requestlog.py:55}}
Jun 07 08:12:58.773898 dv-cinder-784945-11-smb devstack@placement-api.service[92386]: INFO placement.requestlog [req-6e6c1abf-80fb-4000-9691-2513f2ed7094 req-b58bb830-9108-46e8-9fc2-0e1cd851ccff service placement] 10.222.0.22 "GET /placement/allocations/8aecb454-77f6-4e80-b915-8131aa7463c1" status: 200 len: 258 microversion: 1.28
Jun 07 08:12:58.775143 dv-cinder-784945-11-smb devstack@placement-api.service[92386]: [pid: 92386|app: 0|req: 18/34] 10.222.0.22 () {60 vars in 1378 bytes} [Mon Jun 7 08:12:58 2021] GET /placement/allocations/8aecb454-77f6-4e80-b915-8131aa7463c1 => generated 258 bytes in 22 msecs (HTTP/1.1 200) 8 headers in 296 bytes (1 switches on core 0)
Jun 07 08:13:03.256155 dv-cinder-784945-11-smb devstack@placement-api.service[92385]: DEBUG placement.requestlog [req-0ef583df-1a61-4b3f-b5da-399df8e73064 req-2a151da5-5e7e-443a-b164-8696ce503c37 None None] Starting request: 10.222.0.35 "GET /placement/allocation_candidates?limit=1000&resources=DISK_GB%3A1%2CMEMORY_MB%3A1024%2CVCPU%3A1&root_required=%21COMPUTE_STATUS_DISABLED" {{(pid=92385) __call__ /opt/stack/placement/placement/requestlog.py:55}}
Jun 07 08:13:03.293427 dv-cinder-784945-11-smb devstack@placement-api.service[92385]: DEBUG placement.objects.research_context [req-0ef583df-1a61-4b3f-b5da-399df8e73064 req-2a151da5-5e7e-443a-b164-8696ce503c37 service placement] getting providers with 1 DISK_GB {{(pid=92385) __init__ /opt/stack/placement/placement/objects/research_context.py:126}}
Jun 07 08:13:03.300964 dv-cinder-784945-11-smb devstack@placement-api.service[92385]: DEBUG placement.objects.research_context [req-0ef583df-1a61-4b3f-b5da-399df8e73064 req-2a151da5-5e7e-443a-b164-8696ce503c37 service placement] getting providers with 1024 MEMORY_MB {{(pid=92385) __init__ /opt/stack/placement/placement/objects/research_context.py:126}}
Jun 07 08:13:03.308169 dv-cinder-784945-11-smb devstack@placement-api.service[92385]: DEBUG placement.objects.research_context [req-0ef583df-1a61-4b3f-b5da-399df8e73064 req-2a151da5-5e7e-443a-b164-8696ce503c37 service placement] getting providers with 1 VCPU {{(pid=92385) __init__ /opt/stack/placement/placement/objects/research_context.py:126}}
Jun 07 08:13:03.315695 dv-cinder-784945-11-smb devstack@placement-api.service[92385]: DEBUG placement.objects.research_context [req-0ef583df-1a61-4b3f-b5da-399df8e73064 req-2a151da5-5e7e-443a-b164-8696ce503c37 service placement] found 1 providers with available 1 DISK_GB {{(pid=92385) get_provider_ids_matching /opt/stack/placement/placement/objects/research_context.py:549}}
Jun 07 08:13:03.316160 dv-cinder-784945-11-smb devstack@placement-api.service[92385]: DEBUG placement.objects.research_context [req-0ef583df-1a61-4b3f-b5da-399df8e73064 req-2a151da5-5e7e-443a-b164-8696ce503c37 service placement] found 1 providers with available 1024 MEMORY_MB {{(pid=92385) get_provider_ids_matching /opt/stack/placement/placement/objects/research_context.py:549}}
Jun 07 08:13:03.316602 dv-cinder-784945-11-smb devstack@placement-api.service[92385]: DEBUG placement.objects.research_context [req-0ef583df-1a61-4b3f-b5da-399df8e73064 req-2a151da5-5e7e-443a-b164-8696ce503c37 service placement] found 1 providers after filtering by previous result {{(pid=92385) get_provider_ids_matching /opt/stack/placement/placement/objects/research_context.py:580}}
Jun 07 08:13:03.317002 dv-cinder-784945-11-smb devstack@placement-api.service[92385]: DEBUG placement.objects.research_context [req-0ef583df-1a61-4b3f-b5da-399df8e73064 req-2a151da5-5e7e-443a-b164-8696ce503c37 service placement] found 1 providers with available 1 VCPU {{(pid=92385) get_provider_ids_matching /opt/stack/placement/placement/objects/research_context.py:549}}
Jun 07 08:13:03.317437 dv-cinder-784945-11-smb devstack@placement-api.service[92385]: DEBUG placement.objects.research_context [req-0ef583df-1a61-4b3f-b5da-399df8e73064 req-2a151da5-5e7e-443a-b164-8696ce503c37 service placement] found 1 providers after filtering by previous result {{(pid=92385) get_provider_ids_matching /opt/stack/placement/placement/objects/research_context.py:580}}
Jun 07 08:13:03.343729 dv-cinder-784945-11-smb devstack@placement-api.service[92385]: DEBUG placement.objects.allocation_candidate [req-0ef583df-1a61-4b3f-b5da-399df8e73064 req-2a151da5-5e7e-443a-b164-8696ce503c37 service placement] RequestGroup(use_same_provider=False, resources={DISK_GB:1, MEMORY_MB:1024, VCPU:1}, traits=[], aggregates=[]) (suffix '') returned 1 matches {{(pid=92385) _get_by_requests /opt/stack/placement/placement/objects/allocation_candidate.py:145}}
Jun 07 08:13:03.346692 dv-cinder-784945-11-smb devstack@placement-api.service[92385]: DEBUG placement.objects.allocation_candidate [req-0ef583df-1a61-4b3f-b5da-399df8e73064 req-2a151da5-5e7e-443a-b164-8696ce503c37 service placement] Merging candidates yields 1 allocation requests and 1 provider summaries {{(pid=92385) _merge_candidates /opt/stack/placement/placement/objects/allocation_candidate.py:783}}
Jun 07 08:13:03.353854 dv-cinder-784945-11-smb devstack@placement-api.service[92385]: INFO placement.requestlog [req-0ef583df-1a61-4b3f-b5da-399df8e73064 req-2a151da5-5e7e-443a-b164-8696ce503c37 service placement] 10.222.0.35 "GET /placement/allocation_candidates?limit=1000&resources=DISK_GB%3A1%2CMEMORY_MB%3A1024%2CVCPU%3A1&root_required=%21COMPUTE_STATUS_DISABLED" status: 200 len: 767 microversion: 1.35
Jun 07 08:13:03.355051 dv-cinder-784945-11-smb devstack@placement-api.service[92385]: [pid: 92385|app: 0|req: 17/35] 10.222.0.35 () {60 vars in 1506 bytes} [Mon Jun 7 08:13:03 2021] GET /placement/allocation_candidates?limit=1000&resources=DISK_GB%3A1%2CMEMORY_MB%3A1024%2CVCPU%3A1&root_required=%21COMPUTE_STATUS_DISABLED => generated 767 bytes in 99 msecs (HTTP/1.1 200) 8 headers in 296 bytes (1 switches on core 0)
Jun 07 08:13:03.424382 dv-cinder-784945-11-smb devstack@placement-api.service[92386]: DEBUG placement.requestlog [req-0ef583df-1a61-4b3f-b5da-399df8e73064 req-1453bc3e-72e2-4f23-aaa8-2583c32c62f2 None None] Starting request: 10.222.0.35 "GET /placement/allocations/612fe013-eca1-4c14-9c9c-45f403916c58" {{(pid=92386) __call__ /opt/stack/placement/placement/requestlog.py:55}}
Jun 07 08:13:03.448786 dv-cinder-784945-11-smb devstack@placement-api.service[92386]: INFO placement.requestlog [req-0ef583df-1a61-4b3f-b5da-399df8e73064 req-1453bc3e-72e2-4f23-aaa8-2583c32c62f2 service placement] 10.222.0.35 "GET /placement/allocations/612fe013-eca1-4c14-9c9c-45f403916c58" status: 200 len: 19 microversion: 1.28
Jun 07 08:13:03.448786 dv-cinder-784945-11-smb devstack@placement-api.service[92386]: [pid: 92386|app: 0|req: 19/36] 10.222.0.35 () {60 vars in 1380 bytes} [Mon Jun 7 08:13:03 2021] GET /placement/allocations/612fe013-eca1-4c14-9c9c-45f403916c58 => generated 19 bytes in 22 msecs (HTTP/1.1 200) 8 headers in 295 bytes (1 switches on core 0)
Jun 07 08:13:03.455100 dv-cinder-784945-11-smb devstack@placement-api.service[92385]: DEBUG placement.requestlog [req-0ef583df-1a61-4b3f-b5da-399df8e73064 req-82fadfb2-9d35-4f99-ac5a-92d6eeed7681 None None] Starting request: 10.222.0.35 "PUT /placement/allocations/612fe013-eca1-4c14-9c9c-45f403916c58" {{(pid=92385) __call__ /opt/stack/placement/placement/requestlog.py:55}}
Jun 07 08:13:03.565563 dv-cinder-784945-11-smb devstack@placement-api.service[92385]: DEBUG placement.handlers.allocation [req-0ef583df-1a61-4b3f-b5da-399df8e73064 req-82fadfb2-9d35-4f99-ac5a-92d6eeed7681 service placement] Successfully wrote allocations [, , ] {{(pid=92385) _create_allocations /opt/stack/placement/placement/handlers/allocation.py:435}}
Jun 07 08:13:03.566391 dv-cinder-784945-11-smb devstack@placement-api.service[92385]: INFO placement.requestlog [req-0ef583df-1a61-4b3f-b5da-399df8e73064 req-82fadfb2-9d35-4f99-ac5a-92d6eeed7681 service placement] 10.222.0.35 "PUT /placement/allocations/612fe013-eca1-4c14-9c9c-45f403916c58" status: 204 len: 0 microversion: 1.35
Jun 07 08:13:03.567843 dv-cinder-784945-11-smb devstack@placement-api.service[92385]: [pid: 92385|app: 0|req: 18/37] 10.222.0.35 () {64 vars in 1433 bytes} [Mon Jun 7 08:13:03 2021] PUT /placement/allocations/612fe013-eca1-4c14-9c9c-45f403916c58 => generated 0 bytes in 113 msecs (HTTP/1.1 204) 5 headers in 199 bytes (1 switches on core 0)
Jun 07 08:13:04.129379 dv-cinder-784945-11-smb devstack@placement-api.service[92386]: DEBUG placement.requestlog [req-0ef583df-1a61-4b3f-b5da-399df8e73064 req-1cfa9241-5560-4d55-bf78-8d8d5acdb96c None None] Starting request: 10.222.0.22 "GET /placement/allocations/612fe013-eca1-4c14-9c9c-45f403916c58" {{(pid=92386) __call__ /opt/stack/placement/placement/requestlog.py:55}}
Jun 07 08:13:04.154464 dv-cinder-784945-11-smb devstack@placement-api.service[92386]: INFO placement.requestlog [req-0ef583df-1a61-4b3f-b5da-399df8e73064 req-1cfa9241-5560-4d55-bf78-8d8d5acdb96c service placement] 10.222.0.22 "GET /placement/allocations/612fe013-eca1-4c14-9c9c-45f403916c58" status: 200 len: 258 microversion: 1.28
Jun 07 08:13:04.154926 dv-cinder-784945-11-smb devstack@placement-api.service[92386]: [pid: 92386|app: 0|req: 20/38] 10.222.0.22 () {60 vars in 1378 bytes} [Mon Jun 7 08:13:04 2021] GET /placement/allocations/612fe013-eca1-4c14-9c9c-45f403916c58 => generated 258 bytes in 27 msecs (HTTP/1.1 200) 8 headers in 296 bytes (2 switches on core 0)
Jun 07 08:13:08.977886 dv-cinder-784945-11-smb devstack@placement-api.service[92385]: DEBUG placement.requestlog [req-f9ffc9f4-6257-4669-badc-080fda74f9a6 req-47a1a7c3-1a42-4962-b1ac-5b3327812736 None None] Starting request: 10.222.0.35 "GET /placement/allocation_candidates?limit=1000&resources=DISK_GB%3A1%2CMEMORY_MB%3A1024%2CVCPU%3A1&root_required=%21COMPUTE_STATUS_DISABLED" {{(pid=92385) __call__ /opt/stack/placement/placement/requestlog.py:55}}
Jun 07 08:13:09.029234 dv-cinder-784945-11-smb devstack@placement-api.service[92385]: DEBUG placement.objects.research_context [req-f9ffc9f4-6257-4669-badc-080fda74f9a6 req-47a1a7c3-1a42-4962-b1ac-5b3327812736 service placement] getting providers with 1 DISK_GB {{(pid=92385) __init__ /opt/stack/placement/placement/objects/research_context.py:126}}
Jun 07 08:13:09.046677 dv-cinder-784945-11-smb devstack@placement-api.service[92385]: DEBUG placement.objects.research_context [req-f9ffc9f4-6257-4669-badc-080fda74f9a6 req-47a1a7c3-1a42-4962-b1ac-5b3327812736 service placement] getting providers with 1024 MEMORY_MB {{(pid=92385) __init__ /opt/stack/placement/placement/objects/research_context.py:126}}
Jun 07 08:13:09.054416 dv-cinder-784945-11-smb devstack@placement-api.service[92385]: DEBUG placement.objects.research_context [req-f9ffc9f4-6257-4669-badc-080fda74f9a6 req-47a1a7c3-1a42-4962-b1ac-5b3327812736 service placement] getting providers with 1 VCPU {{(pid=92385) __init__ /opt/stack/placement/placement/objects/research_context.py:126}}
Jun 07 08:13:09.061611 dv-cinder-784945-11-smb devstack@placement-api.service[92385]: DEBUG placement.objects.research_context [req-f9ffc9f4-6257-4669-badc-080fda74f9a6 req-47a1a7c3-1a42-4962-b1ac-5b3327812736 service placement] found 1 providers with available 1 DISK_GB {{(pid=92385) get_provider_ids_matching /opt/stack/placement/placement/objects/research_context.py:549}}
Jun 07 08:13:09.062138 dv-cinder-784945-11-smb devstack@placement-api.service[92385]: DEBUG placement.objects.research_context [req-f9ffc9f4-6257-4669-badc-080fda74f9a6 req-47a1a7c3-1a42-4962-b1ac-5b3327812736 service placement] found 1 providers with available 1024 MEMORY_MB {{(pid=92385) get_provider_ids_matching /opt/stack/placement/placement/objects/research_context.py:549}}
Jun 07 08:13:09.062439 dv-cinder-784945-11-smb devstack@placement-api.service[92385]: DEBUG placement.objects.research_context [req-f9ffc9f4-6257-4669-badc-080fda74f9a6 req-47a1a7c3-1a42-4962-b1ac-5b3327812736 service placement] found 1 providers after filtering by previous result {{(pid=92385) get_provider_ids_matching /opt/stack/placement/placement/objects/research_context.py:580}}
Jun 07 08:13:09.062896 dv-cinder-784945-11-smb devstack@placement-api.service[92385]: DEBUG placement.objects.research_context [req-f9ffc9f4-6257-4669-badc-080fda74f9a6 req-47a1a7c3-1a42-4962-b1ac-5b3327812736 service placement] found 1 providers with available 1 VCPU {{(pid=92385) get_provider_ids_matching /opt/stack/placement/placement/objects/research_context.py:549}}
Jun 07 08:13:09.063367 dv-cinder-784945-11-smb devstack@placement-api.service[92385]: DEBUG placement.objects.research_context [req-f9ffc9f4-6257-4669-badc-080fda74f9a6 req-47a1a7c3-1a42-4962-b1ac-5b3327812736 service placement] found 1 providers after filtering by previous result {{(pid=92385) get_provider_ids_matching /opt/stack/placement/placement/objects/research_context.py:580}}
Jun 07 08:13:09.074967 dv-cinder-784945-11-smb devstack@placement-api.service[92385]: DEBUG placement.objects.allocation_candidate [req-f9ffc9f4-6257-4669-badc-080fda74f9a6 req-47a1a7c3-1a42-4962-b1ac-5b3327812736 service placement] RequestGroup(use_same_provider=False, resources={DISK_GB:1, MEMORY_MB:1024, VCPU:1}, traits=[], aggregates=[]) (suffix '') returned 1 matches {{(pid=92385) _get_by_requests /opt/stack/placement/placement/objects/allocation_candidate.py:145}}
Jun 07 08:13:09.075669 dv-cinder-784945-11-smb devstack@placement-api.service[92385]: DEBUG placement.objects.allocation_candidate [req-f9ffc9f4-6257-4669-badc-080fda74f9a6 req-47a1a7c3-1a42-4962-b1ac-5b3327812736 service placement] Merging candidates yields 1 allocation requests and 1 provider summaries {{(pid=92385) _merge_candidates /opt/stack/placement/placement/objects/allocation_candidate.py:783}}
Jun 07 08:13:09.076924 dv-cinder-784945-11-smb devstack@placement-api.service[92385]: INFO placement.requestlog [req-f9ffc9f4-6257-4669-badc-080fda74f9a6 req-47a1a7c3-1a42-4962-b1ac-5b3327812736 service placement] 10.222.0.35 "GET /placement/allocation_candidates?limit=1000&resources=DISK_GB%3A1%2CMEMORY_MB%3A1024%2CVCPU%3A1&root_required=%21COMPUTE_STATUS_DISABLED" status: 200 len: 767 microversion: 1.35
Jun 07 08:13:09.077334 dv-cinder-784945-11-smb devstack@placement-api.service[92385]: [pid: 92385|app: 0|req: 19/39] 10.222.0.35 () {60 vars in 1506 bytes} [Mon Jun 7 08:13:08 2021] GET /placement/allocation_candidates?limit=1000&resources=DISK_GB%3A1%2CMEMORY_MB%3A1024%2CVCPU%3A1&root_required=%21COMPUTE_STATUS_DISABLED => generated 767 bytes in 100 msecs (HTTP/1.1 200) 8 headers in 296 bytes (1 switches on core 0)
Jun 07 08:13:09.120305 dv-cinder-784945-11-smb devstack@placement-api.service[92386]: DEBUG placement.requestlog [req-f9ffc9f4-6257-4669-badc-080fda74f9a6 req-66b8ecda-8ec5-4155-9dd9-af53859edc00 None None] Starting request: 10.222.0.35 "GET /placement/allocations/75b3ecb8-4ca4-4f27-9a19-be8c2995aad7" {{(pid=92386) __call__ /opt/stack/placement/placement/requestlog.py:55}}
Jun 07 08:13:09.136470 dv-cinder-784945-11-smb devstack@placement-api.service[92386]: INFO placement.requestlog [req-f9ffc9f4-6257-4669-badc-080fda74f9a6 req-66b8ecda-8ec5-4155-9dd9-af53859edc00 service placement] 10.222.0.35 "GET /placement/allocations/75b3ecb8-4ca4-4f27-9a19-be8c2995aad7" status: 200 len: 19 microversion: 1.28
Jun 07 08:13:09.136861 dv-cinder-784945-11-smb devstack@placement-api.service[92386]: [pid: 92386|app: 0|req: 21/40] 10.222.0.35 () {60 vars in 1380 bytes} [Mon Jun 7 08:13:09 2021] GET /placement/allocations/75b3ecb8-4ca4-4f27-9a19-be8c2995aad7 => generated 19 bytes in 17 msecs (HTTP/1.1 200) 8 headers in 295 bytes (1 switches on core 0)
Jun 07 08:13:09.142196 dv-cinder-784945-11-smb devstack@placement-api.service[92385]: DEBUG placement.requestlog [req-f9ffc9f4-6257-4669-badc-080fda74f9a6 req-fd1a25b2-6e81-4ef8-98ce-c4732e75ae7c None None] Starting request: 10.222.0.35 "PUT /placement/allocations/75b3ecb8-4ca4-4f27-9a19-be8c2995aad7" {{(pid=92385) __call__ /opt/stack/placement/placement/requestlog.py:55}}
Jun 07 08:13:09.208198 dv-cinder-784945-11-smb devstack@placement-api.service[92385]: DEBUG placement.handlers.allocation [req-f9ffc9f4-6257-4669-badc-080fda74f9a6 req-fd1a25b2-6e81-4ef8-98ce-c4732e75ae7c service placement] Successfully wrote allocations [, , ] {{(pid=92385) _create_allocations /opt/stack/placement/placement/handlers/allocation.py:435}}
Jun 07 08:13:09.208716 dv-cinder-784945-11-smb devstack@placement-api.service[92385]: INFO placement.requestlog [req-f9ffc9f4-6257-4669-badc-080fda74f9a6 req-fd1a25b2-6e81-4ef8-98ce-c4732e75ae7c service placement] 10.222.0.35 "PUT /placement/allocations/75b3ecb8-4ca4-4f27-9a19-be8c2995aad7" status: 204 len: 0 microversion: 1.35
Jun 07 08:13:09.211510 dv-cinder-784945-11-smb devstack@placement-api.service[92385]: [pid: 92385|app: 0|req: 20/41] 10.222.0.35 () {64 vars in 1433 bytes} [Mon Jun 7 08:13:09 2021] PUT /placement/allocations/75b3ecb8-4ca4-4f27-9a19-be8c2995aad7 => generated 0 bytes in 67 msecs (HTTP/1.1 204) 5 headers in 199 bytes (1 switches on core 0)
Jun 07 08:13:09.748424 dv-cinder-784945-11-smb devstack@placement-api.service[92386]: DEBUG placement.requestlog [req-f9ffc9f4-6257-4669-badc-080fda74f9a6 req-597b92f9-6dcd-4711-afb9-0d95c732c7c6 None None] Starting request: 10.222.0.22 "GET /placement/allocations/75b3ecb8-4ca4-4f27-9a19-be8c2995aad7" {{(pid=92386) __call__ /opt/stack/placement/placement/requestlog.py:55}}
Jun 07 08:13:09.783428 dv-cinder-784945-11-smb devstack@placement-api.service[92386]: INFO placement.requestlog [req-f9ffc9f4-6257-4669-badc-080fda74f9a6 req-597b92f9-6dcd-4711-afb9-0d95c732c7c6 service placement] 10.222.0.22 "GET /placement/allocations/75b3ecb8-4ca4-4f27-9a19-be8c2995aad7" status: 200 len: 258 microversion: 1.28
Jun 07 08:13:09.784263 dv-cinder-784945-11-smb devstack@placement-api.service[92386]: [pid: 92386|app: 0|req: 22/42] 10.222.0.22 () {60 vars in 1378 bytes} [Mon Jun 7 08:13:09 2021] GET /placement/allocations/75b3ecb8-4ca4-4f27-9a19-be8c2995aad7 => generated 258 bytes in 36 msecs (HTTP/1.1 200) 8 headers in 296 bytes (1 switches on core 0)
Jun 07 08:13:18.428462 dv-cinder-784945-11-smb devstack@placement-api.service[92385]: DEBUG placement.requestlog [req-4d1ecd6a-5847-474b-b793-397d225c574f req-c25d0519-0e0a-4279-b926-9c33c83683a4 None None] Starting request: 10.222.0.35 "GET /placement/allocation_candidates?limit=1000&resources=DISK_GB%3A1%2CMEMORY_MB%3A1024%2CVCPU%3A1&root_required=%21COMPUTE_STATUS_DISABLED" {{(pid=92385) __call__ /opt/stack/placement/placement/requestlog.py:55}}
Jun 07 08:13:18.475300 dv-cinder-784945-11-smb devstack@placement-api.service[92385]: DEBUG placement.objects.research_context [req-4d1ecd6a-5847-474b-b793-397d225c574f req-c25d0519-0e0a-4279-b926-9c33c83683a4 service placement] getting providers with 1 DISK_GB {{(pid=92385) __init__ /opt/stack/placement/placement/objects/research_context.py:126}}
Jun 07 08:13:18.526847 dv-cinder-784945-11-smb devstack@placement-api.service[92385]: DEBUG placement.objects.research_context [req-4d1ecd6a-5847-474b-b793-397d225c574f req-c25d0519-0e0a-4279-b926-9c33c83683a4 service placement] getting providers with 1024 MEMORY_MB {{(pid=92385) __init__ /opt/stack/placement/placement/objects/research_context.py:126}}
Jun 07 08:13:18.544940 dv-cinder-784945-11-smb devstack@placement-api.service[92385]: DEBUG placement.objects.research_context [req-4d1ecd6a-5847-474b-b793-397d225c574f req-c25d0519-0e0a-4279-b926-9c33c83683a4 service placement] getting providers with 1 VCPU {{(pid=92385) __init__ /opt/stack/placement/placement/objects/research_context.py:126}}
Jun 07 08:13:18.557520 dv-cinder-784945-11-smb devstack@placement-api.service[92385]: DEBUG placement.objects.research_context [req-4d1ecd6a-5847-474b-b793-397d225c574f req-c25d0519-0e0a-4279-b926-9c33c83683a4 service placement] found 1 providers with available 1 DISK_GB {{(pid=92385) get_provider_ids_matching /opt/stack/placement/placement/objects/research_context.py:549}}
Jun 07 08:13:18.557811 dv-cinder-784945-11-smb devstack@placement-api.service[92385]: DEBUG placement.objects.research_context [req-4d1ecd6a-5847-474b-b793-397d225c574f req-c25d0519-0e0a-4279-b926-9c33c83683a4 service placement] found 1 providers with available 1024 MEMORY_MB {{(pid=92385) get_provider_ids_matching /opt/stack/placement/placement/objects/research_context.py:549}}
Jun 07 08:13:18.558444 dv-cinder-784945-11-smb devstack@placement-api.service[92385]: DEBUG placement.objects.research_context [req-4d1ecd6a-5847-474b-b793-397d225c574f req-c25d0519-0e0a-4279-b926-9c33c83683a4 service placement] found 1 providers after filtering by previous result {{(pid=92385) get_provider_ids_matching /opt/stack/placement/placement/objects/research_context.py:580}}
Jun 07 08:13:18.558707 dv-cinder-784945-11-smb devstack@placement-api.service[92385]: DEBUG placement.objects.research_context [req-4d1ecd6a-5847-474b-b793-397d225c574f req-c25d0519-0e0a-4279-b926-9c33c83683a4 service placement] found 1 providers with available 1 VCPU {{(pid=92385) get_provider_ids_matching /opt/stack/placement/placement/objects/research_context.py:549}}
Jun 07 08:13:18.559320 dv-cinder-784945-11-smb devstack@placement-api.service[92385]: DEBUG placement.objects.research_context [req-4d1ecd6a-5847-474b-b793-397d225c574f req-c25d0519-0e0a-4279-b926-9c33c83683a4 service placement] found 1 providers after filtering by previous result {{(pid=92385) get_provider_ids_matching /opt/stack/placement/placement/objects/research_context.py:580}}
Jun 07 08:13:18.585444 dv-cinder-784945-11-smb devstack@placement-api.service[92385]: DEBUG placement.objects.allocation_candidate [req-4d1ecd6a-5847-474b-b793-397d225c574f req-c25d0519-0e0a-4279-b926-9c33c83683a4 service placement] RequestGroup(use_same_provider=False, resources={DISK_GB:1, MEMORY_MB:1024, VCPU:1}, traits=[], aggregates=[]) (suffix '') returned 1 matches {{(pid=92385) _get_by_requests /opt/stack/placement/placement/objects/allocation_candidate.py:145}}
Jun 07 08:13:18.586099 dv-cinder-784945-11-smb devstack@placement-api.service[92385]: DEBUG placement.objects.allocation_candidate [req-4d1ecd6a-5847-474b-b793-397d225c574f req-c25d0519-0e0a-4279-b926-9c33c83683a4 service placement] Merging candidates yields 1 allocation requests and 1 provider summaries {{(pid=92385) _merge_candidates /opt/stack/placement/placement/objects/allocation_candidate.py:783}}
Jun 07 08:13:18.588393 dv-cinder-784945-11-smb devstack@placement-api.service[92385]: INFO placement.requestlog [req-4d1ecd6a-5847-474b-b793-397d225c574f req-c25d0519-0e0a-4279-b926-9c33c83683a4 service placement] 10.222.0.35 "GET /placement/allocation_candidates?limit=1000&resources=DISK_GB%3A1%2CMEMORY_MB%3A1024%2CVCPU%3A1&root_required=%21COMPUTE_STATUS_DISABLED" status: 200 len: 767 microversion: 1.35
Jun 07 08:13:18.589318 dv-cinder-784945-11-smb devstack@placement-api.service[92385]: [pid: 92385|app: 0|req: 21/43] 10.222.0.35 () {60 vars in 1506 bytes} [Mon Jun 7 08:13:18 2021] GET /placement/allocation_candidates?limit=1000&resources=DISK_GB%3A1%2CMEMORY_MB%3A1024%2CVCPU%3A1&root_required=%21COMPUTE_STATUS_DISABLED => generated 767 bytes in 161 msecs (HTTP/1.1 200) 8 headers in 296 bytes (1 switches on core 0)
Jun 07 08:13:18.663399 dv-cinder-784945-11-smb devstack@placement-api.service[92386]: DEBUG placement.requestlog [req-4d1ecd6a-5847-474b-b793-397d225c574f req-c1a64844-2951-4667-b48a-5925eb3d09d8 None None] Starting request: 10.222.0.35 "GET /placement/allocations/d34c66bd-fb61-41ab-a7ac-6043611e9ed7" {{(pid=92386) __call__ /opt/stack/placement/placement/requestlog.py:55}}
Jun 07 08:13:18.679501 dv-cinder-784945-11-smb devstack@placement-api.service[92386]: INFO placement.requestlog [req-4d1ecd6a-5847-474b-b793-397d225c574f req-c1a64844-2951-4667-b48a-5925eb3d09d8 service placement] 10.222.0.35 "GET /placement/allocations/d34c66bd-fb61-41ab-a7ac-6043611e9ed7" status: 200 len: 19 microversion: 1.28
Jun 07 08:13:18.680328 dv-cinder-784945-11-smb devstack@placement-api.service[92386]: [pid: 92386|app: 0|req: 23/44] 10.222.0.35 () {60 vars in 1380 bytes} [Mon Jun 7 08:13:18 2021] GET /placement/allocations/d34c66bd-fb61-41ab-a7ac-6043611e9ed7 => generated 19 bytes in 17 msecs (HTTP/1.1 200) 8 headers in 295 bytes (1 switches on core 0)
Jun 07 08:13:18.691869 dv-cinder-784945-11-smb devstack@placement-api.service[92385]: DEBUG placement.requestlog [req-4d1ecd6a-5847-474b-b793-397d225c574f req-0b946d28-2d9d-4215-a209-b9d38f3b1bfd None None] Starting request: 10.222.0.35 "PUT /placement/allocations/d34c66bd-fb61-41ab-a7ac-6043611e9ed7" {{(pid=92385) __call__ /opt/stack/placement/placement/requestlog.py:55}}
Jun 07 08:13:18.766964 dv-cinder-784945-11-smb devstack@placement-api.service[92385]: DEBUG placement.handlers.allocation [req-4d1ecd6a-5847-474b-b793-397d225c574f req-0b946d28-2d9d-4215-a209-b9d38f3b1bfd service placement] Successfully wrote allocations [, , ] {{(pid=92385) _create_allocations /opt/stack/placement/placement/handlers/allocation.py:435}}
Jun 07 08:13:18.768091 dv-cinder-784945-11-smb devstack@placement-api.service[92385]: INFO placement.requestlog [req-4d1ecd6a-5847-474b-b793-397d225c574f req-0b946d28-2d9d-4215-a209-b9d38f3b1bfd service placement] 10.222.0.35 "PUT /placement/allocations/d34c66bd-fb61-41ab-a7ac-6043611e9ed7" status: 204 len: 0 microversion: 1.35
Jun 07 08:13:18.768538 dv-cinder-784945-11-smb devstack@placement-api.service[92385]: [pid: 92385|app: 0|req: 22/45] 10.222.0.35 () {64 vars in 1433 bytes} [Mon Jun 7 08:13:18 2021] PUT /placement/allocations/d34c66bd-fb61-41ab-a7ac-6043611e9ed7 => generated 0 bytes in 77 msecs (HTTP/1.1 204) 5 headers in 199 bytes (1 switches on core 0)
Jun 07 08:13:19.146475 dv-cinder-784945-11-smb devstack@placement-api.service[92386]: DEBUG placement.requestlog [req-4d1ecd6a-5847-474b-b793-397d225c574f req-7c51c0ce-87eb-48ee-9080-f245e2238f34 None None] Starting request: 10.222.0.22 "GET /placement/allocations/d34c66bd-fb61-41ab-a7ac-6043611e9ed7" {{(pid=92386) __call__ /opt/stack/placement/placement/requestlog.py:55}}
Jun 07 08:13:19.163632 dv-cinder-784945-11-smb devstack@placement-api.service[92386]: INFO placement.requestlog [req-4d1ecd6a-5847-474b-b793-397d225c574f req-7c51c0ce-87eb-48ee-9080-f245e2238f34 service placement] 10.222.0.22 "GET /placement/allocations/d34c66bd-fb61-41ab-a7ac-6043611e9ed7" status: 200 len: 259 microversion: 1.28
Jun 07 08:13:19.164194 dv-cinder-784945-11-smb devstack@placement-api.service[92386]: [pid: 92386|app: 0|req: 24/46] 10.222.0.22 () {60 vars in 1378 bytes} [Mon Jun 7 08:13:19 2021] GET /placement/allocations/d34c66bd-fb61-41ab-a7ac-6043611e9ed7 => generated 259 bytes in 18 msecs (HTTP/1.1 200) 8 headers in 296 bytes (1 switches on core 0)
Jun 07 08:13:25.855962 dv-cinder-784945-11-smb devstack@placement-api.service[92385]: DEBUG placement.requestlog [req-b3ae31ad-d68a-4ae9-8a0c-a5bd963b01de req-4fbfbb31-6f2f-4373-90af-26b990155ea7 None None] Starting request: 10.222.0.22 "GET /placement/allocations/67335b50-47ba-421a-9081-3fda4d46c215" {{(pid=92385) __call__ /opt/stack/placement/placement/requestlog.py:55}}
Jun 07 08:13:25.874855 dv-cinder-784945-11-smb devstack@placement-api.service[92385]: INFO placement.requestlog [req-b3ae31ad-d68a-4ae9-8a0c-a5bd963b01de req-4fbfbb31-6f2f-4373-90af-26b990155ea7 service placement] 10.222.0.22 "GET /placement/allocations/67335b50-47ba-421a-9081-3fda4d46c215" status: 200 len: 259 microversion: 1.28
Jun 07 08:13:25.875212 dv-cinder-784945-11-smb devstack@placement-api.service[92385]: [pid: 92385|app: 0|req: 23/47] 10.222.0.22 () {60 vars in 1378 bytes} [Mon Jun 7 08:13:25 2021] GET /placement/allocations/67335b50-47ba-421a-9081-3fda4d46c215 => generated 259 bytes in 20 msecs (HTTP/1.1 200) 8 headers in 296 bytes (1 switches on core 0)
Jun 07 08:13:25.884548 dv-cinder-784945-11-smb devstack@placement-api.service[92386]: DEBUG placement.requestlog [req-b3ae31ad-d68a-4ae9-8a0c-a5bd963b01de req-ce6bea02-1d93-40ca-98e9-9bab61f4c04d None None] Starting request: 10.222.0.22 "PUT /placement/allocations/67335b50-47ba-421a-9081-3fda4d46c215" {{(pid=92386) __call__ /opt/stack/placement/placement/requestlog.py:55}}
Jun 07 08:13:25.963699 dv-cinder-784945-11-smb devstack@placement-api.service[92386]: DEBUG placement.handlers.allocation [req-b3ae31ad-d68a-4ae9-8a0c-a5bd963b01de req-ce6bea02-1d93-40ca-98e9-9bab61f4c04d service placement] Successfully wrote allocations [, , ] {{(pid=92386) _create_allocations /opt/stack/placement/placement/handlers/allocation.py:435}}
Jun 07 08:13:25.964321 dv-cinder-784945-11-smb devstack@placement-api.service[92386]: INFO placement.requestlog [req-b3ae31ad-d68a-4ae9-8a0c-a5bd963b01de req-ce6bea02-1d93-40ca-98e9-9bab61f4c04d service placement] 10.222.0.22 "PUT /placement/allocations/67335b50-47ba-421a-9081-3fda4d46c215" status: 204 len: 0 microversion: 1.28
Jun 07 08:13:25.964765 dv-cinder-784945-11-smb devstack@placement-api.service[92386]: [pid: 92386|app: 0|req: 25/48] 10.222.0.22 () {64 vars in 1431 bytes} [Mon Jun 7 08:13:25 2021] PUT /placement/allocations/67335b50-47ba-421a-9081-3fda4d46c215 => generated 0 bytes in 80 msecs (HTTP/1.1 204) 5 headers in 199 bytes (1 switches on core 0)
Jun 07 08:13:29.466123 dv-cinder-784945-11-smb devstack@placement-api.service[92385]: DEBUG placement.requestlog [req-39cc1861-8394-499e-aab0-603fcda8b2ae req-12523a9e-7e5a-4e1a-8107-55cacdf73a95 None None] Starting request: 10.222.0.35 "GET /placement/allocation_candidates?limit=1000&resources=DISK_GB%3A1%2CMEMORY_MB%3A1024%2CVCPU%3A1&root_required=%21COMPUTE_STATUS_DISABLED" {{(pid=92385) __call__ /opt/stack/placement/placement/requestlog.py:55}}
